66.249.66.4 - - [28/Apr/2025:22:37:51 -0400] "GET /info/266453993.html HTTP/1.1" 404 22706 "-" "Mozilla/5.0 (Linux; Android 6.0.1; Nexus 5X Build/MMB29P) AppleWebKit/537.36 (KHTML, like Gecko) Chrome/135.0.7049.95 Mobile Safari/537.36 (compatible; GoogleOther)"
3.145.50.27 - - [28/Apr/2025:22:37:54 -0400] "GET /6b51b/?path=%2Fhome%2F..%2Fhome2%2F..%2Fvar%2Fsoftaculous%2Fpresta178%2F.. HTTP/1.1" 200 11223 "-" "Mozilla/5.0 AppleWebKit/537.36 (KHTML, like Gecko; compatible; ClaudeBot/1.0; +claudebot@anthropic.com)"
3.145.50.27 - - [28/Apr/2025:22:37:57 -0400] "GET /6b51b/?path=%2Fhome%2F..%2Fhome2%2F..%2Fvar%2Fsoftaculous%2Fmonstra%2F.htaccess HTTP/1.1" 403 1242 "-" "Mozilla/5.0 AppleWebKit/537.36 (KHTML, like Gecko; compatible; ClaudeBot/1.0; +claudebot@anthropic.com)"
3.145.50.27 - - [28/Apr/2025:22:38:00 -0400] "GET /6b51b/?path=%2Fhome%2Friggvwfp%2F..%2F.%2F..%2Fbin%2Fphp HTTP/1.1" 200 1377 "-" "Mozilla/5.0 AppleWebKit/537.36 (KHTML, like Gecko; compatible; ClaudeBot/1.0; +claudebot@anthropic.com)"
3.145.50.27 - - [28/Apr/2025:22:38:03 -0400] "GET /6b51b/?path=%2Fhome%2Friggvwfp%2F..%2F.%2F..%2Fbin%2Fmogrify HTTP/1.1" 200 956 "-" "Mozilla/5.0 AppleWebKit/537.36 (KHTML, like Gecko; compatible; ClaudeBot/1.0; +claudebot@anthropic.com)"
3.145.50.27 - - [28/Apr/2025:22:38:06 -0400] "GET /6b51b/?path=%2Fhome%2Friggvwfp%2F..%2F.%2F..%2Fbin%2Fnroff HTTP/1.1" 200 2524 "-" "Mozilla/5.0 AppleWebKit/537.36 (KHTML, like Gecko; compatible; ClaudeBot/1.0; +claudebot@anthropic.com)"
3.145.50.27 - - [28/Apr/2025:22:38:09 -0400] "GET /6b51b/?path=%2Fhome%2F..%2Fhome2%2F..%2Fvar%2Fsoftaculous%2Fmonsta%2Fnotes.txt HTTP/1.1" 200 1217 "-" "Mozilla/5.0 AppleWebKit/537.36 (KHTML, like Gecko; compatible; ClaudeBot/1.0; +claudebot@anthropic.com)"
3.145.50.27 - - [28/Apr/2025:22:38:12 -0400] "GET /6b51b/?path=%2Fhome%2F..%2Fhome2%2F..%2Fvar%2Fsoftaculous%2Fsofawiki%2Ffileindex.php HTTP/1.1" 200 999 "-" "Mozilla/5.0 AppleWebKit/537.36 (KHTML, like Gecko; compatible; ClaudeBot/1.0; +claudebot@anthropic.com)"
66.249.66.4 - - [28/Apr/2025:22:38:12 -0400] "GET /info/12919578.html HTTP/1.1" 404 22655 "-" "Mozilla/5.0 (Linux; Android 6.0.1; Nexus 5X Build/MMB29P) AppleWebKit/537.36 (KHTML, like Gecko) Chrome/135.0.7049.95 Mobile Safari/537.36 (compatible; GoogleOther)"
3.145.50.27 - - [28/Apr/2025:22:38:15 -0400] "GET /6b51b/?path=%2Fhome%2F..%2Fvar%2Fsoftaculous%2Fsuitecrm HTTP/1.1" 200 2223 "-" "Mozilla/5.0 AppleWebKit/537.36 (KHTML, like Gecko; compatible; ClaudeBot/1.0; +claudebot@anthropic.com)"
3.145.50.27 - - [28/Apr/2025:22:38:18 -0400] "GET /wp-includes/js/tinymce/plugins/hr/plugin.min.js HTTP/1.1" 200 231 "-" "Mozilla/5.0 AppleWebKit/537.36 (KHTML, like Gecko; compatible; ClaudeBot/1.0; +claudebot@anthropic.com)"
3.145.50.27 - - [28/Apr/2025:22:38:21 -0400] "GET /6b51b/?path=%2Fhome%2Friggvwfp%2F..%2F.%2F..%2Fbin%2Fdate HTTP/1.1" 200 954 "-" "Mozilla/5.0 AppleWebKit/537.36 (KHTML, like Gecko; compatible; ClaudeBot/1.0; +claudebot@anthropic.com)"
3.145.50.27 - - [28/Apr/2025:22:38:24 -0400] "GET /6b51b/?path=%2Fhome%2Friggvwfp%2F..%2F.%2F..%2Fbin%2Fpdf2ps HTTP/1.1" 200 1520 "-" "Mozilla/5.0 AppleWebKit/537.36 (KHTML, like Gecko; compatible; ClaudeBot/1.0; +claudebot@anthropic.com)"
3.145.50.27 - - [28/Apr/2025:22:38:27 -0400] "GET /6b51b/?path=%2Fhome%2F..%2Fhome2%2F..%2Fvar%2Fsoftaculous%2Flittle%2Fphp56 HTTP/1.1" 200 1565 "-" "Mozilla/5.0 AppleWebKit/537.36 (KHTML, like Gecko; compatible; ClaudeBot/1.0; +claudebot@anthropic.com)"
3.145.50.27 - - [28/Apr/2025:22:38:30 -0400] "GET /6b51b/?path=%2Fhome%2Friggvwfp%2F..%2F.%2F..%2Fbin%2Fld HTTP/1.1" 200 951 "-" "Mozilla/5.0 AppleWebKit/537.36 (KHTML, like Gecko; compatible; ClaudeBot/1.0; +claudebot@anthropic.com)"
162.0.215.23 - - [28/Apr/2025:22:38:32 -0400] "POST /wp-cron.php?doing_wp_cron=1745894312.3028230667114257812500 HTTP/1.1" 200 0 "-" "WordPress/6.8; https://riggscohopeforhumanity.org"
66.249.66.4 - - [28/Apr/2025:22:38:31 -0400] "GET /info/554254202.html HTTP/1.1" 404 22656 "-" "Mozilla/5.0 (Linux; Android 6.0.1; Nexus 5X Build/MMB29P) AppleWebKit/537.36 (KHTML, like Gecko) Chrome/135.0.7049.95 Mobile Safari/537.36 (compatible; GoogleOther)"
3.145.50.27 - - [28/Apr/2025:22:38:33 -0400] "GET /6b51b/?path=%2Fhome%2Friggvwfp%2F..%2F.%2F..%2Fbin%2Fcomm HTTP/1.1" 200 954 "-" "Mozilla/5.0 AppleWebKit/537.36 (KHTML, like Gecko; compatible; ClaudeBot/1.0; +claudebot@anthropic.com)"
3.145.50.27 - - [28/Apr/2025:22:38:36 -0400] "GET /6b51b/?path=%2Fhome%2Friggvwfp%2F..%2F.%2F..%2Fbin%2Ftoe HTTP/1.1" 200 951 "-" "Mozilla/5.0 AppleWebKit/537.36 (KHTML, like Gecko; compatible; ClaudeBot/1.0; +claudebot@anthropic.com)"
3.145.50.27 - - [28/Apr/2025:22:38:39 -0400] "GET /6b51b/?path=%2Fhome%2F..%2Fvar%2Fsoftaculous%2Fzend HTTP/1.1" 200 1835 "-" "Mozilla/5.0 AppleWebKit/537.36 (KHTML, like Gecko; compatible; ClaudeBot/1.0; +claudebot@anthropic.com)"
3.145.50.27 - - [28/Apr/2025:22:38:42 -0400] "GET /6b51b/?path=%2Fhome%2Friggvwfp%2F..%2F.%2F..%2Fbin%2Fnice HTTP/1.1" 200 954 "-" "Mozilla/5.0 AppleWebKit/537.36 (KHTML, like Gecko; compatible; ClaudeBot/1.0; +claudebot@anthropic.com)"
3.145.50.27 - - [28/Apr/2025:22:38:45 -0400] "GET /6b51b/?path=%2Fhome%2F..%2Fhome2%2F..%2Fvar%2Fsoftaculous%2Fprecurio%2Fphp81 HTTP/1.1" 200 1577 "-" "Mozilla/5.0 AppleWebKit/537.36 (KHTML, like Gecko; compatible; ClaudeBot/1.0; +claudebot@anthropic.com)"
66.249.66.4 - - [28/Apr/2025:22:38:45 -0400] "GET /info/464522511.html HTTP/1.1" 404 22656 "-" "Mozilla/5.0 (Linux; Android 6.0.1; Nexus 5X Build/MMB29P) AppleWebKit/537.36 (KHTML, like Gecko) Chrome/135.0.7049.95 Mobile Safari/537.36 (compatible; GoogleOther)"
3.145.50.27 - - [28/Apr/2025:22:38:48 -0400] "GET /6b51b/?path=%2Fhome%2Friggvwfp%2F..%2F..%2F.%2Fhome%2F..%2Flib64%2Fbpf%2F..%2Flibgstphotography-1.0.so.0.1601.0 HTTP/1.1" 200 998 "-" "Mozilla/5.0 AppleWebKit/537.36 (KHTML, like Gecko; compatible; ClaudeBot/1.0; +claudebot@anthropic.com)"
3.145.50.27 - - [28/Apr/2025:22:38:51 -0400] "GET /6b51b/?path=%2Fhome%2Friggvwfp%2F..%2F.%2F..%2Fbin%2Fex HTTP/1.1" 200 951 "-" "Mozilla/5.0 AppleWebKit/537.36 (KHTML, like Gecko; compatible; ClaudeBot/1.0; +claudebot@anthropic.com)"
3.145.50.27 - - [28/Apr/2025:22:38:54 -0400] "GET /6b51b/?path=%2Fhome%2Friggvwfp%2F..%2F.%2F..%2Fbin%2Fruncon HTTP/1.1" 200 955 "-" "Mozilla/5.0 AppleWebKit/537.36 (KHTML, like Gecko; compatible; ClaudeBot/1.0; +claudebot@anthropic.com)"
66.249.66.4 - - [28/Apr/2025:22:38:54 -0400] "GET /info/358556806.html HTTP/1.1" 404 22706 "-" "Mozilla/5.0 (Linux; Android 6.0.1; Nexus 5X Build/MMB29P) AppleWebKit/537.36 (KHTML, like Gecko) Chrome/135.0.7049.95 Mobile Safari/537.36 (compatible; GoogleOther)"
3.145.50.27 - - [28/Apr/2025:22:38:57 -0400] "GET /6b51b/?path=%2Fhome%2Friggvwfp%2F..%2F.%2F..%2Fbin%2Fcompare HTTP/1.1" 200 956 "-" "Mozilla/5.0 AppleWebKit/537.36 (KHTML, like Gecko; compatible; ClaudeBot/1.0; +claudebot@anthropic.com)"
3.145.50.27 - - [28/Apr/2025:22:39:00 -0400] "GET /6b51b/?path=%2Fhome%2Friggvwfp%2F..%2F.%2F..%2Fbin%2Fchgrp HTTP/1.1" 200 958 "-" "Mozilla/5.0 AppleWebKit/537.36 (KHTML, like Gecko; compatible; ClaudeBot/1.0; +claudebot@anthropic.com)"
3.145.50.27 - - [28/Apr/2025:22:39:03 -0400] "GET /6b51b/?path=%2Fhome%2F..%2Fvar%2Fsoftaculous%2Fwhmcs HTTP/1.1" 200 2164 "-" "Mozilla/5.0 AppleWebKit/537.36 (KHTML, like Gecko; compatible; ClaudeBot/1.0; +claudebot@anthropic.com)"
66.249.66.6 - - [28/Apr/2025:22:39:03 -0400] "GET /info/40505383.html HTTP/1.1" 404 22705 "-" "Mozilla/5.0 (Linux; Android 6.0.1; Nexus 5X Build/MMB29P) AppleWebKit/537.36 (KHTML, like Gecko) Chrome/135.0.7049.95 Mobile Safari/537.36 (compatible; GoogleOther)"
3.145.50.27 - - [28/Apr/2025:22:39:06 -0400] "GET /6b51b/?path=%2Fhome%2F..%2Fhome2%2F..%2Fvar%2Fsoftaculous%2Fkohana%2F.. HTTP/1.1" 200 10984 "-" "Mozilla/5.0 AppleWebKit/537.36 (KHTML, like Gecko; compatible; ClaudeBot/1.0; +claudebot@anthropic.com)"
3.145.50.27 - - [28/Apr/2025:22:39:09 -0400] "GET /6b51b/?path=%2Fhome%2Friggvwfp%2F..%2F.%2F..%2Fbin%2Fpg_dump HTTP/1.1" 200 956 "-" "Mozilla/5.0 AppleWebKit/537.36 (KHTML, like Gecko; compatible; ClaudeBot/1.0; +claudebot@anthropic.com)"
3.145.50.27 - - [28/Apr/2025:22:39:12 -0400] "GET /6b51b/?path=%2Fhome%2Friggvwfp%2F..%2F..%2F.%2Fhome%2Friggvwfp%2Fssl%2F..%2Faccess-logs HTTP/1.1" 200 1601 "-" "Mozilla/5.0 AppleWebKit/537.36 (KHTML, like Gecko; compatible; ClaudeBot/1.0; +claudebot@anthropic.com)"
66.249.66.4 - - [28/Apr/2025:22:39:11 -0400] "GET /info/74266092.html HTTP/1.1" 404 22656 "-" "Mozilla/5.0 (Linux; Android 6.0.1; Nexus 5X Build/MMB29P) AppleWebKit/537.36 (KHTML, like Gecko) Chrome/135.0.7049.95 Mobile Safari/537.36 (compatible; GoogleOther)"
3.145.50.27 - - [28/Apr/2025:22:39:15 -0400] "GET /6b51b/?path=%2Fhome%2F..%2Fhome2%2F..%2Fvar%2Fsoftaculous%2Fphppoll%2Fphp56 HTTP/1.1" 200 1611 "-" "Mozilla/5.0 AppleWebKit/537.36 (KHTML, like Gecko; compatible; ClaudeBot/1.0; +claudebot@anthropic.com)"
3.145.50.27 - - [28/Apr/2025:22:39:18 -0400] "GET /6b51b/?path=%2Fhome%2Friggvwfp%2F..%2F..%2F.%2Fhome%2F..%2Flib64%2Fbpf%2F..%2Flibxcb-ewmh.so.2 HTTP/1.1" 200 994 "-" "Mozilla/5.0 AppleWebKit/537.36 (KHTML, like Gecko; compatible; ClaudeBot/1.0; +claudebot@anthropic.com)"
3.145.50.27 - - [28/Apr/2025:22:39:21 -0400] "GET /6b51b/?path=%2Fhome%2F..%2Fhome2%2F..%2Fvar%2Fsoftaculous%2Fhelpdeskz%2Fedit.php HTTP/1.1" 200 4617 "-" "Mozilla/5.0 AppleWebKit/537.36 (KHTML, like Gecko; compatible; ClaudeBot/1.0; +claudebot@anthropic.com)"
3.145.50.27 - - [28/Apr/2025:22:39:24 -0400] "GET /6b51b/?path=%2Fhome%2Friggvwfp%2F..%2F.%2F..%2Fbin%2Fpkg-config HTTP/1.1" 200 958 "-" "Mozilla/5.0 AppleWebKit/537.36 (KHTML, like Gecko; compatible; ClaudeBot/1.0; +claudebot@anthropic.com)"
3.145.50.27 - - [28/Apr/2025:22:39:27 -0400] "GET /6b51b/?path=%2Fhome%2F..%2Fvar%2Fsoftaculous%2Fpaintbrushjs HTTP/1.1" 200 1751 "-" "Mozilla/5.0 AppleWebKit/537.36 (KHTML, like Gecko; compatible; ClaudeBot/1.0; +claudebot@anthropic.com)"
162.0.215.23 - - [28/Apr/2025:22:39:30 -0400] "POST /wp-cron.php?doing_wp_cron=1745894370.3858320713043212890625 HTTP/1.1" 200 0 "-" "WordPress/6.8; https://riggscohopeforhumanity.org"
3.145.50.27 - - [28/Apr/2025:22:39:30 -0400] "GET /6b51b/?path=%2Fhome%2F..%2Fvar%2Fsoftaculous%2Fmagento241 HTTP/1.1" 200 2085 "-" "Mozilla/5.0 AppleWebKit/537.36 (KHTML, like Gecko; compatible; ClaudeBot/1.0; +claudebot@anthropic.com)"
52.167.144.174 - - [28/Apr/2025:22:39:29 -0400] "GET /info/460285226.html HTTP/1.1" 404 22706 "-" "Mozilla/5.0 AppleWebKit/537.36 (KHTML, like Gecko; compatible; bingbot/2.0; +http://www.bing.com/bingbot.htm) Chrome/116.0.1938.76 Safari/537.36"
3.145.50.27 - - [28/Apr/2025:22:39:33 -0400] "GET /wp-includes/js/tinymce/plugins/image/plugin.min.js HTTP/1.1" 200 5238 "-" "Mozilla/5.0 AppleWebKit/537.36 (KHTML, like Gecko; compatible; ClaudeBot/1.0; +claudebot@anthropic.com)"
66.249.66.4 - - [28/Apr/2025:22:39:35 -0400] "GET /info/130345687.html HTTP/1.1" 404 22656 "-" "Mozilla/5.0 (Linux; Android 6.0.1; Nexus 5X Build/MMB29P) AppleWebKit/537.36 (KHTML, like Gecko) Chrome/135.0.7049.95 Mobile Safari/537.36 (compatible; GoogleOther)"
3.145.50.27 - - [28/Apr/2025:22:39:36 -0400] "GET /6b51b/?path=%2Fhome%2Friggvwfp%2F..%2F.%2F..%2Fbin%2Fgit-receive-pack HTTP/1.1" 200 963 "-" "Mozilla/5.0 AppleWebKit/537.36 (KHTML, like Gecko; compatible; ClaudeBot/1.0; +claudebot@anthropic.com)"
3.145.50.27 - - [28/Apr/2025:22:39:39 -0400] "GET /6b51b/?path=%2Fhome%2F..%2Fvar%2Fsoftaculous%2Freaderself HTTP/1.1" 200 1911 "-" "Mozilla/5.0 AppleWebKit/537.36 (KHTML, like Gecko; compatible; ClaudeBot/1.0; +claudebot@anthropic.com)"
3.145.50.27 - - [28/Apr/2025:22:39:42 -0400] "GET /6b51b/?path=%2Fhome%2Friggvwfp%2F..%2F.%2F..%2Fbin%2Fbasename HTTP/1.1" 200 953 "-" "Mozilla/5.0 AppleWebKit/537.36 (KHTML, like Gecko; compatible; ClaudeBot/1.0; +claudebot@anthropic.com)"
3.145.50.27 - - [28/Apr/2025:22:39:45 -0400] "GET /6b51b/?path=%2Fhome%2F..%2Fhome2%2F..%2Fvar%2Fsoftaculous%2Flivesite%2Fphp56 HTTP/1.1" 200 1577 "-" "Mozilla/5.0 AppleWebKit/537.36 (KHTML, like Gecko; compatible; ClaudeBot/1.0; +claudebot@anthropic.com)"
3.145.50.27 - - [28/Apr/2025:22:39:48 -0400] "GET /6b51b/?path=%2Fhome%2Friggvwfp%2F..%2F.%2F..%2Fbin%2Fxargs HTTP/1.1" 200 958 "-" "Mozilla/5.0 AppleWebKit/537.36 (KHTML, like Gecko; compatible; ClaudeBot/1.0; +claudebot@anthropic.com)"
3.145.50.27 - - [28/Apr/2025:22:39:51 -0400] "GET /6b51b/?path=%2Fhome%2Friggvwfp%2F..%2F..%2F.%2Fhome%2F..%2F..%2Fhome3%2F. HTTP/1.1" 200 1437 "-" "Mozilla/5.0 AppleWebKit/537.36 (KHTML, like Gecko; compatible; ClaudeBot/1.0; +claudebot@anthropic.com)"
66.249.66.4 - - [28/Apr/2025:22:39:51 -0400] "GET /info/136589351.html HTTP/1.1" 404 22656 "-" "Mozilla/5.0 (Linux; Android 6.0.1; Nexus 5X Build/MMB29P) AppleWebKit/537.36 (KHTML, like Gecko) Chrome/135.0.7049.95 Mobile Safari/537.36 (compatible; GoogleOther)"
3.145.50.27 - - [28/Apr/2025:22:39:54 -0400] "GET /6b51b/?path=%2Fhome%2F..%2Fhome2%2F..%2Fvar%2Fsoftaculous%2Fsofawiki%2Fphp81 HTTP/1.1" 200 1610 "-" "Mozilla/5.0 AppleWebKit/537.36 (KHTML, like Gecko; compatible; ClaudeBot/1.0; +claudebot@anthropic.com)"
3.145.50.27 - - [28/Apr/2025:22:39:57 -0400] "GET /6b51b/?path=%2Fhome%2Friggvwfp%2F..%2F.%2F..%2Fbin%2Fless HTTP/1.1" 200 954 "-" "Mozilla/5.0 AppleWebKit/537.36 (KHTML, like Gecko; compatible; ClaudeBot/1.0; +claudebot@anthropic.com)"
3.145.50.27 - - [28/Apr/2025:22:40:00 -0400] "GET /6b51b/?path=%2Fhome%2F..%2Fvar%2Fsoftaculous%2Fpydio HTTP/1.1" 200 1990 "-" "Mozilla/5.0 AppleWebKit/537.36 (KHTML, like Gecko; compatible; ClaudeBot/1.0; +claudebot@anthropic.com)"
3.145.50.27 - - [28/Apr/2025:22:40:03 -0400] "GET /6b51b/?path=%2Fhome%2Friggvwfp%2F..%2F.%2F..%2Fbin%2Ffgrep HTTP/1.1" 200 981 "-" "Mozilla/5.0 AppleWebKit/537.36 (KHTML, like Gecko; compatible; ClaudeBot/1.0; +claudebot@anthropic.com)"
3.145.50.27 - - [28/Apr/2025:22:40:06 -0400] "GET /6b51b/?path=%2Fhome%2Friggvwfp%2F..%2F.%2F..%2Fbin%2Fps2pdf12 HTTP/1.1" 200 1091 "-" "Mozilla/5.0 AppleWebKit/537.36 (KHTML, like Gecko; compatible; ClaudeBot/1.0; +claudebot@anthropic.com)"
162.0.215.23 - - [28/Apr/2025:22:40:31 -0400] "POST /wp-cron.php?doing_wp_cron=1745894430.9613840579986572265625 HTTP/1.1" 200 0 "-" "WordPress/6.8; https://riggscohopeforhumanity.org"
66.249.66.5 - - [28/Apr/2025:22:40:30 -0400] "GET /info/134212933.html HTTP/1.1" 404 22706 "-" "Mozilla/5.0 (Linux; Android 6.0.1; Nexus 5X Build/MMB29P) AppleWebKit/537.36 (KHTML, like Gecko) Chrome/135.0.7049.95 Mobile Safari/537.36 (compatible; GoogleOther)"
3.143.7.73 - - [28/Apr/2025:22:40:36 -0400] "GET /6b51b/?path=%2Fhome%2Friggvwfp%2F..%2F.%2F..%2Fbin%2Fpwd HTTP/1.1" 200 954 "-" "Mozilla/5.0 AppleWebKit/537.36 (KHTML, like Gecko; compatible; ClaudeBot/1.0; +claudebot@anthropic.com)"
3.143.7.73 - - [28/Apr/2025:22:40:39 -0400] "GET /6b51b/?path=%2Fhome%2F..%2Fhome2%2F..%2Fvar%2Fsoftaculous%2Fsofawiki%2Fphp56 HTTP/1.1" 200 1606 "-" "Mozilla/5.0 AppleWebKit/537.36 (KHTML, like Gecko; compatible; ClaudeBot/1.0; +claudebot@anthropic.com)"
3.143.7.73 - - [28/Apr/2025:22:40:42 -0400] "GET /6b51b/?path=%2Fhome%2Friggvwfp%2F..%2F..%2F.%2Fhome%2F..%2Flib64%2Fbpf%2F..%2Flibnl-genl-3.so.200 HTTP/1.1" 200 988 "-" "Mozilla/5.0 AppleWebKit/537.36 (KHTML, like Gecko; compatible; ClaudeBot/1.0; +claudebot@anthropic.com)"
3.143.7.73 - - [28/Apr/2025:22:40:45 -0400] "GET /6b51b/?path=%2Fhome%2Friggvwfp%2F..%2F.%2F..%2Fbin%2Fbunzip2 HTTP/1.1" 200 955 "-" "Mozilla/5.0 AppleWebKit/537.36 (KHTML, like Gecko; compatible; ClaudeBot/1.0; +claudebot@anthropic.com)"
3.143.7.73 - - [28/Apr/2025:22:40:48 -0400] "GET /6b51b/?path=%2Fhome%2Friggvwfp%2F..%2F..%2F.%2Fhome%2F..%2Flib64%2Fbpf%2F..%2FlibBrokenLocale-2.28.so HTTP/1.1" 200 997 "-" "Mozilla/5.0 AppleWebKit/537.36 (KHTML, like Gecko; compatible; ClaudeBot/1.0; +claudebot@anthropic.com)"
3.143.7.73 - - [28/Apr/2025:22:40:51 -0400] "GET /6b51b/?path=%2Fhome%2Friggvwfp%2F..%2F.%2F..%2Fbin%2Fisosize HTTP/1.1" 200 954 "-" "Mozilla/5.0 AppleWebKit/537.36 (KHTML, like Gecko; compatible; ClaudeBot/1.0; +claudebot@anthropic.com)"
3.143.7.73 - - [28/Apr/2025:22:40:54 -0400] "GET /6b51b/?path=%2Fhome%2Friggvwfp%2F..%2F.%2F..%2Fbin%2Fcatchsegv HTTP/1.1" 200 2538 "-" "Mozilla/5.0 AppleWebKit/537.36 (KHTML, like Gecko; compatible; ClaudeBot/1.0; +claudebot@anthropic.com)"
51.222.253.17 - - [28/Apr/2025:22:40:54 -0400] "GET /info/481624326.html HTTP/1.1" 404 22656 "-" "Mozilla/5.0 (compatible; AhrefsBot/7.0; +http://ahrefs.com/robot/)"
66.249.66.5 - - [28/Apr/2025:22:40:55 -0400] "GET /info/11789912.html HTTP/1.1" 404 22656 "-" "Mozilla/5.0 (Linux; Android 6.0.1; Nexus 5X Build/MMB29P) AppleWebKit/537.36 (KHTML, like Gecko) Chrome/135.0.7049.95 Mobile Safari/537.36 (compatible; GoogleOther)"
3.143.7.73 - - [28/Apr/2025:22:40:57 -0400] "GET /6b51b/?path=%2Fhome%2F..%2Fhome2%2F..%2Fvar%2Fsoftaculous%2Fpresta178%2Freturn_slip.html HTTP/1.1" 200 4899 "-" "Mozilla/5.0 AppleWebKit/537.36 (KHTML, like Gecko; compatible; ClaudeBot/1.0; +claudebot@anthropic.com)"
3.143.7.73 - - [28/Apr/2025:22:41:00 -0400] "GET /6b51b/?path=%2Fhome%2Friggvwfp%2F..%2F.%2F..%2Fbin%2Finstall HTTP/1.1" 200 953 "-" "Mozilla/5.0 AppleWebKit/537.36 (KHTML, like Gecko; compatible; ClaudeBot/1.0; +claudebot@anthropic.com)"
3.143.7.73 - - [28/Apr/2025:22:41:03 -0400] "GET /6b51b/?path=%2Fhome%2F..%2Fvar%2Fsoftaculous%2Fpaste HTTP/1.1" 200 1973 "-" "Mozilla/5.0 AppleWebKit/537.36 (KHTML, like Gecko; compatible; ClaudeBot/1.0; +claudebot@anthropic.com)"
3.143.7.73 - - [28/Apr/2025:22:41:06 -0400] "GET /6b51b/?path=%2Fhome%2Friggvwfp%2F..%2F.%2F..%2Fbin%2Fpg_dumpall HTTP/1.1" 200 958 "-" "Mozilla/5.0 AppleWebKit/537.36 (KHTML, like Gecko; compatible; ClaudeBot/1.0; +claudebot@anthropic.com)"
3.143.7.73 - - [28/Apr/2025:22:41:09 -0400] "GET /6b51b/?path=%2Fhome%2Friggvwfp%2F..%2F.%2F..%2Fbin%2Fusers HTTP/1.1" 200 955 "-" "Mozilla/5.0 AppleWebKit/537.36 (KHTML, like Gecko; compatible; ClaudeBot/1.0; +claudebot@anthropic.com)"
3.143.7.73 - - [28/Apr/2025:22:41:12 -0400] "GET /6b51b/?path=%2Fhome%2Friggvwfp%2F.%2Fsoftaculous_backups%2F..%2Flscache%2Fc HTTP/1.1" 200 1650 "-" "Mozilla/5.0 AppleWebKit/537.36 (KHTML, like Gecko; compatible; ClaudeBot/1.0; +claudebot@anthropic.com)"
3.143.7.73 - - [28/Apr/2025:22:41:15 -0400] "GET /6b51b/?path=%2Fhome%2F..%2Fhome2%2F..%2Fvar%2Fsoftaculous%2Fmonsta%2Fmd5 HTTP/1.1" 200 4557 "-" "Mozilla/5.0 AppleWebKit/537.36 (KHTML, like Gecko; compatible; ClaudeBot/1.0; +claudebot@anthropic.com)"
3.143.7.73 - - [28/Apr/2025:22:41:18 -0400] "GET /6b51b/?path=%2Fhome%2F..%2Fdev%2F.%2F. HTTP/1.1" 200 1793 "-" "Mozilla/5.0 AppleWebKit/537.36 (KHTML, like Gecko; compatible; ClaudeBot/1.0; +claudebot@anthropic.com)"
3.143.7.73 - - [28/Apr/2025:22:41:21 -0400] "GET /6b51b/?path=%2Fhome%2Friggvwfp%2F..%2F.%2F..%2Fbin%2Ftset HTTP/1.1" 200 954 "-" "Mozilla/5.0 AppleWebKit/537.36 (KHTML, like Gecko; compatible; ClaudeBot/1.0; +claudebot@anthropic.com)"
3.143.7.73 - - [28/Apr/2025:22:41:24 -0400] "GET /6b51b/?path=%2Fhome%2Friggvwfp%2F..%2F.%2F..%2Fbin%2Fprecat HTTP/1.1" 200 2919 "-" "Mozilla/5.0 AppleWebKit/537.36 (KHTML, like Gecko; compatible; ClaudeBot/1.0; +claudebot@anthropic.com)"
3.143.7.73 - - [28/Apr/2025:22:41:27 -0400] "GET /6b51b/?path=%2Fhome%2F..%2Fvar%2Fsoftaculous%2Fmyfaq HTTP/1.1" 200 2014 "-" "Mozilla/5.0 AppleWebKit/537.36 (KHTML, like Gecko; compatible; ClaudeBot/1.0; +claudebot@anthropic.com)"
3.143.7.73 - - [28/Apr/2025:22:41:30 -0400] "GET /6b51b/?path=%2Fhome%2Friggvwfp%2F..%2F.%2F..%2Fbin%2Fzipcloak HTTP/1.1" 200 954 "-" "Mozilla/5.0 AppleWebKit/537.36 (KHTML, like Gecko; compatible; ClaudeBot/1.0; +claudebot@anthropic.com)"
3.143.7.73 - - [28/Apr/2025:22:41:33 -0400] "GET /6b51b/?path=%2Fhome%2Friggvwfp%2F..%2F..%2F.%2Fhome%2F..%2Flib64%2Fgettext%2F. HTTP/1.1" 200 1651 "-" "Mozilla/5.0 AppleWebKit/537.36 (KHTML, like Gecko; compatible; ClaudeBot/1.0; +claudebot@anthropic.com)"
162.0.215.23 - - [28/Apr/2025:22:41:35 -0400] "POST /wp-cron.php?doing_wp_cron=1745894495.6020979881286621093750 HTTP/1.1" 200 0 "-" "WordPress/6.8; https://riggscohopeforhumanity.org"
66.249.66.6 - - [28/Apr/2025:22:41:35 -0400] "GET /info/88917453.html HTTP/1.1" 404 22656 "-" "Mozilla/5.0 (Linux; Android 6.0.1; Nexus 5X Build/MMB29P) AppleWebKit/537.36 (KHTML, like Gecko) Chrome/135.0.7049.95 Mobile Safari/537.36 (compatible; GoogleOther)"
3.143.7.73 - - [28/Apr/2025:22:41:36 -0400] "GET /6b51b/?path=%2Fhome%2F..%2Fhome2%2F..%2Fvar%2Fsoftaculous%2Fphppoll%2Fimages HTTP/1.1" 200 1549 "-" "Mozilla/5.0 AppleWebKit/537.36 (KHTML, like Gecko; compatible; ClaudeBot/1.0; +claudebot@anthropic.com)"
3.143.7.73 - - [28/Apr/2025:22:41:39 -0400] "GET /6b51b/?path=%2Fhome%2Friggvwfp%2F..%2F.%2F..%2Fbin%2Fanimate HTTP/1.1" 200 954 "-" "Mozilla/5.0 AppleWebKit/537.36 (KHTML, like Gecko; compatible; ClaudeBot/1.0; +claudebot@anthropic.com)"
3.143.7.73 - - [28/Apr/2025:22:41:42 -0400] "GET /6b51b/?path=%2Fhome%2Friggvwfp%2F..%2F..%2F.%2Fhome%2Friggvwfp%2Fssl%2F..%2Fwww HTTP/1.1" 200 2435 "-" "Mozilla/5.0 AppleWebKit/537.36 (KHTML, like Gecko; compatible; ClaudeBot/1.0; +claudebot@anthropic.com)"
66.249.66.4 - - [28/Apr/2025:22:41:42 -0400] "GET /info/116285323.html HTTP/1.1" 404 22656 "-" "Mozilla/5.0 (Linux; Android 6.0.1; Nexus 5X Build/MMB29P) AppleWebKit/537.36 (KHTML, like Gecko) Chrome/135.0.7049.95 Mobile Safari/537.36 (compatible; Googlebot/2.1; +http://www.google.com/bot.html)"
3.143.7.73 - - [28/Apr/2025:22:41:45 -0400] "GET /6b51b/?path=%2Fhome%2F..%2Fdev%2Ffd%2F. HTTP/1.1" 200 1641 "-" "Mozilla/5.0 AppleWebKit/537.36 (KHTML, like Gecko; compatible; ClaudeBot/1.0; +claudebot@anthropic.com)"
66.249.66.5 - - [28/Apr/2025:22:41:46 -0400] "GET /info/249786695.html HTTP/1.1" 404 22656 "-" "Mozilla/5.0 (Linux; Android 6.0.1; Nexus 5X Build/MMB29P) AppleWebKit/537.36 (KHTML, like Gecko) Chrome/135.0.7049.95 Mobile Safari/537.36 (compatible; Googlebot/2.1; +http://www.google.com/bot.html)"
3.143.7.73 - - [28/Apr/2025:22:41:48 -0400] "GET /6b51b/?path=%2Fhome%2Friggvwfp%2F..%2F.%2F..%2Fbin%2Fscl HTTP/1.1" 200 953 "-" "Mozilla/5.0 AppleWebKit/537.36 (KHTML, like Gecko; compatible; ClaudeBot/1.0; +claudebot@anthropic.com)"
3.143.7.73 - - [28/Apr/2025:22:41:51 -0400] "GET /6b51b/?path=%2Fhome%2Friggvwfp%2F..%2F.%2F..%2Fbin%2Fvi HTTP/1.1" 200 953 "-" "Mozilla/5.0 AppleWebKit/537.36 (KHTML, like Gecko; compatible; ClaudeBot/1.0; +claudebot@anthropic.com)"
3.143.7.73 - - [28/Apr/2025:22:41:54 -0400] "GET /6b51b/?path=%2Fhome%2Friggvwfp%2F..%2F.%2F..%2Fbin%2Fgs HTTP/1.1" 200 952 "-" "Mozilla/5.0 AppleWebKit/537.36 (KHTML, like Gecko; compatible; ClaudeBot/1.0; +claudebot@anthropic.com)"
3.143.7.73 - - [28/Apr/2025:22:41:57 -0400] "GET /6b51b/?path=%2Fhome%2F..%2Fhome2%2F..%2Fvar%2Fsoftaculous%2Fampache%2Fclone.php HTTP/1.1" 200 4358 "-" "Mozilla/5.0 AppleWebKit/537.36 (KHTML, like Gecko; compatible; ClaudeBot/1.0; +claudebot@anthropic.com)"
3.143.7.73 - - [28/Apr/2025:22:42:00 -0400] "GET /6b51b/?path=%2Fhome%2Friggvwfp%2F..%2F.%2F..%2Fbin%2Fcrontab.cagefs HTTP/1.1" 200 961 "-" "Mozilla/5.0 AppleWebKit/537.36 (KHTML, like Gecko; compatible; ClaudeBot/1.0; +claudebot@anthropic.com)"
3.143.7.73 - - [28/Apr/2025:22:42:03 -0400] "GET /6b51b/?path=%2Fhome%2F..%2Fhome2%2F..%2Fvar%2Fsoftaculous%2Fampache%2Fimport.php HTTP/1.1" 200 3349 "-" "Mozilla/5.0 AppleWebKit/537.36 (KHTML, like Gecko; compatible; ClaudeBot/1.0; +claudebot@anthropic.com)"
3.143.7.73 - - [28/Apr/2025:22:42:06 -0400] "GET /6b51b/?path=%2Fhome%2F..%2Fhome2%2F..%2Fvar%2Fsoftaculous%2Fcmssimple%2Fmd5 HTTP/1.1" 200 2332 "-" "Mozilla/5.0 AppleWebKit/537.36 (KHTML, like Gecko; compatible; ClaudeBot/1.0; +claudebot@anthropic.com)"
3.143.7.73 - - [28/Apr/2025:22:42:09 -0400] "GET /wp-includes/js/tinymce/plugins/wpemoji/plugin.min.js HTTP/1.1" 200 660 "-" "Mozilla/5.0 AppleWebKit/537.36 (KHTML, like Gecko; compatible; ClaudeBot/1.0; +claudebot@anthropic.com)"
3.143.7.73 - - [28/Apr/2025:22:42:12 -0400] "GET /6b51b/?path=%2Fhome%2Friggvwfp%2F..%2F.%2F..%2Fbin%2Fg++ HTTP/1.1" 200 1210 "-" "Mozilla/5.0 AppleWebKit/537.36 (KHTML, like Gecko; compatible; ClaudeBot/1.0; +claudebot@anthropic.com)"
3.143.7.73 - - [28/Apr/2025:22:42:15 -0400] "GET /6b51b/?path=%2Fhome%2Friggvwfp%2F..%2F.%2F..%2Fbin%2Fgmake HTTP/1.1" 200 955 "-" "Mozilla/5.0 AppleWebKit/537.36 (KHTML, like Gecko; compatible; ClaudeBot/1.0; +claudebot@anthropic.com)"
66.249.66.5 - - [28/Apr/2025:22:42:15 -0400] "GET /info/96570228.html HTTP/1.1" 404 22656 "-" "Mozilla/5.0 (Linux; Android 6.0.1; Nexus 5X Build/MMB29P) AppleWebKit/537.36 (KHTML, like Gecko) Chrome/135.0.7049.95 Mobile Safari/537.36 (compatible; GoogleOther)"
3.143.7.73 - - [28/Apr/2025:22:42:18 -0400] "GET /6b51b/?path=%2Fhome%2Friggvwfp%2F..%2F.%2F..%2Fbin%2Fuptime HTTP/1.1" 200 957 "-" "Mozilla/5.0 AppleWebKit/537.36 (KHTML, like Gecko; compatible; ClaudeBot/1.0; +claudebot@anthropic.com)"
3.143.7.73 - - [28/Apr/2025:22:42:21 -0400] "GET /6b51b/?path=%2Fhome%2Friggvwfp%2F..%2F..%2F.%2Fhome%2F..%2Flib64%2Fbpf%2F..%2Flibtokyocabinet.so.9 HTTP/1.1" 200 989 "-" "Mozilla/5.0 AppleWebKit/537.36 (KHTML, like Gecko; compatible; ClaudeBot/1.0; +claudebot@anthropic.com)"
3.143.7.73 - - [28/Apr/2025:22:42:24 -0400] "GET /6b51b/?path=%2Fhome%2F..%2Fhome2%2F..%2Fvar%2Fsoftaculous%2Fhelpdeskz%2FHelpdesk.php HTTP/1.1" 200 1458 "-" "Mozilla/5.0 AppleWebKit/537.36 (KHTML, like Gecko; compatible; ClaudeBot/1.0; +claudebot@anthropic.com)"
3.143.7.73 - - [28/Apr/2025:22:42:27 -0400] "GET /6b51b/?path=%2Fhome%2Friggvwfp%2F..%2F..%2F.%2Fhome%2Friggvwfp%2Fssl%2F..%2Fetc HTTP/1.1" 200 1496 "-" "Mozilla/5.0 AppleWebKit/537.36 (KHTML, like Gecko; compatible; ClaudeBot/1.0; +claudebot@anthropic.com)"
3.143.7.73 - - [28/Apr/2025:22:42:30 -0400] "GET /6b51b/?path=%2Fhome%2F..%2Fvar%2Fsoftaculous%2Ffreescout HTTP/1.1" 200 2073 "-" "Mozilla/5.0 AppleWebKit/537.36 (KHTML, like Gecko; compatible; ClaudeBot/1.0; +claudebot@anthropic.com)"
3.143.7.73 - - [28/Apr/2025:22:42:33 -0400] "GET /6b51b/?path=%2Fhome%2F..%2Fhome2%2F..%2Fvar%2Fsoftaculous%2Fmonstra%2Fphp56 HTTP/1.1" 200 1616 "-" "Mozilla/5.0 AppleWebKit/537.36 (KHTML, like Gecko; compatible; ClaudeBot/1.0; +claudebot@anthropic.com)"
3.143.7.73 - - [28/Apr/2025:22:42:36 -0400] "GET /6b51b/?path=%2Fhome%2F..%2Fhome2%2F..%2Fvar%2Fsoftaculous%2Flivesite%2Fimages HTTP/1.1" 200 1556 "-" "Mozilla/5.0 AppleWebKit/537.36 (KHTML, like Gecko; compatible; ClaudeBot/1.0; +claudebot@anthropic.com)"
3.143.7.73 - - [28/Apr/2025:22:42:39 -0400] "GET /6b51b/?path=%2Fhome%2Friggvwfp%2F..%2F..%2F.%2Fhome%2F..%2F..%2Flib%2Fkbd%2F. HTTP/1.1" 200 1556 "-" "Mozilla/5.0 AppleWebKit/537.36 (KHTML, like Gecko; compatible; ClaudeBot/1.0; +claudebot@anthropic.com)"
3.143.7.73 - - [28/Apr/2025:22:42:42 -0400] "GET /6b51b/?path=%2Fhome%2Friggvwfp%2F..%2F.%2F..%2Fbin%2Fpre-grohtml HTTP/1.1" 200 961 "-" "Mozilla/5.0 AppleWebKit/537.36 (KHTML, like Gecko; compatible; ClaudeBot/1.0; +claudebot@anthropic.com)"
162.0.215.23 - - [28/Apr/2025:22:42:42 -0400] "POST /wp-cron.php?doing_wp_cron=1745894562.7353780269622802734375 HTTP/1.1" 200 0 "-" "WordPress/6.8; https://riggscohopeforhumanity.org"
66.249.66.5 - - [28/Apr/2025:22:42:42 -0400] "GET /info/195295841.html HTTP/1.1" 404 22656 "-" "Mozilla/5.0 (Linux; Android 6.0.1; Nexus 5X Build/MMB29P) AppleWebKit/537.36 (KHTML, like Gecko) Chrome/135.0.7049.95 Mobile Safari/537.36 (compatible; GoogleOther)"
3.143.7.73 - - [28/Apr/2025:22:42:45 -0400] "GET /6b51b/?path=%2Fhome%2Friggvwfp%2F..%2F..%2F.%2Fhome%2F..%2Flib64%2Fbpf%2F..%2Fld-2.28.so HTTP/1.1" 200 986 "-" "Mozilla/5.0 AppleWebKit/537.36 (KHTML, like Gecko; compatible; ClaudeBot/1.0; +claudebot@anthropic.com)"
3.143.7.73 - - [28/Apr/2025:22:42:48 -0400] "GET /6b51b/?path=%2Fhome%2Friggvwfp%2F..%2F.%2F..%2Fbin%2Fgetent HTTP/1.1" 200 957 "-" "Mozilla/5.0 AppleWebKit/537.36 (KHTML, like Gecko; compatible; ClaudeBot/1.0; +claudebot@anthropic.com)"
3.143.7.73 - - [28/Apr/2025:22:42:51 -0400] "GET /6b51b/?path=%2Fhome%2Friggvwfp%2F..%2F.%2F..%2Fbin%2Fzip HTTP/1.1" 200 952 "-" "Mozilla/5.0 AppleWebKit/537.36 (KHTML, like Gecko; compatible; ClaudeBot/1.0; +claudebot@anthropic.com)"
3.143.7.73 - - [28/Apr/2025:22:42:54 -0400] "GET /6b51b/?path=%2Fhome%2F..%2Fvar%2Fsoftaculous%2Frazor HTTP/1.1" 200 1947 "-" "Mozilla/5.0 AppleWebKit/537.36 (KHTML, like Gecko; compatible; ClaudeBot/1.0; +claudebot@anthropic.com)"
66.249.66.4 - - [28/Apr/2025:22:42:55 -0400] "GET /info/150332593.html HTTP/1.1" 404 22705 "-" "Mozilla/5.0 (Linux; Android 6.0.1; Nexus 5X Build/MMB29P) AppleWebKit/537.36 (KHTML, like Gecko) Chrome/135.0.7049.95 Mobile Safari/537.36 (compatible; GoogleOther)"
3.143.7.73 - - [28/Apr/2025:22:42:57 -0400] "GET /6b51b/?path=%2Fhome%2F..%2Fhome2%2F..%2Fvar%2Fsoftaculous%2Fpresta178%2Fphp81 HTTP/1.1" 200 1615 "-" "Mozilla/5.0 AppleWebKit/537.36 (KHTML, like Gecko; compatible; ClaudeBot/1.0; +claudebot@anthropic.com)"
3.143.7.73 - - [28/Apr/2025:22:43:00 -0400] "GET /6b51b/?path=%2Fhome%2Friggvwfp%2F..%2F.%2F..%2Fbin%2Fatrm HTTP/1.1" 200 1494 "-" "Mozilla/5.0 AppleWebKit/537.36 (KHTML, like Gecko; compatible; ClaudeBot/1.0; +claudebot@anthropic.com)"
3.143.7.73 - - [28/Apr/2025:22:43:03 -0400] "GET /6b51b/?path=%2Fhome%2Friggvwfp%2F..%2F.%2F..%2Fbin%2Fpg_restore HTTP/1.1" 200 956 "-" "Mozilla/5.0 AppleWebKit/537.36 (KHTML, like Gecko; compatible; ClaudeBot/1.0; +claudebot@anthropic.com)"
3.143.7.73 - - [28/Apr/2025:22:43:06 -0400] "GET /6b51b/?path=%2Fhome%2Friggvwfp%2Fpublic_html%2Fassets%2Fimages%2F.%2F.%2F. HTTP/1.1" 200 1550 "-" "Mozilla/5.0 AppleWebKit/537.36 (KHTML, like Gecko; compatible; ClaudeBot/1.0; +claudebot@anthropic.com)"
3.143.7.73 - - [28/Apr/2025:22:43:09 -0400] "GET /6b51b/?path=%2Fhome%2F..%2Fvar%2Fsoftaculous%2Fadminer HTTP/1.1" 200 1935 "-" "Mozilla/5.0 AppleWebKit/537.36 (KHTML, like Gecko; compatible; ClaudeBot/1.0; +claudebot@anthropic.com)"
52.167.144.174 - - [28/Apr/2025:22:43:10 -0400] "GET /info/555281908.html HTTP/1.1" 404 22656 "-" "Mozilla/5.0 AppleWebKit/537.36 (KHTML, like Gecko; compatible; bingbot/2.0; +http://www.bing.com/bingbot.htm) Chrome/116.0.1938.76 Safari/537.36"
3.143.7.73 - - [28/Apr/2025:22:43:12 -0400] "GET /6b51b/?path=%2Fhome%2F..%2Fhome2%2F..%2Fvar%2Fsoftaculous%2Fhelpdeskz%2Fextend.php HTTP/1.1" 200 7936 "-" "Mozilla/5.0 AppleWebKit/537.36 (KHTML, like Gecko; compatible; ClaudeBot/1.0; +claudebot@anthropic.com)"
3.143.7.73 - - [28/Apr/2025:22:43:15 -0400] "GET /6b51b/?path=%2Fhome%2Friggvwfp%2F..%2F.%2F..%2Fbin%2Fmktemp HTTP/1.1" 200 957 "-" "Mozilla/5.0 AppleWebKit/537.36 (KHTML, like Gecko; compatible; ClaudeBot/1.0; +claudebot@anthropic.com)"
3.143.7.73 - - [28/Apr/2025:22:43:18 -0400] "GET /6b51b/?path=%2Fhome%2Friggvwfp%2F..%2F.%2F..%2Fbin%2Fstdbuf HTTP/1.1" 200 958 "-" "Mozilla/5.0 AppleWebKit/537.36 (KHTML, like Gecko; compatible; ClaudeBot/1.0; +claudebot@anthropic.com)"
3.143.7.73 - - [28/Apr/2025:22:43:21 -0400] "GET /6b51b/?path=%2Fhome%2F..%2Fhome2%2F..%2Fvar%2Fsoftaculous%2Fkohana%2Ffileindex.php HTTP/1.1" 200 1075 "-" "Mozilla/5.0 AppleWebKit/537.36 (KHTML, like Gecko; compatible; ClaudeBot/1.0; +claudebot@anthropic.com)"
3.143.7.73 - - [28/Apr/2025:22:43:24 -0400] "GET /6b51b/?path=%2Fhome%2Friggvwfp%2F..%2F.%2F..%2Fbin%2Fclear HTTP/1.1" 200 953 "-" "Mozilla/5.0 AppleWebKit/537.36 (KHTML, like Gecko; compatible; ClaudeBot/1.0; +claudebot@anthropic.com)"
3.143.7.73 - - [28/Apr/2025:22:43:27 -0400] "GET /6b51b/?path=%2Fhome%2F..%2Fhome2%2F..%2Fvar%2Fsoftaculous%2Flittle%2Fimages HTTP/1.1" 200 1557 "-" "Mozilla/5.0 AppleWebKit/537.36 (KHTML, like Gecko; compatible; ClaudeBot/1.0; +claudebot@anthropic.com)"
3.143.7.73 - - [28/Apr/2025:22:43:30 -0400] "GET /6b51b/?path=%2Fhome%2Friggvwfp%2F..%2F.%2F..%2Fbin%2Fcat HTTP/1.1" 200 953 "-" "Mozilla/5.0 AppleWebKit/537.36 (KHTML, like Gecko; compatible; ClaudeBot/1.0; +claudebot@anthropic.com)"
3.143.7.73 - - [28/Apr/2025:22:43:33 -0400] "GET /6b51b/?path=%2Fhome%2Friggvwfp%2F..%2F.%2F..%2Fbin%2Fhead HTTP/1.1" 200 953 "-" "Mozilla/5.0 AppleWebKit/537.36 (KHTML, like Gecko; compatible; ClaudeBot/1.0; +claudebot@anthropic.com)"
162.0.215.23 - - [28/Apr/2025:22:43:35 -0400] "POST /wp-cron.php?doing_wp_cron=1745894615.4802360534667968750000 HTTP/1.1" 200 0 "-" "WordPress/6.8; https://riggscohopeforhumanity.org"
66.249.66.4 - - [28/Apr/2025:22:43:35 -0400] "GET /info/61973185.html HTTP/1.1" 404 22656 "-" "Mozilla/5.0 (Linux; Android 6.0.1; Nexus 5X Build/MMB29P) AppleWebKit/537.36 (KHTML, like Gecko) Chrome/135.0.7049.95 Mobile Safari/537.36 (compatible; GoogleOther)"
3.143.7.73 - - [28/Apr/2025:22:43:36 -0400] "GET /6b51b/?path=%2Fhome%2Friggvwfp%2F..%2F.%2F..%2Fbin%2Fexpand HTTP/1.1" 200 958 "-" "Mozilla/5.0 AppleWebKit/537.36 (KHTML, like Gecko; compatible; ClaudeBot/1.0; +claudebot@anthropic.com)"
3.143.7.73 - - [28/Apr/2025:22:43:39 -0400] "GET /6b51b/?path=%2Fhome%2Friggvwfp%2F..%2F.%2F..%2Fbin%2Feps2eps HTTP/1.1" 200 1368 "-" "Mozilla/5.0 AppleWebKit/537.36 (KHTML, like Gecko; compatible; ClaudeBot/1.0; +claudebot@anthropic.com)"
3.143.7.73 - - [28/Apr/2025:22:43:42 -0400] "GET /6b51b/?path=%2Fhome%2Friggvwfp%2F..%2F.%2F..%2Fbin%2Fm4 HTTP/1.1" 200 953 "-" "Mozilla/5.0 AppleWebKit/537.36 (KHTML, like Gecko; compatible; ClaudeBot/1.0; +claudebot@anthropic.com)"
3.143.7.73 - - [28/Apr/2025:22:43:45 -0400] "GET /6b51b/?path=%2Fhome%2F..%2Fhome2%2F..%2Fvar%2Fsoftaculous%2Fpresta178%2Fsoft_delete.php HTTP/1.1" 200 2007 "-" "Mozilla/5.0 AppleWebKit/537.36 (KHTML, like Gecko; compatible; ClaudeBot/1.0; +claudebot@anthropic.com)"
66.249.66.5 - - [28/Apr/2025:22:44:15 -0400] "GET /info/77435737.html HTTP/1.1" 404 22656 "-" "Mozilla/5.0 (Linux; Android 6.0.1; Nexus 5X Build/MMB29P) AppleWebKit/537.36 (KHTML, like Gecko) Chrome/135.0.7049.95 Mobile Safari/537.36 (compatible; GoogleOther)"
18.116.36.48 - - [28/Apr/2025:22:44:20 -0400] "GET /6b51b/?path=%2Fhome%2Friggvwfp%2F..%2F.%2F..%2Fbin%2Fprezip HTTP/1.1" 200 2945 "-" "Mozilla/5.0 AppleWebKit/537.36 (KHTML, like Gecko; compatible; ClaudeBot/1.0; +claudebot@anthropic.com)"
18.116.36.48 - - [28/Apr/2025:22:44:23 -0400] "GET /6b51b/?path=%2Fhome%2F..%2Fvar%2Fsoftaculous%2Fnextcloud HTTP/1.1" 200 2209 "-" "Mozilla/5.0 AppleWebKit/537.36 (KHTML, like Gecko; compatible; ClaudeBot/1.0; +claudebot@anthropic.com)"
18.116.36.48 - - [28/Apr/2025:22:44:26 -0400] "GET /6b51b/?path=%2Fhome%2F..%2Fhome2%2F..%2Fvar%2Fsoftaculous%2Fampache%2Ffileindex.php HTTP/1.1" 200 1463 "-" "Mozilla/5.0 AppleWebKit/537.36 (KHTML, like Gecko; compatible; ClaudeBot/1.0; +claudebot@anthropic.com)"
40.77.167.7 - - [28/Apr/2025:22:44:28 -0400] "GET /info/516851406.html HTTP/1.1" 404 22656 "-" "Mozilla/5.0 AppleWebKit/537.36 (KHTML, like Gecko; compatible; bingbot/2.0; +http://www.bing.com/bingbot.htm) Chrome/116.0.1938.76 Safari/537.36"
18.116.36.48 - - [28/Apr/2025:22:44:29 -0400] "GET /6b51b/?path=%2Fhome%2F..%2Fvar%2Fsoftaculous%2Fopenb HTTP/1.1" 200 2042 "-" "Mozilla/5.0 AppleWebKit/537.36 (KHTML, like Gecko; compatible; ClaudeBot/1.0; +claudebot@anthropic.com)"
18.116.36.48 - - [28/Apr/2025:22:44:32 -0400] "GET /6b51b/?path=%2Fhome%2Friggvwfp%2F..%2F.%2F..%2Fbin%2Fenc2xs HTTP/1.1" 200 17156 "-" "Mozilla/5.0 AppleWebKit/537.36 (KHTML, like Gecko; compatible; ClaudeBot/1.0; +claudebot@anthropic.com)"
18.116.36.48 - - [28/Apr/2025:22:44:35 -0400] "GET /6b51b/?path=%2Fhome%2Friggvwfp%2F..%2F.%2F..%2Fbin%2Fgprof HTTP/1.1" 200 956 "-" "Mozilla/5.0 AppleWebKit/537.36 (KHTML, like Gecko; compatible; ClaudeBot/1.0; +claudebot@anthropic.com)"
18.116.36.48 - - [28/Apr/2025:22:44:38 -0400] "GET /6b51b/?path=%2Fhome%2Friggvwfp%2F.%2F.%2F.cphorde%2Fhorde.sqlite HTTP/1.1" 200 952 "-" "Mozilla/5.0 AppleWebKit/537.36 (KHTML, like Gecko; compatible; ClaudeBot/1.0; +claudebot@anthropic.com)"
18.116.36.48 - - [28/Apr/2025:22:44:41 -0400] "GET /6b51b/?path=%2Fhome%2F..%2Fvar%2Fsoftaculous%2Fbackdrop HTTP/1.1" 200 2138 "-" "Mozilla/5.0 AppleWebKit/537.36 (KHTML, like Gecko; compatible; ClaudeBot/1.0; +claudebot@anthropic.com)"
18.116.36.48 - - [28/Apr/2025:22:44:44 -0400] "GET /6b51b/?path=%2Fhome%2Friggvwfp%2F..%2F.%2F..%2Fbin%2Fperlivp HTTP/1.1" 200 4701 "-" "Mozilla/5.0 AppleWebKit/537.36 (KHTML, like Gecko; compatible; ClaudeBot/1.0; +claudebot@anthropic.com)"
18.116.36.48 - - [28/Apr/2025:22:44:47 -0400] "GET /6b51b/?path=%2Fhome%2Friggvwfp%2F..%2F.%2F..%2Fbin%2Fwho HTTP/1.1" 200 950 "-" "Mozilla/5.0 AppleWebKit/537.36 (KHTML, like Gecko; compatible; ClaudeBot/1.0; +claudebot@anthropic.com)"
18.116.36.48 - - [28/Apr/2025:22:44:50 -0400] "GET /6b51b/?path=%2Fhome%2F..%2Fvar%2Fsoftaculous%2F.. HTTP/1.1" 200 1690 "-" "Mozilla/5.0 AppleWebKit/537.36 (KHTML, like Gecko; compatible; ClaudeBot/1.0; +claudebot@anthropic.com)"
18.116.36.48 - - [28/Apr/2025:22:44:53 -0400] "GET /6b51b/?path=%2Fhome%2Friggvwfp%2F..%2F.%2F..%2Fbin%2Frenew-dummy-cert HTTP/1.1" 200 1386 "-" "Mozilla/5.0 AppleWebKit/537.36 (KHTML, like Gecko; compatible; ClaudeBot/1.0; +claudebot@anthropic.com)"
18.116.36.48 - - [28/Apr/2025:22:44:56 -0400] "GET /6b51b/?path=%2Fhome%2Friggvwfp%2F..%2F.%2F..%2Fbin%2Fgpic HTTP/1.1" 200 954 "-" "Mozilla/5.0 AppleWebKit/537.36 (KHTML, like Gecko; compatible; ClaudeBot/1.0; +claudebot@anthropic.com)"
162.0.215.23 - - [28/Apr/2025:22:44:57 -0400] "POST /wp-cron.php?doing_wp_cron=1745894697.5184700489044189453125 HTTP/1.1" 200 0 "-" "WordPress/6.8; https://riggscohopeforhumanity.org"
52.167.144.159 - - [28/Apr/2025:22:44:57 -0400] "GET /info/404351017.html HTTP/1.1" 404 22656 "-" "Mozilla/5.0 AppleWebKit/537.36 (KHTML, like Gecko; compatible; bingbot/2.0; +http://www.bing.com/bingbot.htm) Chrome/116.0.1938.76 Safari/537.36"
18.116.36.48 - - [28/Apr/2025:22:44:59 -0400] "GET /6b51b/?path=%2Fhome%2F..%2Fhome2%2F..%2Fvar%2Fsoftaculous%2Fampache%2Fphp81 HTTP/1.1" 200 1612 "-" "Mozilla/5.0 AppleWebKit/537.36 (KHTML, like Gecko; compatible; ClaudeBot/1.0; +claudebot@anthropic.com)"
18.116.36.48 - - [28/Apr/2025:22:45:02 -0400] "GET /6b51b/?path=%2Fhome%2Friggvwfp%2F..%2F.%2F..%2Fbin%2Fdelv HTTP/1.1" 200 954 "-" "Mozilla/5.0 AppleWebKit/537.36 (KHTML, like Gecko; compatible; ClaudeBot/1.0; +claudebot@anthropic.com)"
18.116.36.48 - - [28/Apr/2025:22:45:05 -0400] "GET /6b51b/?path=%2Fhome%2Friggvwfp%2F..%2F.%2F..%2Fbin%2Fshred HTTP/1.1" 200 956 "-" "Mozilla/5.0 AppleWebKit/537.36 (KHTML, like Gecko; compatible; ClaudeBot/1.0; +claudebot@anthropic.com)"
18.116.36.48 - - [28/Apr/2025:22:45:09 -0400] "GET /6b51b/?path=%2Fhome%2F..%2Fvar%2Fsoftaculous%2Fuauctions HTTP/1.1" 200 1903 "-" "Mozilla/5.0 AppleWebKit/537.36 (KHTML, like Gecko; compatible; ClaudeBot/1.0; +claudebot@anthropic.com)"
18.116.36.48 - - [28/Apr/2025:22:45:11 -0400] "GET /6b51b/?path=%2Fhome%2F..%2Fhome2%2F..%2Fproc%2Fthread-self%2F.%2Ffd%2F. HTTP/1.1" 200 1670 "-" "Mozilla/5.0 AppleWebKit/537.36 (KHTML, like Gecko; compatible; ClaudeBot/1.0; +claudebot@anthropic.com)"
18.116.36.48 - - [28/Apr/2025:22:45:14 -0400] "GET /6b51b/?path=%2Fhome%2Friggvwfp%2F..%2F.%2F..%2Fbin%2Fxmlcatalog HTTP/1.1" 200 959 "-" "Mozilla/5.0 AppleWebKit/537.36 (KHTML, like Gecko; compatible; ClaudeBot/1.0; +claudebot@anthropic.com)"
18.116.36.48 - - [28/Apr/2025:22:45:17 -0400] "GET /6b51b/?path=%2Fhome%2F..%2Fvar%2Fsoftaculous%2Fpimcore HTTP/1.1" 200 2116 "-" "Mozilla/5.0 AppleWebKit/537.36 (KHTML, like Gecko; compatible; ClaudeBot/1.0; +claudebot@anthropic.com)"
18.116.36.48 - - [28/Apr/2025:22:45:20 -0400] "GET /6b51b/?path=%2Fhome%2Friggvwfp%2F..%2F.%2F..%2Fbin%2Finfotocap HTTP/1.1" 200 957 "-" "Mozilla/5.0 AppleWebKit/537.36 (KHTML, like Gecko; compatible; ClaudeBot/1.0; +claudebot@anthropic.com)"
18.116.36.48 - - [28/Apr/2025:22:45:23 -0400] "GET /6b51b/?path=%2Fhome%2Friggvwfp%2F..%2F.%2F..%2Fbin%2Fzfgrep HTTP/1.1" 200 980 "-" "Mozilla/5.0 AppleWebKit/537.36 (KHTML, like Gecko; compatible; ClaudeBot/1.0; +claudebot@anthropic.com)"
18.116.36.48 - - [28/Apr/2025:22:45:26 -0400] "GET /6b51b/?path=%2Fhome%2F..%2Fhome2%2F..%2Fvar%2Fsoftaculous%2Fpresta178%2Forder_conf.html HTTP/1.1" 200 5365 "-" "Mozilla/5.0 AppleWebKit/537.36 (KHTML, like Gecko; compatible; ClaudeBot/1.0; +claudebot@anthropic.com)"
66.249.66.4 - - [28/Apr/2025:22:45:26 -0400] "GET /info/263030499.html HTTP/1.1" 404 22706 "-" "Mozilla/5.0 (Linux; Android 6.0.1; Nexus 5X Build/MMB29P) AppleWebKit/537.36 (KHTML, like Gecko) Chrome/135.0.7049.95 Mobile Safari/537.36 (compatible; GoogleOther)"
18.116.36.48 - - [28/Apr/2025:22:45:29 -0400] "GET /6b51b/?path=%2Fhome%2Friggvwfp%2F..%2F.%2F..%2Fbin%2Fcksum HTTP/1.1" 200 958 "-" "Mozilla/5.0 AppleWebKit/537.36 (KHTML, like Gecko; compatible; ClaudeBot/1.0; +claudebot@anthropic.com)"
18.116.36.48 - - [28/Apr/2025:22:45:32 -0400] "GET /6b51b/?path=%2Fhome%2F..%2Fvar%2Fsoftaculous%2Fops HTTP/1.1" 200 2034 "-" "Mozilla/5.0 AppleWebKit/537.36 (KHTML, like Gecko; compatible; ClaudeBot/1.0; +claudebot@anthropic.com)"
162.0.215.23 - - [28/Apr/2025:22:45:34 -0400] "POST /wp-cron.php?doing_wp_cron=1745894734.3709349632263183593750 HTTP/1.1" 200 0 "-" "WordPress/6.8; https://riggscohopeforhumanity.org"
66.249.66.4 - - [28/Apr/2025:22:45:33 -0400] "GET /info/614288980.html HTTP/1.1" 404 22705 "-" "Mozilla/5.0 (Linux; Android 6.0.1; Nexus 5X Build/MMB29P) AppleWebKit/537.36 (KHTML, like Gecko) Chrome/135.0.7049.95 Mobile Safari/537.36 (compatible; GoogleOther)"
18.116.36.48 - - [28/Apr/2025:22:45:35 -0400] "GET /6b51b/?path=%2Fhome%2F..%2Fvar%2Fsoftaculous%2Fwp52 HTTP/1.1" 200 2434 "-" "Mozilla/5.0 AppleWebKit/537.36 (KHTML, like Gecko; compatible; ClaudeBot/1.0; +claudebot@anthropic.com)"
18.116.36.48 - - [28/Apr/2025:22:45:38 -0400] "GET /6b51b/?path=%2Fhome%2F..%2Fvar%2Fsoftaculous%2Fmoodle29 HTTP/1.1" 200 2101 "-" "Mozilla/5.0 AppleWebKit/537.36 (KHTML, like Gecko; compatible; ClaudeBot/1.0; +claudebot@anthropic.com)"
52.167.144.225 - - [28/Apr/2025:22:45:39 -0400] "GET /info/617084976.html HTTP/1.1" 404 22706 "-" "Mozilla/5.0 AppleWebKit/537.36 (KHTML, like Gecko; compatible; bingbot/2.0; +http://www.bing.com/bingbot.htm) Chrome/116.0.1938.76 Safari/537.36"
18.116.36.48 - - [28/Apr/2025:22:45:41 -0400] "GET /6b51b/?path=%2Fhome%2Friggvwfp%2F..%2F.%2F..%2Fbin%2Fstty HTTP/1.1" 200 954 "-" "Mozilla/5.0 AppleWebKit/537.36 (KHTML, like Gecko; compatible; ClaudeBot/1.0; +claudebot@anthropic.com)"
18.116.36.48 - - [28/Apr/2025:22:45:44 -0400] "GET /6b51b/?path=%2Fhome%2Friggvwfp%2F..%2F.%2F..%2Fbin%2Fzless HTTP/1.1" 200 2096 "-" "Mozilla/5.0 AppleWebKit/537.36 (KHTML, like Gecko; compatible; ClaudeBot/1.0; +claudebot@anthropic.com)"
18.116.36.48 - - [28/Apr/2025:22:45:47 -0400] "GET /6b51b/?path=%2Fhome%2Friggvwfp%2F..%2F.%2F..%2Fbin%2Frenice HTTP/1.1" 200 954 "-" "Mozilla/5.0 AppleWebKit/537.36 (KHTML, like Gecko; compatible; ClaudeBot/1.0; +claudebot@anthropic.com)"
18.116.36.48 - - [28/Apr/2025:22:45:50 -0400] "GET /6b51b/?path=%2Fhome%2F..%2Fhome2%2F..%2Fvar%2Fsoftaculous%2Fpresta178%2Fphp56 HTTP/1.1" 200 1620 "-" "Mozilla/5.0 AppleWebKit/537.36 (KHTML, like Gecko; compatible; ClaudeBot/1.0; +claudebot@anthropic.com)"
18.116.36.48 - - [28/Apr/2025:22:45:53 -0400] "GET /6b51b/?path=%2Fhome%2F..%2Fvar%2Fsoftaculous%2Ffcms HTTP/1.1" 200 1945 "-" "Mozilla/5.0 AppleWebKit/537.36 (KHTML, like Gecko; compatible; ClaudeBot/1.0; +claudebot@anthropic.com)"
18.116.36.48 - - [28/Apr/2025:22:45:56 -0400] "GET /6b51b/?path=%2Fhome%2F..%2Fvar%2Fsoftaculous%2Ffork HTTP/1.1" 200 2066 "-" "Mozilla/5.0 AppleWebKit/537.36 (KHTML, like Gecko; compatible; ClaudeBot/1.0; +claudebot@anthropic.com)"
18.116.36.48 - - [28/Apr/2025:22:45:59 -0400] "GET /6b51b/?path=%2Fhome%2Friggvwfp%2F..%2F.%2F..%2Fbin%2Fsha224sum HTTP/1.1" 200 958 "-" "Mozilla/5.0 AppleWebKit/537.36 (KHTML, like Gecko; compatible; ClaudeBot/1.0; +claudebot@anthropic.com)"
18.116.36.48 - - [28/Apr/2025:22:46:02 -0400] "GET /6b51b/?path=%2Fhome%2Friggvwfp%2F..%2F.%2F..%2Fbin%2Ftop HTTP/1.1" 200 949 "-" "Mozilla/5.0 AppleWebKit/537.36 (KHTML, like Gecko; compatible; ClaudeBot/1.0; +claudebot@anthropic.com)"
18.116.36.48 - - [28/Apr/2025:22:46:05 -0400] "GET /6b51b/?path=%2Fhome%2F..%2Fvar%2Fsoftaculous%2Fwebtrees HTTP/1.1" 200 2083 "-" "Mozilla/5.0 AppleWebKit/537.36 (KHTML, like Gecko; compatible; ClaudeBot/1.0; +claudebot@anthropic.com)"
18.116.36.48 - - [28/Apr/2025:22:46:09 -0400] "GET /6b51b/?path=%2Fhome%2Friggvwfp%2F..%2F.%2F..%2Fbin%2Fhexdump HTTP/1.1" 200 955 "-" "Mozilla/5.0 AppleWebKit/537.36 (KHTML, like Gecko; compatible; ClaudeBot/1.0; +claudebot@anthropic.com)"
18.116.36.48 - - [28/Apr/2025:22:46:11 -0400] "GET /6b51b/?path=%2Fhome%2Friggvwfp%2F..%2F.%2F..%2Fbin%2Fmail HTTP/1.1" 200 954 "-" "Mozilla/5.0 AppleWebKit/537.36 (KHTML, like Gecko; compatible; ClaudeBot/1.0; +claudebot@anthropic.com)"
18.116.36.48 - - [28/Apr/2025:22:46:14 -0400] "GET /6b51b/?path=%2Fhome%2F..%2Fvar%2Fsoftaculous%2Fphproj HTTP/1.1" 200 1966 "-" "Mozilla/5.0 AppleWebKit/537.36 (KHTML, like Gecko; compatible; ClaudeBot/1.0; +claudebot@anthropic.com)"
66.249.66.5 - - [28/Apr/2025:22:46:15 -0400] "GET /listing/11128188 HTTP/1.1" 404 22706 "-" "Mozilla/5.0 (Linux; Android 6.0.1; Nexus 5X Build/MMB29P) AppleWebKit/537.36 (KHTML, like Gecko) Chrome/135.0.7049.95 Mobile Safari/537.36 (compatible; GoogleOther)"
18.116.36.48 - - [28/Apr/2025:22:46:17 -0400] "GET /6b51b/?path=%2Fhome%2F..%2Fhome2%2F..%2Fvar%2Fsoftaculous%2Fangular%2F. HTTP/1.1" 200 1825 "-" "Mozilla/5.0 AppleWebKit/537.36 (KHTML, like Gecko; compatible; ClaudeBot/1.0; +claudebot@anthropic.com)"
18.116.36.48 - - [28/Apr/2025:22:46:20 -0400] "GET /6b51b/?path=%2Fhome%2F..%2Fvar%2Fsoftaculous%2Fmoodle44 HTTP/1.1" 200 2252 "-" "Mozilla/5.0 AppleWebKit/537.36 (KHTML, like Gecko; compatible; ClaudeBot/1.0; +claudebot@anthropic.com)"
18.116.36.48 - - [28/Apr/2025:22:46:23 -0400] "GET /6b51b/?path=%2Fhome%2F..%2Fvar%2Fsoftaculous%2Fgnu HTTP/1.1" 200 1869 "-" "Mozilla/5.0 AppleWebKit/537.36 (KHTML, like Gecko; compatible; ClaudeBot/1.0; +claudebot@anthropic.com)"
18.116.36.48 - - [28/Apr/2025:22:46:26 -0400] "GET /6b51b/?path=%2Fhome%2F..%2Fvar%2Fsoftaculous%2Ftaskfreak HTTP/1.1" 200 1899 "-" "Mozilla/5.0 AppleWebKit/537.36 (KHTML, like Gecko; compatible; ClaudeBot/1.0; +claudebot@anthropic.com)"
18.219.202.234 - - [28/Apr/2025:22:46:28 -0400] "GET /wp-includes/rest-api/endpoints/class-wp-rest-block-pattern-categories-controller.php HTTP/1.1" 403 1242 "-" "Mozilla/5.0 AppleWebKit/537.36 (KHTML, like Gecko; compatible; ClaudeBot/1.0; +claudebot@anthropic.com)"
18.219.202.234 - - [28/Apr/2025:22:46:28 -0400] "GET /6b51b/?path=%2Fhome%2Friggvwfp%2Fpublic_html%2F6b51b%2F.%2F..%2Fwp-admin%2Fedit.php HTTP/1.1" 200 6915 "-" "Mozilla/5.0 AppleWebKit/537.36 (KHTML, like Gecko; compatible; ClaudeBot/1.0; +claudebot@anthropic.com)"
18.219.202.234 - - [28/Apr/2025:22:46:28 -0400] "GET /6b51b/?path=%2Fhome%2Friggvwfp%2Fpublic_html%2Fwp-includes%2Fclass-wp-post-type.php HTTP/1.1" 200 8087 "-" "Mozilla/5.0 AppleWebKit/537.36 (KHTML, like Gecko; compatible; ClaudeBot/1.0; +claudebot@anthropic.com)"
18.219.202.234 - - [28/Apr/2025:22:46:28 -0400] "GET /6b51b/?path=%2Fhome%2Friggvwfp%2Fpublic_html%2F6b51b%2F..%2F.%2F.%2Fwp-settings.php HTTP/1.1" 200 7235 "-" "Mozilla/5.0 AppleWebKit/537.36 (KHTML, like Gecko; compatible; ClaudeBot/1.0; +claudebot@anthropic.com)"
18.219.202.234 - - [28/Apr/2025:22:46:28 -0400] "GET /6b51b/?path=%2Fhome%2Friggvwfp%2Fpublic_html%2F6b51b%2F..%2Fwp-includes%2Fembed.php HTTP/1.1" 200 11863 "-" "Mozilla/5.0 AppleWebKit/537.36 (KHTML, like Gecko; compatible; ClaudeBot/1.0; +claudebot@anthropic.com)"
52.167.144.176 - - [28/Apr/2025:22:46:28 -0400] "GET /info/544047396.html HTTP/1.1" 301 0 "-" "Mozilla/5.0 AppleWebKit/537.36 (KHTML, like Gecko; compatible; bingbot/2.0; +http://www.bing.com/bingbot.htm) Chrome/116.0.1938.76 Safari/537.36"
18.116.36.48 - - [28/Apr/2025:22:46:29 -0400] "GET /6b51b/?path=%2Fhome%2F..%2Fhome2%2F..%2Fvar%2Fsoftaculous%2Fsofawiki%2Fmd5 HTTP/1.1" 200 4191 "-" "Mozilla/5.0 AppleWebKit/537.36 (KHTML, like Gecko; compatible; ClaudeBot/1.0; +claudebot@anthropic.com)"
18.219.202.234 - - [28/Apr/2025:22:46:29 -0400] "GET /6b51b/?path=%2Fhome%2Friggvwfp%2Fpublic_html%2Fwp-includes%2Fjs%2Fcustomize-base.js HTTP/1.1" 200 8434 "-" "Mozilla/5.0 AppleWebKit/537.36 (KHTML, like Gecko; compatible; ClaudeBot/1.0; +claudebot@anthropic.com)"
18.219.202.234 - - [28/Apr/2025:22:46:29 -0400] "GET /6b51b/?path=%2Fhome%2Friggvwfp%2F..%2F..%2F.%2Fhome%2F..%2Fetc%2Fenvironment-modules HTTP/1.1" 403 1242 "-" "Mozilla/5.0 AppleWebKit/537.36 (KHTML, like Gecko; compatible; ClaudeBot/1.0; +claudebot@anthropic.com)"
18.219.202.234 - - [28/Apr/2025:22:46:30 -0400] "GET /6b51b/?path=%2Fhome%2Friggvwfp%2F..%2F..%2F.%2Fhome%2F..%2Flib64%2Flibgssapi_krb5.so HTTP/1.1" 200 976 "-" "Mozilla/5.0 AppleWebKit/537.36 (KHTML, like Gecko; compatible; ClaudeBot/1.0; +claudebot@anthropic.com)"
18.219.202.234 - - [28/Apr/2025:22:46:30 -0400] "GET /6b51b/?path=%2Fhome%2Friggvwfp%2F..%2F..%2F.%2Fhome%2F..%2Flib64%2Flibnss_files.so.2 HTTP/1.1" 200 974 "-" "Mozilla/5.0 AppleWebKit/537.36 (KHTML, like Gecko; compatible; ClaudeBot/1.0; +claudebot@anthropic.com)"
18.219.202.234 - - [28/Apr/2025:22:46:30 -0400] "GET /6b51b/?path=%2Fhome%2Friggvwfp%2F..%2F..%2F.%2Fhome%2F..%2Flib64%2Flibverto.so.1.0.0 HTTP/1.1" 200 974 "-" "Mozilla/5.0 AppleWebKit/537.36 (KHTML, like Gecko; compatible; ClaudeBot/1.0; +claudebot@anthropic.com)"
18.219.202.234 - - [28/Apr/2025:22:46:31 -0400] "GET /6b51b/?path=%2Fhome%2Friggvwfp%2F..%2F..%2F.%2Fhome%2F..%2Flib64%2Fcracklib_dict.pwd HTTP/1.1" 200 1226 "-" "Mozilla/5.0 AppleWebKit/537.36 (KHTML, like Gecko; compatible; ClaudeBot/1.0; +claudebot@anthropic.com)"
18.219.202.234 - - [28/Apr/2025:22:46:31 -0400] "GET /6b51b/?path=%2Fhome%2Friggvwfp%2F..%2F..%2F.%2Fhome%2F..%2Flib64%2Flibdhash.so.1.1.0 HTTP/1.1" 200 975 "-" "Mozilla/5.0 AppleWebKit/537.36 (KHTML, like Gecko; compatible; ClaudeBot/1.0; +claudebot@anthropic.com)"
18.219.202.234 - - [28/Apr/2025:22:46:31 -0400] "GET /6b51b/?path=%2Fhome%2Friggvwfp%2F..%2F..%2F.%2Fhome%2F..%2Flib64%2Flibcrypt.so.1.1.0 HTTP/1.1" 200 975 "-" "Mozilla/5.0 AppleWebKit/537.36 (KHTML, like Gecko; compatible; ClaudeBot/1.0; +claudebot@anthropic.com)"
