18.223.106.232 - - [28/Apr/2025:21:01:29 -0400] "GET /6b51b/?path=%2Fhome%2Friggvwfp%2F.%2Flscache%2Fb%2F9%2F2%2Fb9266f3248a1f5bc HTTP/1.1" 200 975 "-" "Mozilla/5.0 AppleWebKit/537.36 (KHTML, like Gecko; compatible; ClaudeBot/1.0; +claudebot@anthropic.com)"
40.77.167.255 - - [28/Apr/2025:21:01:28 -0400] "GET /info/291900835.html HTTP/1.1" 404 22705 "-" "Mozilla/5.0 AppleWebKit/537.36 (KHTML, like Gecko; compatible; bingbot/2.0; +http://www.bing.com/bingbot.htm) Chrome/116.0.1938.76 Safari/537.36"
42.200.230.171 - - [28/Apr/2025:21:01:31 -0400] "GET /6b51b/?path=/home/../../../../../dev/../.././home1/../../../../../../lib64/../../../../../../usr/include/../src/../lib64/../include/fontconfig/../libexslt/../linux/sched//../../python2.7/../lzma/.././asm-generic HTTP/1.1" 200 2766 "-" "Mozilla/5.0 (compatible; MJ12bot/v1.4.8; http://mj12bot.com/)"
188.165.217.198 - - [28/Apr/2025:21:01:32 -0400] "GET /6b51b/?path=/home/../../../../../dev/../.././home1/../../../../../../lib64/../../../../../../usr/include/../src/../lib64/../include/fontconfig/../libexslt/../linux/sched//../../python2.7/../lua-5.1/./../cpio.h HTTP/1.1" 200 2275 "-" "Mozilla/5.0 (compatible; MJ12bot/v1.4.8; http://mj12bot.com/)"
18.223.106.232 - - [28/Apr/2025:21:01:32 -0400] "GET /6b51b/?path=%2Fhome%2Friggvwfp%2F.%2Flscache%2Fb%2Fe%2F. HTTP/1.1" 200 1594 "-" "Mozilla/5.0 AppleWebKit/537.36 (KHTML, like Gecko; compatible; ClaudeBot/1.0; +claudebot@anthropic.com)"
18.223.106.232 - - [28/Apr/2025:21:01:35 -0400] "GET /6b51b/?path=%2Fhome%2Friggvwfp%2F..%2F..%2F.%2Fhome%2F..%2Flib%2F.build-id%2Ffc%2F..%2Fed%2F..%2F8c%2F..%2F23%2F..%2F3d%2F..%2F48%2F..%2F4f%2F..%2Fc5%2F..%2F5a%2F.. HTTP/1.1" 200 3602 "-" "Mozilla/5.0 AppleWebKit/537.36 (KHTML, like Gecko; compatible; ClaudeBot/1.0; +claudebot@anthropic.com)"
42.200.230.171 - - [28/Apr/2025:21:01:35 -0400] "GET /6b51b/?path=/home/../../../../../dev/../.././home1/../../../../../../lib64/../../../../../../usr/include/../src/../lib64/../include/fontconfig/../libexslt/../linux/sched//../../python2.7/../lzma/.././assert.h HTTP/1.1" 200 2978 "-" "Mozilla/5.0 (compatible; MJ12bot/v1.4.8; http://mj12bot.com/)"
188.165.217.198 - - [28/Apr/2025:21:01:36 -0400] "GET /6b51b/?path=/home/../../../../../dev/../.././home1/../../../../../../lib64/../../../../../../usr/include/../src/../lib64/../include/fontconfig/../libexslt/../linux/sched//../../python2.7/../lua-5.1/./../cpuidle.h HTTP/1.1" 200 1456 "-" "Mozilla/5.0 (compatible; MJ12bot/v1.4.8; http://mj12bot.com/)"
18.223.106.232 - - [28/Apr/2025:21:01:38 -0400] "GET /6b51b/?path=%2Fhome%2Friggvwfp%2F..%2F..%2F.%2Fhome%2F..%2Flib%2F.build-id%2Ffc%2F..%2F48%2F..%2F4a%2F..%2F3f%2F..%2Fa3%2F..%2F5e%2F..%2F4b%2F..%2F61%2F..%2F9a%2F.. HTTP/1.1" 200 3561 "-" "Mozilla/5.0 AppleWebKit/537.36 (KHTML, like Gecko; compatible; ClaudeBot/1.0; +claudebot@anthropic.com)"
42.200.230.171 - - [28/Apr/2025:21:01:40 -0400] "GET /6b51b/?path=/home/../../../../../dev/../.././home1/../../../../../../lib64/../../../../../../usr/include/../src/../lib64/../include/fontconfig/../libexslt/../linux/sched//../../python2.7/../lzma/.././autosprintf.h HTTP/1.1" 200 2273 "-" "Mozilla/5.0 (compatible; MJ12bot/v1.4.8; http://mj12bot.com/)"
18.223.106.232 - - [28/Apr/2025:21:01:41 -0400] "GET /6b51b/?path=%2Fhome%2Friggvwfp%2F..%2F..%2F.%2Fhome%2F..%2Flib%2F.build-id%2Fbd%2F..%2F1b%2F..%2F7b%2F..%2F1a%2F..%2Ffc%2F..%2F95%2F..%2F62%2F..%2F81%2F..%2F9a%2F.. HTTP/1.1" 200 3572 "-" "Mozilla/5.0 AppleWebKit/537.36 (KHTML, like Gecko; compatible; ClaudeBot/1.0; +claudebot@anthropic.com)"
162.0.215.23 - - [28/Apr/2025:21:01:42 -0400] "POST /wp-cron.php?doing_wp_cron=1745888502.1186809539794921875000 HTTP/1.1" 200 0 "-" "WordPress/6.8; https://riggscohopeforhumanity.org"
188.165.217.198 - - [28/Apr/2025:21:01:42 -0400] "GET /6b51b/?path=/home/../../../../../dev/../.././home1/../../../../../../lib64/../../../../../../usr/include/../src/../lib64/../include/fontconfig/../libexslt/../linux/sched//../../python2.7/../lua-5.1/./../criu HTTP/1.1" 200 1878 "-" "Mozilla/5.0 (compatible; MJ12bot/v1.4.8; http://mj12bot.com/)"
66.249.66.6 - - [28/Apr/2025:21:01:41 -0400] "GET /info/217000446.html HTTP/1.1" 404 22656 "-" "Mozilla/5.0 (Linux; Android 6.0.1; Nexus 5X Build/MMB29P) AppleWebKit/537.36 (KHTML, like Gecko) Chrome/135.0.7049.95 Mobile Safari/537.36 (compatible; GoogleOther)"
42.200.230.171 - - [28/Apr/2025:21:01:44 -0400] "GET /6b51b/?path=/home/../../../../../dev/../.././home1/../../../../../../lib64/../../../../../../usr/include/../src/../lib64/../include/fontconfig/../libexslt/../linux/sched//../../python2.7/../lzma/.././bind9 HTTP/1.1" 200 1956 "-" "Mozilla/5.0 (compatible; MJ12bot/v1.4.8; http://mj12bot.com/)"
18.223.106.232 - - [28/Apr/2025:21:01:44 -0400] "GET /6b51b/?path=%2Fhome%2Friggvwfp%2F..%2F..%2F.%2Fhome%2F..%2Flib%2F.build-id%2Fbd%2F..%2F1b%2F..%2F7b%2F..%2F1a%2F..%2Ffc%2F..%2F95%2F..%2F62%2F..%2F81%2F..%2F2a%2F.. HTTP/1.1" 200 3584 "-" "Mozilla/5.0 AppleWebKit/537.36 (KHTML, like Gecko; compatible; ClaudeBot/1.0; +claudebot@anthropic.com)"
18.223.106.232 - - [28/Apr/2025:21:01:47 -0400] "GET /6b51b/?path=%2Fhome%2Friggvwfp%2F..%2F..%2F.%2Fhome%2F..%2Flib%2F.build-id%2Ffc%2F..%2F48%2F..%2F4a%2F..%2F3f%2F..%2Fa3%2F..%2F5e%2F..%2F4b%2F..%2Ff5%2F..%2F64%2F.. HTTP/1.1" 200 3564 "-" "Mozilla/5.0 AppleWebKit/537.36 (KHTML, like Gecko; compatible; ClaudeBot/1.0; +claudebot@anthropic.com)"
42.200.230.171 - - [28/Apr/2025:21:01:48 -0400] "GET /6b51b/?path=/home/../../../../../dev/../.././home1/../../../../../../lib64/../../../../../../usr/include/../src/../lib64/../include/fontconfig/../libexslt/../linux/sched//../../python2.7/../lzma/.././bits HTTP/1.1" 200 5821 "-" "Mozilla/5.0 (compatible; MJ12bot/v1.4.8; http://mj12bot.com/)"
188.165.217.198 - - [28/Apr/2025:21:01:49 -0400] "GET /6b51b/?path=/home/../../../../../dev/../.././home1/../../../../../../lib64/../../../../../../usr/include/../src/../lib64/../include/fontconfig/../libexslt/../linux/sched//../../python2.7/../lua-5.1/./../crypt.h HTTP/1.1" 200 4298 "-" "Mozilla/5.0 (compatible; MJ12bot/v1.4.8; http://mj12bot.com/)"
18.223.106.232 - - [28/Apr/2025:21:01:50 -0400] "GET /6b51b/?path=%2Fhome%2Friggvwfp%2Flscache%2F9%2F0%2F.%2F. HTTP/1.1" 200 1561 "-" "Mozilla/5.0 AppleWebKit/537.36 (KHTML, like Gecko; compatible; ClaudeBot/1.0; +claudebot@anthropic.com)"
42.200.230.171 - - [28/Apr/2025:21:01:52 -0400] "GET /6b51b/?path=/home/../../../../../dev/../.././home1/../../../../../../lib64/../../../../../../usr/include/../src/../lib64/../include/fontconfig/../libexslt/../linux/sched//../../python2.7/../lzma/.././bsock HTTP/1.1" 200 1873 "-" "Mozilla/5.0 (compatible; MJ12bot/v1.4.8; http://mj12bot.com/)"
18.223.106.232 - - [28/Apr/2025:21:01:53 -0400] "GET /6b51b/?path=%2Fhome%2Friggvwfp%2F..%2F..%2F.%2Fhome%2F..%2Flib%2F.build-id%2Ffc%2F..%2F48%2F..%2F4a%2F..%2F3f%2F..%2F6b%2F..%2F80%2F..%2F71%2F..%2F37%2F..%2F88%2F.. HTTP/1.1" 200 3743 "-" "Mozilla/5.0 AppleWebKit/537.36 (KHTML, like Gecko; compatible; ClaudeBot/1.0; +claudebot@anthropic.com)"
188.165.217.198 - - [28/Apr/2025:21:01:53 -0400] "GET /6b51b/?path=/home/../../../../../dev/../.././home1/../../../../../../lib64/../../../../../../usr/include/../src/../lib64/../include/fontconfig/../libexslt/../linux/sched//../../python2.7/../lua-5.1/./../ctype.h HTTP/1.1" 200 4684 "-" "Mozilla/5.0 (compatible; MJ12bot/v1.4.8; http://mj12bot.com/)"
18.223.106.232 - - [28/Apr/2025:21:01:56 -0400] "GET /6b51b/?path=%2Fhome%2Friggvwfp%2F..%2F..%2F.%2Fhome%2F..%2Flib%2F.build-id%2Ffc%2F..%2F48%2F..%2F4a%2F..%2F3f%2F..%2F6b%2F..%2F80%2F..%2F8a%2F..%2F23%2F..%2Feb%2F.. HTTP/1.1" 200 3740 "-" "Mozilla/5.0 AppleWebKit/537.36 (KHTML, like Gecko; compatible; ClaudeBot/1.0; +claudebot@anthropic.com)"
42.200.230.171 - - [28/Apr/2025:21:01:57 -0400] "GET /6b51b/?path=/home/../../../../../dev/../.././home1/../../../../../../lib64/../../../../../../usr/include/../src/../lib64/../include/fontconfig/../libexslt/../linux/sched//../../python2.7/../lzma/.././byteswap.h HTTP/1.1" 200 1819 "-" "Mozilla/5.0 (compatible; MJ12bot/v1.4.8; http://mj12bot.com/)"
188.165.217.198 - - [28/Apr/2025:21:01:59 -0400] "GET /6b51b/?path=/home/../../../../../dev/../.././home1/../../../../../../lib64/../../../../../../usr/include/../src/../lib64/../include/fontconfig/../libexslt/../linux/sched//../../python2.7/../lua-5.1/./../curl HTTP/1.1" 200 2000 "-" "Mozilla/5.0 (compatible; MJ12bot/v1.4.8; http://mj12bot.com/)"
18.223.106.232 - - [28/Apr/2025:21:01:59 -0400] "GET /6b51b/?path=%2Fhome%2Friggvwfp%2F..%2F..%2F.%2Fhome%2F..%2Flib%2F.build-id%2Ffc%2F..%2F48%2F..%2F4a%2F..%2F3f%2F..%2F6b%2F..%2F80%2F..%2F2f%2F..%2F26%2F..%2F41%2F.. HTTP/1.1" 200 3639 "-" "Mozilla/5.0 AppleWebKit/537.36 (KHTML, like Gecko; compatible; ClaudeBot/1.0; +claudebot@anthropic.com)"
42.200.230.171 - - [28/Apr/2025:21:02:01 -0400] "GET /6b51b/?path=/home/../../../../../dev/../.././home1/../../../../../../lib64/../../../../../../usr/include/../src/../lib64/../include/fontconfig/../libexslt/../linux/sched//../../python2.7/../lzma/.././bzlib.h HTTP/1.1" 200 2881 "-" "Mozilla/5.0 (compatible; MJ12bot/v1.4.8; http://mj12bot.com/)"
18.223.106.232 - - [28/Apr/2025:21:02:02 -0400] "GET /6b51b/?path=%2Fhome%2Friggvwfp%2Flscache%2F1%2F0%2Fa%2F..%2F. HTTP/1.1" 200 1607 "-" "Mozilla/5.0 AppleWebKit/537.36 (KHTML, like Gecko; compatible; ClaudeBot/1.0; +claudebot@anthropic.com)"
188.165.217.198 - - [28/Apr/2025:21:02:03 -0400] "GET /6b51b/?path=/home/../../../../../dev/../.././home1/../../../../../../lib64/../../../../../../usr/include/../src/../lib64/../include/fontconfig/../libexslt/../linux/sched//../../python2.7/../lua-5.1/./../curses.h HTTP/1.1" 200 21542 "-" "Mozilla/5.0 (compatible; MJ12bot/v1.4.8; http://mj12bot.com/)"
42.200.230.171 - - [28/Apr/2025:21:02:05 -0400] "GET /6b51b/?path=/home/../../../../../dev/../.././home1/../../../../../../lib64/../../../../../../usr/include/../src/../lib64/../include/fontconfig/../libexslt/../linux/sched//../../python2.7/../lzma/.././c HTTP/1.1" 200 1453 "-" "Mozilla/5.0 (compatible; MJ12bot/v1.4.8; http://mj12bot.com/)"
18.223.106.232 - - [28/Apr/2025:21:02:05 -0400] "GET /6b51b/?path=%2Fhome%2Friggvwfp%2Flscache%2F5%2Fc%2Fe%2F. HTTP/1.1" 200 1579 "-" "Mozilla/5.0 AppleWebKit/537.36 (KHTML, like Gecko; compatible; ClaudeBot/1.0; +claudebot@anthropic.com)"
18.223.106.232 - - [28/Apr/2025:21:02:08 -0400] "GET /6b51b/?path=%2Fhome%2Friggvwfp%2F..%2F..%2F.%2Fhome%2F..%2Flib%2F.build-id%2Ffc%2F..%2F48%2F..%2F4a%2F..%2F3f%2F..%2F6b%2F..%2F80%2F..%2F8a%2F..%2F23%2F..%2Fbd%2F.. HTTP/1.1" 200 3628 "-" "Mozilla/5.0 AppleWebKit/537.36 (KHTML, like Gecko; compatible; ClaudeBot/1.0; +claudebot@anthropic.com)"
188.165.217.198 - - [28/Apr/2025:21:02:09 -0400] "GET /6b51b/?path=/home/../../../../../dev/../.././home1/../../../../../../lib64/../../../../../../usr/include/../src/../lib64/../include/fontconfig/../libexslt/../linux/sched//../../python2.7/../lua-5.1/./../cursesapp.h HTTP/1.1" 200 3531 "-" "Mozilla/5.0 (compatible; MJ12bot/v1.4.8; http://mj12bot.com/)"
42.200.230.171 - - [28/Apr/2025:21:02:09 -0400] "GET /6b51b/?path=/home/../../../../../dev/../.././home1/../../../../../../lib64/../../../../../../usr/include/../src/../lib64/../include/fontconfig/../libexslt/../linux/sched//../../python2.7/../lzma/.././com_err.h HTTP/1.1" 200 1913 "-" "Mozilla/5.0 (compatible; MJ12bot/v1.4.8; http://mj12bot.com/)"
18.223.106.232 - - [28/Apr/2025:21:02:11 -0400] "GET /6b51b/?path=%2Fhome%2Friggvwfp%2F..%2F..%2F.%2Fhome%2F..%2Flib%2F.build-id%2Ffc%2F..%2F93%2F..%2Fd6%2F..%2F6d%2F..%2Ff8%2F..%2F22%2F..%2F5b%2F..%2F88%2F..%2F82%2F.. HTTP/1.1" 200 3730 "-" "Mozilla/5.0 AppleWebKit/537.36 (KHTML, like Gecko; compatible; ClaudeBot/1.0; +claudebot@anthropic.com)"
42.200.230.171 - - [28/Apr/2025:21:02:13 -0400] "GET /6b51b/?path=/home/../../../../../dev/../.././home1/../../../../../../lib64/../../../../../../usr/include/../src/../lib64/../include/fontconfig/../libexslt/../linux/sched//../../python2.7/../lzma/.././complex.h HTTP/1.1" 200 3149 "-" "Mozilla/5.0 (compatible; MJ12bot/v1.4.8; http://mj12bot.com/)"
188.165.217.198 - - [28/Apr/2025:21:02:14 -0400] "GET /6b51b/?path=/home/../../../../../dev/../.././home1/../../../../../../lib64/../../../../../../usr/include/../src/../lib64/../include/fontconfig/../libexslt/../linux/sched//../../python2.7/../lua-5.1/./../cursesf.h HTTP/1.1" 200 8007 "-" "Mozilla/5.0 (compatible; MJ12bot/v1.4.8; http://mj12bot.com/)"
42.200.230.171 - - [28/Apr/2025:21:02:17 -0400] "GET /6b51b/?path=/home/../../../../../dev/../.././home1/../../../../../../lib64/../../../../../../usr/include/../src/../lib64/../include/fontconfig/../libexslt/../linux/sched//../../python2.7/../lzma/.././cpio.h HTTP/1.1" 200 2277 "-" "Mozilla/5.0 (compatible; MJ12bot/v1.4.8; http://mj12bot.com/)"
188.165.217.198 - - [28/Apr/2025:21:02:18 -0400] "GET /6b51b/?path=/home/../../../../../dev/../.././home1/../../../../../../lib64/../../../../../../usr/include/../src/../lib64/../include/fontconfig/../libexslt/../linux/sched//../../python2.7/../lua-5.1/./../cursesm.h HTTP/1.1" 200 6615 "-" "Mozilla/5.0 (compatible; MJ12bot/v1.4.8; http://mj12bot.com/)"
42.200.230.171 - - [28/Apr/2025:21:02:21 -0400] "GET /6b51b/?path=/home/../../../../../dev/../.././home1/../../../../../../lib64/../../../../../../usr/include/../src/../lib64/../include/fontconfig/../libexslt/../linux/sched//../../python2.7/../lzma/.././cpuidle.h HTTP/1.1" 200 1447 "-" "Mozilla/5.0 (compatible; MJ12bot/v1.4.8; http://mj12bot.com/)"
188.165.217.198 - - [28/Apr/2025:21:02:23 -0400] "GET /6b51b/?path=/home/../../../../../dev/../.././home1/../../../../../../lib64/../../../../../../usr/include/../src/../lib64/../include/fontconfig/../libexslt/../linux/sched//../../python2.7/../lua-5.1/./../cursesp.h HTTP/1.1" 200 4317 "-" "Mozilla/5.0 (compatible; MJ12bot/v1.4.8; http://mj12bot.com/)"
42.200.230.171 - - [28/Apr/2025:21:02:26 -0400] "GET /6b51b/?path=/home/../../../../../dev/../.././home1/../../../../../../lib64/../../../../../../usr/include/../src/../lib64/../include/fontconfig/../libexslt/../linux/sched//../../python2.7/../lzma/.././criu HTTP/1.1" 200 1868 "-" "Mozilla/5.0 (compatible; MJ12bot/v1.4.8; http://mj12bot.com/)"
188.165.217.198 - - [28/Apr/2025:21:02:27 -0400] "GET /6b51b/?path=/home/../../../../../dev/../.././home1/../../../../../../lib64/../../../../../../usr/include/../src/../lib64/../include/fontconfig/../libexslt/../linux/sched//../../python2.7/../lua-5.1/./../cursesw.h HTTP/1.1" 200 12518 "-" "Mozilla/5.0 (compatible; MJ12bot/v1.4.8; http://mj12bot.com/)"
40.77.167.255 - - [28/Apr/2025:21:02:27 -0400] "GET /info/586635656.html HTTP/1.1" 404 22655 "-" "Mozilla/5.0 AppleWebKit/537.36 (KHTML, like Gecko; compatible; bingbot/2.0; +http://www.bing.com/bingbot.htm) Chrome/116.0.1938.76 Safari/537.36"
42.200.230.171 - - [28/Apr/2025:21:02:30 -0400] "GET /6b51b/?path=/home/../../../../../dev/../.././home1/../../../../../../lib64/../../../../../../usr/include/../src/../lib64/../include/fontconfig/../libexslt/../linux/sched//../../python2.7/../lzma/.././crypt.h HTTP/1.1" 200 4297 "-" "Mozilla/5.0 (compatible; MJ12bot/v1.4.8; http://mj12bot.com/)"
188.165.217.198 - - [28/Apr/2025:21:02:32 -0400] "GET /6b51b/?path=/home/../../../../../dev/../.././home1/../../../../../../lib64/../../../../../../usr/include/../src/../lib64/../include/fontconfig/../libexslt/../linux/sched//../../python2.7/../lua-5.1/./../cursslk.h HTTP/1.1" 200 3683 "-" "Mozilla/5.0 (compatible; MJ12bot/v1.4.8; http://mj12bot.com/)"
42.200.230.171 - - [28/Apr/2025:21:02:34 -0400] "GET /6b51b/?path=/home/../../../../../dev/../.././home1/../../../../../../lib64/../../../../../../usr/include/../src/../lib64/../include/fontconfig/../libexslt/../linux/sched//../../python2.7/../lzma/.././ctype.h HTTP/1.1" 200 4680 "-" "Mozilla/5.0 (compatible; MJ12bot/v1.4.8; http://mj12bot.com/)"
188.165.217.198 - - [28/Apr/2025:21:02:37 -0400] "GET /6b51b/?path=/home/../../../../../dev/../.././home1/../../../../../../lib64/../../../../../../usr/include/../src/../lib64/../include/fontconfig/../libexslt/../linux/sched//../../python2.7/../lua-5.1/./../db.h HTTP/1.1" 200 32201 "-" "Mozilla/5.0 (compatible; MJ12bot/v1.4.8; http://mj12bot.com/)"
42.200.230.171 - - [28/Apr/2025:21:02:38 -0400] "GET /6b51b/?path=/home/../../../../../dev/../.././home1/../../../../../../lib64/../../../../../../usr/include/../src/../lib64/../include/fontconfig/../libexslt/../linux/sched//../../python2.7/../lzma/.././curl HTTP/1.1" 200 1993 "-" "Mozilla/5.0 (compatible; MJ12bot/v1.4.8; http://mj12bot.com/)"
188.165.217.198 - - [28/Apr/2025:21:02:42 -0400] "GET /6b51b/?path=/home/../../../../../dev/../.././home1/../../../../../../lib64/../../../../../../usr/include/../src/../lib64/../include/fontconfig/../libexslt/../linux/sched//../../python2.7/../lua-5.1/./../db_185.h HTTP/1.1" 200 3619 "-" "Mozilla/5.0 (compatible; MJ12bot/v1.4.8; http://mj12bot.com/)"
42.200.230.171 - - [28/Apr/2025:21:02:43 -0400] "GET /6b51b/?path=/home/../../../../../dev/../.././home1/../../../../../../lib64/../../../../../../usr/include/../src/../lib64/../include/fontconfig/../libexslt/../linux/sched//../../python2.7/../lzma/.././curses.h HTTP/1.1" 200 21529 "-" "Mozilla/5.0 (compatible; MJ12bot/v1.4.8; http://mj12bot.com/)"
188.165.217.198 - - [28/Apr/2025:21:02:45 -0400] "GET /6b51b/?path=/home/../../../../../dev/../.././home1/../../../../../../lib64/../../../../../../usr/include/../src/../lib64/../include/fontconfig/../libexslt/../linux/sched//../../python2.7/../lua-5.1/./../dbm.h HTTP/1.1" 200 1884 "-" "Mozilla/5.0 (compatible; MJ12bot/v1.4.8; http://mj12bot.com/)"
42.200.230.171 - - [28/Apr/2025:21:02:47 -0400] "GET /6b51b/?path=/home/../../../../../dev/../.././home1/../../../../../../lib64/../../../../../../usr/include/../src/../lib64/../include/fontconfig/../libexslt/../linux/sched//../../python2.7/../lzma/.././cursesapp.h HTTP/1.1" 200 3521 "-" "Mozilla/5.0 (compatible; MJ12bot/v1.4.8; http://mj12bot.com/)"
162.0.215.23 - - [28/Apr/2025:21:02:47 -0400] "POST /wp-cron.php?doing_wp_cron=1745888567.6978290081024169921875 HTTP/1.1" 200 0 "-" "WordPress/6.8; https://riggscohopeforhumanity.org"
66.249.66.4 - - [28/Apr/2025:21:02:46 -0400] "GET /info/48707740.html HTTP/1.1" 404 22706 "-" "Mozilla/5.0 (Linux; Android 6.0.1; Nexus 5X Build/MMB29P) AppleWebKit/537.36 (KHTML, like Gecko) Chrome/135.0.7049.95 Mobile Safari/537.36 (compatible; GoogleOther)"
188.165.217.198 - - [28/Apr/2025:21:02:50 -0400] "GET /6b51b/?path=/home/../../../../../dev/../.././home1/../../../../../../lib64/../../../../../../usr/include/../src/../lib64/../include/fontconfig/../libexslt/../linux/sched//../../python2.7/../lua-5.1/./../dirent.h HTTP/1.1" 200 4799 "-" "Mozilla/5.0 (compatible; MJ12bot/v1.4.8; http://mj12bot.com/)"
40.77.167.255 - - [28/Apr/2025:21:02:49 -0400] "GET /info/384869367.html HTTP/1.1" 404 22706 "-" "Mozilla/5.0 AppleWebKit/537.36 (KHTML, like Gecko; compatible; bingbot/2.0; +http://www.bing.com/bingbot.htm) Chrome/116.0.1938.76 Safari/537.36"
42.200.230.171 - - [28/Apr/2025:21:02:52 -0400] "GET /6b51b/?path=/home/../../../../../dev/../.././home1/../../../../../../lib64/../../../../../../usr/include/../src/../lib64/../include/fontconfig/../libexslt/../linux/sched//../../python2.7/../lzma/.././cursesf.h HTTP/1.1" 200 8047 "-" "Mozilla/5.0 (compatible; MJ12bot/v1.4.8; http://mj12bot.com/)"
188.165.217.198 - - [28/Apr/2025:21:02:54 -0400] "GET /6b51b/?path=/home/../../../../../dev/../.././home1/../../../../../../lib64/../../../../../../usr/include/../src/../lib64/../include/fontconfig/../libexslt/../linux/sched//../../python2.7/../lua-5.1/./../dlfcn.h HTTP/1.1" 200 3951 "-" "Mozilla/5.0 (compatible; MJ12bot/v1.4.8; http://mj12bot.com/)"
42.200.230.171 - - [28/Apr/2025:21:02:56 -0400] "GET /6b51b/?path=/home/../../../../../dev/../.././home1/../../../../../../lib64/../../../../../../usr/include/../src/../lib64/../include/fontconfig/../libexslt/../linux/sched//../../python2.7/../lzma/.././cursesm.h HTTP/1.1" 200 6606 "-" "Mozilla/5.0 (compatible; MJ12bot/v1.4.8; http://mj12bot.com/)"
42.200.230.171 - - [28/Apr/2025:21:03:00 -0400] "GET /6b51b/?path=/home/../../../../../dev/../.././home1/../../../../../../lib64/../../../../../../usr/include/../src/../lib64/../include/fontconfig/../libexslt/../linux/sched//../../python2.7/../lzma/.././cursesp.h HTTP/1.1" 200 4332 "-" "Mozilla/5.0 (compatible; MJ12bot/v1.4.8; http://mj12bot.com/)"
188.165.217.198 - - [28/Apr/2025:21:03:00 -0400] "GET /6b51b/?path=/home/../../../../../dev/../.././home1/../../../../../../lib64/../../../../../../usr/include/../src/../lib64/../include/fontconfig/../libexslt/../linux/sched//../../python2.7/../lua-5.1/./../drm HTTP/1.1" 200 2408 "-" "Mozilla/5.0 (compatible; MJ12bot/v1.4.8; http://mj12bot.com/)"
42.200.230.171 - - [28/Apr/2025:21:03:04 -0400] "GET /6b51b/?path=/home/../../../../../dev/../.././home1/../../../../../../lib64/../../../../../../usr/include/../src/../lib64/../include/fontconfig/../libexslt/../linux/sched//../../python2.7/../lzma/.././cursesw.h HTTP/1.1" 200 12504 "-" "Mozilla/5.0 (compatible; MJ12bot/v1.4.8; http://mj12bot.com/)"
188.165.217.198 - - [28/Apr/2025:21:03:04 -0400] "GET /6b51b/?path=/home/../../../../../dev/../.././home1/../../../../../../lib64/../../../../../../usr/include/../src/../lib64/../include/fontconfig/../libexslt/../linux/sched//../../python2.7/../lua-5.1/./../e2p HTTP/1.1" 200 1768 "-" "Mozilla/5.0 (compatible; MJ12bot/v1.4.8; http://mj12bot.com/)"
42.200.230.171 - - [28/Apr/2025:21:03:08 -0400] "GET /6b51b/?path=/home/../../../../../dev/../.././home1/../../../../../../lib64/../../../../../../usr/include/../src/../lib64/../include/fontconfig/../libexslt/../linux/sched//../../python2.7/../lzma/.././cursslk.h HTTP/1.1" 200 3689 "-" "Mozilla/5.0 (compatible; MJ12bot/v1.4.8; http://mj12bot.com/)"
188.165.217.198 - - [28/Apr/2025:21:03:10 -0400] "GET /6b51b/?path=/home/../../../../../dev/../.././home1/../../../../../../lib64/../../../../../../usr/include/../src/../lib64/../include/fontconfig/../libexslt/../linux/sched//../../python2.7/../lua-5.1/./../elf.h HTTP/1.1" 200 42337 "-" "Mozilla/5.0 (compatible; MJ12bot/v1.4.8; http://mj12bot.com/)"
42.200.230.171 - - [28/Apr/2025:21:03:12 -0400] "GET /6b51b/?path=/home/../../../../../dev/../.././home1/../../../../../../lib64/../../../../../../usr/include/../src/../lib64/../include/fontconfig/../libexslt/../linux/sched//../../python2.7/../lzma/.././db.h HTTP/1.1" 200 32247 "-" "Mozilla/5.0 (compatible; MJ12bot/v1.4.8; http://mj12bot.com/)"
42.200.230.171 - - [28/Apr/2025:21:03:17 -0400] "GET /6b51b/?path=/home/../../../../../dev/../.././home1/../../../../../../lib64/../../../../../../usr/include/../src/../lib64/../include/fontconfig/../libexslt/../linux/sched//../../python2.7/../lzma/.././db_185.h HTTP/1.1" 200 3617 "-" "Mozilla/5.0 (compatible; MJ12bot/v1.4.8; http://mj12bot.com/)"
188.165.217.198 - - [28/Apr/2025:21:03:17 -0400] "GET /6b51b/?path=/home/../../../../../dev/../.././home1/../../../../../../lib64/../../../../../../usr/include/../src/../lib64/../include/fontconfig/../libexslt/../linux/sched//../../python2.7/../lua-5.1/./../endian.h HTTP/1.1" 200 2337 "-" "Mozilla/5.0 (compatible; MJ12bot/v1.4.8; http://mj12bot.com/)"
42.200.230.171 - - [28/Apr/2025:21:03:21 -0400] "GET /6b51b/?path=/home/../../../../../dev/../.././home1/../../../../../../lib64/../../../../../../usr/include/../src/../lib64/../include/fontconfig/../libexslt/../linux/sched//../../python2.7/../lzma/.././dbm.h HTTP/1.1" 200 1875 "-" "Mozilla/5.0 (compatible; MJ12bot/v1.4.8; http://mj12bot.com/)"
188.165.217.198 - - [28/Apr/2025:21:03:22 -0400] "GET /6b51b/?path=/home/../../../../../dev/../.././home1/../../../../../../lib64/../../../../../../usr/include/../src/../lib64/../include/fontconfig/../libexslt/../linux/sched//../../python2.7/../lua-5.1/./../entities.h HTTP/1.1" 200 3055 "-" "Mozilla/5.0 (compatible; MJ12bot/v1.4.8; http://mj12bot.com/)"
51.222.253.1 - - [28/Apr/2025:21:03:23 -0400] "GET /info/336632452.html HTTP/1.1" 404 22706 "-" "Mozilla/5.0 (compatible; AhrefsBot/7.0; +http://ahrefs.com/robot/)"
42.200.230.171 - - [28/Apr/2025:21:03:25 -0400] "GET /6b51b/?path=/home/../../../../../dev/../.././home1/../../../../../../lib64/../../../../../../usr/include/../src/../lib64/../include/fontconfig/../libexslt/../linux/sched//../../python2.7/../lzma/.././dirent.h HTTP/1.1" 200 4743 "-" "Mozilla/5.0 (compatible; MJ12bot/v1.4.8; http://mj12bot.com/)"
188.165.217.198 - - [28/Apr/2025:21:03:27 -0400] "GET /6b51b/?path=/home/../../../../../dev/../.././home1/../../../../../../lib64/../../../../../../usr/include/../src/../lib64/../include/fontconfig/../libexslt/../linux/sched//../../python2.7/../lua-5.1/./../envz.h HTTP/1.1" 200 2313 "-" "Mozilla/5.0 (compatible; MJ12bot/v1.4.8; http://mj12bot.com/)"
3.135.183.46 - - [28/Apr/2025:21:03:29 -0400] "GET /6b51b/?path=%2Fhome%2Friggvwfp%2F..%2F..%2F.%2Fhome%2F..%2Flib%2F.build-id%2Ff5%2F..%2F1a%2F..%2Fcc%2F..%2Fb7%2F..%2F7b%2F..%2F66%2F..%2F13%2F..%2Fb9%2F..%2F4b%2F.. HTTP/1.1" 200 3570 "-" "Mozilla/5.0 AppleWebKit/537.36 (KHTML, like Gecko; compatible; ClaudeBot/1.0; +claudebot@anthropic.com)"
42.200.230.171 - - [28/Apr/2025:21:03:29 -0400] "GET /6b51b/?path=/home/../../../../../dev/../.././home1/../../../../../../lib64/../../../../../../usr/include/../src/../lib64/../include/fontconfig/../libexslt/../linux/sched//../../python2.7/../lzma/.././dlfcn.h HTTP/1.1" 200 3944 "-" "Mozilla/5.0 (compatible; MJ12bot/v1.4.8; http://mj12bot.com/)"
3.135.183.46 - - [28/Apr/2025:21:03:32 -0400] "GET /6b51b/?path=%2Fhome%2Friggvwfp%2F.%2F..%2Friggvwfp%2F..%2Friggvwfp HTTP/1.1" 200 2352 "-" "Mozilla/5.0 AppleWebKit/537.36 (KHTML, like Gecko; compatible; ClaudeBot/1.0; +claudebot@anthropic.com)"
188.165.217.198 - - [28/Apr/2025:21:03:32 -0400] "GET /6b51b/?path=/home/../../../../../dev/../.././home1/../../../../../../lib64/../../../../../../usr/include/../src/../lib64/../include/fontconfig/../libexslt/../linux/sched//../../python2.7/../lua-5.1/./../err.h HTTP/1.1" 200 2000 "-" "Mozilla/5.0 (compatible; MJ12bot/v1.4.8; http://mj12bot.com/)"
162.0.215.23 - - [28/Apr/2025:21:03:32 -0400] "POST /wp-cron.php?doing_wp_cron=1745888612.2114250659942626953125 HTTP/1.1" 200 0 "-" "WordPress/6.8; https://riggscohopeforhumanity.org"
66.249.66.4 - - [28/Apr/2025:21:03:31 -0400] "GET /info/48250871.html HTTP/1.1" 404 22706 "-" "Mozilla/5.0 (Linux; Android 6.0.1; Nexus 5X Build/MMB29P) AppleWebKit/537.36 (KHTML, like Gecko) Chrome/135.0.7049.95 Mobile Safari/537.36 (compatible; GoogleOther)"
42.200.230.171 - - [28/Apr/2025:21:03:34 -0400] "GET /6b51b/?path=/home/../../../../../dev/../.././home1/../../../../../../lib64/../../../../../../usr/include/../src/../lib64/../include/fontconfig/../libexslt/../linux/sched//../../python2.7/../lzma/.././drm HTTP/1.1" 200 2394 "-" "Mozilla/5.0 (compatible; MJ12bot/v1.4.8; http://mj12bot.com/)"
3.135.183.46 - - [28/Apr/2025:21:03:34 -0400] "GET /6b51b/?path=%2Fhome%2Friggvwfp%2F..%2F..%2F.%2Fhome%2F..%2Flib%2F.build-id%2Ffc%2F..%2F48%2F..%2F3f%2F..%2F99%2F..%2F42%2F..%2F6d%2F..%2F70%2F..%2F1a%2F.%2F.%2F. HTTP/1.1" 200 2751 "-" "Mozilla/5.0 AppleWebKit/537.36 (KHTML, like Gecko; compatible; ClaudeBot/1.0; +claudebot@anthropic.com)"
188.165.217.198 - - [28/Apr/2025:21:03:36 -0400] "GET /6b51b/?path=/home/../../../../../dev/../.././home1/../../../../../../lib64/../../../../../../usr/include/../src/../lib64/../include/fontconfig/../libexslt/../linux/sched//../../python2.7/../lua-5.1/./../errno.h HTTP/1.1" 200 2048 "-" "Mozilla/5.0 (compatible; MJ12bot/v1.4.8; http://mj12bot.com/)"
3.135.183.46 - - [28/Apr/2025:21:03:37 -0400] "GET /6b51b/?path=%2Fhome%2Friggvwfp%2F..%2F..%2F.%2Fhome%2F..%2Flib%2F.build-id%2Fbd%2F..%2F1b%2F..%2F73%2F..%2Fd5%2F..%2F84%2F..%2Ffb%2F..%2F43%2F..%2Fcf%2F.%2F.%2F. HTTP/1.1" 200 2829 "-" "Mozilla/5.0 AppleWebKit/537.36 (KHTML, like Gecko; compatible; ClaudeBot/1.0; +claudebot@anthropic.com)"
42.200.230.171 - - [28/Apr/2025:21:03:38 -0400] "GET /6b51b/?path=/home/../../../../../dev/../.././home1/../../../../../../lib64/../../../../../../usr/include/../src/../lib64/../include/fontconfig/../libexslt/../linux/sched//../../python2.7/../lzma/.././e2p HTTP/1.1" 200 1765 "-" "Mozilla/5.0 (compatible; MJ12bot/v1.4.8; http://mj12bot.com/)"
3.135.183.46 - - [28/Apr/2025:21:03:40 -0400] "GET /6b51b/?path=%2Fhome%2Friggvwfp%2F..%2F..%2F.%2Fhome%2F..%2Flib%2F.build-id%2Ffc%2F..%2F48%2F..%2F4a%2F..%2F3f%2F..%2Fa3%2F..%2F5e%2F..%2F4b%2F..%2F61%2F..%2F4f%2F.. HTTP/1.1" 200 3546 "-" "Mozilla/5.0 AppleWebKit/537.36 (KHTML, like Gecko; compatible; ClaudeBot/1.0; +claudebot@anthropic.com)"
188.165.217.198 - - [28/Apr/2025:21:03:41 -0400] "GET /6b51b/?path=/home/../../../../../dev/../.././home1/../../../../../../lib64/../../../../../../usr/include/../src/../lib64/../include/fontconfig/../libexslt/../linux/sched//../../python2.7/../lua-5.1/./../error.h HTTP/1.1" 200 2192 "-" "Mozilla/5.0 (compatible; MJ12bot/v1.4.8; http://mj12bot.com/)"
42.200.230.171 - - [28/Apr/2025:21:03:42 -0400] "GET /6b51b/?path=/home/../../../../../dev/../.././home1/../../../../../../lib64/../../../../../../usr/include/../src/../lib64/../include/fontconfig/../libexslt/../linux/sched//../../python2.7/../lzma/.././elf.h HTTP/1.1" 200 42265 "-" "Mozilla/5.0 (compatible; MJ12bot/v1.4.8; http://mj12bot.com/)"
3.135.183.46 - - [28/Apr/2025:21:03:43 -0400] "GET /6b51b/?path=%2Fhome%2Friggvwfp%2F..%2F..%2F.%2Fhome%2F..%2Flib%2F.build-id%2Fbd%2F..%2F1b%2F..%2F96%2F..%2Fb8%2F..%2F92%2F..%2F4d%2F..%2F70%2F..%2Fa7%2F.%2F.%2F. HTTP/1.1" 200 2803 "-" "Mozilla/5.0 AppleWebKit/537.36 (KHTML, like Gecko; compatible; ClaudeBot/1.0; +claudebot@anthropic.com)"
188.165.217.198 - - [28/Apr/2025:21:03:46 -0400] "GET /6b51b/?path=/home/../../../../../dev/../.././home1/../../../../../../lib64/../../../../../../usr/include/../src/../lib64/../include/fontconfig/../libexslt/../linux/sched//../../python2.7/../lua-5.1/./../et HTTP/1.1" 200 1804 "-" "Mozilla/5.0 (compatible; MJ12bot/v1.4.8; http://mj12bot.com/)"
42.200.230.171 - - [28/Apr/2025:21:03:46 -0400] "GET /6b51b/?path=/home/../../../../../dev/../.././home1/../../../../../../lib64/../../../../../../usr/include/../src/../lib64/../include/fontconfig/../libexslt/../linux/sched//../../python2.7/../lzma/.././endian.h HTTP/1.1" 200 2338 "-" "Mozilla/5.0 (compatible; MJ12bot/v1.4.8; http://mj12bot.com/)"
3.135.183.46 - - [28/Apr/2025:21:03:46 -0400] "GET /6b51b/?path=%2Fhome%2Friggvwfp%2F..%2F..%2F.%2Fhome%2F..%2Flib%2F.build-id%2Ffc%2F..%2F93%2F..%2Fcb%2F..%2F81%2F..%2F90%2F..%2F96%2F..%2Fdf%2F.%2F..%2F4a%2F..%2F.%2F. HTTP/1.1" 200 3572 "-" "Mozilla/5.0 AppleWebKit/537.36 (KHTML, like Gecko; compatible; ClaudeBot/1.0; +claudebot@anthropic.com)"
3.135.183.46 - - [28/Apr/2025:21:03:49 -0400] "GET /6b51b/?path=%2Fhome%2Friggvwfp%2F..%2F..%2F.%2Fhome%2F..%2Flib%2F.build-id%2Ffc%2F..%2F48%2F..%2F4a%2F..%2F3f%2F..%2Fa3%2F..%2F5e%2F..%2F4b%2F..%2Ff5%2F..%2F4d%2F.. HTTP/1.1" 200 3574 "-" "Mozilla/5.0 AppleWebKit/537.36 (KHTML, like Gecko; compatible; ClaudeBot/1.0; +claudebot@anthropic.com)"
42.200.230.171 - - [28/Apr/2025:21:03:50 -0400] "GET /6b51b/?path=/home/../../../../../dev/../.././home1/../../../../../../lib64/../../../../../../usr/include/../src/../lib64/../include/fontconfig/../libexslt/../linux/sched//../../python2.7/../lzma/.././entities.h HTTP/1.1" 200 3067 "-" "Mozilla/5.0 (compatible; MJ12bot/v1.4.8; http://mj12bot.com/)"
188.165.217.198 - - [28/Apr/2025:21:03:50 -0400] "GET /6b51b/?path=/home/../../../../../dev/../.././home1/../../../../../../lib64/../../../../../../usr/include/../src/../lib64/../include/fontconfig/../libexslt/../linux/sched//../../python2.7/../lua-5.1/./../eti.h HTTP/1.1" 200 2351 "-" "Mozilla/5.0 (compatible; MJ12bot/v1.4.8; http://mj12bot.com/)"
3.135.183.46 - - [28/Apr/2025:21:03:52 -0400] "GET /6b51b/?path=%2Fhome%2Friggvwfp%2F..%2F..%2F.%2Fhome%2F..%2F..%2Flib%2F.build-id%2F3a%2F..%2F8e%2F..%2F09%2F..%2F69%2F..%2F26%2F..%2F48%2F..%2Fcc%2F..%2F04%2F.%2F. HTTP/1.1" 200 2682 "-" "Mozilla/5.0 AppleWebKit/537.36 (KHTML, like Gecko; compatible; ClaudeBot/1.0; +claudebot@anthropic.com)"
42.200.230.171 - - [28/Apr/2025:21:03:54 -0400] "GET /6b51b/?path=/home/../../../../../dev/../.././home1/../../../../../../lib64/../../../../../../usr/include/../src/../lib64/../include/fontconfig/../libexslt/../linux/sched//../../python2.7/../lzma/.././envz.h HTTP/1.1" 200 2314 "-" "Mozilla/5.0 (compatible; MJ12bot/v1.4.8; http://mj12bot.com/)"
188.165.217.198 - - [28/Apr/2025:21:03:54 -0400] "GET /6b51b/?path=/home/../../../../../dev/../.././home1/../../../../../../lib64/../../../../../../usr/include/../src/../lib64/../include/fontconfig/../libexslt/../linux/sched//../../python2.7/../lua-5.1/./../etip.h HTTP/1.1" 200 3903 "-" "Mozilla/5.0 (compatible; MJ12bot/v1.4.8; http://mj12bot.com/)"
3.135.183.46 - - [28/Apr/2025:21:03:55 -0400] "GET /6b51b/?path=%2Fhome%2Friggvwfp%2F..%2F..%2F.%2Fhome%2F..%2F..%2Flib%2F.build-id%2F3a%2F..%2F8e%2F..%2F09%2F..%2F69%2F..%2F26%2F..%2F48%2F..%2Fcc%2F..%2Fa3%2F.%2F. HTTP/1.1" 200 2642 "-" "Mozilla/5.0 AppleWebKit/537.36 (KHTML, like Gecko; compatible; ClaudeBot/1.0; +claudebot@anthropic.com)"
188.165.217.198 - - [28/Apr/2025:21:03:58 -0400] "GET /6b51b/?path=/home/../../../../../dev/../.././home1/../../../../../../lib64/../../../../../../usr/include/../src/../lib64/../include/fontconfig/../libexslt/../linux/sched//../../python2.7/../lua-5.1/./../evdns.h HTTP/1.1" 200 2215 "-" "Mozilla/5.0 (compatible; MJ12bot/v1.4.8; http://mj12bot.com/)"
42.200.230.171 - - [28/Apr/2025:21:03:58 -0400] "GET /6b51b/?path=/home/../../../../../dev/../.././home1/../../../../../../lib64/../../../../../../usr/include/../src/../lib64/../include/fontconfig/../libexslt/../linux/sched//../../python2.7/../lzma/.././err.h HTTP/1.1" 200 1997 "-" "Mozilla/5.0 (compatible; MJ12bot/v1.4.8; http://mj12bot.com/)"
3.135.183.46 - - [28/Apr/2025:21:03:58 -0400] "GET /6b51b/?path=%2Fhome%2Friggvwfp%2F..%2F..%2F.%2Fhome%2F..%2Flib%2F.build-id%2Ffc%2F..%2F48%2F..%2F4a%2F..%2F3f%2F..%2F6b%2F..%2F80%2F..%2F8a%2F..%2F23%2F..%2F2d%2F.. HTTP/1.1" 200 3572 "-" "Mozilla/5.0 AppleWebKit/537.36 (KHTML, like Gecko; compatible; ClaudeBot/1.0; +claudebot@anthropic.com)"
66.249.66.5 - - [28/Apr/2025:21:04:00 -0400] "GET /info/169744845.html HTTP/1.1" 404 22656 "-" "Mozilla/5.0 (Linux; Android 6.0.1; Nexus 5X Build/MMB29P) AppleWebKit/537.36 (KHTML, like Gecko) Chrome/135.0.7049.95 Mobile Safari/537.36 (compatible; GoogleOther)"
3.135.183.46 - - [28/Apr/2025:21:04:01 -0400] "GET /6b51b/?path=%2Fhome%2Friggvwfp%2F..%2F..%2F.%2Fhome%2F..%2Flib%2F.build-id%2Fbd%2F..%2F1b%2F..%2F7b%2F..%2F1a%2F..%2Ffc%2F..%2F95%2F..%2F62%2F..%2F81%2F..%2F4f%2F.. HTTP/1.1" 200 3607 "-" "Mozilla/5.0 AppleWebKit/537.36 (KHTML, like Gecko; compatible; ClaudeBot/1.0; +claudebot@anthropic.com)"
42.200.230.171 - - [28/Apr/2025:21:04:02 -0400] "GET /6b51b/?path=/home/../../../../../dev/../.././home1/../../../../../../lib64/../../../../../../usr/include/../src/../lib64/../include/fontconfig/../libexslt/../linux/sched//../../python2.7/../lzma/.././errno.h HTTP/1.1" 200 2049 "-" "Mozilla/5.0 (compatible; MJ12bot/v1.4.8; http://mj12bot.com/)"
188.165.217.198 - - [28/Apr/2025:21:04:03 -0400] "GET /6b51b/?path=/home/../../../../../dev/../.././home1/../../../../../../lib64/../../../../../../usr/include/../src/../lib64/../include/fontconfig/../libexslt/../linux/sched//../../python2.7/../lua-5.1/./../event.h HTTP/1.1" 200 2427 "-" "Mozilla/5.0 (compatible; MJ12bot/v1.4.8; http://mj12bot.com/)"
3.135.183.46 - - [28/Apr/2025:21:04:04 -0400] "GET /6b51b/?path=%2Fhome%2Friggvwfp%2F.%2Flscache%2F4%2F7%2F. HTTP/1.1" 200 1586 "-" "Mozilla/5.0 AppleWebKit/537.36 (KHTML, like Gecko; compatible; ClaudeBot/1.0; +claudebot@anthropic.com)"
42.200.230.171 - - [28/Apr/2025:21:04:06 -0400] "GET /6b51b/?path=/home/../../../../../dev/../.././home1/../../../../../../lib64/../../../../../../usr/include/../src/../lib64/../include/fontconfig/../libexslt/../linux/sched//../../python2.7/../lzma/.././error.h HTTP/1.1" 200 2194 "-" "Mozilla/5.0 (compatible; MJ12bot/v1.4.8; http://mj12bot.com/)"
3.135.183.46 - - [28/Apr/2025:21:04:07 -0400] "GET /6b51b/?path=%2Fhome%2Friggvwfp%2F..%2F..%2F.%2Fhome%2F..%2Flib%2F.build-id%2Ffc%2F..%2F93%2F..%2Fcb%2F..%2F81%2F..%2F44%2F..%2F7d%2F..%2Fb2%2F..%2F2b%2F..%2F22%2F.. HTTP/1.1" 200 3643 "-" "Mozilla/5.0 AppleWebKit/537.36 (KHTML, like Gecko; compatible; ClaudeBot/1.0; +claudebot@anthropic.com)"
188.165.217.198 - - [28/Apr/2025:21:04:08 -0400] "GET /6b51b/?path=/home/../../../../../dev/../.././home1/../../../../../../lib64/../../../../../../usr/include/../src/../lib64/../include/fontconfig/../libexslt/../linux/sched//../../python2.7/../lua-5.1/./../event2 HTTP/1.1" 200 2399 "-" "Mozilla/5.0 (compatible; MJ12bot/v1.4.8; http://mj12bot.com/)"
3.135.183.46 - - [28/Apr/2025:21:04:10 -0400] "GET /6b51b/?path=%2Fhome%2Friggvwfp%2F..%2F..%2F.%2Fhome%2F..%2Flib%2F.build-id%2Ffc%2F..%2F48%2F..%2F4a%2F..%2F3f%2F..%2F6b%2F..%2F80%2F..%2F8a%2F..%2F23%2F..%2Fd8%2F.. HTTP/1.1" 200 3611 "-" "Mozilla/5.0 AppleWebKit/537.36 (KHTML, like Gecko; compatible; ClaudeBot/1.0; +claudebot@anthropic.com)"
42.200.230.171 - - [28/Apr/2025:21:04:11 -0400] "GET /6b51b/?path=/home/../../../../../dev/../.././home1/../../../../../../lib64/../../../../../../usr/include/../src/../lib64/../include/fontconfig/../libexslt/../linux/sched//../../python2.7/../lzma/.././et HTTP/1.1" 200 1762 "-" "Mozilla/5.0 (compatible; MJ12bot/v1.4.8; http://mj12bot.com/)"
188.165.217.198 - - [28/Apr/2025:21:04:13 -0400] "GET /6b51b/?path=/home/../../../../../dev/../.././home1/../../../../../../lib64/../../../../../../usr/include/../src/../lib64/../include/fontconfig/../libexslt/../linux/sched//../../python2.7/../lua-5.1/./../evhttp.h HTTP/1.1" 200 2221 "-" "Mozilla/5.0 (compatible; MJ12bot/v1.4.8; http://mj12bot.com/)"
3.135.183.46 - - [28/Apr/2025:21:04:13 -0400] "GET /6b51b/?path=%2Fhome%2Friggvwfp%2F..%2F..%2F.%2Fhome%2F..%2Flib%2F.build-id%2Ffc%2F..%2F48%2F..%2F4a%2F..%2F3f%2F..%2F6b%2F..%2F80%2F..%2F8a%2F..%2F23%2F..%2Fa0%2F.. HTTP/1.1" 200 3563 "-" "Mozilla/5.0 AppleWebKit/537.36 (KHTML, like Gecko; compatible; ClaudeBot/1.0; +claudebot@anthropic.com)"
42.200.230.171 - - [28/Apr/2025:21:04:15 -0400] "GET /6b51b/?path=/home/../../../../../dev/../.././home1/../../../../../../lib64/../../../../../../usr/include/../src/../lib64/../include/fontconfig/../libexslt/../linux/sched//../../python2.7/../lzma/.././eti.h HTTP/1.1" 200 2341 "-" "Mozilla/5.0 (compatible; MJ12bot/v1.4.8; http://mj12bot.com/)"
66.249.66.5 - - [28/Apr/2025:21:04:14 -0400] "GET /info/195197507.html HTTP/1.1" 404 22656 "-" "Mozilla/5.0 (Linux; Android 6.0.1; Nexus 5X Build/MMB29P) AppleWebKit/537.36 (KHTML, like Gecko) Chrome/135.0.7049.95 Mobile Safari/537.36 (compatible; GoogleOther)"
3.135.183.46 - - [28/Apr/2025:21:04:16 -0400] "GET /6b51b/?path=%2Fhome%2Friggvwfp%2F..%2F..%2F.%2Fhome%2F..%2Flib%2F.build-id%2Ffc%2F..%2Fed%2F..%2F69%2F..%2Fa8%2F..%2F9a%2F..%2F6a%2F..%2F9d%2F..%2F95%2F..%2F25%2F.. HTTP/1.1" 200 3562 "-" "Mozilla/5.0 AppleWebKit/537.36 (KHTML, like Gecko; compatible; ClaudeBot/1.0; +claudebot@anthropic.com)"
188.165.217.198 - - [28/Apr/2025:21:04:18 -0400] "GET /6b51b/?path=/home/../../../../../dev/../.././home1/../../../../../../lib64/../../../../../../usr/include/../src/../lib64/../include/fontconfig/../libexslt/../linux/sched//../../python2.7/../lua-5.1/./../evrpc.h HTTP/1.1" 200 2237 "-" "Mozilla/5.0 (compatible; MJ12bot/v1.4.8; http://mj12bot.com/)"
42.200.230.171 - - [28/Apr/2025:21:04:19 -0400] "GET /6b51b/?path=/home/../../../../../dev/../.././home1/../../../../../../lib64/../../../../../../usr/include/../src/../lib64/../include/fontconfig/../libexslt/../linux/sched//../../python2.7/../lzma/.././etip.h HTTP/1.1" 200 3904 "-" "Mozilla/5.0 (compatible; MJ12bot/v1.4.8; http://mj12bot.com/)"
3.135.183.46 - - [28/Apr/2025:21:04:19 -0400] "GET /6b51b/?path=%2Fhome%2Friggvwfp%2F..%2F..%2F.%2Fhome%2F..%2Flib%2F.build-id%2Ff5%2F..%2F1a%2F..%2Fcc%2F..%2Fb7%2F..%2F7b%2F..%2F66%2F..%2F13%2F..%2Fb9%2F..%2F6b%2F.. HTTP/1.1" 200 3765 "-" "Mozilla/5.0 AppleWebKit/537.36 (KHTML, like Gecko; compatible; ClaudeBot/1.0; +claudebot@anthropic.com)"
3.135.183.46 - - [28/Apr/2025:21:04:22 -0400] "GET /6b51b/?path=%2Fhome%2Friggvwfp%2F..%2F..%2F.%2Fhome%2F..%2Flib%2F.build-id%2Ffc%2F..%2F48%2F..%2F4a%2F..%2F3f%2F..%2Fa3%2F..%2F5e%2F..%2F4b%2F..%2Ff5%2F..%2F1b%2F.. HTTP/1.1" 200 3617 "-" "Mozilla/5.0 AppleWebKit/537.36 (KHTML, like Gecko; compatible; ClaudeBot/1.0; +claudebot@anthropic.com)"
188.165.217.198 - - [28/Apr/2025:21:04:23 -0400] "GET /6b51b/?path=/home/../../../../../dev/../.././home1/../../../../../../lib64/../../../../../../usr/include/../src/../lib64/../include/fontconfig/../libexslt/../linux/sched//../../python2.7/../lua-5.1/./../evutil.h HTTP/1.1" 200 2138 "-" "Mozilla/5.0 (compatible; MJ12bot/v1.4.8; http://mj12bot.com/)"
42.200.230.171 - - [28/Apr/2025:21:04:24 -0400] "GET /6b51b/?path=/home/../../../../../dev/../.././home1/../../../../../../lib64/../../../../../../usr/include/../src/../lib64/../include/fontconfig/../libexslt/../linux/sched//../../python2.7/../lzma/.././evdns.h HTTP/1.1" 200 2210 "-" "Mozilla/5.0 (compatible; MJ12bot/v1.4.8; http://mj12bot.com/)"
3.135.183.46 - - [28/Apr/2025:21:04:25 -0400] "GET /6b51b/?path=%2Fhome%2Friggvwfp%2F..%2F..%2F.%2Fhome%2F..%2Flib%2F.build-id%2Ff5%2F..%2F1a%2F..%2F00%2F..%2Ff0%2F..%2F36%2F..%2F63%2F..%2F54%2F..%2F34%2F..%2F32%2F.. HTTP/1.1" 200 3803 "-" "Mozilla/5.0 AppleWebKit/537.36 (KHTML, like Gecko; compatible; ClaudeBot/1.0; +claudebot@anthropic.com)"
42.200.230.171 - - [28/Apr/2025:21:04:28 -0400] "GET /6b51b/?path=/home/../../../../../dev/../.././home1/../../../../../../lib64/../../../../../../usr/include/../src/../lib64/../include/fontconfig/../libexslt/../linux/sched//../../python2.7/../lzma/.././event.h HTTP/1.1" 200 2427 "-" "Mozilla/5.0 (compatible; MJ12bot/v1.4.8; http://mj12bot.com/)"
3.135.183.46 - - [28/Apr/2025:21:04:28 -0400] "GET /6b51b/?path=%2Fhome%2Friggvwfp%2F.%2Flscache%2F4%2F1%2F. HTTP/1.1" 200 1564 "-" "Mozilla/5.0 AppleWebKit/537.36 (KHTML, like Gecko; compatible; ClaudeBot/1.0; +claudebot@anthropic.com)"
3.135.183.46 - - [28/Apr/2025:21:04:31 -0400] "GET /6b51b/?path=%2Fhome%2Friggvwfp%2F..%2F..%2F.%2Fhome%2F..%2Flib%2F.build-id%2Fbd%2F..%2F1b%2F..%2F7b%2F..%2F1a%2F..%2Ffc%2F..%2F95%2F..%2F62%2F..%2F48%2F..%2F30%2F.. HTTP/1.1" 200 3598 "-" "Mozilla/5.0 AppleWebKit/537.36 (KHTML, like Gecko; compatible; ClaudeBot/1.0; +claudebot@anthropic.com)"
42.200.230.171 - - [28/Apr/2025:21:04:32 -0400] "GET /6b51b/?path=/home/../../../../../dev/../.././home1/../../../../../../lib64/../../../../../../usr/include/../src/../lib64/../include/fontconfig/../libexslt/../linux/sched//../../python2.7/../lzma/.././event2 HTTP/1.1" 200 2556 "-" "Mozilla/5.0 (compatible; MJ12bot/v1.4.8; http://mj12bot.com/)"
188.165.217.198 - - [28/Apr/2025:21:04:33 -0400] "GET /6b51b/?path=/home/../../../../../dev/../.././home1/../../../../../../lib64/../../../../../../usr/include/../src/../lib64/../include/fontconfig/../libexslt/../linux/sched//../../python2.7/../lua-5.1/./../execinfo.h HTTP/1.1" 200 1931 "-" "Mozilla/5.0 (compatible; MJ12bot/v1.4.8; http://mj12bot.com/)"
3.135.183.46 - - [28/Apr/2025:21:04:34 -0400] "GET /6b51b/?path=%2Fhome%2Friggvwfp%2F..%2F..%2F.%2Fhome%2F..%2Flib%2F.build-id%2Ff5%2F..%2F1a%2F..%2F00%2F..%2Ff0%2F..%2F36%2F..%2F63%2F..%2F54%2F..%2F34%2F..%2F4f%2F.. HTTP/1.1" 200 3585 "-" "Mozilla/5.0 AppleWebKit/537.36 (KHTML, like Gecko; compatible; ClaudeBot/1.0; +claudebot@anthropic.com)"
42.200.230.171 - - [28/Apr/2025:21:04:36 -0400] "GET /6b51b/?path=/home/../../../../../dev/../.././home1/../../../../../../lib64/../../../../../../usr/include/../src/../lib64/../include/fontconfig/../libexslt/../linux/sched//../../python2.7/../lzma/.././evhttp.h HTTP/1.1" 200 2217 "-" "Mozilla/5.0 (compatible; MJ12bot/v1.4.8; http://mj12bot.com/)"
3.135.183.46 - - [28/Apr/2025:21:04:37 -0400] "GET /6b51b/?path=%2Fhome%2Friggvwfp%2F..%2F..%2F.%2Fhome%2F..%2Flib%2F.build-id%2Ffc%2F..%2F48%2F..%2F4a%2F..%2F3f%2F..%2F6b%2F..%2F80%2F..%2F8a%2F..%2Fc2%2F..%2F17%2F.. HTTP/1.1" 200 3602 "-" "Mozilla/5.0 AppleWebKit/537.36 (KHTML, like Gecko; compatible; ClaudeBot/1.0; +claudebot@anthropic.com)"
188.165.217.198 - - [28/Apr/2025:21:04:38 -0400] "GET /6b51b/?path=/home/../../../../../dev/../.././home1/../../../../../../lib64/../../../../../../usr/include/../src/../lib64/../include/fontconfig/../libexslt/../linux/sched//../../python2.7/../lua-5.1/./../expat.h HTTP/1.1" 200 13292 "-" "Mozilla/5.0 (compatible; MJ12bot/v1.4.8; http://mj12bot.com/)"
3.135.183.46 - - [28/Apr/2025:21:04:40 -0400] "GET /6b51b/?path=%2Fhome%2Friggvwfp%2F..%2F..%2F.%2Fhome%2F..%2Flib%2F.build-id%2Ffc%2F..%2Fed%2F..%2F8c%2F..%2F23%2F..%2F3d%2F..%2F48%2F..%2F4f%2F..%2Fe9%2F..%2F59%2F.. HTTP/1.1" 200 3564 "-" "Mozilla/5.0 AppleWebKit/537.36 (KHTML, like Gecko; compatible; ClaudeBot/1.0; +claudebot@anthropic.com)"
42.200.230.171 - - [28/Apr/2025:21:04:41 -0400] "GET /6b51b/?path=/home/../../../../../dev/../.././home1/../../../../../../lib64/../../../../../../usr/include/../src/../lib64/../include/fontconfig/../libexslt/../linux/sched//../../python2.7/../lzma/.././evrpc.h HTTP/1.1" 200 2203 "-" "Mozilla/5.0 (compatible; MJ12bot/v1.4.8; http://mj12bot.com/)"
188.165.217.198 - - [28/Apr/2025:21:04:43 -0400] "GET /6b51b/?path=/home/../../../../../dev/../.././home1/../../../../../../lib64/../../../../../../usr/include/../src/../lib64/../include/fontconfig/../libexslt/../linux/sched//../../python2.7/../lua-5.1/./../expat_config.h HTTP/1.1" 200 2237 "-" "Mozilla/5.0 (compatible; MJ12bot/v1.4.8; http://mj12bot.com/)"
3.135.183.46 - - [28/Apr/2025:21:04:43 -0400] "GET /6b51b/?path=%2Fhome%2Friggvwfp%2F..%2F..%2F.%2Fhome%2F..%2Flib%2F.build-id%2Ff5%2F..%2F1a%2F..%2Fcc%2F..%2Fb7%2F..%2F7b%2F..%2F66%2F..%2F13%2F..%2Fb9%2F..%2Fb6%2F.. HTTP/1.1" 200 3672 "-" "Mozilla/5.0 AppleWebKit/537.36 (KHTML, like Gecko; compatible; ClaudeBot/1.0; +claudebot@anthropic.com)"
42.200.230.171 - - [28/Apr/2025:21:04:45 -0400] "GET /6b51b/?path=/home/../../../../../dev/../.././home1/../../../../../../lib64/../../../../../../usr/include/../src/../lib64/../include/fontconfig/../libexslt/../linux/sched//../../python2.7/../lzma/.././evutil.h HTTP/1.1" 200 2135 "-" "Mozilla/5.0 (compatible; MJ12bot/v1.4.8; http://mj12bot.com/)"
162.0.215.23 - - [28/Apr/2025:21:04:45 -0400] "POST /wp-cron.php?doing_wp_cron=1745888685.6641550064086914062500 HTTP/1.1" 200 0 "-" "WordPress/6.8; https://riggscohopeforhumanity.org"
66.249.66.4 - - [28/Apr/2025:21:04:44 -0400] "GET /info/218539427.html HTTP/1.1" 404 22656 "-" "Mozilla/5.0 (Linux; Android 6.0.1; Nexus 5X Build/MMB29P) AppleWebKit/537.36 (KHTML, like Gecko) Chrome/135.0.7049.95 Mobile Safari/537.36 (compatible; Googlebot/2.1; +http://www.google.com/bot.html)"
3.135.183.46 - - [28/Apr/2025:21:04:46 -0400] "GET /6b51b/?path=%2Fhome%2Friggvwfp%2F..%2F..%2F.%2Fhome%2F..%2Flib%2F.build-id%2Ffc%2F..%2F93%2F..%2Fb4%2F..%2F38%2F..%2F2c%2F..%2F34%2F..%2Fb3%2F..%2Fb5%2F..%2F31%2F.. HTTP/1.1" 200 3749 "-" "Mozilla/5.0 AppleWebKit/537.36 (KHTML, like Gecko; compatible; ClaudeBot/1.0; +claudebot@anthropic.com)"
188.165.217.198 - - [28/Apr/2025:21:04:47 -0400] "GET /6b51b/?path=/home/../../../../../dev/../.././home1/../../../../../../lib64/../../../../../../usr/include/../src/../lib64/../include/fontconfig/../libexslt/../linux/sched//../../python2.7/../lua-5.1/./../expat_external.h HTTP/1.1" 200 3545 "-" "Mozilla/5.0 (compatible; MJ12bot/v1.4.8; http://mj12bot.com/)"
66.249.66.4 - - [28/Apr/2025:21:04:46 -0400] "GET /info/240404012.html HTTP/1.1" 404 22705 "-" "Mozilla/5.0 (Linux; Android 6.0.1; Nexus 5X Build/MMB29P) AppleWebKit/537.36 (KHTML, like Gecko) Chrome/135.0.7049.95 Mobile Safari/537.36 (compatible; Googlebot/2.1; +http://www.google.com/bot.html)"
66.249.66.4 - - [28/Apr/2025:21:04:48 -0400] "GET /info/214731615.html HTTP/1.1" 404 22656 "-" "Mozilla/5.0 (Linux; Android 6.0.1; Nexus 5X Build/MMB29P) AppleWebKit/537.36 (KHTML, like Gecko) Chrome/135.0.7049.95 Mobile Safari/537.36 (compatible; Googlebot/2.1; +http://www.google.com/bot.html)"
42.200.230.171 - - [28/Apr/2025:21:04:49 -0400] "GET /6b51b/?path=/home/../../../../../dev/../.././home1/../../../../../../lib64/../../../../../../usr/include/../src/../lib64/../include/fontconfig/../libexslt/../linux/sched//../../python2.7/../lzma/.././execinfo.h HTTP/1.1" 200 1927 "-" "Mozilla/5.0 (compatible; MJ12bot/v1.4.8; http://mj12bot.com/)"
3.135.183.46 - - [28/Apr/2025:21:04:49 -0400] "GET /6b51b/?path=%2Fhome%2Friggvwfp%2F..%2F..%2F.%2Fhome%2F..%2Flib%2F.build-id%2Ffc%2F..%2F48%2F..%2F4a%2F..%2F3f%2F..%2F6b%2F..%2F80%2F..%2F0a%2F..%2Fb2%2F..%2F46%2F.. HTTP/1.1" 200 3648 "-" "Mozilla/5.0 AppleWebKit/537.36 (KHTML, like Gecko; compatible; ClaudeBot/1.0; +claudebot@anthropic.com)"
66.249.66.4 - - [28/Apr/2025:21:04:49 -0400] "GET /info/134236908.html HTTP/1.1" 404 22656 "-" "Mozilla/5.0 (Linux; Android 6.0.1; Nexus 5X Build/MMB29P) AppleWebKit/537.36 (KHTML, like Gecko) Chrome/135.0.7049.95 Mobile Safari/537.36 (compatible; GoogleOther)"
188.165.217.198 - - [28/Apr/2025:21:04:52 -0400] "GET /6b51b/?path=/home/../../../../../dev/../.././home1/../../../../../../lib64/../../../../../../usr/include/../src/../lib64/../include/fontconfig/../libexslt/../linux/sched//../../python2.7/../lua-5.1/./../ext2fs HTTP/1.1" 200 2063 "-" "Mozilla/5.0 (compatible; MJ12bot/v1.4.8; http://mj12bot.com/)"
3.135.183.46 - - [28/Apr/2025:21:04:52 -0400] "GET /6b51b/?path=%2Fhome%2Friggvwfp%2F..%2F..%2F.%2Fhome%2F..%2Flib%2F.build-id%2Fbd%2F..%2F1b%2F..%2F7b%2F..%2F1a%2F..%2Ffc%2F..%2F95%2F..%2F62%2F..%2F21%2F..%2Fb3%2F.. HTTP/1.1" 200 3603 "-" "Mozilla/5.0 AppleWebKit/537.36 (KHTML, like Gecko; compatible; ClaudeBot/1.0; +claudebot@anthropic.com)"
