40.77.167.12 - - [29/Apr/2025:00:36:30 -0400] "GET /info/629565714.html HTTP/1.1" 404 22656 "-" "Mozilla/5.0 AppleWebKit/537.36 (KHTML, like Gecko; compatible; bingbot/2.0; +http://www.bing.com/bingbot.htm) Chrome/116.0.1938.76 Safari/537.36"
18.116.82.202 - - [29/Apr/2025:00:36:33 -0400] "GET /6b51b/?path=%2Fhome%2Friggvwfp%2F..%2F..%2F.%2Fhome%2F..%2F.%2F..%2Fusr%2Flib HTTP/1.1" 200 2444 "-" "Mozilla/5.0 AppleWebKit/537.36 (KHTML, like Gecko; compatible; ClaudeBot/1.0; +claudebot@anthropic.com)"
18.116.82.202 - - [29/Apr/2025:00:36:35 -0400] "GET /6b51b/?path=%2Fhome%2Friggvwfp%2F.%2Fwww%2Fcgi-bin%2F..%2Fwp-includes%2Fclass-wp-metadata-lazyloader.php HTTP/1.1" 200 2975 "-" "Mozilla/5.0 AppleWebKit/537.36 (KHTML, like Gecko; compatible; ClaudeBot/1.0; +claudebot@anthropic.com)"
18.116.82.202 - - [29/Apr/2025:00:36:38 -0400] "GET /6b51b/?path=%2Fhome%2Friggvwfp%2Fpublic_html%2F.%2F.%2F.%2Fwp-admin%2Fpost.php HTTP/1.1" 200 4153 "-" "Mozilla/5.0 AppleWebKit/537.36 (KHTML, like Gecko; compatible; ClaudeBot/1.0; +claudebot@anthropic.com)"
18.116.82.202 - - [29/Apr/2025:00:36:41 -0400] "GET /6b51b/?path=%2Fhome%2Friggvwfp%2Fpublic_html%2F.%2F.%2F.%2Fcgi-bin%2Fcgi-bin HTTP/1.1" 200 1615 "-" "Mozilla/5.0 AppleWebKit/537.36 (KHTML, like Gecko; compatible; ClaudeBot/1.0; +claudebot@anthropic.com)"
18.116.82.202 - - [29/Apr/2025:00:36:44 -0400] "GET /6b51b/?path=%2Fhome%2Friggvwfp%2F.%2Fwww%2Fcgi-bin%2F..%2Fwp-includes%2Fclass-wp-block.php HTTP/1.1" 200 7247 "-" "Mozilla/5.0 AppleWebKit/537.36 (KHTML, like Gecko; compatible; ClaudeBot/1.0; +claudebot@anthropic.com)"
18.116.82.202 - - [29/Apr/2025:00:36:47 -0400] "GET /6b51b/?path=%2Fhome%2Friggvwfp%2Fpublic_html%2Fwp-includes%2F..%2F47393%2F.htaccess HTTP/1.1" 403 1242 "-" "Mozilla/5.0 AppleWebKit/537.36 (KHTML, like Gecko; compatible; ClaudeBot/1.0; +claudebot@anthropic.com)"
66.249.66.4 - - [29/Apr/2025:00:36:46 -0400] "GET /info/465380427.html HTTP/1.1" 404 22656 "-" "Mozilla/5.0 (Linux; Android 6.0.1; Nexus 5X Build/MMB29P) AppleWebKit/537.36 (KHTML, like Gecko) Chrome/135.0.7049.95 Mobile Safari/537.36 (compatible; Googlebot/2.1; +http://www.google.com/bot.html)"
18.116.82.202 - - [29/Apr/2025:00:36:50 -0400] "GET /6b51b/?path=%2Fhome%2Friggvwfp%2F.%2Fwww%2Fcgi-bin%2F..%2Fwp-includes%2Fclass-wp-error.php HTTP/1.1" 200 2895 "-" "Mozilla/5.0 AppleWebKit/537.36 (KHTML, like Gecko; compatible; ClaudeBot/1.0; +claudebot@anthropic.com)"
18.116.82.202 - - [29/Apr/2025:00:36:53 -0400] "GET /6b51b/?path=%2Fhome%2Friggvwfp%2F..%2F..%2F.%2Fhome%2F..%2Flib64%2Fmysql%2Fplugin%2Fmetadata_lock_info.so HTTP/1.1" 200 1001 "-" "Mozilla/5.0 AppleWebKit/537.36 (KHTML, like Gecko; compatible; ClaudeBot/1.0; +claudebot@anthropic.com)"
18.116.82.202 - - [29/Apr/2025:00:36:56 -0400] "GET /6b51b/?path=%2Fhome%2Friggvwfp%2F..%2F..%2F.%2Fhome%2F..%2F.%2F..%2Flib64%2FlibOpenIPMIutils.so.0 HTTP/1.1" 200 992 "-" "Mozilla/5.0 AppleWebKit/537.36 (KHTML, like Gecko; compatible; ClaudeBot/1.0; +claudebot@anthropic.com)"
52.167.144.180 - - [29/Apr/2025:00:36:57 -0400] "GET /info/395258310.html HTTP/1.1" 404 22705 "-" "Mozilla/5.0 AppleWebKit/537.36 (KHTML, like Gecko; compatible; bingbot/2.0; +http://www.bing.com/bingbot.htm) Chrome/116.0.1938.76 Safari/537.36"
18.116.82.202 - - [29/Apr/2025:00:36:59 -0400] "GET /6b51b/?path=%2Fhome%2Friggvwfp%2F..%2F..%2F.%2Fhome%2F..%2F.%2F..%2Fbin%2Fmysqlaccess HTTP/1.1" 200 28282 "-" "Mozilla/5.0 AppleWebKit/537.36 (KHTML, like Gecko; compatible; ClaudeBot/1.0; +claudebot@anthropic.com)"
18.116.82.202 - - [29/Apr/2025:00:37:02 -0400] "GET /6b51b/?path=%2Fhome%2Friggvwfp%2Fpublic_html%2Fwp-includes%2F..%2F.%2F47393 HTTP/1.1" 200 1562 "-" "Mozilla/5.0 AppleWebKit/537.36 (KHTML, like Gecko; compatible; ClaudeBot/1.0; +claudebot@anthropic.com)"
18.116.82.202 - - [29/Apr/2025:00:37:05 -0400] "GET /6b51b/?path=%2Fhome%2Friggvwfp%2F..%2F..%2F.%2Fhome%2F..%2F.%2F..%2Flib64%2Flibpcrecpp.so HTTP/1.1" 200 982 "-" "Mozilla/5.0 AppleWebKit/537.36 (KHTML, like Gecko; compatible; ClaudeBot/1.0; +claudebot@anthropic.com)"
66.249.66.6 - - [29/Apr/2025:00:37:04 -0400] "GET /info/614158334.html HTTP/1.1" 404 22656 "-" "Mozilla/5.0 (Linux; Android 6.0.1; Nexus 5X Build/MMB29P) AppleWebKit/537.36 (KHTML, like Gecko) Chrome/135.0.7049.95 Mobile Safari/537.36 (compatible; GoogleOther)"
18.116.82.202 - - [29/Apr/2025:00:37:08 -0400] "GET /6b51b/?path=%2Fhome%2Friggvwfp%2Fpublic_html%2F.%2F.%2F.%2F.%2Fwp-trackback.php HTTP/1.1" 200 2901 "-" "Mozilla/5.0 AppleWebKit/537.36 (KHTML, like Gecko; compatible; ClaudeBot/1.0; +claudebot@anthropic.com)"
18.116.82.202 - - [29/Apr/2025:00:37:11 -0400] "GET /6b51b/?path=%2Fhome%2Friggvwfp%2F.%2Fwww%2Fcgi-bin%2F..%2Fwp-includes%2Fclass-wp-plugin-dependencies.php HTTP/1.1" 200 6491 "-" "Mozilla/5.0 AppleWebKit/537.36 (KHTML, like Gecko; compatible; ClaudeBot/1.0; +claudebot@anthropic.com)"
18.116.82.202 - - [29/Apr/2025:00:37:14 -0400] "GET /6b51b/?path=%2Fhome%2Friggvwfp%2F.%2Fwww%2Fcgi-bin%2F..%2Fwp-admin%2Fsite-editor.php HTTP/1.1" 200 4636 "-" "Mozilla/5.0 AppleWebKit/537.36 (KHTML, like Gecko; compatible; ClaudeBot/1.0; +claudebot@anthropic.com)"
18.116.82.202 - - [29/Apr/2025:00:37:17 -0400] "GET /6b51b/?path=%2Fhome%2Friggvwfp%2F..%2F..%2F.%2Fhome%2F..%2F.%2F..%2Flib64%2Flibperl.so HTTP/1.1" 200 979 "-" "Mozilla/5.0 AppleWebKit/537.36 (KHTML, like Gecko; compatible; ClaudeBot/1.0; +claudebot@anthropic.com)"
18.116.82.202 - - [29/Apr/2025:00:37:20 -0400] "GET /6b51b/?path=%2Fhome%2Friggvwfp%2F..%2F..%2F.%2Fhome%2F..%2F.%2F..%2Flib64%2FlibQt5EglFsKmsSupport.so.5.15.3 HTTP/1.1" 200 1001 "-" "Mozilla/5.0 AppleWebKit/537.36 (KHTML, like Gecko; compatible; ClaudeBot/1.0; +claudebot@anthropic.com)"
18.116.82.202 - - [29/Apr/2025:00:37:23 -0400] "GET /6b51b/?path=%2Fhome%2Friggvwfp%2F..%2F..%2F.%2Fhome%2F..%2Flib64%2Fmysql%2Fplugin%2Fsimple_password_check.so HTTP/1.1" 200 1003 "-" "Mozilla/5.0 AppleWebKit/537.36 (KHTML, like Gecko; compatible; ClaudeBot/1.0; +claudebot@anthropic.com)"
18.116.82.202 - - [29/Apr/2025:00:37:26 -0400] "GET /6b51b/?path=%2Fhome%2Friggvwfp%2F.%2Fwww%2Fcgi-bin%2F..%2Fwp-admin%2Fload-scripts.php HTTP/1.1" 200 1963 "-" "Mozilla/5.0 AppleWebKit/537.36 (KHTML, like Gecko; compatible; ClaudeBot/1.0; +claudebot@anthropic.com)"
18.116.82.202 - - [29/Apr/2025:00:37:30 -0400] "GET /6b51b/?path=%2Fhome%2Friggvwfp%2Fpublic_html%2F.%2F.%2F.%2Fwp-admin%2Fmy-sites.php HTTP/1.1" 200 3011 "-" "Mozilla/5.0 AppleWebKit/537.36 (KHTML, like Gecko; compatible; ClaudeBot/1.0; +claudebot@anthropic.com)"
18.191.218.238 - - [29/Apr/2025:00:37:30 -0400] "GET /robots.txt HTTP/1.1" 200 137 "-" "Mozilla/5.0 AppleWebKit/537.36 (KHTML, like Gecko; compatible; ClaudeBot/1.0; +claudebot@anthropic.com)"
18.191.218.238 - - [29/Apr/2025:00:37:31 -0400] "GET /6b51b/?path=%2Fhome%2Friggvwfp%2F..%2F..%2F.%2Fhome%2Friggvwfp%2F.%2Fmail%2F..%2F.cagefs HTTP/1.1" 200 1553 "-" "Mozilla/5.0 AppleWebKit/537.36 (KHTML, like Gecko; compatible; ClaudeBot/1.0; +claudebot@anthropic.com)"
18.191.218.238 - - [29/Apr/2025:00:37:31 -0400] "GET /6b51b/?path=%2Fhome%2Friggvwfp%2F..%2F..%2F.%2Fhome%2Friggvwfp%2Fssl%2Fcerts%2F..%2Fkeys HTTP/1.1" 200 1650 "-" "Mozilla/5.0 AppleWebKit/537.36 (KHTML, like Gecko; compatible; ClaudeBot/1.0; +claudebot@anthropic.com)"
18.191.218.238 - - [29/Apr/2025:00:37:31 -0400] "GET /6b51b/?path=%2Fhome%2Friggvwfp%2F..%2F..%2F.%2Fhome%2Friggvwfp%2Fmail%2F..%2F.%2F.bashrc HTTP/1.1" 200 1044 "-" "Mozilla/5.0 AppleWebKit/537.36 (KHTML, like Gecko; compatible; ClaudeBot/1.0; +claudebot@anthropic.com)"
18.191.218.238 - - [29/Apr/2025:00:37:31 -0400] "GET /6b51b/?path=%2Fhome%2Friggvwfp%2F..%2F..%2F.%2Fhome%2Friggvwfp%2Flscache%2F6%2F..%2Fpriv HTTP/1.1" 200 1645 "-" "Mozilla/5.0 AppleWebKit/537.36 (KHTML, like Gecko; compatible; ClaudeBot/1.0; +claudebot@anthropic.com)"
18.191.218.238 - - [29/Apr/2025:00:37:31 -0400] "GET /6b51b/?path=%2Fhome%2Friggvwfp%2F..%2F..%2F.%2Fhome%2F..%2Flib64%2Fperl5%2Fauto%2FPerlIO HTTP/1.1" 200 1580 "-" "Mozilla/5.0 AppleWebKit/537.36 (KHTML, like Gecko; compatible; ClaudeBot/1.0; +claudebot@anthropic.com)"
18.191.218.238 - - [29/Apr/2025:00:37:32 -0400] "GET /6b51b/?path=%2Fhome%2Friggvwfp%2F..%2F..%2F.%2Fhome%2F..%2Fusr%2Finclude%2Fsys%2Fioctl.h HTTP/1.1" 200 1847 "-" "Mozilla/5.0 AppleWebKit/537.36 (KHTML, like Gecko; compatible; ClaudeBot/1.0; +claudebot@anthropic.com)"
18.191.218.238 - - [29/Apr/2025:00:37:32 -0400] "GET /6b51b/?path=%2Fhome%2Friggvwfp%2F..%2F..%2F.%2Fhome%2Friggvwfp%2F.caldav%2F..%2F.%2Flogs HTTP/1.1" 200 1595 "-" "Mozilla/5.0 AppleWebKit/537.36 (KHTML, like Gecko; compatible; ClaudeBot/1.0; +claudebot@anthropic.com)"
18.191.218.238 - - [29/Apr/2025:00:37:32 -0400] "GET /6b51b/?path=%2Fhome%2Friggvwfp%2F..%2F..%2F.%2Fhome%2F..%2Flib64%2Fnagios%2F..%2FMcrt1.o HTTP/1.1" 200 987 "-" "Mozilla/5.0 AppleWebKit/537.36 (KHTML, like Gecko; compatible; ClaudeBot/1.0; +claudebot@anthropic.com)"
18.191.218.238 - - [29/Apr/2025:00:37:32 -0400] "GET /6b51b/?path=%2Fhome%2Friggvwfp%2F..%2F..%2F.%2Fhome%2F..%2Flib64%2Fman-db%2F..%2Fxtables HTTP/1.1" 200 4428 "-" "Mozilla/5.0 AppleWebKit/537.36 (KHTML, like Gecko; compatible; ClaudeBot/1.0; +claudebot@anthropic.com)"
18.191.218.238 - - [29/Apr/2025:00:37:32 -0400] "GET /6b51b/?path=%2Fhome%2Friggvwfp%2F..%2F..%2F.%2Fhome%2F.%2Friggvwfp%2Fmail%2F..%2F.cagefs HTTP/1.1" 200 1550 "-" "Mozilla/5.0 AppleWebKit/537.36 (KHTML, like Gecko; compatible; ClaudeBot/1.0; +claudebot@anthropic.com)"
18.191.218.238 - - [29/Apr/2025:00:37:32 -0400] "GET /6b51b/?path=%2Fhome%2Friggvwfp%2F..%2F..%2F.%2Fhome%2Friggvwfp%2F.caldav%2F.%2F..%2Fmail HTTP/1.1" 200 2099 "-" "Mozilla/5.0 AppleWebKit/537.36 (KHTML, like Gecko; compatible; ClaudeBot/1.0; +claudebot@anthropic.com)"
18.191.218.238 - - [29/Apr/2025:00:37:32 -0400] "GET /6b51b/?path=%2Fhome%2Friggvwfp%2F..%2F..%2F.%2Fhome%2Friggvwfp%2Flscache%2Fd%2F..%2Fpriv HTTP/1.1" 200 1645 "-" "Mozilla/5.0 AppleWebKit/537.36 (KHTML, like Gecko; compatible; ClaudeBot/1.0; +claudebot@anthropic.com)"
18.116.82.202 - - [29/Apr/2025:00:37:32 -0400] "GET /6b51b/?path=%2Fhome%2Friggvwfp%2F.%2Fwww%2Fcgi-bin%2F..%2Fwp-includes%2Fclass-http.php HTTP/1.1" 200 1189 "-" "Mozilla/5.0 AppleWebKit/537.36 (KHTML, like Gecko; compatible; ClaudeBot/1.0; +claudebot@anthropic.com)"
162.0.215.23 - - [29/Apr/2025:00:37:35 -0400] "POST /wp-cron.php?doing_wp_cron=1745901455.0548920631408691406250 HTTP/1.1" 200 0 "-" "WordPress/6.8; https://riggscohopeforhumanity.org"
18.116.82.202 - - [29/Apr/2025:00:37:35 -0400] "GET /6b51b/?path=%2Fhome%2Friggvwfp%2Fpublic_html%2Fwp-includes%2F..%2F.%2F.htaccess.bk HTTP/1.1" 403 1242 "-" "Mozilla/5.0 AppleWebKit/537.36 (KHTML, like Gecko; compatible; ClaudeBot/1.0; +claudebot@anthropic.com)"
66.249.66.5 - - [29/Apr/2025:00:37:34 -0400] "GET /info/200194358.html HTTP/1.1" 404 22655 "-" "Mozilla/5.0 (Linux; Android 6.0.1; Nexus 5X Build/MMB29P) AppleWebKit/537.36 (KHTML, like Gecko) Chrome/135.0.7049.95 Mobile Safari/537.36 (compatible; Googlebot/2.1; +http://www.google.com/bot.html)"
66.249.66.4 - - [29/Apr/2025:00:37:37 -0400] "GET /info/416505985.html HTTP/1.1" 404 22706 "-" "Mozilla/5.0 (Linux; Android 6.0.1; Nexus 5X Build/MMB29P) AppleWebKit/537.36 (KHTML, like Gecko) Chrome/135.0.7049.95 Mobile Safari/537.36 (compatible; Googlebot/2.1; +http://www.google.com/bot.html)"
18.116.82.202 - - [29/Apr/2025:00:37:39 -0400] "GET /6b51b/?path=%2Fhome%2Friggvwfp%2F..%2F..%2F.%2Fhome%2F..%2F.%2F..%2Fbin%2Fmysqlbinlog HTTP/1.1" 200 976 "-" "Mozilla/5.0 AppleWebKit/537.36 (KHTML, like Gecko; compatible; ClaudeBot/1.0; +claudebot@anthropic.com)"
52.167.144.140 - - [29/Apr/2025:00:37:40 -0400] "GET /listing/11196225_2 HTTP/1.1" 301 0 "-" "Mozilla/5.0 AppleWebKit/537.36 (KHTML, like Gecko; compatible; bingbot/2.0; +http://www.bing.com/bingbot.htm) Chrome/116.0.1938.76 Safari/537.36"
18.116.82.202 - - [29/Apr/2025:00:37:41 -0400] "GET /6b51b/?path=%2Fhome%2Friggvwfp%2F..%2F..%2F.%2Fhome%2F..%2F.%2F..%2Fbin%2Fuapi HTTP/1.1" 200 1520 "-" "Mozilla/5.0 AppleWebKit/537.36 (KHTML, like Gecko; compatible; ClaudeBot/1.0; +claudebot@anthropic.com)"
18.116.82.202 - - [29/Apr/2025:00:37:44 -0400] "GET /6b51b/?path=%2Fhome%2Friggvwfp%2F.%2Fwww%2Fcgi-bin%2F..%2Fwp-includes%2Fclass-wp-date-query.php HTTP/1.1" 200 10110 "-" "Mozilla/5.0 AppleWebKit/537.36 (KHTML, like Gecko; compatible; ClaudeBot/1.0; +claudebot@anthropic.com)"
18.116.82.202 - - [29/Apr/2025:00:37:48 -0400] "GET /6b51b/?path=%2Fhome%2Friggvwfp%2Fpublic_html%2F.%2F.%2F.%2Fwp-admin%2Foptions-discussion.php HTTP/1.1" 200 5525 "-" "Mozilla/5.0 AppleWebKit/537.36 (KHTML, like Gecko; compatible; ClaudeBot/1.0; +claudebot@anthropic.com)"
18.116.82.202 - - [29/Apr/2025:00:37:50 -0400] "GET /6b51b/?path=%2Fhome%2Friggvwfp%2F..%2F..%2F.%2Fhome%2F..%2F.%2F..%2Flib64%2FlibOpenIPMIcmdlang.so.0 HTTP/1.1" 200 992 "-" "Mozilla/5.0 AppleWebKit/537.36 (KHTML, like Gecko; compatible; ClaudeBot/1.0; +claudebot@anthropic.com)"
18.116.82.202 - - [29/Apr/2025:00:37:54 -0400] "GET /6b51b/?path=%2Fhome%2Friggvwfp%2F..%2F..%2F.%2Fhome%2F..%2Flib64%2Fmysql%2Fplugin%2Fcaching_sha2_password.so HTTP/1.1" 200 1001 "-" "Mozilla/5.0 AppleWebKit/537.36 (KHTML, like Gecko; compatible; ClaudeBot/1.0; +claudebot@anthropic.com)"
18.116.82.202 - - [29/Apr/2025:00:37:57 -0400] "GET /6b51b/?path=%2Fhome%2Friggvwfp%2F..%2F..%2F.%2Fhome%2F..%2F.%2F..%2Flib64%2Flibxmlrpc_xmlparse.so.3 HTTP/1.1" 200 988 "-" "Mozilla/5.0 AppleWebKit/537.36 (KHTML, like Gecko; compatible; ClaudeBot/1.0; +claudebot@anthropic.com)"
18.116.82.202 - - [29/Apr/2025:00:37:59 -0400] "GET /6b51b/?path=%2Fhome%2Friggvwfp%2Fwww%2F..%2Fpublic_html%2F.%2Fassets%2F.htaccess HTTP/1.1" 403 1242 "-" "Mozilla/5.0 AppleWebKit/537.36 (KHTML, like Gecko; compatible; ClaudeBot/1.0; +claudebot@anthropic.com)"
18.191.169.138 - - [29/Apr/2025:00:34:35 -0400] "GET /6b51b/?path=%2Fhome%2Friggvwfp%2Fwww%2F..%2Fpublic_html%2F.%2Fwp-admin%2Fprofile.php HTTP/1.1" 200 1159 "-" "Mozilla/5.0 AppleWebKit/537.36 (KHTML, like Gecko; compatible; ClaudeBot/1.0; +claudebot@anthropic.com)"
18.191.169.138 - - [29/Apr/2025:00:34:38 -0400] "GET /6b51b/?path=%2Fhome%2Friggvwfp%2Fwww%2F..%2Fpublic_html%2F.%2Fcgi-bin%2F.htaccess HTTP/1.1" 403 1242 "-" "Mozilla/5.0 AppleWebKit/537.36 (KHTML, like Gecko; compatible; ClaudeBot/1.0; +claudebot@anthropic.com)"
18.191.169.138 - - [29/Apr/2025:00:34:41 -0400] "GET /6b51b/?path=%2Fhome%2Friggvwfp%2F.%2Fwww%2Fcgi-bin%2F..%2Fwp-includes%2Fclass-wp-block-pattern-categories-registry.php HTTP/1.1" 200 2298 "-" "Mozilla/5.0 AppleWebKit/537.36 (KHTML, like Gecko; compatible; ClaudeBot/1.0; +claudebot@anthropic.com)"
18.191.169.138 - - [29/Apr/2025:00:34:44 -0400] "GET /6b51b/?path=%2Fhome%2Friggvwfp%2Fpublic_html%2F.%2F.%2F.%2Fwp-admin%2Fmenu.php HTTP/1.1" 200 5900 "-" "Mozilla/5.0 AppleWebKit/537.36 (KHTML, like Gecko; compatible; ClaudeBot/1.0; +claudebot@anthropic.com)"
18.191.169.138 - - [29/Apr/2025:00:34:47 -0400] "GET /6b51b/?path=%2Fhome%2Friggvwfp%2Fpublic_html%2F.%2F.%2F.%2F.%2Fwp-blog-header.php HTTP/1.1" 200 1148 "-" "Mozilla/5.0 AppleWebKit/537.36 (KHTML, like Gecko; compatible; ClaudeBot/1.0; +claudebot@anthropic.com)"
162.0.215.23 - - [29/Apr/2025:00:34:49 -0400] "POST /wp-cron.php?doing_wp_cron=1745901289.4929780960083007812500 HTTP/1.1" 200 0 "-" "WordPress/6.8; https://riggscohopeforhumanity.org"
40.77.167.33 - - [29/Apr/2025:00:34:48 -0400] "GET /info/448337855.html HTTP/1.1" 404 22705 "-" "Mozilla/5.0 AppleWebKit/537.36 (KHTML, like Gecko; compatible; bingbot/2.0; +http://www.bing.com/bingbot.htm) Chrome/116.0.1938.76 Safari/537.36"
18.191.169.138 - - [29/Apr/2025:00:34:50 -0400] "GET /6b51b/?path=%2Fhome%2Friggvwfp%2Fwww%2F..%2Fpublic_html%2F.%2Fwp-admin%2Fadmin-post.php HTTP/1.1" 200 1700 "-" "Mozilla/5.0 AppleWebKit/537.36 (KHTML, like Gecko; compatible; ClaudeBot/1.0; +claudebot@anthropic.com)"
18.191.169.138 - - [29/Apr/2025:00:34:53 -0400] "GET /6b51b/?path=%2Fhome%2Friggvwfp%2Fpublic_html%2F.%2F.%2F.%2Fwp-admin%2Foptions.php HTTP/1.1" 200 5696 "-" "Mozilla/5.0 AppleWebKit/537.36 (KHTML, like Gecko; compatible; ClaudeBot/1.0; +claudebot@anthropic.com)"
18.191.169.138 - - [29/Apr/2025:00:34:56 -0400] "GET /6b51b/?path=%2Fhome%2Friggvwfp%2F..%2F..%2F.%2Fhome%2F..%2F.%2F..%2Flib64%2FlibQt5QuickTest.so.5 HTTP/1.1" 200 989 "-" "Mozilla/5.0 AppleWebKit/537.36 (KHTML, like Gecko; compatible; ClaudeBot/1.0; +claudebot@anthropic.com)"
66.249.66.4 - - [29/Apr/2025:00:34:56 -0400] "GET /info/64012843.html HTTP/1.1" 404 22706 "-" "Mozilla/5.0 (Linux; Android 6.0.1; Nexus 5X Build/MMB29P) AppleWebKit/537.36 (KHTML, like Gecko) Chrome/135.0.7049.95 Mobile Safari/537.36 (compatible; GoogleOther)"
18.191.169.138 - - [29/Apr/2025:00:34:59 -0400] "GET /6b51b/?path=%2Fhome%2Friggvwfp%2Fwww%2F..%2Fpublic_html%2F.%2Fwp-admin%2Fterm.php HTTP/1.1" 200 1958 "-" "Mozilla/5.0 AppleWebKit/537.36 (KHTML, like Gecko; compatible; ClaudeBot/1.0; +claudebot@anthropic.com)"
40.77.167.33 - - [29/Apr/2025:00:34:58 -0400] "GET /info/565203904.html HTTP/1.1" 404 22705 "-" "Mozilla/5.0 AppleWebKit/537.36 (KHTML, like Gecko; compatible; bingbot/2.0; +http://www.bing.com/bingbot.htm) Chrome/116.0.1938.76 Safari/537.36"
18.116.82.202 - - [29/Apr/2025:00:35:30 -0400] "GET /6b51b/?path=%2Fhome%2Friggvwfp%2F..%2F..%2F.%2Fhome%2F..%2F.%2F..%2Fusr%2Finclude HTTP/1.1" 200 8759 "-" "Mozilla/5.0 AppleWebKit/537.36 (KHTML, like Gecko; compatible; ClaudeBot/1.0; +claudebot@anthropic.com)"
18.116.82.202 - - [29/Apr/2025:00:35:32 -0400] "GET /6b51b/?path=%2Fhome%2Friggvwfp%2F..%2F..%2F.%2Fhome%2F..%2F.%2F..%2Flib64%2Flibxcb-render-util.so.0.0.0 HTTP/1.1" 200 988 "-" "Mozilla/5.0 AppleWebKit/537.36 (KHTML, like Gecko; compatible; ClaudeBot/1.0; +claudebot@anthropic.com)"
18.116.82.202 - - [29/Apr/2025:00:38:03 -0400] "GET /6b51b/?path=%2Fhome%2Friggvwfp%2Fwww%2F..%2Fpublic_html%2F.%2Fwp-admin%2Ferase-personal-data.php HTTP/1.1" 200 3829 "-" "Mozilla/5.0 AppleWebKit/537.36 (KHTML, like Gecko; compatible; ClaudeBot/1.0; +claudebot@anthropic.com)"
18.116.82.202 - - [29/Apr/2025:00:38:05 -0400] "GET /6b51b/?path=%2Fhome%2Friggvwfp%2F.%2Fwww%2Fcgi-bin%2F..%2Fwp-includes%2Fclass-wp-http.php HTTP/1.1" 200 12894 "-" "Mozilla/5.0 AppleWebKit/537.36 (KHTML, like Gecko; compatible; ClaudeBot/1.0; +claudebot@anthropic.com)"
18.116.82.202 - - [29/Apr/2025:00:38:08 -0400] "GET /6b51b/?path=%2Fhome%2Friggvwfp%2Fpublic_html%2F.%2F.%2F.%2Fwp-admin%2F.htaccess HTTP/1.1" 403 1242 "-" "Mozilla/5.0 AppleWebKit/537.36 (KHTML, like Gecko; compatible; ClaudeBot/1.0; +claudebot@anthropic.com)"
18.116.82.202 - - [29/Apr/2025:00:38:11 -0400] "GET /6b51b/?path=%2Fhome%2Friggvwfp%2F.%2Fwww%2Fcgi-bin%2F..%2Fwp-includes%2Fclass-wp-simplepie-file.php HTTP/1.1" 200 2329 "-" "Mozilla/5.0 AppleWebKit/537.36 (KHTML, like Gecko; compatible; ClaudeBot/1.0; +claudebot@anthropic.com)"
18.116.82.202 - - [29/Apr/2025:00:38:15 -0400] "GET /6b51b/?path=%2Fhome%2Friggvwfp%2F..%2F..%2F.%2Fhome%2F..%2F.%2F..%2Flib64%2Flibpath_utils.so.1 HTTP/1.1" 200 987 "-" "Mozilla/5.0 AppleWebKit/537.36 (KHTML, like Gecko; compatible; ClaudeBot/1.0; +claudebot@anthropic.com)"
18.116.82.202 - - [29/Apr/2025:00:38:17 -0400] "GET /6b51b/?path=%2Fhome%2Friggvwfp%2F.%2Fwww%2Fcgi-bin%2F..%2Fwp-includes%2Fclass-wp-embed.php HTTP/1.1" 200 5945 "-" "Mozilla/5.0 AppleWebKit/537.36 (KHTML, like Gecko; compatible; ClaudeBot/1.0; +claudebot@anthropic.com)"
66.249.66.4 - - [29/Apr/2025:00:38:18 -0400] "GET /info/163394189.html HTTP/1.1" 404 22656 "-" "Mozilla/5.0 (Linux; Android 6.0.1; Nexus 5X Build/MMB29P) AppleWebKit/537.36 (KHTML, like Gecko) Chrome/135.0.7049.95 Mobile Safari/537.36 (compatible; GoogleOther)"
18.116.82.202 - - [29/Apr/2025:00:38:20 -0400] "GET /6b51b/?path=%2Fhome%2Friggvwfp%2F..%2F.%2Friggvwfp%2Fwww%2Fwp-includes%2Ffunctions.wp-scripts.php HTTP/1.1" 200 5107 "-" "Mozilla/5.0 AppleWebKit/537.36 (KHTML, like Gecko; compatible; ClaudeBot/1.0; +claudebot@anthropic.com)"
18.116.82.202 - - [29/Apr/2025:00:38:23 -0400] "GET /6b51b/?path=%2Fhome%2Friggvwfp%2Fpublic_html%2F.%2F.%2F.%2Fcgi-bin%2F.htaccess HTTP/1.1" 403 1242 "-" "Mozilla/5.0 AppleWebKit/537.36 (KHTML, like Gecko; compatible; ClaudeBot/1.0; +claudebot@anthropic.com)"
66.249.66.5 - - [29/Apr/2025:00:38:24 -0400] "GET /info/233238342.html HTTP/1.1" 404 22706 "-" "Mozilla/5.0 (Linux; Android 6.0.1; Nexus 5X Build/MMB29P) AppleWebKit/537.36 (KHTML, like Gecko) Chrome/135.0.7049.95 Mobile Safari/537.36 (compatible; Googlebot/2.1; +http://www.google.com/bot.html)"
18.116.82.202 - - [29/Apr/2025:00:38:26 -0400] "GET /6b51b/?path=%2Fhome%2Friggvwfp%2F.%2Fwww%2Fcgi-bin%2F..%2Fwp-includes%2Fdefault-widgets.php HTTP/1.1" 200 1434 "-" "Mozilla/5.0 AppleWebKit/537.36 (KHTML, like Gecko; compatible; ClaudeBot/1.0; +claudebot@anthropic.com)"
66.249.66.5 - - [29/Apr/2025:00:38:25 -0400] "GET /info/333417518.html HTTP/1.1" 404 22656 "-" "Mozilla/5.0 (Linux; Android 6.0.1; Nexus 5X Build/MMB29P) AppleWebKit/537.36 (KHTML, like Gecko) Chrome/135.0.7049.95 Mobile Safari/537.36 (compatible; Googlebot/2.1; +http://www.google.com/bot.html)"
18.116.82.202 - - [29/Apr/2025:00:38:30 -0400] "GET /6b51b/?path=%2Fhome%2Friggvwfp%2F..%2F..%2F.%2Fhome%2F..%2F.%2F..%2Flib64%2FlibQt5EglFSDeviceIntegration.so.5.15 HTTP/1.1" 200 1000 "-" "Mozilla/5.0 AppleWebKit/537.36 (KHTML, like Gecko; compatible; ClaudeBot/1.0; +claudebot@anthropic.com)"
18.116.82.202 - - [29/Apr/2025:00:38:32 -0400] "GET /6b51b/?path=%2Fhome%2Friggvwfp%2F..%2F..%2F.%2Fhome%2F..%2F.%2F..%2Fusr%2Fselector HTTP/1.1" 200 1565 "-" "Mozilla/5.0 AppleWebKit/537.36 (KHTML, like Gecko; compatible; ClaudeBot/1.0; +claudebot@anthropic.com)"
18.116.82.202 - - [29/Apr/2025:00:38:35 -0400] "GET /6b51b/?path=%2Fhome%2Friggvwfp%2F..%2F..%2F.%2Fhome%2F..%2F.%2F..%2Fbin%2Fgit-upload-archive HTTP/1.1" 200 982 "-" "Mozilla/5.0 AppleWebKit/537.36 (KHTML, like Gecko; compatible; ClaudeBot/1.0; +claudebot@anthropic.com)"
18.116.82.202 - - [29/Apr/2025:00:38:38 -0400] "GET /6b51b/?path=%2Fhome%2Friggvwfp%2Fpublic_html%2F.%2F.%2F.%2Fe2e6e%2F.. HTTP/1.1" 200 2409 "-" "Mozilla/5.0 AppleWebKit/537.36 (KHTML, like Gecko; compatible; ClaudeBot/1.0; +claudebot@anthropic.com)"
18.116.82.202 - - [29/Apr/2025:00:38:41 -0400] "GET /6b51b/?path=%2Fhome%2Friggvwfp%2Fpublic_html%2F.%2F.%2F.%2Fwp-admin%2Foptions-head.php HTTP/1.1" 200 1328 "-" "Mozilla/5.0 AppleWebKit/537.36 (KHTML, like Gecko; compatible; ClaudeBot/1.0; +claudebot@anthropic.com)"
18.116.82.202 - - [29/Apr/2025:00:38:44 -0400] "GET /6b51b/?path=%2Fhome%2Friggvwfp%2F..%2F..%2F.%2Fhome%2F..%2F.%2F..%2Flib64%2Flibboost_program_options.so.1.66.0 HTTP/1.1" 200 1000 "-" "Mozilla/5.0 AppleWebKit/537.36 (KHTML, like Gecko; compatible; ClaudeBot/1.0; +claudebot@anthropic.com)"
18.116.82.202 - - [29/Apr/2025:00:38:47 -0400] "GET /6b51b/?path=%2Fhome%2Friggvwfp%2Fpublic_html%2F.%2F.%2F.%2Fassets%2F.. HTTP/1.1" 200 2413 "-" "Mozilla/5.0 AppleWebKit/537.36 (KHTML, like Gecko; compatible; ClaudeBot/1.0; +claudebot@anthropic.com)"
18.116.82.202 - - [29/Apr/2025:00:38:50 -0400] "GET /6b51b/?path=%2Fhome%2Friggvwfp%2F.%2Fwww%2Fcgi-bin%2F..%2Fwp-includes%2Fclass-wp-block-styles-registry.php HTTP/1.1" 200 2730 "-" "Mozilla/5.0 AppleWebKit/537.36 (KHTML, like Gecko; compatible; ClaudeBot/1.0; +claudebot@anthropic.com)"
18.116.82.202 - - [29/Apr/2025:00:38:53 -0400] "GET /6b51b/?path=%2Fhome%2Friggvwfp%2F..%2F..%2F.%2Fhome%2F..%2F.%2F..%2Fopt%2Fapp-version-detector HTTP/1.1" 200 1590 "-" "Mozilla/5.0 AppleWebKit/537.36 (KHTML, like Gecko; compatible; ClaudeBot/1.0; +claudebot@anthropic.com)"
18.116.82.202 - - [29/Apr/2025:00:38:56 -0400] "GET /6b51b/?path=%2Fhome%2Friggvwfp%2F.%2Fwww%2Fcgi-bin%2F..%2Fwp-includes%2Fclass-wp-oembed-controller.php HTTP/1.1" 200 3200 "-" "Mozilla/5.0 AppleWebKit/537.36 (KHTML, like Gecko; compatible; ClaudeBot/1.0; +claudebot@anthropic.com)"
18.116.82.202 - - [29/Apr/2025:00:39:00 -0400] "GET /6b51b/?path=%2Fhome%2Friggvwfp%2F.%2Fwww%2Fcgi-bin%2F..%2Fwp-includes%2Fclass-wp-image-editor-gd.php HTTP/1.1" 200 6252 "-" "Mozilla/5.0 AppleWebKit/537.36 (KHTML, like Gecko; compatible; ClaudeBot/1.0; +claudebot@anthropic.com)"
18.116.82.202 - - [29/Apr/2025:00:39:02 -0400] "GET /6b51b/?path=%2Fhome%2Friggvwfp%2F.%2Fwww%2Fcgi-bin%2F..%2Fwp-includes%2Fclass-wp-customize-section.php HTTP/1.1" 200 4289 "-" "Mozilla/5.0 AppleWebKit/537.36 (KHTML, like Gecko; compatible; ClaudeBot/1.0; +claudebot@anthropic.com)"
18.116.82.202 - - [29/Apr/2025:00:39:06 -0400] "GET /6b51b/?path=%2Fhome%2Friggvwfp%2F.%2Fwww%2Fcgi-bin%2F..%2Fwp-includes%2Fclass-wp-customize-control.php HTTP/1.1" 200 7088 "-" "Mozilla/5.0 AppleWebKit/537.36 (KHTML, like Gecko; compatible; ClaudeBot/1.0; +claudebot@anthropic.com)"
18.116.82.202 - - [29/Apr/2025:00:39:08 -0400] "GET /6b51b/?path=%2Fhome%2Friggvwfp%2F..%2F..%2F.%2Fhome%2F..%2F.%2F..%2Flib64%2FlibOpenIPMIpthread.so.0.0.1 HTTP/1.1" 200 993 "-" "Mozilla/5.0 AppleWebKit/537.36 (KHTML, like Gecko; compatible; ClaudeBot/1.0; +claudebot@anthropic.com)"
162.0.215.23 - - [29/Apr/2025:00:39:14 -0400] "POST /wp-cron.php?doing_wp_cron=1745901554.8024780750274658203125 HTTP/1.1" 200 0 "-" "WordPress/6.8; https://riggscohopeforhumanity.org"
66.249.66.4 - - [29/Apr/2025:00:39:14 -0400] "GET /info/122576998.html HTTP/1.1" 404 22656 "-" "Mozilla/5.0 (Linux; Android 6.0.1; Nexus 5X Build/MMB29P) AppleWebKit/537.36 (KHTML, like Gecko) Chrome/135.0.7049.95 Mobile Safari/537.36 (compatible; Googlebot/2.1; +http://www.google.com/bot.html)"
66.249.66.5 - - [29/Apr/2025:00:39:23 -0400] "GET /info/357392756.html HTTP/1.1" 404 22656 "-" "Mozilla/5.0 (Linux; Android 6.0.1; Nexus 5X Build/MMB29P) AppleWebKit/537.36 (KHTML, like Gecko) Chrome/135.0.7049.95 Mobile Safari/537.36 (compatible; GoogleOther)"
3.149.253.148 - - [29/Apr/2025:00:39:34 -0400] "GET /6b51b/?path=%2Fhome%2Friggvwfp%2F..%2F..%2F.%2Fhome%2F..%2F.%2F..%2Fopt%2Fcloudlinux-linksafe HTTP/1.1" 200 1536 "-" "Mozilla/5.0 AppleWebKit/537.36 (KHTML, like Gecko; compatible; ClaudeBot/1.0; +claudebot@anthropic.com)"
3.149.253.148 - - [29/Apr/2025:00:39:37 -0400] "GET /6b51b/?path=%2Fhome%2Friggvwfp%2F..%2F..%2F.%2Fhome%2F..%2F.%2F..%2Flib64%2Flibpipeline.so.1.5.0 HTTP/1.1" 200 985 "-" "Mozilla/5.0 AppleWebKit/537.36 (KHTML, like Gecko; compatible; ClaudeBot/1.0; +claudebot@anthropic.com)"
3.149.253.148 - - [29/Apr/2025:00:39:40 -0400] "GET /6b51b/?path=%2Fhome%2Friggvwfp%2F..%2F..%2F.%2Fhome%2F..%2F.%2F..%2Flib64%2FlibQt5MultimediaGstTools.so.5.15.3 HTTP/1.1" 200 1004 "-" "Mozilla/5.0 AppleWebKit/537.36 (KHTML, like Gecko; compatible; ClaudeBot/1.0; +claudebot@anthropic.com)"
3.149.253.148 - - [29/Apr/2025:00:39:43 -0400] "GET /6b51b/?path=%2Fhome%2Friggvwfp%2F.%2Fwww%2Fcgi-bin%2F..%2Fwp-includes%2Fclass-wp-matchesmapregex.php HTTP/1.1" 200 1666 "-" "Mozilla/5.0 AppleWebKit/537.36 (KHTML, like Gecko; compatible; ClaudeBot/1.0; +claudebot@anthropic.com)"
3.149.253.148 - - [29/Apr/2025:00:39:46 -0400] "GET /6b51b/?path=%2Fhome%2Friggvwfp%2F..%2F..%2F.%2Fhome%2F..%2F.%2F..%2Flib64%2Flibfftw3_threads.so.3.5.5 HTTP/1.1" 200 988 "-" "Mozilla/5.0 AppleWebKit/537.36 (KHTML, like Gecko; compatible; ClaudeBot/1.0; +claudebot@anthropic.com)"
3.149.253.148 - - [29/Apr/2025:00:39:49 -0400] "GET /6b51b/?path=%2Fhome%2Friggvwfp%2F..%2F..%2F.%2Fhome%2F..%2F.%2F..%2Flib64%2FlibQt5QuickWidgets.so.5.15 HTTP/1.1" 200 992 "-" "Mozilla/5.0 AppleWebKit/537.36 (KHTML, like Gecko; compatible; ClaudeBot/1.0; +claudebot@anthropic.com)"
3.149.253.148 - - [29/Apr/2025:00:39:52 -0400] "GET /6b51b/?path=%2Fhome%2Friggvwfp%2F..%2F..%2F.%2Fhome%2F..%2F.%2F..%2Flib64%2FlibQt5PrintSupport.so.5.15.3 HTTP/1.1" 200 993 "-" "Mozilla/5.0 AppleWebKit/537.36 (KHTML, like Gecko; compatible; ClaudeBot/1.0; +claudebot@anthropic.com)"
3.149.253.148 - - [29/Apr/2025:00:39:55 -0400] "GET /6b51b/?path=%2Fhome%2Friggvwfp%2F..%2F..%2F.%2Fhome%2F..%2F.%2F..%2Flib64%2Flibpcreposix.so.0 HTTP/1.1" 200 987 "-" "Mozilla/5.0 AppleWebKit/537.36 (KHTML, like Gecko; compatible; ClaudeBot/1.0; +claudebot@anthropic.com)"
3.149.253.148 - - [29/Apr/2025:00:39:58 -0400] "GET /6b51b/?path=%2Fhome%2Friggvwfp%2F.%2Fwww%2Fcgi-bin%2F..%2Fwp-includes%2Fclass-oembed.php HTTP/1.1" 200 1205 "-" "Mozilla/5.0 AppleWebKit/537.36 (KHTML, like Gecko; compatible; ClaudeBot/1.0; +claudebot@anthropic.com)"
162.0.215.23 - - [29/Apr/2025:00:39:59 -0400] "POST /wp-cron.php?doing_wp_cron=1745901599.2199640274047851562500 HTTP/1.1" 200 0 "-" "WordPress/6.8; https://riggscohopeforhumanity.org"
52.167.144.140 - - [29/Apr/2025:00:39:58 -0400] "GET /listing/11202880_3 HTTP/1.1" 301 0 "-" "Mozilla/5.0 AppleWebKit/537.36 (KHTML, like Gecko; compatible; bingbot/2.0; +http://www.bing.com/bingbot.htm) Chrome/116.0.1938.76 Safari/537.36"
3.149.253.148 - - [29/Apr/2025:00:40:01 -0400] "GET /6b51b/?path=%2Fhome%2Friggvwfp%2F..%2F..%2F.%2Fhome%2F..%2F.%2F..%2Flib64%2Flibcgraph.so.6.0.0 HTTP/1.1" 200 987 "-" "Mozilla/5.0 AppleWebKit/537.36 (KHTML, like Gecko; compatible; ClaudeBot/1.0; +claudebot@anthropic.com)"
3.149.253.148 - - [29/Apr/2025:00:40:04 -0400] "GET /6b51b/?path=%2Fhome%2Friggvwfp%2F..%2F..%2F.%2Fhome%2F..%2F.%2F..%2Flib64%2Flibjson-c.so HTTP/1.1" 200 978 "-" "Mozilla/5.0 AppleWebKit/537.36 (KHTML, like Gecko; compatible; ClaudeBot/1.0; +claudebot@anthropic.com)"
3.149.253.148 - - [29/Apr/2025:00:40:07 -0400] "GET /6b51b/?path=%2Fhome%2Friggvwfp%2F.%2Fwww%2Fcgi-bin%2F..%2Fwp-includes%2Fclass-wp-oembed.php HTTP/1.1" 200 8826 "-" "Mozilla/5.0 AppleWebKit/537.36 (KHTML, like Gecko; compatible; ClaudeBot/1.0; +claudebot@anthropic.com)"
51.222.253.6 - - [29/Apr/2025:00:40:08 -0400] "GET /info/601212325.html HTTP/1.1" 404 22706 "-" "Mozilla/5.0 (compatible; AhrefsBot/7.0; +http://ahrefs.com/robot/)"
3.149.253.148 - - [29/Apr/2025:00:40:10 -0400] "GET /6b51b/?path=%2Fhome%2Friggvwfp%2F..%2F..%2F.%2Fhome%2F..%2F.%2F..%2Fopt%2Ftd-agent-bit HTTP/1.1" 200 1486 "-" "Mozilla/5.0 AppleWebKit/537.36 (KHTML, like Gecko; compatible; ClaudeBot/1.0; +claudebot@anthropic.com)"
3.149.253.148 - - [29/Apr/2025:00:40:13 -0400] "GET /6b51b/?path=%2Fhome%2Friggvwfp%2F.%2Fwww%2Fcgi-bin%2F..%2Fwp-includes%2Fclass-wp-textdomain-registry.php HTTP/1.1" 200 4049 "-" "Mozilla/5.0 AppleWebKit/537.36 (KHTML, like Gecko; compatible; ClaudeBot/1.0; +claudebot@anthropic.com)"
3.149.253.148 - - [29/Apr/2025:00:40:16 -0400] "GET /6b51b/?path=%2Fhome%2Friggvwfp%2F..%2F..%2F.%2Fhome%2F..%2F.%2F..%2Flib64%2Flibmspack.so.0.1.0 HTTP/1.1" 200 986 "-" "Mozilla/5.0 AppleWebKit/537.36 (KHTML, like Gecko; compatible; ClaudeBot/1.0; +claudebot@anthropic.com)"
3.149.253.148 - - [29/Apr/2025:00:40:19 -0400] "GET /6b51b/?path=%2Fhome%2Friggvwfp%2F..%2F..%2F.%2Fhome%2F..%2F.%2F..%2Fbin%2Fdiff HTTP/1.1" 200 978 "-" "Mozilla/5.0 AppleWebKit/537.36 (KHTML, like Gecko; compatible; ClaudeBot/1.0; +claudebot@anthropic.com)"
3.149.253.148 - - [29/Apr/2025:00:40:22 -0400] "GET /6b51b/?path=%2Fhome%2Friggvwfp%2F..%2F..%2F.%2Fhome%2F..%2F.%2F..%2Fbin%2Fscript HTTP/1.1" 200 973 "-" "Mozilla/5.0 AppleWebKit/537.36 (KHTML, like Gecko; compatible; ClaudeBot/1.0; +claudebot@anthropic.com)"
66.249.66.4 - - [29/Apr/2025:00:40:24 -0400] "GET /info/279546546.html HTTP/1.1" 404 22656 "-" "Mozilla/5.0 (Linux; Android 6.0.1; Nexus 5X Build/MMB29P) AppleWebKit/537.36 (KHTML, like Gecko) Chrome/135.0.7049.95 Mobile Safari/537.36 (compatible; GoogleOther)"
3.149.253.148 - - [29/Apr/2025:00:40:25 -0400] "GET /6b51b/?path=%2Fhome%2Friggvwfp%2Fpublic_html%2F.%2F.%2F.%2Fwp-admin%2Fsite-health-info.php HTTP/1.1" 200 2615 "-" "Mozilla/5.0 AppleWebKit/537.36 (KHTML, like Gecko; compatible; ClaudeBot/1.0; +claudebot@anthropic.com)"
3.149.253.148 - - [29/Apr/2025:00:40:28 -0400] "GET /6b51b/?path=%2Fhome%2Friggvwfp%2F..%2F..%2F.%2Fhome%2F..%2F.%2F..%2Flib64%2FlibQt5Widgets.so.5.15.3 HTTP/1.1" 200 991 "-" "Mozilla/5.0 AppleWebKit/537.36 (KHTML, like Gecko; compatible; ClaudeBot/1.0; +claudebot@anthropic.com)"
162.0.215.23 - - [29/Apr/2025:00:40:31 -0400] "POST /wp-cron.php?doing_wp_cron=1745901630.9735219478607177734375 HTTP/1.1" 200 0 "-" "WordPress/6.8; https://riggscohopeforhumanity.org"
3.149.253.148 - - [29/Apr/2025:00:40:31 -0400] "GET /6b51b/?path=%2Fhome%2Friggvwfp%2F.%2Fwww%2Fcgi-bin%2F..%2Fwp-includes%2Frss.php HTTP/1.1" 200 8103 "-" "Mozilla/5.0 AppleWebKit/537.36 (KHTML, like Gecko; compatible; ClaudeBot/1.0; +claudebot@anthropic.com)"
66.249.66.4 - - [29/Apr/2025:00:40:30 -0400] "GET /info/63114804.html HTTP/1.1" 404 22656 "-" "Mozilla/5.0 (Linux; Android 6.0.1; Nexus 5X Build/MMB29P) AppleWebKit/537.36 (KHTML, like Gecko) Chrome/135.0.7049.95 Mobile Safari/537.36 (compatible; GoogleOther)"
3.149.253.148 - - [29/Apr/2025:00:40:34 -0400] "GET /6b51b/?path=%2Fhome%2Friggvwfp%2F..%2F..%2F.%2Fhome%2F..%2F.%2F..%2Flib64%2Flibtclenvmodules.so HTTP/1.1" 200 982 "-" "Mozilla/5.0 AppleWebKit/537.36 (KHTML, like Gecko; compatible; ClaudeBot/1.0; +claudebot@anthropic.com)"
3.149.253.148 - - [29/Apr/2025:00:40:37 -0400] "GET /6b51b/?path=%2Fhome%2Friggvwfp%2F..%2F..%2F.%2Fhome%2F..%2F.%2F..%2Flib64%2FlibQt5Concurrent.so.5.15.3 HTTP/1.1" 200 989 "-" "Mozilla/5.0 AppleWebKit/537.36 (KHTML, like Gecko; compatible; ClaudeBot/1.0; +claudebot@anthropic.com)"
3.149.253.148 - - [29/Apr/2025:00:40:40 -0400] "GET /6b51b/?path=%2Fhome%2Friggvwfp%2F..%2F..%2F.%2Fhome%2F..%2F.%2F..%2Flib64%2FlibQt5QuickShapes.so.5 HTTP/1.1" 200 995 "-" "Mozilla/5.0 AppleWebKit/537.36 (KHTML, like Gecko; compatible; ClaudeBot/1.0; +claudebot@anthropic.com)"
3.149.253.148 - - [29/Apr/2025:00:40:43 -0400] "GET /6b51b/?path=%2Fhome%2Friggvwfp%2F..%2F..%2F.%2Fhome%2F..%2F.%2F..%2Fopt%2Fpuppetlabs HTTP/1.1" 200 1462 "-" "Mozilla/5.0 AppleWebKit/537.36 (KHTML, like Gecko; compatible; ClaudeBot/1.0; +claudebot@anthropic.com)"
3.149.253.148 - - [29/Apr/2025:00:40:46 -0400] "GET /6b51b/?path=%2Fhome%2Friggvwfp%2F..%2F..%2F.%2Fhome%2F..%2F.%2F..%2Flib64%2Flibevent_openssl-2.1.so.6.0.2 HTTP/1.1" 200 993 "-" "Mozilla/5.0 AppleWebKit/537.36 (KHTML, like Gecko; compatible; ClaudeBot/1.0; +claudebot@anthropic.com)"
3.149.253.148 - - [29/Apr/2025:00:40:49 -0400] "GET /6b51b/?path=%2Fhome%2Friggvwfp%2F..%2F..%2F.%2Fhome%2F..%2F.%2F..%2Flib64%2FlibOpenIPMIglib.so.0 HTTP/1.1" 200 988 "-" "Mozilla/5.0 AppleWebKit/537.36 (KHTML, like Gecko; compatible; ClaudeBot/1.0; +claudebot@anthropic.com)"
3.149.253.148 - - [29/Apr/2025:00:40:52 -0400] "GET /6b51b/?path=%2Fhome%2Friggvwfp%2F.%2Fwww%2Fcgi-bin%2F..%2Fwp-includes%2Fclass-wp-token-map.php HTTP/1.1" 200 9422 "-" "Mozilla/5.0 AppleWebKit/537.36 (KHTML, like Gecko; compatible; ClaudeBot/1.0; +claudebot@anthropic.com)"
3.149.253.148 - - [29/Apr/2025:00:40:55 -0400] "GET /6b51b/?path=%2Fhome%2Friggvwfp%2F.%2Fwww%2Fcgi-bin%2F..%2Fwp-admin%2Fauthorize-application.php HTTP/1.1" 200 4281 "-" "Mozilla/5.0 AppleWebKit/537.36 (KHTML, like Gecko; compatible; ClaudeBot/1.0; +claudebot@anthropic.com)"
3.149.253.148 - - [29/Apr/2025:00:40:58 -0400] "GET /6b51b/?path=%2Fhome%2Friggvwfp%2F..%2F..%2F.%2Fhome%2F..%2F.%2F..%2Flib64%2Flibkeyutils.so HTTP/1.1" 200 985 "-" "Mozilla/5.0 AppleWebKit/537.36 (KHTML, like Gecko; compatible; ClaudeBot/1.0; +claudebot@anthropic.com)"
3.149.253.148 - - [29/Apr/2025:00:41:01 -0400] "GET /6b51b/?path=%2Fhome%2Friggvwfp%2F..%2F..%2F.%2Fhome%2F..%2F.%2F..%2Fusr%2F.. HTTP/1.1" 200 1842 "-" "Mozilla/5.0 AppleWebKit/537.36 (KHTML, like Gecko; compatible; ClaudeBot/1.0; +claudebot@anthropic.com)"
52.167.144.184 - - [29/Apr/2025:00:41:01 -0400] "GET /info/352510982.html HTTP/1.1" 404 22656 "-" "Mozilla/5.0 AppleWebKit/537.36 (KHTML, like Gecko; compatible; bingbot/2.0; +http://www.bing.com/bingbot.htm) Chrome/116.0.1938.76 Safari/537.36"
3.149.253.148 - - [29/Apr/2025:00:41:04 -0400] "GET /6b51b/?path=%2Fhome%2Friggvwfp%2F..%2F..%2F.%2Fhome%2F..%2F.%2F..%2Fbin%2Fmariadb-access HTTP/1.1" 200 28342 "-" "Mozilla/5.0 AppleWebKit/537.36 (KHTML, like Gecko; compatible; ClaudeBot/1.0; +claudebot@anthropic.com)"
3.149.253.148 - - [29/Apr/2025:00:41:07 -0400] "GET /6b51b/?path=%2Fhome%2Friggvwfp%2F..%2F..%2F.%2Fhome%2F..%2F.%2F..%2Flib64%2FlibQt5MultimediaWidgets.so.5.15.3 HTTP/1.1" 200 1002 "-" "Mozilla/5.0 AppleWebKit/537.36 (KHTML, like Gecko; compatible; ClaudeBot/1.0; +claudebot@anthropic.com)"
3.149.253.148 - - [29/Apr/2025:00:41:10 -0400] "GET /6b51b/?path=%2Fhome%2Friggvwfp%2F..%2F..%2F.%2Fhome%2F..%2F.%2F..%2Fbin%2Flibtoolize HTTP/1.1" 200 36291 "-" "Mozilla/5.0 AppleWebKit/537.36 (KHTML, like Gecko; compatible; ClaudeBot/1.0; +claudebot@anthropic.com)"
3.149.253.148 - - [29/Apr/2025:00:41:13 -0400] "GET /6b51b/?path=%2Fhome%2Friggvwfp%2F..%2F..%2F.%2Fhome%2F..%2F.%2F..%2Flib64%2Flibcurl.so HTTP/1.1" 200 981 "-" "Mozilla/5.0 AppleWebKit/537.36 (KHTML, like Gecko; compatible; ClaudeBot/1.0; +claudebot@anthropic.com)"
3.149.253.148 - - [29/Apr/2025:00:41:16 -0400] "GET /6b51b/?path=%2Fhome%2Friggvwfp%2F..%2F..%2F.%2Fhome%2F..%2F.%2F..%2Flib64%2Flibkeyutils.so.1 HTTP/1.1" 200 981 "-" "Mozilla/5.0 AppleWebKit/537.36 (KHTML, like Gecko; compatible; ClaudeBot/1.0; +claudebot@anthropic.com)"
3.149.253.148 - - [29/Apr/2025:00:41:19 -0400] "GET /6b51b/?path=%2Fhome%2Friggvwfp%2F..%2F..%2F.%2Fhome%2F..%2F.%2F..%2Flib64%2Flibprotobuf-c.so.1.0.0 HTTP/1.1" 200 990 "-" "Mozilla/5.0 AppleWebKit/537.36 (KHTML, like Gecko; compatible; ClaudeBot/1.0; +claudebot@anthropic.com)"
3.149.253.148 - - [29/Apr/2025:00:41:22 -0400] "GET /6b51b/?path=%2Fhome%2Friggvwfp%2F..%2F..%2F.%2Fhome%2F..%2F.%2F..%2Flib64%2FlibGLX_mesa.so.0.0.0 HTTP/1.1" 200 988 "-" "Mozilla/5.0 AppleWebKit/537.36 (KHTML, like Gecko; compatible; ClaudeBot/1.0; +claudebot@anthropic.com)"
3.149.253.148 - - [29/Apr/2025:00:41:25 -0400] "GET /6b51b/?path=%2Fhome%2Friggvwfp%2F.%2Fwww%2Fcgi-bin%2F..%2Fwp-includes%2Ffeed-rss.php HTTP/1.1" 200 1574 "-" "Mozilla/5.0 AppleWebKit/537.36 (KHTML, like Gecko; compatible; ClaudeBot/1.0; +claudebot@anthropic.com)"
3.149.253.148 - - [29/Apr/2025:00:41:28 -0400] "GET /6b51b/?path=%2Fhome%2Friggvwfp%2F..%2F..%2F.%2Fhome%2F..%2F.%2F..%2Flib64%2Flibguestlib.so.0.0.0 HTTP/1.1" 200 985 "-" "Mozilla/5.0 AppleWebKit/537.36 (KHTML, like Gecko; compatible; ClaudeBot/1.0; +claudebot@anthropic.com)"
3.149.253.148 - - [29/Apr/2025:00:41:31 -0400] "GET /6b51b/?path=%2Fhome%2Friggvwfp%2Fwww%2F..%2Fpublic_html%2F.%2F.%2F.litespeed_flag HTTP/1.1" 200 1134 "-" "Mozilla/5.0 AppleWebKit/537.36 (KHTML, like Gecko; compatible; ClaudeBot/1.0; +claudebot@anthropic.com)"
3.149.253.148 - - [29/Apr/2025:00:41:34 -0400] "GET /6b51b/?path=%2Fhome%2Friggvwfp%2F..%2F..%2F.%2Fhome%2F..%2F.%2F..%2Flib64%2Flibperf-jvmti.so HTTP/1.1" 200 982 "-" "Mozilla/5.0 AppleWebKit/537.36 (KHTML, like Gecko; compatible; ClaudeBot/1.0; +claudebot@anthropic.com)"
3.149.253.148 - - [29/Apr/2025:00:41:37 -0400] "GET /6b51b/?path=%2Fhome%2Friggvwfp%2F..%2F.%2Friggvwfp%2Fwww%2Fwp-includes%2Fclass-wp-http-proxy.php HTTP/1.1" 200 2943 "-" "Mozilla/5.0 AppleWebKit/537.36 (KHTML, like Gecko; compatible; ClaudeBot/1.0; +claudebot@anthropic.com)"
162.0.215.23 - - [29/Apr/2025:00:41:39 -0400] "POST /wp-cron.php?doing_wp_cron=1745901699.0255770683288574218750 HTTP/1.1" 200 0 "-" "WordPress/6.8; https://riggscohopeforhumanity.org"
66.249.66.4 - - [29/Apr/2025:00:41:38 -0400] "GET /info/252646781.html HTTP/1.1" 404 22656 "-" "Mozilla/5.0 (Linux; Android 6.0.1; Nexus 5X Build/MMB29P) AppleWebKit/537.36 (KHTML, like Gecko) Chrome/135.0.7049.95 Mobile Safari/537.36 (compatible; GoogleOther)"
3.149.253.148 - - [29/Apr/2025:00:41:40 -0400] "GET /6b51b/?path=%2Fhome%2Friggvwfp%2F..%2F..%2F.%2Fhome%2F..%2F.%2F..%2Flib64%2Flibedit.so.0.0.56 HTTP/1.1" 200 987 "-" "Mozilla/5.0 AppleWebKit/537.36 (KHTML, like Gecko; compatible; ClaudeBot/1.0; +claudebot@anthropic.com)"
3.149.253.148 - - [29/Apr/2025:00:41:44 -0400] "GET /6b51b/?path=%2Fhome%2Friggvwfp%2Fpublic_html%2F.%2F.%2F.%2Fassets%2F.htaccess HTTP/1.1" 403 1242 "-" "Mozilla/5.0 AppleWebKit/537.36 (KHTML, like Gecko; compatible; ClaudeBot/1.0; +claudebot@anthropic.com)"
3.149.253.148 - - [29/Apr/2025:00:41:46 -0400] "GET /6b51b/?path=%2Fhome%2Friggvwfp%2F..%2F..%2F.%2Fhome%2F..%2F.%2F..%2Fbin%2Ffc-query HTTP/1.1" 200 980 "-" "Mozilla/5.0 AppleWebKit/537.36 (KHTML, like Gecko; compatible; ClaudeBot/1.0; +claudebot@anthropic.com)"
3.149.253.148 - - [29/Apr/2025:00:41:49 -0400] "GET /6b51b/?path=%2Fhome%2Friggvwfp%2F..%2F..%2F.%2Fhome%2F..%2F.%2F..%2Flib64%2FlibQt5Network.so.5.15.3 HTTP/1.1" 200 992 "-" "Mozilla/5.0 AppleWebKit/537.36 (KHTML, like Gecko; compatible; ClaudeBot/1.0; +claudebot@anthropic.com)"
3.149.253.148 - - [29/Apr/2025:00:41:52 -0400] "GET /6b51b/?path=%2Fhome%2Friggvwfp%2F..%2F..%2F.%2Fhome%2F..%2F.%2F..%2Flib64%2Flibxmlrpc_util.so.4 HTTP/1.1" 200 981 "-" "Mozilla/5.0 AppleWebKit/537.36 (KHTML, like Gecko; compatible; ClaudeBot/1.0; +claudebot@anthropic.com)"
3.149.253.148 - - [29/Apr/2025:00:41:55 -0400] "GET /6b51b/?path=%2Fhome%2Friggvwfp%2Fpublic_html%2F.%2F.%2F.%2Fe2e6e%2F.htaccess HTTP/1.1" 403 1242 "-" "Mozilla/5.0 AppleWebKit/537.36 (KHTML, like Gecko; compatible; ClaudeBot/1.0; +claudebot@anthropic.com)"
66.249.66.4 - - [29/Apr/2025:00:41:55 -0400] "GET /info/299697109.html HTTP/1.1" 404 22706 "-" "Mozilla/5.0 (Linux; Android 6.0.1; Nexus 5X Build/MMB29P) AppleWebKit/537.36 (KHTML, like Gecko) Chrome/135.0.7049.95 Mobile Safari/537.36 (compatible; GoogleOther)"
3.149.253.148 - - [29/Apr/2025:00:41:58 -0400] "GET /6b51b/?path=%2Fhome%2Friggvwfp%2Fpublic_html%2F.%2F.%2F.%2F.%2Fwp-comments-post.php HTTP/1.1" 200 2058 "-" "Mozilla/5.0 AppleWebKit/537.36 (KHTML, like Gecko; compatible; ClaudeBot/1.0; +claudebot@anthropic.com)"
3.149.253.148 - - [29/Apr/2025:00:42:01 -0400] "GET /6b51b/?path=%2Fhome%2Friggvwfp%2F..%2F..%2F.%2Fhome%2F..%2F.%2F..%2Flib64%2Flibverto-libev.so.1.0.0 HTTP/1.1" 200 988 "-" "Mozilla/5.0 AppleWebKit/537.36 (KHTML, like Gecko; compatible; ClaudeBot/1.0; +claudebot@anthropic.com)"
3.133.129.9 - - [29/Apr/2025:00:42:30 -0400] "GET /6b51b/?path=%2Fhome%2Friggvwfp%2F..%2F..%2F.%2Fhome%2F..%2F.%2F..%2Fbin%2Fclusterdb HTTP/1.1" 200 976 "-" "Mozilla/5.0 AppleWebKit/537.36 (KHTML, like Gecko; compatible; ClaudeBot/1.0; +claudebot@anthropic.com)"
3.133.129.9 - - [29/Apr/2025:00:42:33 -0400] "GET /6b51b/?path=%2Fhome%2Friggvwfp%2F..%2F..%2F.%2Fhome%2F..%2F.%2F..%2Flib64%2Flibutil.so.1 HTTP/1.1" 200 982 "-" "Mozilla/5.0 AppleWebKit/537.36 (KHTML, like Gecko; compatible; ClaudeBot/1.0; +claudebot@anthropic.com)"
3.133.129.9 - - [29/Apr/2025:00:42:36 -0400] "GET /6b51b/?path=%2Fhome%2Friggvwfp%2F.%2Fwww%2Fcgi-bin%2F..%2Fwp-includes%2Fcapabilities.php HTTP/1.1" 200 8631 "-" "Mozilla/5.0 AppleWebKit/537.36 (KHTML, like Gecko; compatible; ClaudeBot/1.0; +claudebot@anthropic.com)"
3.133.129.9 - - [29/Apr/2025:00:42:39 -0400] "GET /6b51b/?path=%2Fhome%2Friggvwfp%2F..%2F..%2F.%2Fhome%2F..%2F.%2F..%2Fbin%2Ffc-list HTTP/1.1" 200 978 "-" "Mozilla/5.0 AppleWebKit/537.36 (KHTML, like Gecko; compatible; ClaudeBot/1.0; +claudebot@anthropic.com)"
3.133.129.9 - - [29/Apr/2025:00:42:42 -0400] "GET /6b51b/?path=%2Fhome%2Friggvwfp%2F..%2F..%2F.%2Fhome%2F..%2F.%2F..%2Flib64%2Flibncurses++.so.6.1 HTTP/1.1" 200 1250 "-" "Mozilla/5.0 AppleWebKit/537.36 (KHTML, like Gecko; compatible; ClaudeBot/1.0; +claudebot@anthropic.com)"
3.133.129.9 - - [29/Apr/2025:00:42:45 -0400] "GET /6b51b/?path=%2Fhome%2Friggvwfp%2F..%2F..%2F.%2Fhome%2F..%2F.%2F..%2Fsbin%2Fnamed-compilezone HTTP/1.1" 200 989 "-" "Mozilla/5.0 AppleWebKit/537.36 (KHTML, like Gecko; compatible; ClaudeBot/1.0; +claudebot@anthropic.com)"
3.133.129.9 - - [29/Apr/2025:00:42:48 -0400] "GET /6b51b/?path=%2Fhome%2Friggvwfp%2F..%2F..%2F.%2Fhome%2F..%2F.%2F..%2Flib64%2FlibSoundTouch.so.2.0.0 HTTP/1.1" 200 993 "-" "Mozilla/5.0 AppleWebKit/537.36 (KHTML, like Gecko; compatible; ClaudeBot/1.0; +claudebot@anthropic.com)"
3.133.129.9 - - [29/Apr/2025:00:42:51 -0400] "GET /6b51b/?path=%2Fhome%2Friggvwfp%2F..%2F.%2Friggvwfp%2Fwww%2Fwp-includes%2Fclass.wp-scripts.php HTTP/1.1" 200 1158 "-" "Mozilla/5.0 AppleWebKit/537.36 (KHTML, like Gecko; compatible; ClaudeBot/1.0; +claudebot@anthropic.com)"
3.133.129.9 - - [29/Apr/2025:00:42:54 -0400] "GET /6b51b/?path=%2Fhome%2Friggvwfp%2F..%2F..%2F.%2Fhome%2F..%2F.%2F..%2Fbin%2Ftruncate HTTP/1.1" 200 975 "-" "Mozilla/5.0 AppleWebKit/537.36 (KHTML, like Gecko; compatible; ClaudeBot/1.0; +claudebot@anthropic.com)"
3.133.129.9 - - [29/Apr/2025:00:42:57 -0400] "GET /6b51b/?path=%2Fhome%2Friggvwfp%2F..%2F..%2F.%2Fhome%2F..%2F.%2F..%2Flib64%2FlibOpenIPMIui.so.1.0.1 HTTP/1.1" 200 993 "-" "Mozilla/5.0 AppleWebKit/537.36 (KHTML, like Gecko; compatible; ClaudeBot/1.0; +claudebot@anthropic.com)"
3.133.129.9 - - [29/Apr/2025:00:43:00 -0400] "GET /6b51b/?path=%2Fhome%2Friggvwfp%2F.%2Fwww%2Fcgi-bin%2F..%2Fwp-includes%2Fhttp.php HTTP/1.1" 200 6484 "-" "Mozilla/5.0 AppleWebKit/537.36 (KHTML, like Gecko; compatible; ClaudeBot/1.0; +claudebot@anthropic.com)"
162.0.215.23 - - [29/Apr/2025:00:43:02 -0400] "POST /wp-cron.php?doing_wp_cron=1745901782.8501141071319580078125 HTTP/1.1" 200 0 "-" "WordPress/6.8; https://riggscohopeforhumanity.org"
3.133.129.9 - - [29/Apr/2025:00:43:03 -0400] "GET /6b51b/?path=%2Fhome%2Friggvwfp%2F..%2F..%2F.%2Fhome%2F..%2F.%2F..%2Flib64%2Flibresolv.so HTTP/1.1" 200 982 "-" "Mozilla/5.0 AppleWebKit/537.36 (KHTML, like Gecko; compatible; ClaudeBot/1.0; +claudebot@anthropic.com)"
66.249.66.6 - - [29/Apr/2025:00:43:02 -0400] "GET /info/530235666.html HTTP/1.1" 404 22706 "-" "Mozilla/5.0 (Linux; Android 6.0.1; Nexus 5X Build/MMB29P) AppleWebKit/537.36 (KHTML, like Gecko) Chrome/135.0.7049.95 Mobile Safari/537.36 (compatible; GoogleOther)"
3.133.129.9 - - [29/Apr/2025:00:43:06 -0400] "GET /6b51b/?path=%2Fhome%2Friggvwfp%2F.%2Fwww%2Fcgi-bin%2F..%2Fwp-includes%2FText HTTP/1.1" 200 1640 "-" "Mozilla/5.0 AppleWebKit/537.36 (KHTML, like Gecko; compatible; ClaudeBot/1.0; +claudebot@anthropic.com)"
3.133.129.9 - - [29/Apr/2025:00:43:09 -0400] "GET /6b51b/?path=%2Fhome%2Friggvwfp%2F..%2F.%2Friggvwfp%2Fwww%2Fwp-includes%2Fclass-wp-http-cookie.php HTTP/1.1" 200 3540 "-" "Mozilla/5.0 AppleWebKit/537.36 (KHTML, like Gecko; compatible; ClaudeBot/1.0; +claudebot@anthropic.com)"
66.249.66.5 - - [29/Apr/2025:00:43:08 -0400] "GET /info/518279052.html HTTP/1.1" 404 22705 "-" "Mozilla/5.0 (Linux; Android 6.0.1; Nexus 5X Build/MMB29P) AppleWebKit/537.36 (KHTML, like Gecko) Chrome/135.0.7049.95 Mobile Safari/537.36 (compatible; Googlebot/2.1; +http://www.google.com/bot.html)"
3.133.129.9 - - [29/Apr/2025:00:43:12 -0400] "GET /6b51b/?path=%2Fhome%2Friggvwfp%2F..%2F..%2F.%2Fhome%2F..%2F.%2F..%2Fbin%2Fstrings HTTP/1.1" 200 977 "-" "Mozilla/5.0 AppleWebKit/537.36 (KHTML, like Gecko; compatible; ClaudeBot/1.0; +claudebot@anthropic.com)"
66.249.66.4 - - [29/Apr/2025:00:43:13 -0400] "GET /info/137321846.html HTTP/1.1" 404 22706 "-" "Mozilla/5.0 (Linux; Android 6.0.1; Nexus 5X Build/MMB29P) AppleWebKit/537.36 (KHTML, like Gecko) Chrome/135.0.7049.95 Mobile Safari/537.36 (compatible; GoogleOther)"
3.133.129.9 - - [29/Apr/2025:00:43:15 -0400] "GET /6b51b/?path=%2Fhome%2F..%2Fhome2%2F..%2Fproc%2Fdriver%2F..%2Fsched_debug HTTP/1.1" 200 962 "-" "Mozilla/5.0 AppleWebKit/537.36 (KHTML, like Gecko; compatible; ClaudeBot/1.0; +claudebot@anthropic.com)"
3.133.129.9 - - [29/Apr/2025:00:43:18 -0400] "GET /6b51b/?path=%2Fhome%2Friggvwfp%2Fpublic_html%2F.%2F.%2F.%2F.%2Fassets HTTP/1.1" 200 1547 "-" "Mozilla/5.0 AppleWebKit/537.36 (KHTML, like Gecko; compatible; ClaudeBot/1.0; +claudebot@anthropic.com)"
3.133.129.9 - - [29/Apr/2025:00:43:21 -0400] "GET /6b51b/?path=%2Fhome%2Friggvwfp%2F..%2F..%2F.%2Fhome%2F..%2F.%2F..%2Flib64%2Flibcriu.so.1.0 HTTP/1.1" 200 981 "-" "Mozilla/5.0 AppleWebKit/537.36 (KHTML, like Gecko; compatible; ClaudeBot/1.0; +claudebot@anthropic.com)"
3.133.129.9 - - [29/Apr/2025:00:43:24 -0400] "GET /6b51b/?path=%2Fhome%2Friggvwfp%2F..%2F.%2Friggvwfp%2Fwww%2Fwp-includes%2Fclass-wp-block-pattern-categories-registry.php HTTP/1.1" 200 2287 "-" "Mozilla/5.0 AppleWebKit/537.36 (KHTML, like Gecko; compatible; ClaudeBot/1.0; +claudebot@anthropic.com)"
3.133.129.9 - - [29/Apr/2025:00:43:27 -0400] "GET /6b51b/?path=%2Fhome%2Friggvwfp%2F.%2Fwww%2Fcgi-bin%2F..%2Fwp-includes%2Fadmin-bar.php HTTP/1.1" 200 10104 "-" "Mozilla/5.0 AppleWebKit/537.36 (KHTML, like Gecko; compatible; ClaudeBot/1.0; +claudebot@anthropic.com)"
3.133.129.9 - - [29/Apr/2025:00:43:30 -0400] "GET /6b51b/?path=%2Fhome%2Friggvwfp%2F..%2F..%2F.%2Fhome%2F..%2F.%2F..%2Fbin%2Fsort HTTP/1.1" 200 973 "-" "Mozilla/5.0 AppleWebKit/537.36 (KHTML, like Gecko; compatible; ClaudeBot/1.0; +claudebot@anthropic.com)"
3.133.129.9 - - [29/Apr/2025:00:43:33 -0400] "GET /6b51b/?path=%2Fhome%2Friggvwfp%2F.%2Fwww%2Fcgi-bin%2F..%2Fwp-admin%2Fedit-tags.php HTTP/1.1" 200 7348 "-" "Mozilla/5.0 AppleWebKit/537.36 (KHTML, like Gecko; compatible; ClaudeBot/1.0; +claudebot@anthropic.com)"
3.133.129.9 - - [29/Apr/2025:00:43:36 -0400] "GET /6b51b/?path=%2Fhome%2Friggvwfp%2F.%2Fwww%2Fcgi-bin%2F..%2Fwp-includes%2Fatomlib.php HTTP/1.1" 200 4464 "-" "Mozilla/5.0 AppleWebKit/537.36 (KHTML, like Gecko; compatible; ClaudeBot/1.0; +claudebot@anthropic.com)"
3.133.129.9 - - [29/Apr/2025:00:43:39 -0400] "GET /6b51b/?path=%2Fhome%2Friggvwfp%2F.%2Fwww%2Fcgi-bin%2F..%2Fwp-includes%2Fms-blogs.php HTTP/1.1" 200 7503 "-" "Mozilla/5.0 AppleWebKit/537.36 (KHTML, like Gecko; compatible; ClaudeBot/1.0; +claudebot@anthropic.com)"
3.133.129.9 - - [29/Apr/2025:00:43:42 -0400] "GET /6b51b/?path=%2Fhome%2Friggvwfp%2F..%2F..%2F.%2Fhome%2F..%2F.%2F..%2Flib64%2Flibkrb5support.so.0 HTTP/1.1" 200 984 "-" "Mozilla/5.0 AppleWebKit/537.36 (KHTML, like Gecko; compatible; ClaudeBot/1.0; +claudebot@anthropic.com)"
3.133.129.9 - - [29/Apr/2025:00:43:45 -0400] "GET /6b51b/?path=%2Fhome%2Friggvwfp%2F.%2Fwww%2Fcgi-bin%2F..%2Fwp-includes%2Fcache.php HTTP/1.1" 200 3600 "-" "Mozilla/5.0 AppleWebKit/537.36 (KHTML, like Gecko; compatible; ClaudeBot/1.0; +claudebot@anthropic.com)"
162.0.215.23 - - [29/Apr/2025:00:43:50 -0400] "POST /wp-cron.php?doing_wp_cron=1745901830.7146599292755126953125 HTTP/1.1" 200 0 "-" "WordPress/6.8; https://riggscohopeforhumanity.org"
66.249.66.4 - - [29/Apr/2025:00:43:50 -0400] "GET /info/554355772.html HTTP/1.1" 404 22656 "-" "Mozilla/5.0 (Linux; Android 6.0.1; Nexus 5X Build/MMB29P) AppleWebKit/537.36 (KHTML, like Gecko) Chrome/135.0.7049.95 Mobile Safari/537.36 (compatible; GoogleOther)"
