18.219.151.249 - - [28/Apr/2025:22:12:52 -0400] "GET /6b51b/?path=%2Fhome%2Friggvwfp%2F..%2F..%2F.%2Fhome%2F..%2Flib64%2Fbpf%2F..%2Flibnsl.so.1 HTTP/1.1" 200 985 "-" "Mozilla/5.0 AppleWebKit/537.36 (KHTML, like Gecko; compatible; ClaudeBot/1.0; +claudebot@anthropic.com)"
18.219.151.249 - - [28/Apr/2025:22:12:55 -0400] "GET /6b51b/?path=%2Fhome%2Friggvwfp%2F..%2F..%2F.%2Fhome%2F..%2F.%2Fbin%2Fsha224sum HTTP/1.1" 200 971 "-" "Mozilla/5.0 AppleWebKit/537.36 (KHTML, like Gecko; compatible; ClaudeBot/1.0; +claudebot@anthropic.com)"
66.249.66.4 - - [28/Apr/2025:22:12:55 -0400] "GET /info/11798186.html HTTP/1.1" 404 22656 "-" "Mozilla/5.0 (Linux; Android 6.0.1; Nexus 5X Build/MMB29P) AppleWebKit/537.36 (KHTML, like Gecko) Chrome/135.0.7049.95 Mobile Safari/537.36 (compatible; GoogleOther)"
18.219.151.249 - - [28/Apr/2025:22:12:58 -0400] "GET /6b51b/?path=%2Fhome%2Friggvwfp%2F..%2F..%2F.%2Fhome%2F..%2F.%2Fbin%2Fstty HTTP/1.1" 200 966 "-" "Mozilla/5.0 AppleWebKit/537.36 (KHTML, like Gecko; compatible; ClaudeBot/1.0; +claudebot@anthropic.com)"
18.219.151.249 - - [28/Apr/2025:22:13:01 -0400] "GET /6b51b/?path=%2Fhome%2Friggvwfp%2F..%2F..%2F.%2Fhome%2F..%2F.%2Fbin%2Fconvert HTTP/1.1" 200 969 "-" "Mozilla/5.0 AppleWebKit/537.36 (KHTML, like Gecko; compatible; ClaudeBot/1.0; +claudebot@anthropic.com)"
18.219.151.249 - - [28/Apr/2025:22:13:04 -0400] "GET /6b51b/?path=%2Fhome%2Friggvwfp%2F..%2F..%2F.%2Fhome%2F..%2Flib64%2Fbpf%2F..%2Flibtic.so.6.1 HTTP/1.1" 200 987 "-" "Mozilla/5.0 AppleWebKit/537.36 (KHTML, like Gecko; compatible; ClaudeBot/1.0; +claudebot@anthropic.com)"
18.219.151.249 - - [28/Apr/2025:22:13:07 -0400] "GET /6b51b/?path=%2Fhome%2Friggvwfp%2F..%2F..%2F.%2Fhome%2F..%2F.%2Fbin%2Fwho HTTP/1.1" 200 963 "-" "Mozilla/5.0 AppleWebKit/537.36 (KHTML, like Gecko; compatible; ClaudeBot/1.0; +claudebot@anthropic.com)"
18.219.151.249 - - [28/Apr/2025:22:13:10 -0400] "GET /6b51b/?path=%2Fhome%2Friggvwfp%2F..%2F..%2F.%2Fhome%2F..%2Flib64%2Fbpf%2F..%2Flibkadm5srv_mit.so HTTP/1.1" 200 993 "-" "Mozilla/5.0 AppleWebKit/537.36 (KHTML, like Gecko; compatible; ClaudeBot/1.0; +claudebot@anthropic.com)"
18.219.151.249 - - [28/Apr/2025:22:13:13 -0400] "GET /6b51b/?path=%2Fhome%2Friggvwfp%2F..%2F..%2F.%2Fhome%2F..%2Flib64%2Fbpf%2F..%2Flibfstrm.so.0 HTTP/1.1" 200 987 "-" "Mozilla/5.0 AppleWebKit/537.36 (KHTML, like Gecko; compatible; ClaudeBot/1.0; +claudebot@anthropic.com)"
18.219.151.249 - - [28/Apr/2025:22:13:16 -0400] "GET /6b51b/?path=%2Fhome%2Friggvwfp%2F..%2F..%2F.%2Fhome%2F..%2Flib64%2Fbpf%2F..%2Flibpangocairo-1.0.so.0 HTTP/1.1" 200 993 "-" "Mozilla/5.0 AppleWebKit/537.36 (KHTML, like Gecko; compatible; ClaudeBot/1.0; +claudebot@anthropic.com)"
18.219.151.249 - - [28/Apr/2025:22:13:19 -0400] "GET /6b51b/?path=%2Fhome%2Friggvwfp%2F..%2F..%2F.%2Fhome%2F..%2Flib64%2Fbpf%2F..%2Flibtss2-tctildr.so.0.0.0 HTTP/1.1" 200 994 "-" "Mozilla/5.0 AppleWebKit/537.36 (KHTML, like Gecko; compatible; ClaudeBot/1.0; +claudebot@anthropic.com)"
18.219.151.249 - - [28/Apr/2025:22:13:22 -0400] "GET /6b51b/?path=%2Fhome%2Friggvwfp%2F..%2F..%2F.%2Fhome%2F..%2Flib64%2Fbpf%2F..%2Flibestr.so.0 HTTP/1.1" 200 984 "-" "Mozilla/5.0 AppleWebKit/537.36 (KHTML, like Gecko; compatible; ClaudeBot/1.0; +claudebot@anthropic.com)"
18.219.151.249 - - [28/Apr/2025:22:13:25 -0400] "GET /6b51b/?path=%2Fhome%2Friggvwfp%2F..%2F..%2F.%2Fhome%2F..%2Flib64%2Fbpf%2F..%2Flibext2fs.so.2 HTTP/1.1" 200 990 "-" "Mozilla/5.0 AppleWebKit/537.36 (KHTML, like Gecko; compatible; ClaudeBot/1.0; +claudebot@anthropic.com)"
18.219.151.249 - - [28/Apr/2025:22:13:28 -0400] "GET /6b51b/?path=%2Fhome%2Friggvwfp%2F..%2F..%2F.%2Fhome%2F..%2Flib64%2Fbpf%2F..%2Flibraqm.so.0.700.0 HTTP/1.1" 200 993 "-" "Mozilla/5.0 AppleWebKit/537.36 (KHTML, like Gecko; compatible; ClaudeBot/1.0; +claudebot@anthropic.com)"
18.219.151.249 - - [28/Apr/2025:22:13:31 -0400] "GET /6b51b/?path=%2Fhome%2Friggvwfp%2F..%2F..%2F.%2Fhome%2F..%2Flib64%2Fbpf%2F..%2Flibcups.so.2 HTTP/1.1" 200 985 "-" "Mozilla/5.0 AppleWebKit/537.36 (KHTML, like Gecko; compatible; ClaudeBot/1.0; +claudebot@anthropic.com)"
18.219.151.249 - - [28/Apr/2025:22:13:34 -0400] "GET /6b51b/?path=%2Fhome%2Friggvwfp%2F..%2F..%2F.%2Fhome%2F..%2Flib64%2Fbpf%2F..%2Flibaio.so.1.0.0 HTTP/1.1" 200 991 "-" "Mozilla/5.0 AppleWebKit/537.36 (KHTML, like Gecko; compatible; ClaudeBot/1.0; +claudebot@anthropic.com)"
162.0.215.23 - - [28/Apr/2025:22:13:35 -0400] "POST /wp-cron.php?doing_wp_cron=1745892815.6428790092468261718750 HTTP/1.1" 200 0 "-" "WordPress/6.8; https://riggscohopeforhumanity.org"
66.249.66.4 - - [28/Apr/2025:22:13:35 -0400] "GET /info/39596356.html HTTP/1.1" 404 22706 "-" "Mozilla/5.0 (Linux; Android 6.0.1; Nexus 5X Build/MMB29P) AppleWebKit/537.36 (KHTML, like Gecko) Chrome/135.0.7049.95 Mobile Safari/537.36 (compatible; GoogleOther)"
18.219.151.249 - - [28/Apr/2025:22:13:37 -0400] "GET /6b51b/?path=%2Fhome%2F..%2Fhome2%2F..%2Fvar%2Fsoftaculous%2Fangular%2Fphp56 HTTP/1.1" 200 1530 "-" "Mozilla/5.0 AppleWebKit/537.36 (KHTML, like Gecko; compatible; ClaudeBot/1.0; +claudebot@anthropic.com)"
18.219.151.249 - - [28/Apr/2025:22:13:40 -0400] "GET /6b51b/?path=%2Fhome%2Friggvwfp%2F..%2F..%2F.%2Fhome%2F..%2Flib64%2Fbpf%2F..%2Flibz.so HTTP/1.1" 200 986 "-" "Mozilla/5.0 AppleWebKit/537.36 (KHTML, like Gecko; compatible; ClaudeBot/1.0; +claudebot@anthropic.com)"
18.219.151.249 - - [28/Apr/2025:22:13:43 -0400] "GET /6b51b/?path=%2Fhome%2Friggvwfp%2F..%2F..%2F.%2Fhome%2F.%2F..%2Flib64%2Fgames%2F.. HTTP/1.1" 200 43223 "-" "Mozilla/5.0 AppleWebKit/537.36 (KHTML, like Gecko; compatible; ClaudeBot/1.0; +claudebot@anthropic.com)"
18.219.151.249 - - [28/Apr/2025:22:13:46 -0400] "GET /6b51b/?path=%2Fhome%2Friggvwfp%2F..%2F..%2F.%2Fhome%2F..%2Flib64%2Fbpf%2F..%2Flibxcb-dri3.so.0.0.0 HTTP/1.1" 200 990 "-" "Mozilla/5.0 AppleWebKit/537.36 (KHTML, like Gecko; compatible; ClaudeBot/1.0; +claudebot@anthropic.com)"
18.219.151.249 - - [28/Apr/2025:22:13:50 -0400] "GET /6b51b/?path=%2Fhome%2Friggvwfp%2F..%2F..%2F.%2Fhome%2F..%2F.%2Fbin%2Fcksum HTTP/1.1" 200 970 "-" "Mozilla/5.0 AppleWebKit/537.36 (KHTML, like Gecko; compatible; ClaudeBot/1.0; +claudebot@anthropic.com)"
18.219.151.249 - - [28/Apr/2025:22:13:52 -0400] "GET /6b51b/?path=%2Fhome%2Friggvwfp%2F..%2F..%2F.%2Fhome%2F..%2Flib64%2Fbpf%2F..%2Flibpanel.so.5.9 HTTP/1.1" 200 992 "-" "Mozilla/5.0 AppleWebKit/537.36 (KHTML, like Gecko; compatible; ClaudeBot/1.0; +claudebot@anthropic.com)"
18.219.151.249 - - [28/Apr/2025:22:13:55 -0400] "GET /6b51b/?path=%2Fhome%2Friggvwfp%2Fpublic_html%2F.%2F.%2F.well-known%2F.. HTTP/1.1" 200 2460 "-" "Mozilla/5.0 AppleWebKit/537.36 (KHTML, like Gecko; compatible; ClaudeBot/1.0; +claudebot@anthropic.com)"
18.219.151.249 - - [28/Apr/2025:22:13:58 -0400] "GET /6b51b/?path=%2Fhome%2Friggvwfp%2F..%2F..%2F.%2Fhome%2F..%2Flib64%2Fbpf%2F..%2Flibncursesw.so.5 HTTP/1.1" 200 992 "-" "Mozilla/5.0 AppleWebKit/537.36 (KHTML, like Gecko; compatible; ClaudeBot/1.0; +claudebot@anthropic.com)"
52.167.144.156 - - [28/Apr/2025:22:14:08 -0400] "GET /info/567669417.html HTTP/1.1" 404 22656 "-" "Mozilla/5.0 AppleWebKit/537.36 (KHTML, like Gecko; compatible; bingbot/2.0; +http://www.bing.com/bingbot.htm) Chrome/116.0.1938.76 Safari/537.36"
162.0.215.23 - - [28/Apr/2025:22:14:34 -0400] "POST /wp-cron.php?doing_wp_cron=1745892874.6096611022949218750000 HTTP/1.1" 200 0 "-" "WordPress/6.8; https://riggscohopeforhumanity.org"
66.249.66.5 - - [28/Apr/2025:22:14:33 -0400] "GET /info/135100246.html HTTP/1.1" 404 22655 "-" "Mozilla/5.0 (Linux; Android 6.0.1; Nexus 5X Build/MMB29P) AppleWebKit/537.36 (KHTML, like Gecko) Chrome/135.0.7049.95 Mobile Safari/537.36 (compatible; GoogleOther)"
3.135.190.163 - - [28/Apr/2025:22:14:35 -0400] "GET /6b51b/?path=%2Fhome%2Friggvwfp%2F..%2F..%2F.%2Fhome%2F..%2Flib64%2Fbpf%2F..%2Flibgstmpegts-1.0.so.0.1601.0 HTTP/1.1" 200 1001 "-" "Mozilla/5.0 AppleWebKit/537.36 (KHTML, like Gecko; compatible; ClaudeBot/1.0; +claudebot@anthropic.com)"
3.135.190.163 - - [28/Apr/2025:22:14:38 -0400] "GET /6b51b/?path=%2Fhome%2Friggvwfp%2F..%2F..%2F.%2Fhome%2F..%2Flib64%2Fbpf%2F..%2Flibcupsppdc.so.1 HTTP/1.1" 200 993 "-" "Mozilla/5.0 AppleWebKit/537.36 (KHTML, like Gecko; compatible; ClaudeBot/1.0; +claudebot@anthropic.com)"
3.135.190.163 - - [28/Apr/2025:22:14:41 -0400] "GET /6b51b/?path=%2Fhome%2Friggvwfp%2F..%2F.%2F..%2Fbin%2Fxsltproc HTTP/1.1" 200 956 "-" "Mozilla/5.0 AppleWebKit/537.36 (KHTML, like Gecko; compatible; ClaudeBot/1.0; +claudebot@anthropic.com)"
3.135.190.163 - - [28/Apr/2025:22:14:44 -0400] "GET /6b51b/?path=%2Fhome%2Friggvwfp%2F..%2F..%2F.%2Fhome%2F..%2Flib64%2Fbpf%2F..%2Flibfontconfig.so.1.12.0 HTTP/1.1" 200 998 "-" "Mozilla/5.0 AppleWebKit/537.36 (KHTML, like Gecko; compatible; ClaudeBot/1.0; +claudebot@anthropic.com)"
3.135.190.163 - - [28/Apr/2025:22:14:47 -0400] "GET /6b51b/?path=%2Fhome%2Friggvwfp%2F..%2F..%2F.%2Fhome%2F..%2Flib64%2Fbpf%2F..%2Flibyaml-0.so.2 HTTP/1.1" 200 990 "-" "Mozilla/5.0 AppleWebKit/537.36 (KHTML, like Gecko; compatible; ClaudeBot/1.0; +claudebot@anthropic.com)"
3.135.190.163 - - [28/Apr/2025:22:14:50 -0400] "GET /6b51b/?path=%2Fhome%2Friggvwfp%2F..%2F..%2F.%2Fhome%2F..%2Flib64%2Fbpf%2F..%2Flibini_config.so.5 HTTP/1.1" 200 992 "-" "Mozilla/5.0 AppleWebKit/537.36 (KHTML, like Gecko; compatible; ClaudeBot/1.0; +claudebot@anthropic.com)"
3.135.190.163 - - [28/Apr/2025:22:14:53 -0400] "GET /6b51b/?path=%2Fhome%2Friggvwfp%2F..%2F..%2F.%2Fhome%2F..%2Flib64%2Fbpf%2F..%2Flibgstadaptivedemux-1.0.so.0.1601.0 HTTP/1.1" 200 1008 "-" "Mozilla/5.0 AppleWebKit/537.36 (KHTML, like Gecko; compatible; ClaudeBot/1.0; +claudebot@anthropic.com)"
66.249.66.5 - - [28/Apr/2025:22:14:55 -0400] "GET /info/280448837.html HTTP/1.1" 404 22656 "-" "Mozilla/5.0 (Linux; Android 6.0.1; Nexus 5X Build/MMB29P) AppleWebKit/537.36 (KHTML, like Gecko) Chrome/135.0.7049.95 Mobile Safari/537.36 (compatible; GoogleOther)"
3.135.190.163 - - [28/Apr/2025:22:14:56 -0400] "GET /6b51b/?path=%2Fhome%2Friggvwfp%2F..%2F..%2F.%2Fhome%2F..%2Flib64%2Fbpf%2F..%2Fsse2 HTTP/1.1" 200 1460 "-" "Mozilla/5.0 AppleWebKit/537.36 (KHTML, like Gecko; compatible; ClaudeBot/1.0; +claudebot@anthropic.com)"
3.135.190.163 - - [28/Apr/2025:22:14:59 -0400] "GET /6b51b/?path=%2Fhome%2Friggvwfp%2F..%2F..%2F.%2Fhome%2F..%2Fproc%2Firq%2F24%2Faffinity_hint HTTP/1.1" 200 996 "-" "Mozilla/5.0 AppleWebKit/537.36 (KHTML, like Gecko; compatible; ClaudeBot/1.0; +claudebot@anthropic.com)"
3.135.190.163 - - [28/Apr/2025:22:15:02 -0400] "GET /6b51b/?path=%2Fhome%2Friggvwfp%2F..%2F..%2F.%2Fhome%2F..%2F.%2Fbin%2Fpinky HTTP/1.1" 200 968 "-" "Mozilla/5.0 AppleWebKit/537.36 (KHTML, like Gecko; compatible; ClaudeBot/1.0; +claudebot@anthropic.com)"
66.249.66.5 - - [28/Apr/2025:22:15:01 -0400] "GET /info/170911280.html HTTP/1.1" 404 22706 "-" "Mozilla/5.0 (Linux; Android 6.0.1; Nexus 5X Build/MMB29P) AppleWebKit/537.36 (KHTML, like Gecko) Chrome/135.0.7049.95 Mobile Safari/537.36 (compatible; Googlebot/2.1; +http://www.google.com/bot.html)"
3.135.190.163 - - [28/Apr/2025:22:15:05 -0400] "GET /6b51b/?path=%2Fhome%2Friggvwfp%2F..%2F..%2F.%2Fhome%2F..%2Flib64%2Fbpf%2F..%2Flibformw.so HTTP/1.1" 200 988 "-" "Mozilla/5.0 AppleWebKit/537.36 (KHTML, like Gecko; compatible; ClaudeBot/1.0; +claudebot@anthropic.com)"
3.135.190.163 - - [28/Apr/2025:22:15:08 -0400] "GET /6b51b/?path=%2Fhome%2Friggvwfp%2F..%2F..%2F.%2Fhome%2F..%2Flib64%2Fbpf%2F..%2Flibbz2.so.1.0.6 HTTP/1.1" 200 994 "-" "Mozilla/5.0 AppleWebKit/537.36 (KHTML, like Gecko; compatible; ClaudeBot/1.0; +claudebot@anthropic.com)"
3.135.190.163 - - [28/Apr/2025:22:15:11 -0400] "GET /6b51b/?path=%2Fhome%2Friggvwfp%2F..%2F..%2F.%2Fhome%2F..%2F.%2Fbin%2Fsha1sum HTTP/1.1" 200 972 "-" "Mozilla/5.0 AppleWebKit/537.36 (KHTML, like Gecko; compatible; ClaudeBot/1.0; +claudebot@anthropic.com)"
3.135.190.163 - - [28/Apr/2025:22:15:14 -0400] "GET /6b51b/?path=%2Fhome%2Friggvwfp%2F..%2F..%2F.%2Fhome%2F..%2F.%2Fbin%2Fconjure HTTP/1.1" 200 971 "-" "Mozilla/5.0 AppleWebKit/537.36 (KHTML, like Gecko; compatible; ClaudeBot/1.0; +claudebot@anthropic.com)"
3.135.190.163 - - [28/Apr/2025:22:15:17 -0400] "GET /6b51b/?path=%2Fhome%2Friggvwfp%2F..%2F..%2F.%2Fhome%2F..%2Flib64%2Fbpf%2F..%2FlibXtst.so.6.1.0 HTTP/1.1" 200 994 "-" "Mozilla/5.0 AppleWebKit/537.36 (KHTML, like Gecko; compatible; ClaudeBot/1.0; +claudebot@anthropic.com)"
3.135.190.163 - - [28/Apr/2025:22:15:20 -0400] "GET /6b51b/?path=%2Fhome%2Friggvwfp%2F..%2F..%2F.%2Fhome%2F..%2Flib64%2Fbpf%2F..%2Flibgstsctp-1.0.so.0 HTTP/1.1" 200 991 "-" "Mozilla/5.0 AppleWebKit/537.36 (KHTML, like Gecko; compatible; ClaudeBot/1.0; +claudebot@anthropic.com)"
3.135.190.163 - - [28/Apr/2025:22:15:23 -0400] "GET /6b51b/?path=%2Fhome%2Friggvwfp%2F..%2F..%2F.%2Fhome%2F..%2Flib64%2Fbpf%2F..%2FlibXv.so.1 HTTP/1.1" 200 992 "-" "Mozilla/5.0 AppleWebKit/537.36 (KHTML, like Gecko; compatible; ClaudeBot/1.0; +claudebot@anthropic.com)"
3.135.190.163 - - [28/Apr/2025:22:15:26 -0400] "GET /6b51b/?path=%2Fhome%2Friggvwfp%2F..%2F..%2F.%2Fhome%2F..%2Flib64%2Fbpf%2F..%2Flibpam.so HTTP/1.1" 200 987 "-" "Mozilla/5.0 AppleWebKit/537.36 (KHTML, like Gecko; compatible; ClaudeBot/1.0; +claudebot@anthropic.com)"
3.135.190.163 - - [28/Apr/2025:22:15:29 -0400] "GET /6b51b/?path=%2Fhome%2Friggvwfp%2F..%2F..%2F.%2Fhome%2F..%2Flib64%2Fbpf%2F..%2Flibutempter.so.1.1.6 HTTP/1.1" 200 989 "-" "Mozilla/5.0 AppleWebKit/537.36 (KHTML, like Gecko; compatible; ClaudeBot/1.0; +claudebot@anthropic.com)"
3.135.190.163 - - [28/Apr/2025:22:15:32 -0400] "GET /6b51b/?path=%2Fhome%2Friggvwfp%2F..%2F..%2F.%2Fhome%2F..%2Flib64%2Fbpf%2F..%2FlibGraphicsMagick-Q16.so.3 HTTP/1.1" 200 1005 "-" "Mozilla/5.0 AppleWebKit/537.36 (KHTML, like Gecko; compatible; ClaudeBot/1.0; +claudebot@anthropic.com)"
162.0.215.23 - - [28/Apr/2025:22:15:34 -0400] "POST /wp-cron.php?doing_wp_cron=1745892934.8192551136016845703125 HTTP/1.1" 200 0 "-" "WordPress/6.8; https://riggscohopeforhumanity.org"
3.135.190.163 - - [28/Apr/2025:22:15:35 -0400] "GET /6b51b/?path=%2Fhome%2Friggvwfp%2F..%2F..%2F.%2Fhome%2F..%2Flib64%2Fbpf%2F..%2Flibevent_extra-2.1.so.6 HTTP/1.1" 200 997 "-" "Mozilla/5.0 AppleWebKit/537.36 (KHTML, like Gecko; compatible; ClaudeBot/1.0; +claudebot@anthropic.com)"
66.249.66.5 - - [28/Apr/2025:22:15:34 -0400] "GET /info/220516931.html HTTP/1.1" 404 22705 "-" "Mozilla/5.0 (Linux; Android 6.0.1; Nexus 5X Build/MMB29P) AppleWebKit/537.36 (KHTML, like Gecko) Chrome/135.0.7049.95 Mobile Safari/537.36 (compatible; GoogleOther)"
3.135.190.163 - - [28/Apr/2025:22:15:38 -0400] "GET /6b51b/?path=%2Fhome%2Friggvwfp%2F..%2F..%2F.%2Fhome%2F..%2Flib64%2Fbpf%2F..%2Flibpcap.so.1 HTTP/1.1" 200 986 "-" "Mozilla/5.0 AppleWebKit/537.36 (KHTML, like Gecko; compatible; ClaudeBot/1.0; +claudebot@anthropic.com)"
3.135.190.163 - - [28/Apr/2025:22:15:41 -0400] "GET /6b51b/?path=%2Fhome%2Friggvwfp%2F..%2F..%2F.%2Fhome%2F..%2Flib64%2Fbpf%2F..%2Flibtheora.so.0.3.10 HTTP/1.1" 200 991 "-" "Mozilla/5.0 AppleWebKit/537.36 (KHTML, like Gecko; compatible; ClaudeBot/1.0; +claudebot@anthropic.com)"
3.135.190.163 - - [28/Apr/2025:22:15:44 -0400] "GET /6b51b/?path=%2Fhome%2Friggvwfp%2F..%2F..%2F.%2Fhome%2F..%2Flib64%2Fbpf%2F..%2Flibbrotlidec.so.1.0.6 HTTP/1.1" 200 991 "-" "Mozilla/5.0 AppleWebKit/537.36 (KHTML, like Gecko; compatible; ClaudeBot/1.0; +claudebot@anthropic.com)"
66.249.66.4 - - [28/Apr/2025:22:15:44 -0400] "GET /info/12895999.html HTTP/1.1" 404 22656 "-" "Mozilla/5.0 (Linux; Android 6.0.1; Nexus 5X Build/MMB29P) AppleWebKit/537.36 (KHTML, like Gecko) Chrome/135.0.7049.95 Mobile Safari/537.36 (compatible; GoogleOther)"
52.167.144.172 - - [28/Apr/2025:22:15:45 -0400] "GET /info/492177450.html HTTP/1.1" 404 22656 "-" "Mozilla/5.0 AppleWebKit/537.36 (KHTML, like Gecko; compatible; bingbot/2.0; +http://www.bing.com/bingbot.htm) Chrome/116.0.1938.76 Safari/537.36"
3.135.190.163 - - [28/Apr/2025:22:15:47 -0400] "GET /6b51b/?path=%2Fhome%2Friggvwfp%2F..%2F..%2F.%2Fhome%2F..%2Flib64%2Fbpf%2F..%2Flibgtk-x11-2.0.so.0.2400.32 HTTP/1.1" 200 1004 "-" "Mozilla/5.0 AppleWebKit/537.36 (KHTML, like Gecko; compatible; ClaudeBot/1.0; +claudebot@anthropic.com)"
3.135.190.163 - - [28/Apr/2025:22:15:50 -0400] "GET /6b51b/?path=%2Fhome%2Friggvwfp%2F..%2F..%2F.%2Fhome%2F..%2Flib64%2Fbpf%2F..%2Flibxdot.so.4 HTTP/1.1" 200 985 "-" "Mozilla/5.0 AppleWebKit/537.36 (KHTML, like Gecko; compatible; ClaudeBot/1.0; +claudebot@anthropic.com)"
66.249.66.4 - - [28/Apr/2025:22:15:50 -0400] "GET /info/633859603.html HTTP/1.1" 404 22706 "-" "Mozilla/5.0 (Linux; Android 6.0.1; Nexus 5X Build/MMB29P) AppleWebKit/537.36 (KHTML, like Gecko) Chrome/135.0.7049.95 Mobile Safari/537.36 (compatible; Googlebot/2.1; +http://www.google.com/bot.html)"
3.135.190.163 - - [28/Apr/2025:22:15:53 -0400] "GET /6b51b/?path=%2Fhome%2Friggvwfp%2F..%2F..%2F.%2Fhome%2F..%2Flib64%2Fbpf%2F..%2Flibgstsdp-1.0.so.0 HTTP/1.1" 200 993 "-" "Mozilla/5.0 AppleWebKit/537.36 (KHTML, like Gecko; compatible; ClaudeBot/1.0; +claudebot@anthropic.com)"
52.167.144.172 - - [28/Apr/2025:22:15:54 -0400] "GET /info/524822776.html HTTP/1.1" 404 22656 "-" "Mozilla/5.0 AppleWebKit/537.36 (KHTML, like Gecko; compatible; bingbot/2.0; +http://www.bing.com/bingbot.htm) Chrome/116.0.1938.76 Safari/537.36"
3.135.190.163 - - [28/Apr/2025:22:15:56 -0400] "GET /6b51b/?path=%2Fhome%2Friggvwfp%2F..%2F..%2F.%2Fhome%2F..%2Flib64%2Fbpf%2F..%2FlibHalf.so.12 HTTP/1.1" 200 988 "-" "Mozilla/5.0 AppleWebKit/537.36 (KHTML, like Gecko; compatible; ClaudeBot/1.0; +claudebot@anthropic.com)"
3.135.190.163 - - [28/Apr/2025:22:15:59 -0400] "GET /6b51b/?path=%2Fhome%2Friggvwfp%2F..%2F..%2F.%2Fhome%2F..%2Flib64%2Fbpf%2F..%2Flibhunspell-1.6.so.0 HTTP/1.1" 200 990 "-" "Mozilla/5.0 AppleWebKit/537.36 (KHTML, like Gecko; compatible; ClaudeBot/1.0; +claudebot@anthropic.com)"
3.135.190.163 - - [28/Apr/2025:22:16:02 -0400] "GET /6b51b/?path=%2Fhome%2Friggvwfp%2F..%2F..%2F.%2Fhome%2F..%2Flib64%2Fbpf%2F..%2Fgio HTTP/1.1" 200 1491 "-" "Mozilla/5.0 AppleWebKit/537.36 (KHTML, like Gecko; compatible; ClaudeBot/1.0; +claudebot@anthropic.com)"
3.135.190.163 - - [28/Apr/2025:22:16:05 -0400] "GET /6b51b/?path=%2Fhome%2Friggvwfp%2F..%2F..%2F.%2Fhome%2F..%2Flib64%2Fbpf%2F..%2FlibXmuu.so.1.0.0 HTTP/1.1" 200 994 "-" "Mozilla/5.0 AppleWebKit/537.36 (KHTML, like Gecko; compatible; ClaudeBot/1.0; +claudebot@anthropic.com)"
3.135.190.163 - - [28/Apr/2025:22:16:08 -0400] "GET /6b51b/?path=%2Fhome%2Friggvwfp%2F..%2F..%2F.%2Fhome%2F..%2Flib64%2Fbpf%2F..%2FlibXinerama.so.1.0.0 HTTP/1.1" 200 990 "-" "Mozilla/5.0 AppleWebKit/537.36 (KHTML, like Gecko; compatible; ClaudeBot/1.0; +claudebot@anthropic.com)"
3.135.190.163 - - [28/Apr/2025:22:16:11 -0400] "GET /6b51b/?path=%2Fhome%2Friggvwfp%2F..%2F..%2F.%2Fhome%2F..%2Flib64%2Fbpf%2F..%2Flibleveldb.so.1.22.0 HTTP/1.1" 200 990 "-" "Mozilla/5.0 AppleWebKit/537.36 (KHTML, like Gecko; compatible; ClaudeBot/1.0; +claudebot@anthropic.com)"
3.135.190.163 - - [28/Apr/2025:22:16:14 -0400] "GET /6b51b/?path=%2Fhome%2Friggvwfp%2F..%2F..%2F.%2Fhome%2F..%2Flib64%2Fbpf%2F..%2Flibxcb-present.so.0.0.0 HTTP/1.1" 200 998 "-" "Mozilla/5.0 AppleWebKit/537.36 (KHTML, like Gecko; compatible; ClaudeBot/1.0; +claudebot@anthropic.com)"
66.249.66.4 - - [28/Apr/2025:22:16:15 -0400] "GET /info/308313638.html HTTP/1.1" 404 22656 "-" "Mozilla/5.0 (Linux; Android 6.0.1; Nexus 5X Build/MMB29P) AppleWebKit/537.36 (KHTML, like Gecko) Chrome/135.0.7049.95 Mobile Safari/537.36 (compatible; GoogleOther)"
3.135.190.163 - - [28/Apr/2025:22:16:17 -0400] "GET /6b51b/?path=%2Fhome%2Friggvwfp%2F..%2F..%2F.%2Fhome%2F..%2Flib64%2Fbpf%2F..%2FlibX11.so.6 HTTP/1.1" 200 990 "-" "Mozilla/5.0 AppleWebKit/537.36 (KHTML, like Gecko; compatible; ClaudeBot/1.0; +claudebot@anthropic.com)"
51.222.253.7 - - [28/Apr/2025:22:16:17 -0400] "GET /info/467566353.html HTTP/1.1" 404 22656 "-" "Mozilla/5.0 (compatible; AhrefsBot/7.0; +http://ahrefs.com/robot/)"
3.135.190.163 - - [28/Apr/2025:22:16:20 -0400] "GET /6b51b/?path=%2Fhome%2Friggvwfp%2F..%2F..%2F.%2Fhome%2F..%2Flib64%2Fbpf%2F..%2Flibsmartcols.so.1 HTTP/1.1" 200 988 "-" "Mozilla/5.0 AppleWebKit/537.36 (KHTML, like Gecko; compatible; ClaudeBot/1.0; +claudebot@anthropic.com)"
3.135.190.163 - - [28/Apr/2025:22:16:23 -0400] "GET /6b51b/?path=%2Fhome%2Friggvwfp%2F..%2F..%2F.%2Fhome%2F..%2F.%2Fbin%2Fmknod HTTP/1.1" 200 968 "-" "Mozilla/5.0 AppleWebKit/537.36 (KHTML, like Gecko; compatible; ClaudeBot/1.0; +claudebot@anthropic.com)"
3.135.190.163 - - [28/Apr/2025:22:16:26 -0400] "GET /6b51b/?path=%2Fhome%2Friggvwfp%2F..%2F..%2F.%2Fhome%2F..%2Flib64%2Fbpf%2F..%2Flibgbm.so.1.0.0 HTTP/1.1" 200 992 "-" "Mozilla/5.0 AppleWebKit/537.36 (KHTML, like Gecko; compatible; ClaudeBot/1.0; +claudebot@anthropic.com)"
3.135.190.163 - - [28/Apr/2025:22:16:29 -0400] "GET /6b51b/?path=%2Fhome%2Friggvwfp%2F..%2F..%2F.%2Fhome%2F..%2Flib64%2Fbpf%2F..%2Flibxcb-xselinux.so HTTP/1.1" 200 994 "-" "Mozilla/5.0 AppleWebKit/537.36 (KHTML, like Gecko; compatible; ClaudeBot/1.0; +claudebot@anthropic.com)"
3.135.190.163 - - [28/Apr/2025:22:16:32 -0400] "GET /6b51b/?path=%2Fhome%2Friggvwfp%2F..%2F..%2F.%2Fhome%2F..%2Flib64%2Fbpf%2F..%2FlibGraphicsMagickWand-Q16.so.2 HTTP/1.1" 200 1008 "-" "Mozilla/5.0 AppleWebKit/537.36 (KHTML, like Gecko; compatible; ClaudeBot/1.0; +claudebot@anthropic.com)"
3.135.190.163 - - [28/Apr/2025:22:16:35 -0400] "GET /6b51b/?path=%2Fhome%2Friggvwfp%2F..%2F..%2F.%2Fhome%2F..%2Flib64%2Fbpf%2F..%2Flibgdbm.so HTTP/1.1" 200 991 "-" "Mozilla/5.0 AppleWebKit/537.36 (KHTML, like Gecko; compatible; ClaudeBot/1.0; +claudebot@anthropic.com)"
3.135.190.163 - - [28/Apr/2025:22:16:38 -0400] "GET /6b51b/?path=%2Fhome%2F..%2Fhome2%2F..%2Fvar%2Fsoftaculous%2Fangular%2Fimages HTTP/1.1" 200 1586 "-" "Mozilla/5.0 AppleWebKit/537.36 (KHTML, like Gecko; compatible; ClaudeBot/1.0; +claudebot@anthropic.com)"
3.135.190.163 - - [28/Apr/2025:22:16:41 -0400] "GET /6b51b/?path=%2Fhome%2Friggvwfp%2F..%2F..%2F.%2Fhome%2F..%2F.%2Fbin%2Fmontage HTTP/1.1" 200 971 "-" "Mozilla/5.0 AppleWebKit/537.36 (KHTML, like Gecko; compatible; ClaudeBot/1.0; +claudebot@anthropic.com)"
3.135.190.163 - - [28/Apr/2025:22:16:44 -0400] "GET /6b51b/?path=%2Fhome%2Friggvwfp%2F..%2F..%2F.%2Fhome%2F..%2Flib64%2Fbpf%2F..%2Flibgcrypt.so.20.2.5 HTTP/1.1" 200 991 "-" "Mozilla/5.0 AppleWebKit/537.36 (KHTML, like Gecko; compatible; ClaudeBot/1.0; +claudebot@anthropic.com)"
3.135.190.163 - - [28/Apr/2025:22:16:47 -0400] "GET /6b51b/?path=%2Fhome%2Friggvwfp%2F..%2F.%2F..%2Fbin%2Ffc-validate HTTP/1.1" 200 955 "-" "Mozilla/5.0 AppleWebKit/537.36 (KHTML, like Gecko; compatible; ClaudeBot/1.0; +claudebot@anthropic.com)"
3.135.190.163 - - [28/Apr/2025:22:16:50 -0400] "GET /6b51b/?path=%2Fhome%2Friggvwfp%2F..%2F..%2F.%2Fhome%2F..%2F.%2Fbin%2Fxmllint HTTP/1.1" 200 971 "-" "Mozilla/5.0 AppleWebKit/537.36 (KHTML, like Gecko; compatible; ClaudeBot/1.0; +claudebot@anthropic.com)"
3.135.190.163 - - [28/Apr/2025:22:16:53 -0400] "GET /6b51b/?path=%2Fhome%2Friggvwfp%2F..%2F..%2F.%2Fhome%2F..%2Flib64%2Fbpf%2F..%2Flibxcb-randr.so.0.1.0 HTTP/1.1" 200 991 "-" "Mozilla/5.0 AppleWebKit/537.36 (KHTML, like Gecko; compatible; ClaudeBot/1.0; +claudebot@anthropic.com)"
3.135.190.163 - - [28/Apr/2025:22:16:56 -0400] "GET /6b51b/?path=%2Fhome%2Friggvwfp%2F..%2F..%2F.%2Fhome%2F..%2Flib64%2Fbpf%2F..%2Flibvpx.so.5 HTTP/1.1" 200 989 "-" "Mozilla/5.0 AppleWebKit/537.36 (KHTML, like Gecko; compatible; ClaudeBot/1.0; +claudebot@anthropic.com)"
3.135.190.163 - - [28/Apr/2025:22:16:59 -0400] "GET /6b51b/?path=%2Fhome%2F..%2Fhome2%2F..%2Fproc%2Fthread-self%2F.%2Fns%2Futs HTTP/1.1" 200 977 "-" "Mozilla/5.0 AppleWebKit/537.36 (KHTML, like Gecko; compatible; ClaudeBot/1.0; +claudebot@anthropic.com)"
3.135.190.163 - - [28/Apr/2025:22:17:02 -0400] "GET /6b51b/?path=%2Fhome%2Friggvwfp%2F..%2F..%2F.%2Fhome%2F..%2Fusr%2F..%2Fbin%2F. HTTP/1.1" 200 15038 "-" "Mozilla/5.0 AppleWebKit/537.36 (KHTML, like Gecko; compatible; ClaudeBot/1.0; +claudebot@anthropic.com)"
162.0.215.23 - - [28/Apr/2025:22:17:02 -0400] "POST /wp-cron.php?doing_wp_cron=1745893022.8281219005584716796875 HTTP/1.1" 200 0 "-" "WordPress/6.8; https://riggscohopeforhumanity.org"
66.249.66.5 - - [28/Apr/2025:22:17:02 -0400] "GET /info/305653515.html HTTP/1.1" 404 22705 "-" "Mozilla/5.0 (Linux; Android 6.0.1; Nexus 5X Build/MMB29P) AppleWebKit/537.36 (KHTML, like Gecko) Chrome/135.0.7049.95 Mobile Safari/537.36 (compatible; GoogleOther)"
3.135.190.163 - - [28/Apr/2025:22:17:05 -0400] "GET /6b51b/?path=%2Fhome%2Friggvwfp%2F..%2F..%2F.%2Fhome%2F..%2Flib64%2Fbpf%2F..%2Flibsemanage.so.1 HTTP/1.1" 200 989 "-" "Mozilla/5.0 AppleWebKit/537.36 (KHTML, like Gecko; compatible; ClaudeBot/1.0; +claudebot@anthropic.com)"
3.135.190.163 - - [28/Apr/2025:22:17:08 -0400] "GET /6b51b/?path=%2Fhome%2Friggvwfp%2F..%2F..%2F.%2Fhome%2F..%2Flib64%2Fbpf%2F..%2Flibwmf-0.2.so.7 HTTP/1.1" 200 995 "-" "Mozilla/5.0 AppleWebKit/537.36 (KHTML, like Gecko; compatible; ClaudeBot/1.0; +claudebot@anthropic.com)"
3.135.190.163 - - [28/Apr/2025:22:17:11 -0400] "GET /6b51b/?path=%2Fhome%2F..%2Fhome2%2F..%2Fproc%2Fthread-self%2F.%2Fns%2Ftime HTTP/1.1" 200 974 "-" "Mozilla/5.0 AppleWebKit/537.36 (KHTML, like Gecko; compatible; ClaudeBot/1.0; +claudebot@anthropic.com)"
3.135.190.163 - - [28/Apr/2025:22:17:14 -0400] "GET /6b51b/?path=%2Fhome%2F..%2Fhome2%2F..%2Fproc%2Fthread-self%2F.%2Fns%2Fcgroup HTTP/1.1" 200 979 "-" "Mozilla/5.0 AppleWebKit/537.36 (KHTML, like Gecko; compatible; ClaudeBot/1.0; +claudebot@anthropic.com)"
3.135.190.163 - - [28/Apr/2025:22:17:17 -0400] "GET /6b51b/?path=%2Fhome%2F..%2Fdev%2Fshm%2F.mrk HTTP/1.1" 200 2699 "-" "Mozilla/5.0 AppleWebKit/537.36 (KHTML, like Gecko; compatible; ClaudeBot/1.0; +claudebot@anthropic.com)"
66.249.66.4 - - [28/Apr/2025:22:17:18 -0400] "GET /info/178071841.html HTTP/1.1" 404 22706 "-" "Mozilla/5.0 (Linux; Android 6.0.1; Nexus 5X Build/MMB29P) AppleWebKit/537.36 (KHTML, like Gecko) Chrome/135.0.7049.95 Mobile Safari/537.36 (compatible; GoogleOther)"
3.135.190.163 - - [28/Apr/2025:22:17:20 -0400] "GET /6b51b/?path=%2Fhome%2Friggvwfp%2F..%2F..%2F.%2Fhome%2F..%2F.%2Fbin%2Fenc2xs HTTP/1.1" 200 17143 "-" "Mozilla/5.0 AppleWebKit/537.36 (KHTML, like Gecko; compatible; ClaudeBot/1.0; +claudebot@anthropic.com)"
3.135.190.163 - - [28/Apr/2025:22:17:23 -0400] "GET /6b51b/?path=%2Fhome%2Friggvwfp%2F..%2F..%2F.%2Fhome%2F..%2F.%2Fbin%2Fmcookie HTTP/1.1" 200 971 "-" "Mozilla/5.0 AppleWebKit/537.36 (KHTML, like Gecko; compatible; ClaudeBot/1.0; +claudebot@anthropic.com)"
3.135.190.163 - - [28/Apr/2025:22:17:26 -0400] "GET /6b51b/?path=%2Fhome%2Friggvwfp%2F..%2F..%2F.%2Fhome%2F..%2Flib64%2Fbpf%2F..%2Flibpsx.so.2 HTTP/1.1" 200 988 "-" "Mozilla/5.0 AppleWebKit/537.36 (KHTML, like Gecko; compatible; ClaudeBot/1.0; +claudebot@anthropic.com)"
3.135.190.163 - - [28/Apr/2025:22:17:29 -0400] "GET /6b51b/?path=%2Fhome%2Friggvwfp%2F..%2F..%2F.%2Fhome%2F..%2Flib64%2Fbpf%2F..%2Flibsss_idmap.so.0 HTTP/1.1" 200 987 "-" "Mozilla/5.0 AppleWebKit/537.36 (KHTML, like Gecko; compatible; ClaudeBot/1.0; +claudebot@anthropic.com)"
3.135.190.163 - - [28/Apr/2025:22:17:32 -0400] "GET /6b51b/?path=%2Fhome%2Friggvwfp%2F..%2F..%2F.%2Fhome%2F..%2Flib64%2Fbpf%2F..%2Ftk8.6 HTTP/1.1" 200 1549 "-" "Mozilla/5.0 AppleWebKit/537.36 (KHTML, like Gecko; compatible; ClaudeBot/1.0; +claudebot@anthropic.com)"
3.135.190.163 - - [28/Apr/2025:22:17:35 -0400] "GET /6b51b/?path=%2Fhome%2Friggvwfp%2F..%2F..%2F.%2Fhome%2F..%2Flib64%2Fbpf%2F..%2Flibguilereadline-v-18.so.18.0.0 HTTP/1.1" 200 1001 "-" "Mozilla/5.0 AppleWebKit/537.36 (KHTML, like Gecko; compatible; ClaudeBot/1.0; +claudebot@anthropic.com)"
3.135.190.163 - - [28/Apr/2025:22:17:38 -0400] "GET /6b51b/?path=%2Fhome%2Friggvwfp%2F..%2F..%2F.%2Fhome%2F..%2Flib64%2Fbpf%2F..%2Fsssd HTTP/1.1" 200 2015 "-" "Mozilla/5.0 AppleWebKit/537.36 (KHTML, like Gecko; compatible; ClaudeBot/1.0; +claudebot@anthropic.com)"
162.0.215.23 - - [28/Apr/2025:22:17:39 -0400] "POST /wp-cron.php?doing_wp_cron=1745893059.2085499763488769531250 HTTP/1.1" 200 0 "-" "WordPress/6.8; https://riggscohopeforhumanity.org"
66.249.66.4 - - [28/Apr/2025:22:17:38 -0400] "GET /info/590665671.html HTTP/1.1" 404 22705 "-" "Mozilla/5.0 (Linux; Android 6.0.1; Nexus 5X Build/MMB29P) AppleWebKit/537.36 (KHTML, like Gecko) Chrome/135.0.7049.95 Mobile Safari/537.36 (compatible; Googlebot/2.1; +http://www.google.com/bot.html)"
3.135.190.163 - - [28/Apr/2025:22:17:41 -0400] "GET /6b51b/?path=%2Fhome%2Friggvwfp%2F..%2F..%2F.%2Fhome%2F..%2F.%2Fbin%2Fzfgrep HTTP/1.1" 200 997 "-" "Mozilla/5.0 AppleWebKit/537.36 (KHTML, like Gecko; compatible; ClaudeBot/1.0; +claudebot@anthropic.com)"
3.135.190.163 - - [28/Apr/2025:22:17:44 -0400] "GET /6b51b/?path=%2Fhome%2Friggvwfp%2F..%2F..%2F.%2Fhome%2F..%2Flib64%2Fbpf%2F..%2Flibformw.so.6.1 HTTP/1.1" 200 995 "-" "Mozilla/5.0 AppleWebKit/537.36 (KHTML, like Gecko; compatible; ClaudeBot/1.0; +claudebot@anthropic.com)"
3.135.190.163 - - [28/Apr/2025:22:17:47 -0400] "GET /6b51b/?path=%2Fhome%2Friggvwfp%2F..%2F..%2F.%2Fhome%2F..%2Flib64%2Fbpf%2F..%2Flibdav1d.so.3.1.0 HTTP/1.1" 200 988 "-" "Mozilla/5.0 AppleWebKit/537.36 (KHTML, like Gecko; compatible; ClaudeBot/1.0; +claudebot@anthropic.com)"
3.135.190.163 - - [28/Apr/2025:22:17:50 -0400] "GET /6b51b/?path=%2Fhome%2Friggvwfp%2F..%2F..%2F.%2Fhome%2F..%2Flib64%2Fbpf%2F..%2Flibleveldb.so.1 HTTP/1.1" 200 994 "-" "Mozilla/5.0 AppleWebKit/537.36 (KHTML, like Gecko; compatible; ClaudeBot/1.0; +claudebot@anthropic.com)"
3.135.190.163 - - [28/Apr/2025:22:17:53 -0400] "GET /6b51b/?path=%2Fhome%2F..%2Fvar%2F..%2Fproc HTTP/1.1" 200 2890 "-" "Mozilla/5.0 AppleWebKit/537.36 (KHTML, like Gecko; compatible; ClaudeBot/1.0; +claudebot@anthropic.com)"
3.135.190.163 - - [28/Apr/2025:22:17:56 -0400] "GET /6b51b/?path=%2Fhome%2Friggvwfp%2F..%2F.%2F..%2Fbin%2Fmariadb HTTP/1.1" 200 955 "-" "Mozilla/5.0 AppleWebKit/537.36 (KHTML, like Gecko; compatible; ClaudeBot/1.0; +claudebot@anthropic.com)"
3.135.190.163 - - [28/Apr/2025:22:17:59 -0400] "GET /6b51b/?path=%2Fhome%2Friggvwfp%2F..%2F..%2F.%2Fhome%2F..%2Flib64%2Fbpf%2F..%2Flibxmlsec1-openssl.so.1.2.25 HTTP/1.1" 200 1001 "-" "Mozilla/5.0 AppleWebKit/537.36 (KHTML, like Gecko; compatible; ClaudeBot/1.0; +claudebot@anthropic.com)"
3.135.190.163 - - [28/Apr/2025:22:18:02 -0400] "GET /6b51b/?path=%2Fhome%2Friggvwfp%2F..%2F..%2F.%2Fhome%2F..%2Flib64%2Fbpf%2F..%2Flibgstplayer-1.0.so.0 HTTP/1.1" 200 991 "-" "Mozilla/5.0 AppleWebKit/537.36 (KHTML, like Gecko; compatible; ClaudeBot/1.0; +claudebot@anthropic.com)"
3.135.190.163 - - [28/Apr/2025:22:18:05 -0400] "GET /6b51b/?path=%2Fhome%2Friggvwfp%2F..%2F..%2F.%2Fhome%2F..%2F.%2Fbin%2Fgencat HTTP/1.1" 200 972 "-" "Mozilla/5.0 AppleWebKit/537.36 (KHTML, like Gecko; compatible; ClaudeBot/1.0; +claudebot@anthropic.com)"
3.135.190.163 - - [28/Apr/2025:22:18:08 -0400] "GET /6b51b/?path=%2Fhome%2Friggvwfp%2F..%2F..%2F.%2Fhome%2F..%2Flib64%2Fbpf%2F..%2Flibgomp.so.1 HTTP/1.1" 200 986 "-" "Mozilla/5.0 AppleWebKit/537.36 (KHTML, like Gecko; compatible; ClaudeBot/1.0; +claudebot@anthropic.com)"
3.135.190.163 - - [28/Apr/2025:22:18:11 -0400] "GET /6b51b/?path=%2Fhome%2Friggvwfp%2F..%2F..%2F.%2Fhome%2F..%2F.%2Fbin%2Ful HTTP/1.1" 200 968 "-" "Mozilla/5.0 AppleWebKit/537.36 (KHTML, like Gecko; compatible; ClaudeBot/1.0; +claudebot@anthropic.com)"
3.135.190.163 - - [28/Apr/2025:22:18:14 -0400] "GET /6b51b/?path=%2Fhome%2Friggvwfp%2F..%2F..%2F.%2Fhome%2F..%2Flib64%2Fbpf%2F..%2Flibgmp.so.10 HTTP/1.1" 200 986 "-" "Mozilla/5.0 AppleWebKit/537.36 (KHTML, like Gecko; compatible; ClaudeBot/1.0; +claudebot@anthropic.com)"
66.249.66.6 - - [28/Apr/2025:22:18:15 -0400] "GET /info/297369167.html HTTP/1.1" 404 22656 "-" "Mozilla/5.0 (Linux; Android 6.0.1; Nexus 5X Build/MMB29P) AppleWebKit/537.36 (KHTML, like Gecko) Chrome/135.0.7049.95 Mobile Safari/537.36 (compatible; GoogleOther)"
3.135.190.163 - - [28/Apr/2025:22:18:17 -0400] "GET /6b51b/?path=%2Fhome%2Friggvwfp%2F..%2F..%2F.%2Fhome%2F..%2Flib64%2Fbpf%2F..%2Flibdrm.so.2 HTTP/1.1" 200 988 "-" "Mozilla/5.0 AppleWebKit/537.36 (KHTML, like Gecko; compatible; ClaudeBot/1.0; +claudebot@anthropic.com)"
3.135.190.163 - - [28/Apr/2025:22:18:20 -0400] "GET /6b51b/?path=%2Fhome%2Friggvwfp%2F..%2F..%2F.%2Fhome%2F..%2Flib64%2Fbpf%2F..%2FlibGraphicsMagick-Q16.so.3.24.0 HTTP/1.1" 200 1006 "-" "Mozilla/5.0 AppleWebKit/537.36 (KHTML, like Gecko; compatible; ClaudeBot/1.0; +claudebot@anthropic.com)"
3.135.190.163 - - [28/Apr/2025:22:18:23 -0400] "GET /6b51b/?path=%2Fhome%2Friggvwfp%2F..%2F..%2F.%2Fhome%2F..%2F.%2Fbin%2Fautoupdate HTTP/1.1" 200 12728 "-" "Mozilla/5.0 AppleWebKit/537.36 (KHTML, like Gecko; compatible; ClaudeBot/1.0; +claudebot@anthropic.com)"
3.135.190.163 - - [28/Apr/2025:22:18:26 -0400] "GET /6b51b/?path=%2Fhome%2Friggvwfp%2F..%2F..%2F.%2Fhome%2F..%2Flib64%2Fbpf%2F..%2Flibdbus-glib-1.so.2 HTTP/1.1" 200 991 "-" "Mozilla/5.0 AppleWebKit/537.36 (KHTML, like Gecko; compatible; ClaudeBot/1.0; +claudebot@anthropic.com)"
66.249.66.4 - - [28/Apr/2025:22:18:26 -0400] "GET /info/89285682.html HTTP/1.1" 404 22706 "-" "Mozilla/5.0 (Linux; Android 6.0.1; Nexus 5X Build/MMB29P) AppleWebKit/537.36 (KHTML, like Gecko) Chrome/135.0.7049.95 Mobile Safari/537.36 (compatible; Googlebot/2.1; +http://www.google.com/bot.html)"
3.135.190.163 - - [28/Apr/2025:22:18:29 -0400] "GET /6b51b/?path=%2Fhome%2Friggvwfp%2F..%2F..%2F.%2Fhome%2F..%2Flib64%2Fbpf%2F..%2Ftraceevent HTTP/1.1" 200 1494 "-" "Mozilla/5.0 AppleWebKit/537.36 (KHTML, like Gecko; compatible; ClaudeBot/1.0; +claudebot@anthropic.com)"
66.249.66.5 - - [28/Apr/2025:22:18:28 -0400] "GET /info/530013467.html HTTP/1.1" 404 22705 "-" "Mozilla/5.0 (Linux; Android 6.0.1; Nexus 5X Build/MMB29P) AppleWebKit/537.36 (KHTML, like Gecko) Chrome/135.0.7049.95 Mobile Safari/537.36 (compatible; Googlebot/2.1; +http://www.google.com/bot.html)"
3.135.190.163 - - [28/Apr/2025:22:18:32 -0400] "GET /6b51b/?path=%2Fhome%2Friggvwfp%2F..%2F..%2F.%2Fhome%2F..%2Flib64%2Fbpf%2F..%2Flibjasper.so.4 HTTP/1.1" 200 989 "-" "Mozilla/5.0 AppleWebKit/537.36 (KHTML, like Gecko; compatible; ClaudeBot/1.0; +claudebot@anthropic.com)"
3.135.190.163 - - [28/Apr/2025:22:18:35 -0400] "GET /6b51b/?path=%2Fhome%2Friggvwfp%2F..%2F..%2F.%2Fhome%2F..%2Flib64%2Fbpf%2F..%2Flibasound.so.2 HTTP/1.1" 200 991 "-" "Mozilla/5.0 AppleWebKit/537.36 (KHTML, like Gecko; compatible; ClaudeBot/1.0; +claudebot@anthropic.com)"
3.135.190.163 - - [28/Apr/2025:22:18:38 -0400] "GET /6b51b/?path=%2Fhome%2Friggvwfp%2F..%2F..%2F.%2Fhome%2F..%2Flib64%2Fbpf%2F..%2Flibncursesw.so.5.9 HTTP/1.1" 200 992 "-" "Mozilla/5.0 AppleWebKit/537.36 (KHTML, like Gecko; compatible; ClaudeBot/1.0; +claudebot@anthropic.com)"
162.0.215.23 - - [28/Apr/2025:22:18:56 -0400] "POST /wp-cron.php?doing_wp_cron=1745893136.0093479156494140625000 HTTP/1.1" 200 0 "-" "WordPress/6.8; https://riggscohopeforhumanity.org"
66.249.66.4 - - [28/Apr/2025:22:18:55 -0400] "GET /info/19830942.html HTTP/1.1" 404 22706 "-" "Mozilla/5.0 (Linux; Android 6.0.1; Nexus 5X Build/MMB29P) AppleWebKit/537.36 (KHTML, like Gecko) Chrome/135.0.7049.95 Mobile Safari/537.36 (compatible; GoogleOther)"
3.147.75.50 - - [28/Apr/2025:22:19:14 -0400] "GET /6b51b/?path=%2Fhome%2Friggvwfp%2F..%2F..%2F.%2Fhome%2F..%2Flib64%2Fbpf%2F..%2Flibtheoradec.so.1.1.4 HTTP/1.1" 200 989 "-" "Mozilla/5.0 AppleWebKit/537.36 (KHTML, like Gecko; compatible; ClaudeBot/1.0; +claudebot@anthropic.com)"
3.147.75.50 - - [28/Apr/2025:22:19:17 -0400] "GET /6b51b/?path=%2Fhome%2Friggvwfp%2F..%2F..%2F.%2Fhome%2F..%2Flib64%2Fbpf%2F..%2Flibdl.so HTTP/1.1" 200 986 "-" "Mozilla/5.0 AppleWebKit/537.36 (KHTML, like Gecko; compatible; ClaudeBot/1.0; +claudebot@anthropic.com)"
3.147.75.50 - - [28/Apr/2025:22:19:20 -0400] "GET /6b51b/?path=%2Fhome%2Friggvwfp%2F..%2F..%2F.%2Fhome%2F..%2Flib64%2Fbpf%2F..%2Flibrt.so HTTP/1.1" 200 987 "-" "Mozilla/5.0 AppleWebKit/537.36 (KHTML, like Gecko; compatible; ClaudeBot/1.0; +claudebot@anthropic.com)"
3.147.75.50 - - [28/Apr/2025:22:19:23 -0400] "GET /6b51b/?path=%2Fhome%2Friggvwfp%2F..%2F..%2F.%2Fhome%2F..%2Flib64%2Fbpf%2F..%2Flibgstrtp-1.0.so.0.1601.0 HTTP/1.1" 200 996 "-" "Mozilla/5.0 AppleWebKit/537.36 (KHTML, like Gecko; compatible; ClaudeBot/1.0; +claudebot@anthropic.com)"
3.147.75.50 - - [28/Apr/2025:22:19:26 -0400] "GET /6b51b/?path=%2Fhome%2Friggvwfp%2F..%2F..%2F.%2Fhome%2F..%2F.%2Fbin%2Fnslookup HTTP/1.1" 200 971 "-" "Mozilla/5.0 AppleWebKit/537.36 (KHTML, like Gecko; compatible; ClaudeBot/1.0; +claudebot@anthropic.com)"
3.147.75.50 - - [28/Apr/2025:22:19:29 -0400] "GET /6b51b/?path=%2Fhome%2Friggvwfp%2F..%2F..%2F.%2Fhome%2F..%2Flib64%2Fbpf%2F..%2F.libssl.so.1.0.2o.hmac HTTP/1.1" 200 1044 "-" "Mozilla/5.0 AppleWebKit/537.36 (KHTML, like Gecko; compatible; ClaudeBot/1.0; +claudebot@anthropic.com)"
3.147.75.50 - - [28/Apr/2025:22:19:32 -0400] "GET /6b51b/?path=%2Fhome%2Friggvwfp%2F..%2F..%2F.%2Fhome%2F..%2Flib64%2Fbpf%2F..%2Flibexslt.so.0.8.20 HTTP/1.1" 200 988 "-" "Mozilla/5.0 AppleWebKit/537.36 (KHTML, like Gecko; compatible; ClaudeBot/1.0; +claudebot@anthropic.com)"
3.147.75.50 - - [28/Apr/2025:22:19:35 -0400] "GET /6b51b/?path=%2Fhome%2Friggvwfp%2F..%2F..%2F.%2Fhome%2F..%2Flib64%2Fbpf%2F..%2Flibxcb-damage.so.0 HTTP/1.1" 200 988 "-" "Mozilla/5.0 AppleWebKit/537.36 (KHTML, like Gecko; compatible; ClaudeBot/1.0; +claudebot@anthropic.com)"
162.0.215.23 - - [28/Apr/2025:22:19:35 -0400] "POST /wp-cron.php?doing_wp_cron=1745893175.7060511112213134765625 HTTP/1.1" 200 0 "-" "WordPress/6.8; https://riggscohopeforhumanity.org"
66.249.66.5 - - [28/Apr/2025:22:19:35 -0400] "GET /info/55222642.html HTTP/1.1" 404 22656 "-" "Mozilla/5.0 (Linux; Android 6.0.1; Nexus 5X Build/MMB29P) AppleWebKit/537.36 (KHTML, like Gecko) Chrome/135.0.7049.95 Mobile Safari/537.36 (compatible; GoogleOther)"
3.147.75.50 - - [28/Apr/2025:22:19:38 -0400] "GET /6b51b/?path=%2Fhome%2Friggvwfp%2F..%2F..%2F.%2Fhome%2F..%2F.%2Fbin%2Fgeqn HTTP/1.1" 200 964 "-" "Mozilla/5.0 AppleWebKit/537.36 (KHTML, like Gecko; compatible; ClaudeBot/1.0; +claudebot@anthropic.com)"
3.147.75.50 - - [28/Apr/2025:22:19:41 -0400] "GET /6b51b/?path=%2Fhome%2Friggvwfp%2F..%2F..%2F.%2Fhome%2F..%2Flib64%2Fbpf%2F..%2Fkrb5 HTTP/1.1" 200 1489 "-" "Mozilla/5.0 AppleWebKit/537.36 (KHTML, like Gecko; compatible; ClaudeBot/1.0; +claudebot@anthropic.com)"
3.147.75.50 - - [28/Apr/2025:22:19:44 -0400] "GET /6b51b/?path=%2Fhome%2Friggvwfp%2F..%2F..%2F.%2Fhome%2F..%2Flib64%2Fbpf%2F..%2Flibmetalink.so.3 HTTP/1.1" 200 994 "-" "Mozilla/5.0 AppleWebKit/537.36 (KHTML, like Gecko; compatible; ClaudeBot/1.0; +claudebot@anthropic.com)"
3.147.75.50 - - [28/Apr/2025:22:19:47 -0400] "GET /6b51b/?path=%2Fhome%2Friggvwfp%2F..%2F.%2F..%2Fbin%2Fcurl HTTP/1.1" 200 955 "-" "Mozilla/5.0 AppleWebKit/537.36 (KHTML, like Gecko; compatible; ClaudeBot/1.0; +claudebot@anthropic.com)"
3.147.75.50 - - [28/Apr/2025:22:19:50 -0400] "GET /6b51b/?path=%2Fhome%2F..%2Fvar%2Frun%2Fnscd HTTP/1.1" 200 1539 "-" "Mozilla/5.0 AppleWebKit/537.36 (KHTML, like Gecko; compatible; ClaudeBot/1.0; +claudebot@anthropic.com)"
66.249.66.5 - - [28/Apr/2025:22:19:51 -0400] "GET /info/96576048.html HTTP/1.1" 404 22656 "-" "Mozilla/5.0 (Linux; Android 6.0.1; Nexus 5X Build/MMB29P) AppleWebKit/537.36 (KHTML, like Gecko) Chrome/135.0.7049.95 Mobile Safari/537.36 (compatible; GoogleOther)"
3.147.75.50 - - [28/Apr/2025:22:19:53 -0400] "GET /6b51b/?path=%2Fhome%2Friggvwfp%2F..%2F..%2F.%2Fhome%2F..%2Flib64%2Fbpf%2F..%2Flibnspr4.so HTTP/1.1" 200 990 "-" "Mozilla/5.0 AppleWebKit/537.36 (KHTML, like Gecko; compatible; ClaudeBot/1.0; +claudebot@anthropic.com)"
3.147.75.50 - - [28/Apr/2025:22:19:56 -0400] "GET /6b51b/?path=%2Fhome%2Friggvwfp%2F..%2F..%2F.%2Fhome%2F..%2Flib64%2Fbpf%2F..%2Flibgstmpegts-1.0.so.0 HTTP/1.1" 200 991 "-" "Mozilla/5.0 AppleWebKit/537.36 (KHTML, like Gecko; compatible; ClaudeBot/1.0; +claudebot@anthropic.com)"
3.147.75.50 - - [28/Apr/2025:22:19:59 -0400] "GET /6b51b/?path=%2Fhome%2Friggvwfp%2F..%2F..%2F.%2Fhome%2F..%2Flib64%2Fbpf%2F..%2Flibfstrm.so HTTP/1.1" 200 990 "-" "Mozilla/5.0 AppleWebKit/537.36 (KHTML, like Gecko; compatible; ClaudeBot/1.0; +claudebot@anthropic.com)"
3.147.75.50 - - [28/Apr/2025:22:20:02 -0400] "GET /6b51b/?path=%2Fhome%2Friggvwfp%2F..%2F..%2F.%2Fhome%2F..%2Flib64%2Fbpf%2F..%2Flibwmflite-0.2.so.7.0.2 HTTP/1.1" 200 995 "-" "Mozilla/5.0 AppleWebKit/537.36 (KHTML, like Gecko; compatible; ClaudeBot/1.0; +claudebot@anthropic.com)"
3.147.75.50 - - [28/Apr/2025:22:20:05 -0400] "GET /wp-includes/js/tinymce/plugins/hr/plugin.js HTTP/1.1" 200 322 "-" "Mozilla/5.0 AppleWebKit/537.36 (KHTML, like Gecko; compatible; ClaudeBot/1.0; +claudebot@anthropic.com)"
3.147.75.50 - - [28/Apr/2025:22:20:08 -0400] "GET /6b51b/?path=%2Fhome%2Friggvwfp%2F..%2F..%2F.%2Fhome%2F..%2Flib64%2Fbpf%2F..%2Flibxcb-xkb.so.1 HTTP/1.1" 200 993 "-" "Mozilla/5.0 AppleWebKit/537.36 (KHTML, like Gecko; compatible; ClaudeBot/1.0; +claudebot@anthropic.com)"
3.147.75.50 - - [28/Apr/2025:22:20:11 -0400] "GET /6b51b/?path=%2Fhome%2Friggvwfp%2F..%2F..%2F.%2Fhome%2F..%2Flib64%2Fbpf%2F..%2FlibIexMath-2_2.so.12 HTTP/1.1" 200 995 "-" "Mozilla/5.0 AppleWebKit/537.36 (KHTML, like Gecko; compatible; ClaudeBot/1.0; +claudebot@anthropic.com)"
3.147.75.50 - - [28/Apr/2025:22:20:15 -0400] "GET /6b51b/?path=%2Fhome%2Friggvwfp%2F..%2F..%2F.%2Fhome%2F..%2F.%2Fbin%2Fifnames HTTP/1.1" 200 3019 "-" "Mozilla/5.0 AppleWebKit/537.36 (KHTML, like Gecko; compatible; ClaudeBot/1.0; +claudebot@anthropic.com)"
162.0.215.23 - - [28/Apr/2025:22:20:16 -0400] "POST /wp-cron.php?doing_wp_cron=1745893216.5550179481506347656250 HTTP/1.1" 200 0 "-" "WordPress/6.8; https://riggscohopeforhumanity.org"
3.147.75.50 - - [28/Apr/2025:22:20:17 -0400] "GET /6b51b/?path=%2Fhome%2Friggvwfp%2F..%2F..%2F.%2Fhome%2F..%2Flib64%2Fbpf%2F..%2Fliblcms2.so.2 HTTP/1.1" 200 986 "-" "Mozilla/5.0 AppleWebKit/537.36 (KHTML, like Gecko; compatible; ClaudeBot/1.0; +claudebot@anthropic.com)"
66.249.66.5 - - [28/Apr/2025:22:20:15 -0400] "GET /info/216989403.html HTTP/1.1" 404 22656 "-" "Mozilla/5.0 (Linux; Android 6.0.1; Nexus 5X Build/MMB29P) AppleWebKit/537.36 (KHTML, like Gecko) Chrome/135.0.7049.95 Mobile Safari/537.36 (compatible; GoogleOther)"
3.147.75.50 - - [28/Apr/2025:22:20:20 -0400] "GET /6b51b/?path=%2Fhome%2Friggvwfp%2F..%2F..%2F.%2Fhome%2F..%2Flib64%2Fbpf%2F..%2FlibXaw.so.7 HTTP/1.1" 200 992 "-" "Mozilla/5.0 AppleWebKit/537.36 (KHTML, like Gecko; compatible; ClaudeBot/1.0; +claudebot@anthropic.com)"
3.147.75.50 - - [28/Apr/2025:22:20:23 -0400] "GET /6b51b/?path=%2Fhome%2Friggvwfp%2F..%2F..%2F.%2Fhome%2F..%2F.%2Fbin%2Faclocal HTTP/1.1" 200 13877 "-" "Mozilla/5.0 AppleWebKit/537.36 (KHTML, like Gecko; compatible; ClaudeBot/1.0; +claudebot@anthropic.com)"
3.147.75.50 - - [28/Apr/2025:22:20:26 -0400] "GET /6b51b/?path=%2Fhome%2Friggvwfp%2F..%2F..%2F.%2Fhome%2F..%2Flib%2Fudev%2Fkdump-udev-throttler HTTP/1.1" 200 1644 "-" "Mozilla/5.0 AppleWebKit/537.36 (KHTML, like Gecko; compatible; ClaudeBot/1.0; +claudebot@anthropic.com)"
3.147.75.50 - - [28/Apr/2025:22:20:29 -0400] "GET /6b51b/?path=%2Fhome%2Friggvwfp%2F..%2F.%2F..%2Fbin%2Fc++ HTTP/1.1" 200 1206 "-" "Mozilla/5.0 AppleWebKit/537.36 (KHTML, like Gecko; compatible; ClaudeBot/1.0; +claudebot@anthropic.com)"
52.167.144.233 - - [28/Apr/2025:22:20:28 -0400] "GET /listing/121804657 HTTP/1.1" 404 22656 "-" "Mozilla/5.0 AppleWebKit/537.36 (KHTML, like Gecko; compatible; bingbot/2.0; +http://www.bing.com/bingbot.htm) Chrome/116.0.1938.76 Safari/537.36"
3.147.75.50 - - [28/Apr/2025:22:20:32 -0400] "GET /6b51b/?path=%2Fhome%2Friggvwfp%2F..%2F..%2F.%2Fhome%2F..%2Flib64%2Fbpf%2F..%2Flibgstadaptivedemux-1.0.so.0 HTTP/1.1" 200 1003 "-" "Mozilla/5.0 AppleWebKit/537.36 (KHTML, like Gecko; compatible; ClaudeBot/1.0; +claudebot@anthropic.com)"
3.147.75.50 - - [28/Apr/2025:22:20:35 -0400] "GET /6b51b/?path=%2Fhome%2Friggvwfp%2F..%2F..%2F.%2Fhome%2F..%2Flib64%2Fbpf%2F..%2Flibmana.so.1 HTTP/1.1" 200 988 "-" "Mozilla/5.0 AppleWebKit/537.36 (KHTML, like Gecko; compatible; ClaudeBot/1.0; +claudebot@anthropic.com)"
3.147.75.50 - - [28/Apr/2025:22:20:38 -0400] "GET /6b51b/?path=%2Fhome%2Friggvwfp%2Fpublic_html%2F..%2Flogs%2F..%2F.trash%2F.. HTTP/1.1" 200 2398 "-" "Mozilla/5.0 AppleWebKit/537.36 (KHTML, like Gecko; compatible; ClaudeBot/1.0; +claudebot@anthropic.com)"
3.147.75.50 - - [28/Apr/2025:22:20:41 -0400] "GET /6b51b/?path=%2Fhome%2Friggvwfp%2F..%2F..%2F.%2Fhome%2F..%2F.%2Fbin%2Fbzless HTTP/1.1" 200 1660 "-" "Mozilla/5.0 AppleWebKit/537.36 (KHTML, like Gecko; compatible; ClaudeBot/1.0; +claudebot@anthropic.com)"
162.0.215.23 - - [28/Apr/2025:22:20:43 -0400] "POST /wp-cron.php?doing_wp_cron=1745893243.8146500587463378906250 HTTP/1.1" 200 0 "-" "WordPress/6.8; https://riggscohopeforhumanity.org"
20.15.133.175 - - [28/Apr/2025:22:20:43 -0400] "GET /info/398922619.html HTTP/1.1" 301 0 "-" "Mozilla/5.0 AppleWebKit/537.36 (KHTML, like Gecko; compatible; bingbot/2.0; +http://www.bing.com/bingbot.htm) Chrome/116.0.1938.76 Safari/537.36"
3.147.75.50 - - [28/Apr/2025:22:20:44 -0400] "GET /6b51b/?path=%2Fhome%2Friggvwfp%2F..%2F..%2F.%2Fhome%2F..%2Flib64%2Fbpf%2F..%2Flibpangoxft-1.0.so.0 HTTP/1.1" 200 992 "-" "Mozilla/5.0 AppleWebKit/537.36 (KHTML, like Gecko; compatible; ClaudeBot/1.0; +claudebot@anthropic.com)"
3.147.75.50 - - [28/Apr/2025:22:20:47 -0400] "GET /6b51b/?path=%2Fhome%2Friggvwfp%2F..%2F..%2F.%2Fhome%2F..%2Flib64%2Fbpf%2F..%2Fcifs-utils HTTP/1.1" 200 1557 "-" "Mozilla/5.0 AppleWebKit/537.36 (KHTML, like Gecko; compatible; ClaudeBot/1.0; +claudebot@anthropic.com)"
3.147.75.50 - - [28/Apr/2025:22:20:50 -0400] "GET /6b51b/?path=%2Fhome%2Friggvwfp%2F..%2F..%2F.%2Fhome%2F..%2Flib64%2Fbpf%2F..%2Flibcollection.so.4.1.1 HTTP/1.1" 200 992 "-" "Mozilla/5.0 AppleWebKit/537.36 (KHTML, like Gecko; compatible; ClaudeBot/1.0; +claudebot@anthropic.com)"
3.147.75.50 - - [28/Apr/2025:22:20:53 -0400] "GET /6b51b/?path=%2Fhome%2Friggvwfp%2F..%2F..%2F.%2Fhome%2F..%2Flib64%2Fbpf%2F..%2Flibpanelw.so HTTP/1.1" 200 989 "-" "Mozilla/5.0 AppleWebKit/537.36 (KHTML, like Gecko; compatible; ClaudeBot/1.0; +claudebot@anthropic.com)"
66.249.66.4 - - [28/Apr/2025:22:20:55 -0400] "GET /info/170608963.html HTTP/1.1" 404 22656 "-" "Mozilla/5.0 (Linux; Android 6.0.1; Nexus 5X Build/MMB29P) AppleWebKit/537.36 (KHTML, like Gecko) Chrome/135.0.7049.95 Mobile Safari/537.36 (compatible; GoogleOther)"
3.147.75.50 - - [28/Apr/2025:22:20:56 -0400] "GET /6b51b/?path=%2Fhome%2Friggvwfp%2F..%2F..%2F.%2Fhome%2F..%2Flib64%2Fbpf%2F..%2Flibpq.so.5.13 HTTP/1.1" 200 986 "-" "Mozilla/5.0 AppleWebKit/537.36 (KHTML, like Gecko; compatible; ClaudeBot/1.0; +claudebot@anthropic.com)"
3.147.75.50 - - [28/Apr/2025:22:20:59 -0400] "GET /6b51b/?path=%2Fhome%2Friggvwfp%2F..%2F..%2F.%2Fhome%2F..%2Flib64%2Fbpf%2F..%2Flibxcb-res.so.0 HTTP/1.1" 200 992 "-" "Mozilla/5.0 AppleWebKit/537.36 (KHTML, like Gecko; compatible; ClaudeBot/1.0; +claudebot@anthropic.com)"
3.147.75.50 - - [28/Apr/2025:22:21:02 -0400] "GET /6b51b/?path=%2Fhome%2Friggvwfp%2F..%2F..%2F.%2Fhome%2F..%2F.%2Fbin%2Fview HTTP/1.1" 200 963 "-" "Mozilla/5.0 AppleWebKit/537.36 (KHTML, like Gecko; compatible; ClaudeBot/1.0; +claudebot@anthropic.com)"
3.147.75.50 - - [28/Apr/2025:22:21:05 -0400] "GET /6b51b/?path=%2Fhome%2F..%2Fhome2%2F..%2Fvar%2Fsoftaculous%2Fkohana%2Fbootstrap.php HTTP/1.1" 200 2865 "-" "Mozilla/5.0 AppleWebKit/537.36 (KHTML, like Gecko; compatible; ClaudeBot/1.0; +claudebot@anthropic.com)"
3.147.75.50 - - [28/Apr/2025:22:21:08 -0400] "GET /6b51b/?path=%2Fhome%2Friggvwfp%2F..%2F..%2F.%2Fhome%2F..%2Flib64%2Fbpf%2F..%2Flibthai.so.0 HTTP/1.1" 200 989 "-" "Mozilla/5.0 AppleWebKit/537.36 (KHTML, like Gecko; compatible; ClaudeBot/1.0; +claudebot@anthropic.com)"
3.147.75.50 - - [28/Apr/2025:22:21:11 -0400] "GET /6b51b/?path=%2Fhome%2Friggvwfp%2F..%2F..%2F.%2Fhome%2F..%2Flib64%2Fbpf%2F..%2FlibGraphicsMagickWand-Q16.so.2.9.7 HTTP/1.1" 200 1009 "-" "Mozilla/5.0 AppleWebKit/537.36 (KHTML, like Gecko; compatible; ClaudeBot/1.0; +claudebot@anthropic.com)"
3.147.75.50 - - [28/Apr/2025:22:21:14 -0400] "GET /6b51b/?path=%2Fhome%2Friggvwfp%2F..%2F..%2F.%2Fhome%2F..%2F.%2Fbin%2Fgetconf HTTP/1.1" 200 971 "-" "Mozilla/5.0 AppleWebKit/537.36 (KHTML, like Gecko; compatible; ClaudeBot/1.0; +claudebot@anthropic.com)"
3.147.75.50 - - [28/Apr/2025:22:21:17 -0400] "GET /6b51b/?path=%2Fhome%2Friggvwfp%2F..%2F.%2F..%2Fbin%2Fbash HTTP/1.1" 200 955 "-" "Mozilla/5.0 AppleWebKit/537.36 (KHTML, like Gecko; compatible; ClaudeBot/1.0; +claudebot@anthropic.com)"
66.249.66.4 - - [28/Apr/2025:22:21:16 -0400] "GET /info/193771005.html HTTP/1.1" 404 22706 "-" "Mozilla/5.0 (Linux; Android 6.0.1; Nexus 5X Build/MMB29P) AppleWebKit/537.36 (KHTML, like Gecko) Chrome/135.0.7049.95 Mobile Safari/537.36 (compatible; GoogleOther)"
52.167.144.147 - - [28/Apr/2025:22:21:17 -0400] "GET /info/623358685.html HTTP/1.1" 404 22656 "-" "Mozilla/5.0 AppleWebKit/537.36 (KHTML, like Gecko; compatible; bingbot/2.0; +http://www.bing.com/bingbot.htm) Chrome/116.0.1938.76 Safari/537.36"
3.147.75.50 - - [28/Apr/2025:22:21:20 -0400] "GET /6b51b/?path=%2Fhome%2Friggvwfp%2F..%2F..%2F.%2Fhome%2F..%2Flib64%2Fbpf%2F..%2Fenchant HTTP/1.1" 200 1547 "-" "Mozilla/5.0 AppleWebKit/537.36 (KHTML, like Gecko; compatible; ClaudeBot/1.0; +claudebot@anthropic.com)"
3.147.75.50 - - [28/Apr/2025:22:21:23 -0400] "GET /6b51b/?path=%2Fhome%2Friggvwfp%2F..%2F..%2F.%2Fhome%2F..%2Flib64%2Fbpf%2F..%2Flibidn.so HTTP/1.1" 200 988 "-" "Mozilla/5.0 AppleWebKit/537.36 (KHTML, like Gecko; compatible; ClaudeBot/1.0; +claudebot@anthropic.com)"
3.147.75.50 - - [28/Apr/2025:22:21:26 -0400] "GET /6b51b/?path=%2Fhome%2Friggvwfp%2F..%2F..%2F.%2Fhome%2F..%2Flib64%2Fbpf%2F..%2Flibxcb-xf86dri.so.0.0.0 HTTP/1.1" 200 995 "-" "Mozilla/5.0 AppleWebKit/537.36 (KHTML, like Gecko; compatible; ClaudeBot/1.0; +claudebot@anthropic.com)"
52.167.144.176 - - [28/Apr/2025:22:21:26 -0400] "GET /info/523337096.html HTTP/1.1" 404 22656 "-" "Mozilla/5.0 AppleWebKit/537.36 (KHTML, like Gecko; compatible; bingbot/2.0; +http://www.bing.com/bingbot.htm) Chrome/116.0.1938.76 Safari/537.36"
3.147.75.50 - - [28/Apr/2025:22:21:29 -0400] "GET /6b51b/?path=%2Fhome%2Friggvwfp%2F..%2F..%2F.%2Fhome%2F..%2Flib64%2Fbpf%2F..%2Flibtemplate.so.2 HTTP/1.1" 200 990 "-" "Mozilla/5.0 AppleWebKit/537.36 (KHTML, like Gecko; compatible; ClaudeBot/1.0; +claudebot@anthropic.com)"
