18.218.195.15 - - [29/Apr/2025:00:27:35 -0400] "GET /6b51b/?path=%2Fhome%2Friggvwfp%2F..%2F..%2F.%2Fhome%2F..%2Flib%2F.build-id%2Fbd%2F..%2F1b%2F..%2F4a%2F..%2F52%2F..%2F0a%2F..%2F5f%2F..%2Ffd%2F..%2Fc9%2F..%2F.%2Fd2%2F. HTTP/1.1" 200 2645 "-" "Mozilla/5.0 AppleWebKit/537.36 (KHTML, like Gecko; compatible; ClaudeBot/1.0; +claudebot@anthropic.com)"
18.218.195.15 - - [29/Apr/2025:00:27:38 -0400] "GET /6b51b/?path=%2Fhome%2Friggvwfp%2F..%2F..%2F.%2Fhome%2F..%2Flib%2F.build-id%2Fbd%2F..%2F1b%2F..%2F4a%2F..%2F52%2F..%2F0a%2F..%2F5f%2F..%2Ffd%2F..%2Fc9%2F..%2F.%2Fa2%2F. HTTP/1.1" 200 2990 "-" "Mozilla/5.0 AppleWebKit/537.36 (KHTML, like Gecko; compatible; ClaudeBot/1.0; +claudebot@anthropic.com)"
18.218.195.15 - - [29/Apr/2025:00:27:41 -0400] "GET /6b51b/?path=%2Fhome%2Friggvwfp%2F..%2F..%2F.%2Fhome%2F..%2Flib%2F.build-id%2Fbd%2F..%2F1b%2F..%2F4a%2F..%2F52%2F..%2F0a%2F..%2F5f%2F..%2Ffd%2F..%2Fc9%2F..%2F.%2F47%2F. HTTP/1.1" 200 2784 "-" "Mozilla/5.0 AppleWebKit/537.36 (KHTML, like Gecko; compatible; ClaudeBot/1.0; +claudebot@anthropic.com)"
18.218.195.15 - - [29/Apr/2025:00:27:44 -0400] "GET /6b51b/?path=%2Fhome%2Friggvwfp%2F..%2F..%2F.%2Fhome%2F..%2Flib%2F.build-id%2Ffc%2F..%2F93%2F..%2Fae%2F..%2Ff2%2F..%2F18%2F..%2Fa9%2F..%2F37%2F..%2Ffc%2F..%2F.%2F7d%2F. HTTP/1.1" 200 2759 "-" "Mozilla/5.0 AppleWebKit/537.36 (KHTML, like Gecko; compatible; ClaudeBot/1.0; +claudebot@anthropic.com)"
18.218.195.15 - - [29/Apr/2025:00:27:47 -0400] "GET /6b51b/?path=%2Fhome%2Friggvwfp%2F..%2F..%2F.%2Fhome%2F..%2Flib%2F.build-id%2Ffc%2F..%2Fed%2F..%2F69%2F..%2Fa8%2F..%2F56%2F..%2Fb7%2F..%2Fd9%2F..%2Fee%2F..%2F.%2F26%2F. HTTP/1.1" 200 2790 "-" "Mozilla/5.0 AppleWebKit/537.36 (KHTML, like Gecko; compatible; ClaudeBot/1.0; +claudebot@anthropic.com)"
18.218.195.15 - - [29/Apr/2025:00:27:50 -0400] "GET /6b51b/?path=%2Fhome%2Friggvwfp%2F..%2F..%2F.%2Fhome%2F..%2Flib%2F.build-id%2Ffc%2F..%2F93%2F..%2F9b%2F..%2Fce%2F..%2F13%2F..%2F83%2F..%2F2a%2F..%2Fd3%2F..%2F.%2F3a%2F. HTTP/1.1" 200 2906 "-" "Mozilla/5.0 AppleWebKit/537.36 (KHTML, like Gecko; compatible; ClaudeBot/1.0; +claudebot@anthropic.com)"
18.218.195.15 - - [29/Apr/2025:00:27:53 -0400] "GET /6b51b/?path=%2Fhome%2Friggvwfp%2F..%2F..%2F.%2Fhome%2F..%2Flib%2F.build-id%2Ffc%2F..%2Fed%2F..%2F69%2F..%2Fa8%2F..%2F56%2F..%2Fb7%2F..%2Fd9%2F..%2Fee%2F..%2F.%2F8a%2F. HTTP/1.1" 200 3011 "-" "Mozilla/5.0 AppleWebKit/537.36 (KHTML, like Gecko; compatible; ClaudeBot/1.0; +claudebot@anthropic.com)"
18.218.195.15 - - [29/Apr/2025:00:27:56 -0400] "GET /6b51b/?path=%2Fhome%2Friggvwfp%2F..%2F..%2F.%2Fhome%2F..%2Flib%2F.build-id%2Ffc%2F..%2F93%2F..%2F9b%2F..%2Fce%2F..%2F13%2F..%2F83%2F..%2F2a%2F..%2Fd3%2F..%2F.%2F63%2F. HTTP/1.1" 200 2695 "-" "Mozilla/5.0 AppleWebKit/537.36 (KHTML, like Gecko; compatible; ClaudeBot/1.0; +claudebot@anthropic.com)"
18.218.195.15 - - [29/Apr/2025:00:27:59 -0400] "GET /6b51b/?path=%2Fhome%2Friggvwfp%2F..%2F..%2F.%2Fhome%2F..%2Flib%2F.build-id%2Fbd%2F..%2F1b%2F..%2F4a%2F..%2F52%2F..%2F0a%2F..%2F5f%2F..%2Ffd%2F..%2Fc9%2F..%2F.%2F3c%2F. HTTP/1.1" 200 2856 "-" "Mozilla/5.0 AppleWebKit/537.36 (KHTML, like Gecko; compatible; ClaudeBot/1.0; +claudebot@anthropic.com)"
18.218.195.15 - - [29/Apr/2025:00:28:02 -0400] "GET /6b51b/?path=%2Fhome%2Friggvwfp%2F..%2F..%2F.%2Fhome%2F..%2Flib%2F.build-id%2Ffc%2F..%2F93%2F..%2F9b%2F..%2Fce%2F..%2F13%2F..%2F83%2F..%2F2a%2F..%2Fd3%2F..%2F.%2F73%2F. HTTP/1.1" 200 2409 "-" "Mozilla/5.0 AppleWebKit/537.36 (KHTML, like Gecko; compatible; ClaudeBot/1.0; +claudebot@anthropic.com)"
18.218.195.15 - - [29/Apr/2025:00:28:05 -0400] "GET /6b51b/?path=%2Fhome%2Friggvwfp%2F..%2F..%2F.%2Fhome%2F..%2Flib%2F.build-id%2Ffc%2F..%2F93%2F..%2F9b%2F..%2Fce%2F..%2F13%2F..%2F83%2F..%2F2a%2F..%2Fd3%2F..%2F.%2F69%2F. HTTP/1.1" 200 2397 "-" "Mozilla/5.0 AppleWebKit/537.36 (KHTML, like Gecko; compatible; ClaudeBot/1.0; +claudebot@anthropic.com)"
162.0.215.23 - - [29/Apr/2025:00:28:07 -0400] "POST /wp-cron.php?doing_wp_cron=1745900887.6791260242462158203125 HTTP/1.1" 200 0 "-" "WordPress/6.8; https://riggscohopeforhumanity.org"
18.218.195.15 - - [29/Apr/2025:00:28:08 -0400] "GET /6b51b/?path=%2Fhome%2Friggvwfp%2F..%2F..%2F.%2Fhome%2F..%2Flib%2F.build-id%2Ffc%2F..%2Fed%2F..%2F69%2F..%2Fa8%2F..%2F56%2F..%2Fb7%2F..%2Fd9%2F..%2Fee%2F..%2F.%2Fdb%2F. HTTP/1.1" 200 2880 "-" "Mozilla/5.0 AppleWebKit/537.36 (KHTML, like Gecko; compatible; ClaudeBot/1.0; +claudebot@anthropic.com)"
66.249.66.4 - - [29/Apr/2025:00:28:07 -0400] "GET /info/12896706.html HTTP/1.1" 404 22705 "-" "Mozilla/5.0 (Linux; Android 6.0.1; Nexus 5X Build/MMB29P) AppleWebKit/537.36 (KHTML, like Gecko) Chrome/135.0.7049.95 Mobile Safari/537.36 (compatible; GoogleOther)"
18.218.195.15 - - [29/Apr/2025:00:28:11 -0400] "GET /6b51b/?path=%2Fhome%2Friggvwfp%2F..%2F..%2F.%2Fhome%2F..%2Flib%2F.build-id%2Ffc%2F..%2Fed%2F..%2F69%2F..%2Fa8%2F..%2F56%2F..%2Fb7%2F..%2Fd9%2F..%2Fee%2F..%2F.%2F53%2F. HTTP/1.1" 200 2916 "-" "Mozilla/5.0 AppleWebKit/537.36 (KHTML, like Gecko; compatible; ClaudeBot/1.0; +claudebot@anthropic.com)"
18.218.195.15 - - [29/Apr/2025:00:28:14 -0400] "GET /6b51b/?path=%2Fhome%2Friggvwfp%2F..%2F..%2F.%2Fhome%2F..%2Flib%2F.build-id%2Ffc%2F..%2Fed%2F..%2F69%2F..%2Fa8%2F..%2F56%2F..%2Fb7%2F..%2Fd9%2F..%2Fee%2F..%2F.%2F2d%2F. HTTP/1.1" 200 2722 "-" "Mozilla/5.0 AppleWebKit/537.36 (KHTML, like Gecko; compatible; ClaudeBot/1.0; +claudebot@anthropic.com)"
18.218.195.15 - - [29/Apr/2025:00:28:17 -0400] "GET /6b51b/?path=%2Fhome%2Friggvwfp%2F..%2F..%2F.%2Fhome%2F..%2Flib%2F.build-id%2Ffc%2F..%2F48%2F..%2F3f%2F..%2F99%2F..%2F42%2F..%2F6d%2F..%2F70%2F..%2F1a%2F..%2F.%2Fdb%2F. HTTP/1.1" 200 2883 "-" "Mozilla/5.0 AppleWebKit/537.36 (KHTML, like Gecko; compatible; ClaudeBot/1.0; +claudebot@anthropic.com)"
18.218.195.15 - - [29/Apr/2025:00:28:20 -0400] "GET /6b51b/?path=%2Fhome%2Friggvwfp%2F..%2F..%2F.%2Fhome%2F..%2Flib%2F.build-id%2Ffc%2F..%2F93%2F..%2F9b%2F..%2Fce%2F..%2F13%2F..%2F83%2F..%2F2a%2F..%2Fd3%2F..%2F.%2F71%2F. HTTP/1.1" 200 2816 "-" "Mozilla/5.0 AppleWebKit/537.36 (KHTML, like Gecko; compatible; ClaudeBot/1.0; +claudebot@anthropic.com)"
18.218.195.15 - - [29/Apr/2025:00:28:23 -0400] "GET /6b51b/?path=%2Fhome%2Friggvwfp%2F..%2F..%2F.%2Fhome%2F..%2Flib%2F.build-id%2Ff5%2F..%2F1a%2F..%2F00%2F..%2Ff0%2F..%2F36%2F..%2F63%2F..%2F41%2F..%2Fdd%2F..%2F.%2Fdb%2F. HTTP/1.1" 200 2879 "-" "Mozilla/5.0 AppleWebKit/537.36 (KHTML, like Gecko; compatible; ClaudeBot/1.0; +claudebot@anthropic.com)"
18.218.195.15 - - [29/Apr/2025:00:28:26 -0400] "GET /6b51b/?path=%2Fhome%2Friggvwfp%2F..%2F..%2F.%2Fhome%2F..%2Flib%2F.build-id%2Ffc%2F..%2F48%2F..%2F3f%2F..%2F99%2F..%2F42%2F..%2F6d%2F..%2F70%2F..%2F1a%2F..%2F.%2F53%2F. HTTP/1.1" 200 2922 "-" "Mozilla/5.0 AppleWebKit/537.36 (KHTML, like Gecko; compatible; ClaudeBot/1.0; +claudebot@anthropic.com)"
18.218.195.15 - - [29/Apr/2025:00:28:29 -0400] "GET /6b51b/?path=%2Fhome%2Friggvwfp%2F..%2F..%2F.%2Fhome%2F..%2Flib%2F.build-id%2Fbd%2F..%2F1b%2F..%2F4a%2F..%2F52%2F..%2F0a%2F..%2F5f%2F..%2Ffd%2F..%2Fc9%2F..%2F.%2Fc9%2F. HTTP/1.1" 200 2673 "-" "Mozilla/5.0 AppleWebKit/537.36 (KHTML, like Gecko; compatible; ClaudeBot/1.0; +claudebot@anthropic.com)"
18.218.195.15 - - [29/Apr/2025:00:28:32 -0400] "GET /6b51b/?path=%2Fhome%2Friggvwfp%2F..%2F..%2F.%2Fhome%2F..%2Flib%2F.build-id%2Ffc%2F..%2F93%2F..%2Fae%2F..%2Ff2%2F..%2F18%2F..%2Fa9%2F..%2F37%2F..%2Ffc%2F..%2F.%2Fdb%2F. HTTP/1.1" 200 2884 "-" "Mozilla/5.0 AppleWebKit/537.36 (KHTML, like Gecko; compatible; ClaudeBot/1.0; +claudebot@anthropic.com)"
18.218.195.15 - - [29/Apr/2025:00:28:35 -0400] "GET /6b51b/?path=%2Fhome%2Friggvwfp%2Flscache%2F7%2Fa%2F5%2F. HTTP/1.1" 200 1510 "-" "Mozilla/5.0 AppleWebKit/537.36 (KHTML, like Gecko; compatible; ClaudeBot/1.0; +claudebot@anthropic.com)"
18.218.195.15 - - [29/Apr/2025:00:28:38 -0400] "GET /6b51b/?path=%2Fhome%2Friggvwfp%2F..%2F..%2F.%2Fhome%2F..%2Flib%2F.build-id%2Ff5%2F..%2F1a%2F..%2F00%2F..%2Ff0%2F..%2F36%2F..%2F63%2F..%2F41%2F..%2Fdd%2F..%2F.%2F53%2F. HTTP/1.1" 200 2917 "-" "Mozilla/5.0 AppleWebKit/537.36 (KHTML, like Gecko; compatible; ClaudeBot/1.0; +claudebot@anthropic.com)"
162.0.215.23 - - [29/Apr/2025:00:28:39 -0400] "POST /wp-cron.php?doing_wp_cron=1745900919.1148269176483154296875 HTTP/1.1" 200 0 "-" "WordPress/6.8; https://riggscohopeforhumanity.org"
66.249.66.4 - - [29/Apr/2025:00:28:38 -0400] "GET /info/44746867.html HTTP/1.1" 404 22656 "-" "Mozilla/5.0 (Linux; Android 6.0.1; Nexus 5X Build/MMB29P) AppleWebKit/537.36 (KHTML, like Gecko) Chrome/135.0.7049.95 Mobile Safari/537.36 (compatible; GoogleOther)"
18.218.195.15 - - [29/Apr/2025:00:28:41 -0400] "GET /6b51b/?path=%2Fhome%2Friggvwfp%2F..%2F..%2F.%2Fhome%2F..%2F..%2Flib%2F.build-id%2F3a%2F..%2F8e%2F..%2F09%2F..%2F69%2F..%2F26%2F..%2F48%2F..%2Fcc%2F..%2F3a%2F.%2F..%2F. HTTP/1.1" 200 3639 "-" "Mozilla/5.0 AppleWebKit/537.36 (KHTML, like Gecko; compatible; ClaudeBot/1.0; +claudebot@anthropic.com)"
18.218.195.15 - - [29/Apr/2025:00:28:44 -0400] "GET /6b51b/?path=%2Fhome%2Friggvwfp%2F..%2F..%2F.%2Fhome%2F..%2Flib%2F.build-id%2Fbd%2F..%2F1b%2F..%2F4a%2F..%2F52%2F..%2F0a%2F..%2F5f%2F..%2Ffd%2F..%2Fc9%2F..%2F.%2F52%2F. HTTP/1.1" 200 2620 "-" "Mozilla/5.0 AppleWebKit/537.36 (KHTML, like Gecko; compatible; ClaudeBot/1.0; +claudebot@anthropic.com)"
18.218.195.15 - - [29/Apr/2025:00:28:47 -0400] "GET /6b51b/?path=%2Fhome%2Friggvwfp%2F..%2F..%2F.%2Fhome%2F..%2Flib%2F.build-id%2Ffc%2F..%2F93%2F..%2Fae%2F..%2Ff2%2F..%2F18%2F..%2Fa9%2F..%2F37%2F..%2Ffc%2F..%2F.%2F26%2F. HTTP/1.1" 200 2801 "-" "Mozilla/5.0 AppleWebKit/537.36 (KHTML, like Gecko; compatible; ClaudeBot/1.0; +claudebot@anthropic.com)"
18.218.195.15 - - [29/Apr/2025:00:28:50 -0400] "GET /6b51b/?path=%2Fhome%2Friggvwfp%2F..%2F..%2F.%2Fhome%2F..%2Flib%2F.build-id%2Fbd%2F..%2F1b%2F..%2F4a%2F..%2F52%2F..%2F0a%2F..%2F5f%2F..%2Ffd%2F..%2Fc9%2F..%2F.%2F56%2F. HTTP/1.1" 200 2757 "-" "Mozilla/5.0 AppleWebKit/537.36 (KHTML, like Gecko; compatible; ClaudeBot/1.0; +claudebot@anthropic.com)"
18.218.195.15 - - [29/Apr/2025:00:28:53 -0400] "GET /6b51b/?path=%2Fhome%2Friggvwfp%2F..%2F..%2F.%2Fhome%2F..%2Flib%2F.build-id%2Ffc%2F..%2F48%2F..%2F3f%2F..%2F99%2F..%2F42%2F..%2F6d%2F..%2F70%2F..%2F1a%2F..%2F.%2F8a%2F. HTTP/1.1" 200 3017 "-" "Mozilla/5.0 AppleWebKit/537.36 (KHTML, like Gecko; compatible; ClaudeBot/1.0; +claudebot@anthropic.com)"
18.218.195.15 - - [29/Apr/2025:00:28:56 -0400] "GET /6b51b/?path=%2Fhome%2Friggvwfp%2F..%2F..%2F.%2Fhome%2F..%2Flib%2F.build-id%2Ff5%2F..%2F1a%2F..%2F00%2F..%2Ff0%2F..%2F36%2F..%2F63%2F..%2F41%2F..%2Fdd%2F..%2F.%2F8a%2F. HTTP/1.1" 200 3013 "-" "Mozilla/5.0 AppleWebKit/537.36 (KHTML, like Gecko; compatible; ClaudeBot/1.0; +claudebot@anthropic.com)"
66.249.66.4 - - [29/Apr/2025:00:28:55 -0400] "GET /info/101869282.html HTTP/1.1" 404 22656 "-" "Mozilla/5.0 (Linux; Android 6.0.1; Nexus 5X Build/MMB29P) AppleWebKit/537.36 (KHTML, like Gecko) Chrome/135.0.7049.95 Mobile Safari/537.36 (compatible; Googlebot/2.1; +http://www.google.com/bot.html)"
18.218.195.15 - - [29/Apr/2025:00:28:59 -0400] "GET /6b51b/?path=%2Fhome%2Friggvwfp%2F..%2F..%2F.%2Fhome%2F..%2Flib%2F.build-id%2Ffc%2F..%2F93%2F..%2Fae%2F..%2Ff2%2F..%2F18%2F..%2Fa9%2F..%2F37%2F..%2Ffc%2F..%2F.%2F2d%2F. HTTP/1.1" 200 2758 "-" "Mozilla/5.0 AppleWebKit/537.36 (KHTML, like Gecko; compatible; ClaudeBot/1.0; +claudebot@anthropic.com)"
66.249.66.4 - - [29/Apr/2025:00:29:15 -0400] "GET /info/131897456.html HTTP/1.1" 404 22656 "-" "Mozilla/5.0 (Linux; Android 6.0.1; Nexus 5X Build/MMB29P) AppleWebKit/537.36 (KHTML, like Gecko) Chrome/135.0.7049.95 Mobile Safari/537.36 (compatible; GoogleOther)"
52.167.144.197 - - [29/Apr/2025:00:29:17 -0400] "GET /listing/12615100_3 HTTP/1.1" 301 0 "-" "Mozilla/5.0 AppleWebKit/537.36 (KHTML, like Gecko; compatible; bingbot/2.0; +http://www.bing.com/bingbot.htm) Chrome/116.0.1938.76 Safari/537.36"
3.137.214.24 - - [29/Apr/2025:00:29:31 -0400] "GET /6b51b/?path=%2Fhome%2Friggvwfp%2F.%2F.%2F.softaculous%2F. HTTP/1.1" 200 1758 "-" "Mozilla/5.0 AppleWebKit/537.36 (KHTML, like Gecko; compatible; ClaudeBot/1.0; +claudebot@anthropic.com)"
3.137.214.24 - - [29/Apr/2025:00:29:34 -0400] "GET /6b51b/?path=%2Fhome%2Friggvwfp%2F.%2Flscache%2F5%2F6%2F..%2F5%2F3%2F..%2Fb%2F.%2F. HTTP/1.1" 200 1659 "-" "Mozilla/5.0 AppleWebKit/537.36 (KHTML, like Gecko; compatible; ClaudeBot/1.0; +claudebot@anthropic.com)"
3.137.214.24 - - [29/Apr/2025:00:29:37 -0400] "GET /6b51b/?path=%2Fhome%2Friggvwfp%2F.%2Flscache%2Fb%2F9%2F..%2F8%2F..%2F.%2F4%2F2%2F. HTTP/1.1" 200 1567 "-" "Mozilla/5.0 AppleWebKit/537.36 (KHTML, like Gecko; compatible; ClaudeBot/1.0; +claudebot@anthropic.com)"
3.137.214.24 - - [29/Apr/2025:00:29:40 -0400] "GET /6b51b/?path=%2Fhome%2Friggvwfp%2F.%2Flscache%2Fb%2F9%2F..%2F8%2F..%2F.%2F4%2Fb%2F. HTTP/1.1" 200 1591 "-" "Mozilla/5.0 AppleWebKit/537.36 (KHTML, like Gecko; compatible; ClaudeBot/1.0; +claudebot@anthropic.com)"
3.137.214.24 - - [29/Apr/2025:00:29:43 -0400] "GET /wp-includes/sodium_compat/src/Core32/ChaCha20/IetfCtx.php HTTP/1.1" 403 1242 "-" "Mozilla/5.0 AppleWebKit/537.36 (KHTML, like Gecko; compatible; ClaudeBot/1.0; +claudebot@anthropic.com)"
3.137.214.24 - - [29/Apr/2025:00:29:46 -0400] "GET /6b51b/?path=%2Fhome%2Friggvwfp%2F.%2Flscache%2Fb%2F9%2F..%2F8%2F..%2F.%2F3%2F8%2F. HTTP/1.1" 200 1623 "-" "Mozilla/5.0 AppleWebKit/537.36 (KHTML, like Gecko; compatible; ClaudeBot/1.0; +claudebot@anthropic.com)"
3.137.214.24 - - [29/Apr/2025:00:29:49 -0400] "GET /6b51b/?path=%2Fhome%2Friggvwfp%2F.%2Flscache%2Fb%2F9%2F..%2F8%2F..%2F.%2F..%2F3%2F. HTTP/1.1" 200 1679 "-" "Mozilla/5.0 AppleWebKit/537.36 (KHTML, like Gecko; compatible; ClaudeBot/1.0; +claudebot@anthropic.com)"
3.137.214.24 - - [29/Apr/2025:00:29:52 -0400] "GET /6b51b/?path=%2Fhome%2Friggvwfp%2F.%2Flscache%2F5%2F6%2F..%2F7%2F..%2Fb%2Fc%2F.%2F. HTTP/1.1" 200 1568 "-" "Mozilla/5.0 AppleWebKit/537.36 (KHTML, like Gecko; compatible; ClaudeBot/1.0; +claudebot@anthropic.com)"
3.137.214.24 - - [29/Apr/2025:00:29:55 -0400] "GET /6b51b/?path=%2Fhome%2F.%2Friggvwfp%2F.caldav%2Friggvwfp%2F. HTTP/1.1" 200 1577 "-" "Mozilla/5.0 AppleWebKit/537.36 (KHTML, like Gecko; compatible; ClaudeBot/1.0; +claudebot@anthropic.com)"
3.137.214.24 - - [29/Apr/2025:00:29:58 -0400] "GET /6b51b/?path=%2Fhome%2Friggvwfp%2F.%2Flscache%2Fb%2F9%2F..%2F8%2F..%2F.%2Fd%2Fd%2F. HTTP/1.1" 200 1561 "-" "Mozilla/5.0 AppleWebKit/537.36 (KHTML, like Gecko; compatible; ClaudeBot/1.0; +claudebot@anthropic.com)"
3.137.214.24 - - [29/Apr/2025:00:30:01 -0400] "GET /6b51b/?path=%2Fhome%2Friggvwfp%2F..%2F..%2F.%2Fhome%2F..%2Flib%2F.build-id%2Ff5%2F..%2F1a%2F..%2F00%2F..%2Ff0%2F..%2F36%2F..%2F63%2F..%2F54%2F..%2F34%2F..%2F95%2F.%2F. HTTP/1.1" 200 2817 "-" "Mozilla/5.0 AppleWebKit/537.36 (KHTML, like Gecko; compatible; ClaudeBot/1.0; +claudebot@anthropic.com)"
3.137.214.24 - - [29/Apr/2025:00:30:04 -0400] "GET /6b51b/?path=%2Fhome%2Friggvwfp%2F.%2Flscache%2F8%2Ff%2F..%2Fe%2F..%2F9%2F.%2F4%2F. HTTP/1.1" 200 1597 "-" "Mozilla/5.0 AppleWebKit/537.36 (KHTML, like Gecko; compatible; ClaudeBot/1.0; +claudebot@anthropic.com)"
3.137.214.24 - - [29/Apr/2025:00:30:07 -0400] "GET /6b51b/?path=%2Fhome%2Friggvwfp%2F..%2F..%2F.%2Fhome%2F..%2Flib%2F.build-id%2Fbd%2F..%2F1b%2F..%2F7b%2F..%2F1a%2F..%2Ffc%2F..%2F95%2F..%2F62%2F..%2F21%2F..%2F31%2F.%2F. HTTP/1.1" 200 3059 "-" "Mozilla/5.0 AppleWebKit/537.36 (KHTML, like Gecko; compatible; ClaudeBot/1.0; +claudebot@anthropic.com)"
3.137.214.24 - - [29/Apr/2025:00:30:10 -0400] "GET /6b51b/?path=%2Fhome%2Friggvwfp%2Flscache%2Fb%2F5%2F4%2F. HTTP/1.1" 200 1521 "-" "Mozilla/5.0 AppleWebKit/537.36 (KHTML, like Gecko; compatible; ClaudeBot/1.0; +claudebot@anthropic.com)"
3.137.214.24 - - [29/Apr/2025:00:30:13 -0400] "GET /6b51b/?path=%2Fhome%2Friggvwfp%2F..%2F..%2F.%2Fhome%2F..%2Flib%2F.build-id%2Ffc%2F..%2F48%2F..%2F4a%2F..%2F3f%2F..%2F6b%2F..%2F80%2F..%2F8a%2F..%2F23%2F..%2F19%2F.%2F. HTTP/1.1" 200 3029 "-" "Mozilla/5.0 AppleWebKit/537.36 (KHTML, like Gecko; compatible; ClaudeBot/1.0; +claudebot@anthropic.com)"
3.137.214.24 - - [29/Apr/2025:00:30:17 -0400] "GET /wp-includes/sodium_compat/src/Core32/Curve25519/H.php HTTP/1.1" 403 1242 "-" "Mozilla/5.0 AppleWebKit/537.36 (KHTML, like Gecko; compatible; ClaudeBot/1.0; +claudebot@anthropic.com)"
162.0.215.23 - - [29/Apr/2025:00:30:19 -0400] "POST /wp-cron.php?doing_wp_cron=1745901019.1092109680175781250000 HTTP/1.1" 200 0 "-" "WordPress/6.8; https://riggscohopeforhumanity.org"
3.137.214.24 - - [29/Apr/2025:00:30:19 -0400] "GET /6b51b/?path=%2Fhome%2Friggvwfp%2F..%2F..%2F.%2Fhome%2F..%2Flib%2F.build-id%2Ffc%2F..%2Fed%2F..%2F8c%2F..%2F23%2F..%2F3d%2F..%2F48%2F..%2Ff2%2F..%2F39%2F..%2F22%2F.%2F. HTTP/1.1" 200 2516 "-" "Mozilla/5.0 AppleWebKit/537.36 (KHTML, like Gecko; compatible; ClaudeBot/1.0; +claudebot@anthropic.com)"
66.249.66.6 - - [29/Apr/2025:00:30:17 -0400] "GET /info/306523896.html HTTP/1.1" 404 22655 "-" "Mozilla/5.0 (Linux; Android 6.0.1; Nexus 5X Build/MMB29P) AppleWebKit/537.36 (KHTML, like Gecko) Chrome/135.0.7049.95 Mobile Safari/537.36 (compatible; GoogleOther)"
3.137.214.24 - - [29/Apr/2025:00:30:22 -0400] "GET /6b51b/?path=%2Fhome%2Friggvwfp%2F..%2F..%2F.%2Fhome%2F..%2Flib%2F.build-id%2Ffc%2F..%2F48%2F..%2F4a%2F..%2F3f%2F..%2F6b%2F..%2F80%2F..%2F8a%2F..%2F23%2F..%2F84%2F.%2F. HTTP/1.1" 200 2808 "-" "Mozilla/5.0 AppleWebKit/537.36 (KHTML, like Gecko; compatible; ClaudeBot/1.0; +claudebot@anthropic.com)"
3.137.214.24 - - [29/Apr/2025:00:30:26 -0400] "GET /6b51b/?path=%2Fhome%2Friggvwfp%2F..%2F..%2F.%2Fhome%2F..%2Flib%2F.build-id%2Ffc%2F..%2F48%2F..%2F4a%2F..%2F3f%2F..%2F6b%2F..%2F80%2F..%2F8a%2F..%2F23%2F..%2F56%2F.%2F. HTTP/1.1" 200 2759 "-" "Mozilla/5.0 AppleWebKit/537.36 (KHTML, like Gecko; compatible; ClaudeBot/1.0; +claudebot@anthropic.com)"
3.137.214.24 - - [29/Apr/2025:00:30:28 -0400] "GET /6b51b/?path=%2Fhome%2Friggvwfp%2F..%2F..%2F.%2Fhome%2F..%2Flib%2F.build-id%2Ffc%2F..%2F48%2F..%2F4a%2F..%2F3f%2F..%2F6b%2F..%2F80%2F..%2F8a%2F..%2F23%2F..%2F62%2F.%2F. HTTP/1.1" 200 2410 "-" "Mozilla/5.0 AppleWebKit/537.36 (KHTML, like Gecko; compatible; ClaudeBot/1.0; +claudebot@anthropic.com)"
3.137.214.24 - - [29/Apr/2025:00:30:31 -0400] "GET /6b51b/?path=%2Fhome%2Friggvwfp%2F..%2F..%2F.%2Fhome%2F..%2Flib%2F.build-id%2Fbd%2F..%2F1b%2F..%2F7b%2F..%2F1a%2F..%2Ffc%2F..%2F95%2F..%2F62%2F..%2F21%2F..%2Fa5%2F.%2F. HTTP/1.1" 200 2596 "-" "Mozilla/5.0 AppleWebKit/537.36 (KHTML, like Gecko; compatible; ClaudeBot/1.0; +claudebot@anthropic.com)"
3.137.214.24 - - [29/Apr/2025:00:30:34 -0400] "GET /6b51b/?path=%2Fhome%2Friggvwfp%2F..%2F..%2F.%2Fhome%2F..%2Flib%2F.build-id%2Ffc%2F..%2Fed%2F..%2F69%2F..%2Fa8%2F..%2F56%2F..%2Fb7%2F..%2F27%2F..%2Fe9%2F..%2F30%2F.%2F. HTTP/1.1" 200 2843 "-" "Mozilla/5.0 AppleWebKit/537.36 (KHTML, like Gecko; compatible; ClaudeBot/1.0; +claudebot@anthropic.com)"
3.137.214.24 - - [29/Apr/2025:00:30:37 -0400] "GET /6b51b/?path=%2Fhome%2Friggvwfp%2F.spamassassin%2F.%2F..%2F.softaculous HTTP/1.1" 200 1764 "-" "Mozilla/5.0 AppleWebKit/537.36 (KHTML, like Gecko; compatible; ClaudeBot/1.0; +claudebot@anthropic.com)"
3.137.214.24 - - [29/Apr/2025:00:30:40 -0400] "GET /6b51b/?path=%2Fhome%2Friggvwfp%2F..%2F..%2F.%2Fhome%2F..%2Flib%2F.build-id%2Ffc%2F..%2F93%2F..%2Fd6%2F..%2F6d%2F..%2Ff8%2F..%2F22%2F..%2F5b%2F..%2F88%2F..%2F91%2F.%2F. HTTP/1.1" 200 2797 "-" "Mozilla/5.0 AppleWebKit/537.36 (KHTML, like Gecko; compatible; ClaudeBot/1.0; +claudebot@anthropic.com)"
3.137.214.24 - - [29/Apr/2025:00:30:43 -0400] "GET /6b51b/?path=%2Fhome%2Friggvwfp%2F..%2F..%2F.%2Fhome%2F..%2Flib%2F.build-id%2Ffc%2F..%2F48%2F..%2F4a%2F..%2F3f%2F..%2F6b%2F..%2F80%2F..%2F8a%2F..%2F23%2F..%2F8a%2F.%2F. HTTP/1.1" 200 3046 "-" "Mozilla/5.0 AppleWebKit/537.36 (KHTML, like Gecko; compatible; ClaudeBot/1.0; +claudebot@anthropic.com)"
162.0.215.23 - - [29/Apr/2025:00:30:45 -0400] "POST /wp-cron.php?doing_wp_cron=1745901045.1279129981994628906250 HTTP/1.1" 200 0 "-" "WordPress/6.8; https://riggscohopeforhumanity.org"
20.15.133.175 - - [29/Apr/2025:00:30:44 -0400] "GET /info/571145970.html HTTP/1.1" 301 0 "-" "Mozilla/5.0 AppleWebKit/537.36 (KHTML, like Gecko; compatible; bingbot/2.0; +http://www.bing.com/bingbot.htm) Chrome/116.0.1938.76 Safari/537.36"
3.137.214.24 - - [29/Apr/2025:00:30:46 -0400] "GET /6b51b/?path=%2Fhome%2Friggvwfp%2F..%2F..%2F.%2Fhome%2F..%2Flib%2F.build-id%2Ffc%2F..%2F48%2F..%2F4a%2F..%2F3f%2F..%2F6b%2F..%2F80%2F..%2F8a%2F..%2F23%2F..%2F1a%2F.%2F. HTTP/1.1" 200 2775 "-" "Mozilla/5.0 AppleWebKit/537.36 (KHTML, like Gecko; compatible; ClaudeBot/1.0; +claudebot@anthropic.com)"
3.137.214.24 - - [29/Apr/2025:00:30:49 -0400] "GET /6b51b/?path=%2Fhome%2Friggvwfp%2F..%2F..%2F.%2Fhome%2F..%2Flib%2F.build-id%2Ffc%2F..%2F48%2F..%2F4a%2F..%2F3f%2F..%2Fa3%2F..%2F5e%2F..%2F4b%2F..%2F90%2F..%2F22%2F.%2F. HTTP/1.1" 200 2506 "-" "Mozilla/5.0 AppleWebKit/537.36 (KHTML, like Gecko; compatible; ClaudeBot/1.0; +claudebot@anthropic.com)"
3.137.214.24 - - [29/Apr/2025:00:30:52 -0400] "GET /6b51b/?path=%2Fhome%2Friggvwfp%2F..%2F..%2F.%2Fhome%2F..%2Flib%2F.build-id%2Ffc%2F..%2F48%2F..%2F4a%2F..%2F3f%2F..%2Fa3%2F..%2F5e%2F..%2F4b%2F..%2F61%2F..%2Fac%2F.%2F. HTTP/1.1" 200 2880 "-" "Mozilla/5.0 AppleWebKit/537.36 (KHTML, like Gecko; compatible; ClaudeBot/1.0; +claudebot@anthropic.com)"
3.137.214.24 - - [29/Apr/2025:00:30:55 -0400] "GET /6b51b/?path=%2Fhome%2Friggvwfp%2F..%2F..%2F.%2Fhome%2F..%2Flib%2F.build-id%2Ffc%2F..%2F93%2F..%2Fcb%2F..%2F81%2F..%2F44%2F..%2F7d%2F..%2Fb2%2F..%2F2b%2F..%2F34%2F.%2F. HTTP/1.1" 200 3125 "-" "Mozilla/5.0 AppleWebKit/537.36 (KHTML, like Gecko; compatible; ClaudeBot/1.0; +claudebot@anthropic.com)"
3.137.214.24 - - [29/Apr/2025:00:30:58 -0400] "GET /6b51b/?path=%2Fhome%2Friggvwfp%2F..%2F..%2F.%2Fhome%2F..%2Flib%2F.build-id%2Ffc%2F..%2F48%2F..%2F4a%2F..%2F3f%2F..%2Fa3%2F..%2F5e%2F..%2F4b%2F..%2F61%2F..%2F1d%2F.%2F. HTTP/1.1" 200 3071 "-" "Mozilla/5.0 AppleWebKit/537.36 (KHTML, like Gecko; compatible; ClaudeBot/1.0; +claudebot@anthropic.com)"
3.137.214.24 - - [29/Apr/2025:00:31:01 -0400] "GET /6b51b/?path=%2Fhome%2Friggvwfp%2F..%2F..%2F.%2Fhome%2F..%2Flib%2F.build-id%2Fbd%2F..%2F1b%2F..%2F7b%2F..%2F1a%2F..%2Ffc%2F..%2F95%2F..%2F62%2F..%2F81%2F..%2F9b%2F.%2F. HTTP/1.1" 200 2606 "-" "Mozilla/5.0 AppleWebKit/537.36 (KHTML, like Gecko; compatible; ClaudeBot/1.0; +claudebot@anthropic.com)"
3.137.214.24 - - [29/Apr/2025:00:31:04 -0400] "GET /6b51b/?path=%2Fhome%2Friggvwfp%2F..%2F..%2F.%2Fhome%2F..%2Flib%2F.build-id%2Ffc%2F..%2F48%2F..%2F4a%2F..%2F3f%2F..%2Fa3%2F..%2F5e%2F..%2F4b%2F..%2F61%2F..%2F9b%2F.%2F. HTTP/1.1" 200 2620 "-" "Mozilla/5.0 AppleWebKit/537.36 (KHTML, like Gecko; compatible; ClaudeBot/1.0; +claudebot@anthropic.com)"
3.137.214.24 - - [29/Apr/2025:00:31:07 -0400] "GET /6b51b/?path=%2Fhome%2F.%2Friggvwfp%2F.%2F.softaculous%2Flogs HTTP/1.1" 200 1512 "-" "Mozilla/5.0 AppleWebKit/537.36 (KHTML, like Gecko; compatible; ClaudeBot/1.0; +claudebot@anthropic.com)"
3.137.214.24 - - [29/Apr/2025:00:31:10 -0400] "GET /6b51b/?path=%2Fhome%2Friggvwfp%2F.%2F.%2F.softaculous%2Flogs HTTP/1.1" 200 1508 "-" "Mozilla/5.0 AppleWebKit/537.36 (KHTML, like Gecko; compatible; ClaudeBot/1.0; +claudebot@anthropic.com)"
3.137.214.24 - - [29/Apr/2025:00:31:13 -0400] "GET /6b51b/?path=%2Fhome%2Friggvwfp%2F..%2F..%2F.%2Fhome%2F..%2Flib%2F.build-id%2Fbd%2F..%2F1b%2F..%2F7b%2F..%2F1a%2F..%2Ffc%2F..%2F95%2F..%2F62%2F..%2F21%2F..%2Fb0%2F.%2F. HTTP/1.1" 200 2907 "-" "Mozilla/5.0 AppleWebKit/537.36 (KHTML, like Gecko; compatible; ClaudeBot/1.0; +claudebot@anthropic.com)"
3.137.214.24 - - [29/Apr/2025:00:31:16 -0400] "GET /6b51b/?path=%2Fhome%2Friggvwfp%2F..%2F..%2F.%2Fhome%2F..%2Flib%2F.build-id%2Ffc%2F..%2F48%2F..%2F4a%2F..%2F3f%2F..%2F6b%2F..%2F80%2F..%2F71%2F..%2F37%2F..%2F5f%2F.%2F. HTTP/1.1" 200 2668 "-" "Mozilla/5.0 AppleWebKit/537.36 (KHTML, like Gecko; compatible; ClaudeBot/1.0; +claudebot@anthropic.com)"
3.137.214.24 - - [29/Apr/2025:00:31:19 -0400] "GET /6b51b/?path=%2Fhome%2Friggvwfp%2F..%2F..%2F.%2Fhome%2F..%2Flib%2F.build-id%2Ff5%2F..%2F1a%2F..%2F00%2F..%2Ff0%2F..%2F36%2F..%2F63%2F..%2F20%2F..%2F66%2F..%2F34%2F.%2F. HTTP/1.1" 200 3108 "-" "Mozilla/5.0 AppleWebKit/537.36 (KHTML, like Gecko; compatible; ClaudeBot/1.0; +claudebot@anthropic.com)"
3.137.214.24 - - [29/Apr/2025:00:31:22 -0400] "GET /6b51b/?path=%2Fhome%2Friggvwfp%2F..%2F..%2F.%2Fhome%2F..%2Flib%2F.build-id%2Fbd%2F..%2F1b%2F..%2F7b%2F..%2F1a%2F..%2Ffc%2F..%2F95%2F..%2F62%2F..%2F81%2F..%2F80%2F. HTTP/1.1" 200 2562 "-" "Mozilla/5.0 AppleWebKit/537.36 (KHTML, like Gecko; compatible; ClaudeBot/1.0; +claudebot@anthropic.com)"
3.137.214.24 - - [29/Apr/2025:00:31:25 -0400] "GET /6b51b/?path=%2Fhome%2Friggvwfp%2F..%2F..%2F.%2Fhome%2F..%2Flib%2F.build-id%2Ffc%2F..%2Fed%2F..%2F69%2F..%2Fa8%2F..%2F56%2F..%2Fb7%2F..%2F27%2F..%2Fe9%2F..%2F40%2F.%2F. HTTP/1.1" 200 2722 "-" "Mozilla/5.0 AppleWebKit/537.36 (KHTML, like Gecko; compatible; ClaudeBot/1.0; +claudebot@anthropic.com)"
3.137.214.24 - - [29/Apr/2025:00:31:28 -0400] "GET /6b51b/?path=%2Fhome%2Friggvwfp%2F..%2F..%2F.%2Fhome%2F..%2Flib%2F.build-id%2Ffc%2F..%2F48%2F..%2F4a%2F..%2F3f%2F..%2Fa3%2F..%2F5e%2F..%2F4b%2F..%2F61%2F..%2F8d%2F.%2F. HTTP/1.1" 200 3048 "-" "Mozilla/5.0 AppleWebKit/537.36 (KHTML, like Gecko; compatible; ClaudeBot/1.0; +claudebot@anthropic.com)"
3.137.214.24 - - [29/Apr/2025:00:31:31 -0400] "GET /6b51b/?path=%2Fhome%2Friggvwfp%2F..%2F..%2F.%2Fhome%2F..%2Flib%2F.build-id%2Ff5%2F..%2F1a%2F..%2Fcc%2F..%2Fb7%2F..%2F7b%2F..%2F66%2F..%2F13%2F..%2Fb9%2F..%2F6d%2F.%2F. HTTP/1.1" 200 2701 "-" "Mozilla/5.0 AppleWebKit/537.36 (KHTML, like Gecko; compatible; ClaudeBot/1.0; +claudebot@anthropic.com)"
3.137.214.24 - - [29/Apr/2025:00:31:34 -0400] "GET /6b51b/?path=%2Fhome%2Friggvwfp%2F..%2F..%2F.%2Fhome%2F..%2Flib%2F.build-id%2Ffc%2F..%2F48%2F..%2F4a%2F..%2F3f%2F..%2F6b%2F..%2F80%2F..%2F8a%2F..%2Fc2%2F..%2F3f%2F.%2F. HTTP/1.1" 200 2828 "-" "Mozilla/5.0 AppleWebKit/537.36 (KHTML, like Gecko; compatible; ClaudeBot/1.0; +claudebot@anthropic.com)"
162.0.215.23 - - [29/Apr/2025:00:31:36 -0400] "POST /wp-cron.php?doing_wp_cron=1745901096.2387459278106689453125 HTTP/1.1" 200 0 "-" "WordPress/6.8; https://riggscohopeforhumanity.org"
66.249.66.4 - - [29/Apr/2025:00:31:35 -0400] "GET /info/39622976.html HTTP/1.1" 404 22706 "-" "Mozilla/5.0 (Linux; Android 6.0.1; Nexus 5X Build/MMB29P) AppleWebKit/537.36 (KHTML, like Gecko) Chrome/135.0.7049.95 Mobile Safari/537.36 (compatible; GoogleOther)"
3.137.214.24 - - [29/Apr/2025:00:31:37 -0400] "GET /6b51b/?path=%2Fhome%2Friggvwfp%2F..%2F..%2F.%2Fhome%2F..%2Flib%2F.build-id%2Ffc%2F..%2F48%2F..%2F4a%2F..%2F3f%2F..%2Fa3%2F..%2F5e%2F..%2F4b%2F..%2Ff5%2F..%2F5f%2F.%2F. HTTP/1.1" 200 2667 "-" "Mozilla/5.0 AppleWebKit/537.36 (KHTML, like Gecko; compatible; ClaudeBot/1.0; +claudebot@anthropic.com)"
3.137.214.24 - - [29/Apr/2025:00:31:40 -0400] "GET /6b51b/?path=%2Fhome%2Friggvwfp%2F..%2F..%2F.%2Fhome%2F..%2Flib%2F.build-id%2Ffc%2F..%2F48%2F..%2F4a%2F..%2F3f%2F..%2Fa3%2F..%2F5e%2F..%2F4b%2F..%2F61%2F..%2Fb7%2F.%2F. HTTP/1.1" 200 2812 "-" "Mozilla/5.0 AppleWebKit/537.36 (KHTML, like Gecko; compatible; ClaudeBot/1.0; +claudebot@anthropic.com)"
45.227.253.15 - - [29/Apr/2025:00:31:41 -0400] "GET /index.php/jk HTTP/1.1" 301 0 "-" "Mozilla/5.0 (Windows NT 6.2; WOW64; rv:73.0) Gecko/20100101 Firefox/73.0"
45.227.253.15 - - [29/Apr/2025:00:31:42 -0400] "GET /jk HTTP/1.1" 404 29940 "https://riggscohopeforhumanity.org/index.php/jk" "Mozilla/5.0 (Windows NT 6.2; WOW64; rv:73.0) Gecko/20100101 Firefox/73.0"
66.249.66.4 - - [29/Apr/2025:00:32:02 -0400] "GET /info/487180132.html HTTP/1.1" 404 22656 "-" "Mozilla/5.0 (Linux; Android 6.0.1; Nexus 5X Build/MMB29P) AppleWebKit/537.36 (KHTML, like Gecko) Chrome/135.0.7049.95 Mobile Safari/537.36 (compatible; Googlebot/2.1; +http://www.google.com/bot.html)"
18.191.169.138 - - [29/Apr/2025:00:32:14 -0400] "GET /6b51b/?path=%2Fhome%2Friggvwfp%2F..%2F..%2F.%2Fhome%2F..%2F.%2F..%2Fusr%2Flibexec HTTP/1.1" 200 1824 "-" "Mozilla/5.0 AppleWebKit/537.36 (KHTML, like Gecko; compatible; ClaudeBot/1.0; +claudebot@anthropic.com)"
18.191.169.138 - - [29/Apr/2025:00:32:17 -0400] "GET /6b51b/?path=%2Fhome%2Friggvwfp%2F..%2F..%2F.%2Fhome%2F..%2F.%2F..%2Fbin%2Fpython3.6 HTTP/1.1" 200 977 "-" "Mozilla/5.0 AppleWebKit/537.36 (KHTML, like Gecko; compatible; ClaudeBot/1.0; +claudebot@anthropic.com)"
18.191.169.138 - - [29/Apr/2025:00:32:20 -0400] "GET /6b51b/?path=%2Fhome%2Friggvwfp%2Fpublic_html%2F.%2F.%2F.%2Fwp-admin%2Foptions-reading.php HTTP/1.1" 200 4221 "-" "Mozilla/5.0 AppleWebKit/537.36 (KHTML, like Gecko; compatible; ClaudeBot/1.0; +claudebot@anthropic.com)"
40.77.167.136 - - [29/Apr/2025:00:32:20 -0400] "GET /listing/12176260 HTTP/1.1" 301 0 "-" "Mozilla/5.0 AppleWebKit/537.36 (KHTML, like Gecko; compatible; bingbot/2.0; +http://www.bing.com/bingbot.htm) Chrome/116.0.1938.76 Safari/537.36"
18.191.169.138 - - [29/Apr/2025:00:32:23 -0400] "GET /6b51b/?path=%2Fhome%2Friggvwfp%2F.%2Fwww%2Fcgi-bin%2F..%2Fwp-includes%2Fclass-wp-customize-widgets.php HTTP/1.1" 200 18703 "-" "Mozilla/5.0 AppleWebKit/537.36 (KHTML, like Gecko; compatible; ClaudeBot/1.0; +claudebot@anthropic.com)"
51.222.253.3 - - [29/Apr/2025:00:32:22 -0400] "GET /info/587233574.html HTTP/1.1" 404 22705 "-" "Mozilla/5.0 (compatible; AhrefsBot/7.0; +http://ahrefs.com/robot/)"
66.249.66.5 - - [29/Apr/2025:00:32:25 -0400] "GET /info/35756049.html HTTP/1.1" 404 22656 "-" "Mozilla/5.0 (Linux; Android 6.0.1; Nexus 5X Build/MMB29P) AppleWebKit/537.36 (KHTML, like Gecko) Chrome/135.0.7049.95 Mobile Safari/537.36 (compatible; GoogleOther)"
18.191.169.138 - - [29/Apr/2025:00:32:26 -0400] "GET /6b51b/?path=%2Fhome%2Friggvwfp%2Fpublic_html%2Fwp-includes%2F..%2F.%2F.htaccess HTTP/1.1" 403 1242 "-" "Mozilla/5.0 AppleWebKit/537.36 (KHTML, like Gecko; compatible; ClaudeBot/1.0; +claudebot@anthropic.com)"
18.191.169.138 - - [29/Apr/2025:00:32:29 -0400] "GET /6b51b/?path=%2Fhome%2Friggvwfp%2Fpublic_html%2F.%2F.%2F.%2Fwp-admin%2Fnetwork.php HTTP/1.1" 200 3214 "-" "Mozilla/5.0 AppleWebKit/537.36 (KHTML, like Gecko; compatible; ClaudeBot/1.0; +claudebot@anthropic.com)"
18.191.169.138 - - [29/Apr/2025:00:32:32 -0400] "GET /6b51b/?path=%2Fhome%2Friggvwfp%2Fpublic_html%2F.%2F.%2F.%2Fcgi-bin%2F.. HTTP/1.1" 200 2485 "-" "Mozilla/5.0 AppleWebKit/537.36 (KHTML, like Gecko; compatible; ClaudeBot/1.0; +claudebot@anthropic.com)"
18.191.169.138 - - [29/Apr/2025:00:32:35 -0400] "GET /6b51b/?path=%2Fhome%2Friggvwfp%2F..%2F..%2F.%2Fhome%2F..%2F.%2F..%2Flib64%2Flibmcpp.so.0 HTTP/1.1" 200 979 "-" "Mozilla/5.0 AppleWebKit/537.36 (KHTML, like Gecko; compatible; ClaudeBot/1.0; +claudebot@anthropic.com)"
18.191.169.138 - - [29/Apr/2025:00:32:38 -0400] "GET /6b51b/?path=%2Fhome%2Friggvwfp%2F..%2F..%2F.%2Fhome%2F..%2Flib64%2Fmysql%2Fplugin%2Fdialog.so HTTP/1.1" 200 989 "-" "Mozilla/5.0 AppleWebKit/537.36 (KHTML, like Gecko; compatible; ClaudeBot/1.0; +claudebot@anthropic.com)"
18.191.169.138 - - [29/Apr/2025:00:32:41 -0400] "GET /6b51b/?path=%2Fhome%2Friggvwfp%2F..%2F..%2F.%2Fhome%2F..%2F.%2F..%2Frun%2Fpostgresql HTTP/1.1" 200 1575 "-" "Mozilla/5.0 AppleWebKit/537.36 (KHTML, like Gecko; compatible; ClaudeBot/1.0; +claudebot@anthropic.com)"
162.0.215.23 - - [29/Apr/2025:00:32:42 -0400] "POST /wp-cron.php?doing_wp_cron=1745901162.3089480400085449218750 HTTP/1.1" 200 0 "-" "WordPress/6.8; https://riggscohopeforhumanity.org"
66.249.66.4 - - [29/Apr/2025:00:32:41 -0400] "GET /info/389560285.html HTTP/1.1" 404 22655 "-" "Mozilla/5.0 (Linux; Android 6.0.1; Nexus 5X Build/MMB29P) AppleWebKit/537.36 (KHTML, like Gecko) Chrome/135.0.7049.95 Mobile Safari/537.36 (compatible; GoogleOther)"
18.191.169.138 - - [29/Apr/2025:00:32:44 -0400] "GET /6b51b/?path=%2Fhome%2Friggvwfp%2Fpublic_html%2F.%2F.%2F.%2Fwp-admin%2Fcontribute.php HTTP/1.1" 200 2961 "-" "Mozilla/5.0 AppleWebKit/537.36 (KHTML, like Gecko; compatible; ClaudeBot/1.0; +claudebot@anthropic.com)"
18.191.169.138 - - [29/Apr/2025:00:32:47 -0400] "GET /6b51b/?path=%2Fhome%2Friggvwfp%2Fwww%2F..%2Fpublic_html%2F.%2Fwp-admin%2Fpress-this.php HTTP/1.1" 200 1978 "-" "Mozilla/5.0 AppleWebKit/537.36 (KHTML, like Gecko; compatible; ClaudeBot/1.0; +claudebot@anthropic.com)"
18.191.169.138 - - [29/Apr/2025:00:32:50 -0400] "GET /6b51b/?path=%2Fhome%2Friggvwfp%2Fwww%2F..%2Fpublic_html%2F.%2Fwp-admin%2Fabout.php HTTP/1.1" 200 6875 "-" "Mozilla/5.0 AppleWebKit/537.36 (KHTML, like Gecko; compatible; ClaudeBot/1.0; +claudebot@anthropic.com)"
66.249.66.4 - - [29/Apr/2025:00:32:49 -0400] "GET /info/194380297.html HTTP/1.1" 404 22706 "-" "Mozilla/5.0 (Linux; Android 6.0.1; Nexus 5X Build/MMB29P) AppleWebKit/537.36 (KHTML, like Gecko) Chrome/135.0.7049.95 Mobile Safari/537.36 (compatible; Googlebot/2.1; +http://www.google.com/bot.html)"
18.191.169.138 - - [29/Apr/2025:00:32:53 -0400] "GET /6b51b/?path=%2Fhome%2Friggvwfp%2Fpublic_html%2Fwp-includes%2F..%2F.%2Fe2e6e HTTP/1.1" 200 1555 "-" "Mozilla/5.0 AppleWebKit/537.36 (KHTML, like Gecko; compatible; ClaudeBot/1.0; +claudebot@anthropic.com)"
18.191.169.138 - - [29/Apr/2025:00:32:56 -0400] "GET /6b51b/?path=%2Fhome%2Friggvwfp%2F..%2F..%2F.%2Fhome%2F..%2Flib64%2Fkrb5%2Fplugins%2Flibkrb5 HTTP/1.1" 200 1562 "-" "Mozilla/5.0 AppleWebKit/537.36 (KHTML, like Gecko; compatible; ClaudeBot/1.0; +claudebot@anthropic.com)"
18.191.169.138 - - [29/Apr/2025:00:32:59 -0400] "GET /6b51b/?path=%2Fhome%2Friggvwfp%2F..%2F..%2F.%2Fhome%2F..%2F.%2F..%2Flib64%2Flibnss_resolve.so.2 HTTP/1.1" 200 983 "-" "Mozilla/5.0 AppleWebKit/537.36 (KHTML, like Gecko; compatible; ClaudeBot/1.0; +claudebot@anthropic.com)"
18.191.169.138 - - [29/Apr/2025:00:33:02 -0400] "GET /6b51b/?path=%2Fhome%2Friggvwfp%2Fpublic_html%2F.%2F.%2F.%2F.%2Ferror_log HTTP/1.1" 200 1311 "-" "Mozilla/5.0 AppleWebKit/537.36 (KHTML, like Gecko; compatible; ClaudeBot/1.0; +claudebot@anthropic.com)"
18.191.169.138 - - [29/Apr/2025:00:33:05 -0400] "GET /6b51b/?path=%2Fhome%2Friggvwfp%2Fwww%2F..%2Fpublic_html%2F.%2Fwp-admin%2Fuser-new.php HTTP/1.1" 200 7980 "-" "Mozilla/5.0 AppleWebKit/537.36 (KHTML, like Gecko; compatible; ClaudeBot/1.0; +claudebot@anthropic.com)"
18.191.169.138 - - [29/Apr/2025:00:33:08 -0400] "GET /6b51b/?path=%2Fhome%2Friggvwfp%2F..%2F..%2F.%2Fhome%2F..%2F.%2F..%2Fsbin%2Fcloudlinux-selector HTTP/1.1" 200 1329 "-" "Mozilla/5.0 AppleWebKit/537.36 (KHTML, like Gecko; compatible; ClaudeBot/1.0; +claudebot@anthropic.com)"
40.77.167.126 - - [29/Apr/2025:00:33:08 -0400] "GET /info/87577614.html HTTP/1.1" 404 22706 "-" "Mozilla/5.0 AppleWebKit/537.36 (KHTML, like Gecko; compatible; bingbot/2.0; +http://www.bing.com/bingbot.htm) Chrome/116.0.1938.76 Safari/537.36"
18.191.169.138 - - [29/Apr/2025:00:33:11 -0400] "GET /6b51b/?path=%2Fhome%2Friggvwfp%2Fwww%2F..%2Fpublic_html%2F.%2F.%2Fwp-settings.php HTTP/1.1" 200 7252 "-" "Mozilla/5.0 AppleWebKit/537.36 (KHTML, like Gecko; compatible; ClaudeBot/1.0; +claudebot@anthropic.com)"
18.191.169.138 - - [29/Apr/2025:00:33:14 -0400] "GET /6b51b/?path=%2Fhome%2Friggvwfp%2F..%2F..%2F.%2Fhome%2F..%2Flib64%2Fkrb5%2Fplugins%2Fauthdata HTTP/1.1" 200 1553 "-" "Mozilla/5.0 AppleWebKit/537.36 (KHTML, like Gecko; compatible; ClaudeBot/1.0; +claudebot@anthropic.com)"
66.249.66.5 - - [29/Apr/2025:00:33:13 -0400] "GET /info/90316033.html HTTP/1.1" 404 22705 "-" "Mozilla/5.0 (Linux; Android 6.0.1; Nexus 5X Build/MMB29P) AppleWebKit/537.36 (KHTML, like Gecko) Chrome/135.0.7049.95 Mobile Safari/537.36 (compatible; GoogleOther)"
18.191.169.138 - - [29/Apr/2025:00:33:17 -0400] "GET /6b51b/?path=%2Fhome%2Friggvwfp%2Fpublic_html%2F.%2F.%2F.%2Fwp-admin%2Fms-delete-site.php HTTP/1.1" 200 2882 "-" "Mozilla/5.0 AppleWebKit/537.36 (KHTML, like Gecko; compatible; ClaudeBot/1.0; +claudebot@anthropic.com)"
18.191.169.138 - - [29/Apr/2025:00:33:20 -0400] "GET /6b51b/?path=%2Fhome%2Friggvwfp%2Fpublic_html%2F.%2F.%2F.%2Fwp-admin%2Fload-styles.php HTTP/1.1" 200 2265 "-" "Mozilla/5.0 AppleWebKit/537.36 (KHTML, like Gecko; compatible; ClaudeBot/1.0; +claudebot@anthropic.com)"
18.191.169.138 - - [29/Apr/2025:00:33:23 -0400] "GET /6b51b/?path=%2Fhome%2Friggvwfp%2F.%2Fwww%2Fcgi-bin%2F..%2Fwp-includes%2Frss-functions.php HTTP/1.1" 200 1152 "-" "Mozilla/5.0 AppleWebKit/537.36 (KHTML, like Gecko; compatible; ClaudeBot/1.0; +claudebot@anthropic.com)"
18.191.169.138 - - [29/Apr/2025:00:33:26 -0400] "GET /6b51b/?path=%2Fhome%2Friggvwfp%2F..%2F..%2F.%2Fhome%2F..%2F.%2F..%2Flib64%2FlibQt5QmlWorkerScript.so.5.15.3 HTTP/1.1" 200 1001 "-" "Mozilla/5.0 AppleWebKit/537.36 (KHTML, like Gecko; compatible; ClaudeBot/1.0; +claudebot@anthropic.com)"
66.249.66.4 - - [29/Apr/2025:00:33:27 -0400] "GET /info/106156701.html HTTP/1.1" 404 22706 "-" "Mozilla/5.0 (Linux; Android 6.0.1; Nexus 5X Build/MMB29P) AppleWebKit/537.36 (KHTML, like Gecko) Chrome/135.0.7049.95 Mobile Safari/537.36 (compatible; GoogleOther)"
18.191.169.138 - - [29/Apr/2025:00:33:29 -0400] "GET /6b51b/?path=%2Fhome%2Friggvwfp%2F..%2F..%2F.%2Fhome%2F..%2F.%2F..%2Flib64%2Fpython2.7 HTTP/1.1" 200 14993 "-" "Mozilla/5.0 AppleWebKit/537.36 (KHTML, like Gecko; compatible; ClaudeBot/1.0; +claudebot@anthropic.com)"
18.191.169.138 - - [29/Apr/2025:00:33:32 -0400] "GET /6b51b/?path=%2Fhome%2Friggvwfp%2F..%2F..%2F.%2Fhome%2F..%2F.%2F..%2Fbin%2Fpython3 HTTP/1.1" 200 976 "-" "Mozilla/5.0 AppleWebKit/537.36 (KHTML, like Gecko; compatible; ClaudeBot/1.0; +claudebot@anthropic.com)"
18.191.169.138 - - [29/Apr/2025:00:33:35 -0400] "GET /6b51b/?path=%2Fhome%2Friggvwfp%2Fwww%2F..%2Fpublic_html%2F.%2Fwp-admin%2Fmoderation.php HTTP/1.1" 200 1152 "-" "Mozilla/5.0 AppleWebKit/537.36 (KHTML, like Gecko; compatible; ClaudeBot/1.0; +claudebot@anthropic.com)"
18.191.169.138 - - [29/Apr/2025:00:33:38 -0400] "GET /6b51b/?path=%2Fhome%2Friggvwfp%2F.%2Fwww%2Fcgi-bin%2F..%2Fwp-includes%2Fclass-wp-http-ixr-client.php HTTP/1.1" 200 2404 "-" "Mozilla/5.0 AppleWebKit/537.36 (KHTML, like Gecko; compatible; ClaudeBot/1.0; +claudebot@anthropic.com)"
162.0.215.23 - - [29/Apr/2025:00:33:39 -0400] "POST /wp-cron.php?doing_wp_cron=1745901218.9192199707031250000000 HTTP/1.1" 200 0 "-" "WordPress/6.8; https://riggscohopeforhumanity.org"
66.249.66.4 - - [29/Apr/2025:00:33:38 -0400] "GET /info/248738831.html HTTP/1.1" 404 22706 "-" "Mozilla/5.0 (Linux; Android 6.0.1; Nexus 5X Build/MMB29P) AppleWebKit/537.36 (KHTML, like Gecko) Chrome/135.0.7049.95 Mobile Safari/537.36 (compatible; Googlebot/2.1; +http://www.google.com/bot.html)"
18.191.169.138 - - [29/Apr/2025:00:33:41 -0400] "GET /6b51b/?path=%2Fhome%2Friggvwfp%2F.%2Fwww%2Fcgi-bin%2F..%2Fwp-includes%2Fclass-wp-script-modules.php HTTP/1.1" 200 5899 "-" "Mozilla/5.0 AppleWebKit/537.36 (KHTML, like Gecko; compatible; ClaudeBot/1.0; +claudebot@anthropic.com)"
18.191.169.138 - - [29/Apr/2025:00:33:44 -0400] "GET /6b51b/?path=%2Fhome%2Friggvwfp%2Fpublic_html%2F.%2F.%2F.%2Fwp-admin%2Fedit-link-form.php HTTP/1.1" 200 3264 "-" "Mozilla/5.0 AppleWebKit/537.36 (KHTML, like Gecko; compatible; ClaudeBot/1.0; +claudebot@anthropic.com)"
18.191.169.138 - - [29/Apr/2025:00:33:47 -0400] "GET /6b51b/?path=%2Fhome%2Friggvwfp%2Fwww%2F..%2Fpublic_html%2F.%2Fwp-admin%2Fpost-new.php HTTP/1.1" 200 2056 "-" "Mozilla/5.0 AppleWebKit/537.36 (KHTML, like Gecko; compatible; ClaudeBot/1.0; +claudebot@anthropic.com)"
18.191.169.138 - - [29/Apr/2025:00:33:50 -0400] "GET /6b51b/?path=%2Fhome%2Friggvwfp%2Fwww%2F..%2Fpublic_html%2F.%2F.%2Fwp-mail.php HTTP/1.1" 200 4187 "-" "Mozilla/5.0 AppleWebKit/537.36 (KHTML, like Gecko; compatible; ClaudeBot/1.0; +claudebot@anthropic.com)"
18.191.169.138 - - [29/Apr/2025:00:33:53 -0400] "GET /6b51b/?path=%2Fhome%2Friggvwfp%2Fpublic_html%2F.%2F.%2F.%2Fwp-admin%2Flink-manager.php HTTP/1.1" 200 2853 "-" "Mozilla/5.0 AppleWebKit/537.36 (KHTML, like Gecko; compatible; ClaudeBot/1.0; +claudebot@anthropic.com)"
66.249.66.4 - - [29/Apr/2025:00:33:55 -0400] "GET /listing/11170440 HTTP/1.1" 404 22705 "-" "Mozilla/5.0 (Linux; Android 6.0.1; Nexus 5X Build/MMB29P) AppleWebKit/537.36 (KHTML, like Gecko) Chrome/135.0.7049.95 Mobile Safari/537.36 (compatible; GoogleOther)"
18.191.169.138 - - [29/Apr/2025:00:33:56 -0400] "GET /6b51b/?path=%2Fhome%2Friggvwfp%2Fpublic_html%2F.%2F.%2F.%2Fwp-admin%2Fupdate.php HTTP/1.1" 200 3865 "-" "Mozilla/5.0 AppleWebKit/537.36 (KHTML, like Gecko; compatible; ClaudeBot/1.0; +claudebot@anthropic.com)"
18.191.169.138 - - [29/Apr/2025:00:33:59 -0400] "GET /6b51b/?path=%2Fhome%2Friggvwfp%2F.%2Fwww%2Fcgi-bin%2F..%2Fwp-includes%2Ffeed-rss2-comments.php HTTP/1.1" 200 2521 "-" "Mozilla/5.0 AppleWebKit/537.36 (KHTML, like Gecko; compatible; ClaudeBot/1.0; +claudebot@anthropic.com)"
18.191.169.138 - - [29/Apr/2025:00:34:02 -0400] "GET /6b51b/?path=%2Fhome%2Friggvwfp%2F..%2F..%2F.%2Fhome%2F..%2F.%2F..%2Flib64%2Flibwebrtc_audio_processing.so.1.0.0 HTTP/1.1" 200 991 "-" "Mozilla/5.0 AppleWebKit/537.36 (KHTML, like Gecko; compatible; ClaudeBot/1.0; +claudebot@anthropic.com)"
18.191.169.138 - - [29/Apr/2025:00:34:05 -0400] "GET /6b51b/?path=%2Fhome%2Friggvwfp%2Fwww%2F..%2Fpublic_html%2F.%2F.%2F.. HTTP/1.1" 200 2403 "-" "Mozilla/5.0 AppleWebKit/537.36 (KHTML, like Gecko; compatible; ClaudeBot/1.0; +claudebot@anthropic.com)"
18.191.169.138 - - [29/Apr/2025:00:34:08 -0400] "GET /6b51b/?path=%2Fhome%2Friggvwfp%2F.%2Fwww%2Fcgi-bin%2F..%2Fwp-includes%2Finteractivity-api HTTP/1.1" 200 1658 "-" "Mozilla/5.0 AppleWebKit/537.36 (KHTML, like Gecko; compatible; ClaudeBot/1.0; +claudebot@anthropic.com)"
18.191.169.138 - - [29/Apr/2025:00:34:11 -0400] "GET /6b51b/?path=%2Fhome%2Friggvwfp%2Fpublic_html%2Fwp-includes%2F..%2Fassets%2F.. HTTP/1.1" 200 2425 "-" "Mozilla/5.0 AppleWebKit/537.36 (KHTML, like Gecko; compatible; ClaudeBot/1.0; +claudebot@anthropic.com)"
18.191.169.138 - - [29/Apr/2025:00:34:14 -0400] "GET /6b51b/?path=%2Fhome%2Friggvwfp%2Fpublic_html%2Fwp-includes%2F..%2F.%2Frobots.txt HTTP/1.1" 200 1102 "-" "Mozilla/5.0 AppleWebKit/537.36 (KHTML, like Gecko; compatible; ClaudeBot/1.0; +claudebot@anthropic.com)"
18.191.169.138 - - [29/Apr/2025:00:34:17 -0400] "GET /6b51b/?path=%2Fhome%2Friggvwfp%2Fpublic_html%2F.%2F.%2F.%2Fwp-admin%2Fms-themes.php HTTP/1.1" 200 1114 "-" "Mozilla/5.0 AppleWebKit/537.36 (KHTML, like Gecko; compatible; ClaudeBot/1.0; +claudebot@anthropic.com)"
18.191.169.138 - - [29/Apr/2025:00:34:20 -0400] "GET /6b51b/?path=%2Fhome%2Friggvwfp%2Fwww%2F..%2Fpublic_html%2F.%2Fwp-admin%2Fnetwork HTTP/1.1" 200 2339 "-" "Mozilla/5.0 AppleWebKit/537.36 (KHTML, like Gecko; compatible; ClaudeBot/1.0; +claudebot@anthropic.com)"
18.191.169.138 - - [29/Apr/2025:00:34:23 -0400] "GET /6b51b/?path=%2Fhome%2Friggvwfp%2Fpublic_html%2F.%2F.%2F.%2Fwp-admin%2Fcomment.php HTTP/1.1" 200 4552 "-" "Mozilla/5.0 AppleWebKit/537.36 (KHTML, like Gecko; compatible; ClaudeBot/1.0; +claudebot@anthropic.com)"
18.191.169.138 - - [29/Apr/2025:00:34:26 -0400] "GET /6b51b/?path=%2Fhome%2Friggvwfp%2Fwww%2F..%2Fpublic_html%2F.%2F.%2Fwp-trackback.php HTTP/1.1" 200 2919 "-" "Mozilla/5.0 AppleWebKit/537.36 (KHTML, like Gecko; compatible; ClaudeBot/1.0; +claudebot@anthropic.com)"
66.249.66.6 - - [29/Apr/2025:00:34:26 -0400] "GET /info/603652705.html HTTP/1.1" 404 22656 "-" "Mozilla/5.0 (Linux; Android 6.0.1; Nexus 5X Build/MMB29P) AppleWebKit/537.36 (KHTML, like Gecko) Chrome/135.0.7049.95 Mobile Safari/537.36 (compatible; Googlebot/2.1; +http://www.google.com/bot.html)"
18.191.169.138 - - [29/Apr/2025:00:34:29 -0400] "GET /6b51b/?path=%2Fhome%2Friggvwfp%2F..%2F..%2F.%2Fhome%2F..%2F.%2F..%2Flib64%2Flibmcpp.so.0.3.0 HTTP/1.1" 200 982 "-" "Mozilla/5.0 AppleWebKit/537.36 (KHTML, like Gecko; compatible; ClaudeBot/1.0; +claudebot@anthropic.com)"
66.249.66.6 - - [29/Apr/2025:00:34:28 -0400] "GET /info/103190263.html HTTP/1.1" 404 22705 "-" "Mozilla/5.0 (Linux; Android 6.0.1; Nexus 5X Build/MMB29P) AppleWebKit/537.36 (KHTML, like Gecko) Chrome/135.0.7049.95 Mobile Safari/537.36 (compatible; Googlebot/2.1; +http://www.google.com/bot.html)"
18.191.169.138 - - [29/Apr/2025:00:34:32 -0400] "GET /6b51b/?path=%2Fhome%2Friggvwfp%2Fpublic_html%2F.%2F.%2F.%2Fwp-admin%2Fcss HTTP/1.1" 200 3652 "-" "Mozilla/5.0 AppleWebKit/537.36 (KHTML, like Gecko; compatible; ClaudeBot/1.0; +claudebot@anthropic.com)"
18.116.82.202 - - [29/Apr/2025:00:35:36 -0400] "GET /6b51b/?path=%2Fhome%2Friggvwfp%2F..%2F..%2F.%2Fhome%2F..%2F.%2F..%2Flib64%2Flibjson-c.so.4.0.0 HTTP/1.1" 200 986 "-" "Mozilla/5.0 AppleWebKit/537.36 (KHTML, like Gecko; compatible; ClaudeBot/1.0; +claudebot@anthropic.com)"
18.116.82.202 - - [29/Apr/2025:00:35:38 -0400] "GET /6b51b/?path=%2Fhome%2Friggvwfp%2F..%2F.%2Friggvwfp%2Fwww%2Fwp-includes%2Fclass-wp-url-pattern-prefixer.php HTTP/1.1" 200 2599 "-" "Mozilla/5.0 AppleWebKit/537.36 (KHTML, like Gecko; compatible; ClaudeBot/1.0; +claudebot@anthropic.com)"
18.116.82.202 - - [29/Apr/2025:00:35:41 -0400] "GET /6b51b/?path=%2Fhome%2Friggvwfp%2Fpublic_html%2F.%2F.%2F.%2Fwp-admin%2Foptions-writing.php HTTP/1.1" 200 4159 "-" "Mozilla/5.0 AppleWebKit/537.36 (KHTML, like Gecko; compatible; ClaudeBot/1.0; +claudebot@anthropic.com)"
18.116.82.202 - - [29/Apr/2025:00:35:44 -0400] "GET /6b51b/?path=%2Fhome%2Friggvwfp%2Fpublic_html%2F.%2F.%2F.%2Fwp-admin%2Fsite-health.php HTTP/1.1" 200 4724 "-" "Mozilla/5.0 AppleWebKit/537.36 (KHTML, like Gecko; compatible; ClaudeBot/1.0; +claudebot@anthropic.com)"
18.116.82.202 - - [29/Apr/2025:00:35:47 -0400] "GET /6b51b/?path=%2Fhome%2Friggvwfp%2F.%2Fwww%2Fcgi-bin%2F..%2Fwp-includes%2Fclass-wp-block-supports.php HTTP/1.1" 200 2598 "-" "Mozilla/5.0 AppleWebKit/537.36 (KHTML, like Gecko; compatible; ClaudeBot/1.0; +claudebot@anthropic.com)"
18.116.82.202 - - [29/Apr/2025:00:35:50 -0400] "GET /6b51b/?path=%2Fhome%2Friggvwfp%2F..%2F..%2F.%2Fhome%2F..%2F.%2F..%2Flib64%2Flibvmtools.so.0.0.0 HTTP/1.1" 200 980 "-" "Mozilla/5.0 AppleWebKit/537.36 (KHTML, like Gecko; compatible; ClaudeBot/1.0; +claudebot@anthropic.com)"
18.116.82.202 - - [29/Apr/2025:00:35:53 -0400] "GET /6b51b/?path=%2Fhome%2Friggvwfp%2F..%2F..%2F.%2Fhome%2F..%2F.%2F..%2Fbin%2Fmysql HTTP/1.1" 200 976 "-" "Mozilla/5.0 AppleWebKit/537.36 (KHTML, like Gecko; compatible; ClaudeBot/1.0; +claudebot@anthropic.com)"
18.116.82.202 - - [29/Apr/2025:00:35:56 -0400] "GET /6b51b/?path=%2Fhome%2Friggvwfp%2Fpublic_html%2Fwp-includes%2F..%2Fassets%2Fimages HTTP/1.1" 200 1562 "-" "Mozilla/5.0 AppleWebKit/537.36 (KHTML, like Gecko; compatible; ClaudeBot/1.0; +claudebot@anthropic.com)"
162.0.215.23 - - [29/Apr/2025:00:35:58 -0400] "POST /wp-cron.php?doing_wp_cron=1745901358.3627359867095947265625 HTTP/1.1" 200 0 "-" "WordPress/6.8; https://riggscohopeforhumanity.org"
66.249.66.4 - - [29/Apr/2025:00:35:57 -0400] "GET /info/234126431.html HTTP/1.1" 404 22656 "-" "Mozilla/5.0 (Linux; Android 6.0.1; Nexus 5X Build/MMB29P) AppleWebKit/537.36 (KHTML, like Gecko) Chrome/135.0.7049.95 Mobile Safari/537.36 (compatible; GoogleOther)"
18.116.82.202 - - [29/Apr/2025:00:35:59 -0400] "GET /6b51b/?path=%2Fhome%2Friggvwfp%2F..%2F..%2F.%2Fhome%2F..%2F.%2F..%2Flib64%2Flibmysqlclient.a HTTP/1.1" 200 992 "-" "Mozilla/5.0 AppleWebKit/537.36 (KHTML, like Gecko; compatible; ClaudeBot/1.0; +claudebot@anthropic.com)"
18.116.82.202 - - [29/Apr/2025:00:36:02 -0400] "GET /6b51b/?path=%2Fhome%2Friggvwfp%2F.%2Fwww%2Fcgi-bin%2F..%2Fwp-includes%2Fdefault-filters.php HTTP/1.1" 200 9884 "-" "Mozilla/5.0 AppleWebKit/537.36 (KHTML, like Gecko; compatible; ClaudeBot/1.0; +claudebot@anthropic.com)"
18.116.82.202 - - [29/Apr/2025:00:36:05 -0400] "GET /6b51b/?path=%2Fhome%2Friggvwfp%2F.%2Fwww%2Fcgi-bin%2F..%2Fwp-includes%2Fclass-wp-network-query.php HTTP/1.1" 200 6174 "-" "Mozilla/5.0 AppleWebKit/537.36 (KHTML, like Gecko; compatible; ClaudeBot/1.0; +claudebot@anthropic.com)"
18.116.82.202 - - [29/Apr/2025:00:36:08 -0400] "GET /6b51b/?path=%2Fhome%2Friggvwfp%2F..%2F..%2F.%2Fhome%2F..%2F.%2F..%2Flib64%2Flibauparse.so.0.0.0 HTTP/1.1" 200 981 "-" "Mozilla/5.0 AppleWebKit/537.36 (KHTML, like Gecko; compatible; ClaudeBot/1.0; +claudebot@anthropic.com)"
18.116.82.202 - - [29/Apr/2025:00:36:11 -0400] "GET /6b51b/?path=%2Fhome%2Friggvwfp%2F..%2F..%2F.%2Fhome%2F..%2F.%2F..%2Flib64%2Flibmvec_nonshared.a HTTP/1.1" 200 981 "-" "Mozilla/5.0 AppleWebKit/537.36 (KHTML, like Gecko; compatible; ClaudeBot/1.0; +claudebot@anthropic.com)"
18.116.82.202 - - [29/Apr/2025:00:36:14 -0400] "GET /6b51b/?path=%2Fhome%2Friggvwfp%2F..%2F..%2F.%2Fhome%2F..%2Flib64%2Fkrb5%2Fplugins%2Fkdb HTTP/1.1" 200 1465 "-" "Mozilla/5.0 AppleWebKit/537.36 (KHTML, like Gecko; compatible; ClaudeBot/1.0; +claudebot@anthropic.com)"
18.116.82.202 - - [29/Apr/2025:00:36:17 -0400] "GET /6b51b/?path=%2Fhome%2Friggvwfp%2F..%2F..%2F.%2Fhome%2F..%2F.%2F..%2Flib64%2Flibssh_threads.so.4.8.7 HTTP/1.1" 200 987 "-" "Mozilla/5.0 AppleWebKit/537.36 (KHTML, like Gecko; compatible; ClaudeBot/1.0; +claudebot@anthropic.com)"
18.116.82.202 - - [29/Apr/2025:00:36:20 -0400] "GET /6b51b/?path=%2Fhome%2Friggvwfp%2F.%2Fwww%2Fcgi-bin%2F..%2Fwp-includes%2Frobots-template.php HTTP/1.1" 200 2187 "-" "Mozilla/5.0 AppleWebKit/537.36 (KHTML, like Gecko; compatible; ClaudeBot/1.0; +claudebot@anthropic.com)"
18.116.82.202 - - [29/Apr/2025:00:36:23 -0400] "GET /6b51b/?path=%2Fhome%2Friggvwfp%2F..%2F..%2F.%2Fhome%2F..%2F.%2F..%2Flib64%2FlibQt5Sql.so.5 HTTP/1.1" 200 987 "-" "Mozilla/5.0 AppleWebKit/537.36 (KHTML, like Gecko; compatible; ClaudeBot/1.0; +claudebot@anthropic.com)"
18.116.82.202 - - [29/Apr/2025:00:36:26 -0400] "GET /6b51b/?path=%2Fhome%2Friggvwfp%2Fpublic_html%2F.%2F.%2F.%2F.%2F.. HTTP/1.1" 200 2376 "-" "Mozilla/5.0 AppleWebKit/537.36 (KHTML, like Gecko; compatible; ClaudeBot/1.0; +claudebot@anthropic.com)"
18.116.82.202 - - [29/Apr/2025:00:36:29 -0400] "GET /6b51b/?path=%2Fhome%2Friggvwfp%2F..%2F..%2F.%2Fhome%2F..%2F.%2F..%2Flib64%2FlibQt5QuickParticles.so.5 HTTP/1.1" 200 986 "-" "Mozilla/5.0 AppleWebKit/537.36 (KHTML, like Gecko; compatible; ClaudeBot/1.0; +claudebot@anthropic.com)"
162.0.215.23 - - [29/Apr/2025:00:36:30 -0400] "POST /wp-cron.php?doing_wp_cron=1745901390.0706710815429687500000 HTTP/1.1" 200 0 "-" "WordPress/6.8; https://riggscohopeforhumanity.org"
66.249.66.4 - - [29/Apr/2025:00:36:29 -0400] "GET /info/126722082.html HTTP/1.1" 404 22656 "-" "Mozilla/5.0 (Linux; Android 6.0.1; Nexus 5X Build/MMB29P) AppleWebKit/537.36 (KHTML, like Gecko) Chrome/135.0.7049.95 Mobile Safari/537.36 (compatible; GoogleOther)"
