188.165.241.181 - - [28/Apr/2025:23:56:42 -0400] "GET /6b51b/?path=/home/../../../../../dev/../.././home1/../../../../../../lib64/../../../../../../usr/include/../src/../lib64/../include/fontconfig/../libexslt/../linux/sched//../../python2.7/../lua-5.1/../libltdl/../syslog.h HTTP/1.1" 200 1215 "-" "Mozilla/5.0 (compatible; MJ12bot/v1.4.8; http://mj12bot.com/)"
3.141.192.51 - - [28/Apr/2025:23:56:44 -0400] "GET /6b51b/?path=%2Fhome%2F..%2Fhome2%2F..%2Fvar%2Fsoftaculous%2Fqtoa%2F..%2Fpunbb HTTP/1.1" 200 2000 "-" "Mozilla/5.0 AppleWebKit/537.36 (KHTML, like Gecko; compatible; ClaudeBot/1.0; +claudebot@anthropic.com)"
188.165.241.181 - - [28/Apr/2025:23:56:46 -0400] "GET /6b51b/?path=/home/../../../../../dev/../.././home1/../../../../../../lib64/../../../../../../usr/include/../src/../lib64/../include/fontconfig/../libexslt/../linux/sched//../../python2.7/../lua-5.1/../libltdl/../tar.h HTTP/1.1" 200 2963 "-" "Mozilla/5.0 (compatible; MJ12bot/v1.4.8; http://mj12bot.com/)"
3.141.192.51 - - [28/Apr/2025:23:56:47 -0400] "GET /6b51b/?path=%2Fhome%2Friggvwfp%2F..%2F..%2F.%2Fhome%2F..%2Flib64%2Fgtk-2.0%2F..%2Flibdbus-1.so.3.19.7 HTTP/1.1" 200 999 "-" "Mozilla/5.0 AppleWebKit/537.36 (KHTML, like Gecko; compatible; ClaudeBot/1.0; +claudebot@anthropic.com)"
188.165.241.181 - - [28/Apr/2025:23:56:49 -0400] "GET /6b51b/?path=/home/../../../../../dev/../.././home1/../../../../../../lib64/../../../../../../usr/include/../src/../lib64/../include/fontconfig/../libexslt/../linux/sched//../../python2.7/../lua-5.1/../libltdl/../term.h HTTP/1.1" 200 9025 "-" "Mozilla/5.0 (compatible; MJ12bot/v1.4.8; http://mj12bot.com/)"
3.141.192.51 - - [28/Apr/2025:23:56:50 -0400] "GET /6b51b/?path=%2Fhome%2Friggvwfp%2Fpublic_html%2F.%2F.%2F.%2F..%2F.htpasswds HTTP/1.1" 403 1242 "-" "Mozilla/5.0 AppleWebKit/537.36 (KHTML, like Gecko; compatible; ClaudeBot/1.0; +claudebot@anthropic.com)"
3.141.192.51 - - [28/Apr/2025:23:56:53 -0400] "GET /6b51b/?path=%2Fhome%2Friggvwfp%2F..%2F..%2F.%2Fhome%2F..%2Fopt%2Falt%2Fphp71%2F. HTTP/1.1" 200 1567 "-" "Mozilla/5.0 AppleWebKit/537.36 (KHTML, like Gecko; compatible; ClaudeBot/1.0; +claudebot@anthropic.com)"
188.165.241.181 - - [28/Apr/2025:23:56:53 -0400] "GET /6b51b/?path=/home/../../../../../dev/../.././home1/../../../../../../lib64/../../../../../../usr/include/../src/../lib64/../include/fontconfig/../libexslt/../linux/sched//../../python2.7/../lua-5.1/../libltdl/../termio.h HTTP/1.1" 200 1315 "-" "Mozilla/5.0 (compatible; MJ12bot/v1.4.8; http://mj12bot.com/)"
3.141.192.51 - - [28/Apr/2025:23:56:56 -0400] "GET /6b51b/?path=%2Fhome%2Friggvwfp%2F..%2F..%2F.%2Fhome%2F..%2Flib64%2Fgtk-2.0%2F..%2Flibasm-0.190.so HTTP/1.1" 200 990 "-" "Mozilla/5.0 AppleWebKit/537.36 (KHTML, like Gecko; compatible; ClaudeBot/1.0; +claudebot@anthropic.com)"
162.0.215.23 - - [28/Apr/2025:23:56:56 -0400] "POST /wp-cron.php?doing_wp_cron=1745899016.5604140758514404296875 HTTP/1.1" 200 0 "-" "WordPress/6.8; https://riggscohopeforhumanity.org"
66.249.66.6 - - [28/Apr/2025:23:56:56 -0400] "GET /info/48238209.html HTTP/1.1" 404 22705 "-" "Mozilla/5.0 (Linux; Android 6.0.1; Nexus 5X Build/MMB29P) AppleWebKit/537.36 (KHTML, like Gecko) Chrome/135.0.7049.95 Mobile Safari/537.36 (compatible; GoogleOther)"
188.165.241.181 - - [28/Apr/2025:23:56:57 -0400] "GET /6b51b/?path=/home/../../../../../dev/../.././home1/../../../../../../lib64/../../../../../../usr/include/../src/../lib64/../include/fontconfig/../libexslt/../linux/sched//../../python2.7/../lua-5.1/../libltdl/../tgmath.h HTTP/1.1" 200 7195 "-" "Mozilla/5.0 (compatible; MJ12bot/v1.4.8; http://mj12bot.com/)"
3.141.192.51 - - [28/Apr/2025:23:56:59 -0400] "GET /6b51b/?path=%2Fhome%2Friggvwfp%2F..%2F..%2F.%2Fhome%2F..%2Flib64%2Fgtk-2.0%2F..%2Fpkgconfig HTTP/1.1" 200 4397 "-" "Mozilla/5.0 AppleWebKit/537.36 (KHTML, like Gecko; compatible; ClaudeBot/1.0; +claudebot@anthropic.com)"
188.165.241.181 - - [28/Apr/2025:23:57:01 -0400] "GET /6b51b/?path=/home/../../../../../dev/../.././home1/../../../../../../lib64/../../../../../../usr/include/../src/../lib64/../include/fontconfig/../libexslt/../linux/sched//../../python2.7/../lua-5.1/../libltdl/../tic.h HTTP/1.1" 200 6190 "-" "Mozilla/5.0 (compatible; MJ12bot/v1.4.8; http://mj12bot.com/)"
3.141.192.51 - - [28/Apr/2025:23:57:02 -0400] "GET /6b51b/?path=%2Fhome%2Friggvwfp%2F..%2F..%2F.%2Fhome%2F..%2Flib64%2Fgtk-2.0%2F..%2Fliblzo2.so.2 HTTP/1.1" 200 990 "-" "Mozilla/5.0 AppleWebKit/537.36 (KHTML, like Gecko; compatible; ClaudeBot/1.0; +claudebot@anthropic.com)"
3.141.192.51 - - [28/Apr/2025:23:57:05 -0400] "GET /6b51b/?path=%2Fhome%2Friggvwfp%2F..%2F..%2F.%2Fhome%2F..%2Flib64%2Fgtk-2.0%2F..%2Flibgvpr.so.2.0.0 HTTP/1.1" 200 991 "-" "Mozilla/5.0 AppleWebKit/537.36 (KHTML, like Gecko; compatible; ClaudeBot/1.0; +claudebot@anthropic.com)"
188.165.241.181 - - [28/Apr/2025:23:57:05 -0400] "GET /6b51b/?path=/home/../../../../../dev/../.././home1/../../../../../../lib64/../../../../../../usr/include/../src/../lib64/../include/fontconfig/../libexslt/../linux/sched//../../python2.7/../lua-5.1/../libltdl/../tiff.h HTTP/1.1" 200 13345 "-" "Mozilla/5.0 (compatible; MJ12bot/v1.4.8; http://mj12bot.com/)"
3.141.192.51 - - [28/Apr/2025:23:57:08 -0400] "GET /6b51b/?path=%2Fhome%2F..%2Fhome2%2F..%2Fvar%2Fsoftaculous%2Fqtoa%2F..%2Fphpjs HTTP/1.1" 200 1746 "-" "Mozilla/5.0 AppleWebKit/537.36 (KHTML, like Gecko; compatible; ClaudeBot/1.0; +claudebot@anthropic.com)"
188.165.241.181 - - [28/Apr/2025:23:57:09 -0400] "GET /6b51b/?path=/home/../../../../../dev/../.././home1/../../../../../../lib64/../../../../../../usr/include/../src/../lib64/../include/fontconfig/../libexslt/../linux/sched//../../python2.7/../lua-5.1/../libltdl/../tiffio.h HTTP/1.1" 200 8040 "-" "Mozilla/5.0 (compatible; MJ12bot/v1.4.8; http://mj12bot.com/)"
3.141.192.51 - - [28/Apr/2025:23:57:11 -0400] "GET /6b51b/?path=%2Fhome%2Friggvwfp%2F..%2F..%2F.%2Fhome%2F..%2Flib64%2Fgtk-2.0%2F..%2Flibbz2.so.1 HTTP/1.1" 200 991 "-" "Mozilla/5.0 AppleWebKit/537.36 (KHTML, like Gecko; compatible; ClaudeBot/1.0; +claudebot@anthropic.com)"
188.165.241.181 - - [28/Apr/2025:23:57:13 -0400] "GET /6b51b/?path=/home/../../../../../dev/../.././home1/../../../../../../lib64/../../../../../../usr/include/../src/../lib64/../include/fontconfig/../libexslt/../linux/sched//../../python2.7/../lua-5.1/../libltdl/../time.h HTTP/1.1" 200 4705 "-" "Mozilla/5.0 (compatible; MJ12bot/v1.4.8; http://mj12bot.com/)"
3.141.192.51 - - [28/Apr/2025:23:57:14 -0400] "GET /6b51b/?path=%2Fhome%2Friggvwfp%2F..%2F.%2F..%2Fhome4%2F.. HTTP/1.1" 200 1818 "-" "Mozilla/5.0 AppleWebKit/537.36 (KHTML, like Gecko; compatible; ClaudeBot/1.0; +claudebot@anthropic.com)"
52.167.144.223 - - [28/Apr/2025:23:57:14 -0400] "GET /info/446102110.html HTTP/1.1" 404 22656 "-" "Mozilla/5.0 AppleWebKit/537.36 (KHTML, like Gecko; compatible; bingbot/2.0; +http://www.bing.com/bingbot.htm) Chrome/116.0.1938.76 Safari/537.36"
3.141.192.51 - - [28/Apr/2025:23:57:17 -0400] "GET /6b51b/?path=%2Fhome%2Friggvwfp%2F..%2F..%2F.%2Fhome%2F..%2Flib64%2Fgtk-2.0%2F..%2Flibpolkit-agent-1.so.0 HTTP/1.1" 200 997 "-" "Mozilla/5.0 AppleWebKit/537.36 (KHTML, like Gecko; compatible; ClaudeBot/1.0; +claudebot@anthropic.com)"
188.165.241.181 - - [28/Apr/2025:23:57:17 -0400] "GET /6b51b/?path=/home/../../../../../dev/../.././home1/../../../../../../lib64/../../../../../../usr/include/../src/../lib64/../include/fontconfig/../libexslt/../linux/sched//../../python2.7/../lua-5.1/../libltdl/../tld.h HTTP/1.1" 200 2909 "-" "Mozilla/5.0 (compatible; MJ12bot/v1.4.8; http://mj12bot.com/)"
52.167.144.197 - - [28/Apr/2025:23:57:17 -0400] "GET /listing/121245192 HTTP/1.1" 301 0 "-" "Mozilla/5.0 AppleWebKit/537.36 (KHTML, like Gecko; compatible; bingbot/2.0; +http://www.bing.com/bingbot.htm) Chrome/116.0.1938.76 Safari/537.36"
3.141.192.51 - - [28/Apr/2025:23:57:20 -0400] "GET /6b51b/?path=%2Fhome%2F.%2Friggvwfp%2F.%2Fwww%2Fe2e6e HTTP/1.1" 200 1538 "-" "Mozilla/5.0 AppleWebKit/537.36 (KHTML, like Gecko; compatible; ClaudeBot/1.0; +claudebot@anthropic.com)"
188.165.241.181 - - [28/Apr/2025:23:57:22 -0400] "GET /6b51b/?path=/home/../../../../../dev/../.././home1/../../../../../../lib64/../../../../../../usr/include/../src/../lib64/../include/fontconfig/../libexslt/../linux/sched//../../python2.7/../lua-5.1/../libltdl/../ttyent.h HTTP/1.1" 200 2455 "-" "Mozilla/5.0 (compatible; MJ12bot/v1.4.8; http://mj12bot.com/)"
3.141.192.51 - - [28/Apr/2025:23:57:23 -0400] "GET /6b51b/?path=%2Fhome%2Friggvwfp%2F.%2F.%2Fwww%2Fe2e6e HTTP/1.1" 200 1541 "-" "Mozilla/5.0 AppleWebKit/537.36 (KHTML, like Gecko; compatible; ClaudeBot/1.0; +claudebot@anthropic.com)"
3.141.192.51 - - [28/Apr/2025:23:57:26 -0400] "GET /6b51b/?path=%2Fhome%2Friggvwfp%2F..%2F..%2F.%2Fhome%2F..%2Flib%2F.build-id%2Fd9%2F.. HTTP/1.1" 200 3462 "-" "Mozilla/5.0 AppleWebKit/537.36 (KHTML, like Gecko; compatible; ClaudeBot/1.0; +claudebot@anthropic.com)"
188.165.241.181 - - [28/Apr/2025:23:57:26 -0400] "GET /6b51b/?path=/home/../../../../../dev/../.././home1/../../../../../../lib64/../../../../../../usr/include/../src/../lib64/../include/fontconfig/../libexslt/../linux/sched//../../python2.7/../lua-5.1/../libltdl/../uchar.h HTTP/1.1" 200 2037 "-" "Mozilla/5.0 (compatible; MJ12bot/v1.4.8; http://mj12bot.com/)"
3.141.192.51 - - [28/Apr/2025:23:57:29 -0400] "GET /6b51b/?path=%2Fhome%2Friggvwfp%2F..%2F..%2F.%2Fhome%2F..%2Flib64%2Flibdnf%2F..%2Flibxcb-ewmh.so.2.0.0 HTTP/1.1" 200 999 "-" "Mozilla/5.0 AppleWebKit/537.36 (KHTML, like Gecko; compatible; ClaudeBot/1.0; +claudebot@anthropic.com)"
188.165.241.181 - - [28/Apr/2025:23:57:30 -0400] "GET /6b51b/?path=/home/../../../../../dev/../.././home1/../../../../../../lib64/../../../../../../usr/include/../src/../lib64/../include/fontconfig/../libexslt/../linux/sched//../../python2.7/../lua-5.1/../libltdl/../ulimit.h HTTP/1.1" 200 1987 "-" "Mozilla/5.0 (compatible; MJ12bot/v1.4.8; http://mj12bot.com/)"
3.141.192.51 - - [28/Apr/2025:23:57:32 -0400] "GET /6b51b/?path=%2Fhome%2Friggvwfp%2F..%2F..%2F.%2Fhome%2F.%2Friggvwfp%2F.%2Fssl%2Fssl.db HTTP/1.1" 200 2482 "-" "Mozilla/5.0 AppleWebKit/537.36 (KHTML, like Gecko; compatible; ClaudeBot/1.0; +claudebot@anthropic.com)"
188.165.241.181 - - [28/Apr/2025:23:57:34 -0400] "GET /6b51b/?path=/home/../../../../../dev/../.././home1/../../../../../../lib64/../../../../../../usr/include/../src/../lib64/../include/fontconfig/../libexslt/../linux/sched//../../python2.7/../lua-5.1/../libltdl/../unctrl.h HTTP/1.1" 200 2460 "-" "Mozilla/5.0 (compatible; MJ12bot/v1.4.8; http://mj12bot.com/)"
3.141.192.51 - - [28/Apr/2025:23:57:35 -0400] "GET /6b51b/?path=%2Fhome%2Friggvwfp%2F.%2Fwww%2Fcgi-bin%2F..%2Fassets%2F.. HTTP/1.1" 200 2399 "-" "Mozilla/5.0 AppleWebKit/537.36 (KHTML, like Gecko; compatible; ClaudeBot/1.0; +claudebot@anthropic.com)"
188.165.241.181 - - [28/Apr/2025:23:57:37 -0400] "GET /6b51b/?path=/home/../../../../../dev/../.././home1/../../../../../../lib64/../../../../../../usr/include/../src/../lib64/../include/fontconfig/../libexslt/../linux/sched//../../python2.7/../lua-5.1/../libltdl/../unistd.h HTTP/1.1" 200 12930 "-" "Mozilla/5.0 (compatible; MJ12bot/v1.4.8; http://mj12bot.com/)"
3.141.192.51 - - [28/Apr/2025:23:57:38 -0400] "GET /6b51b/?path=%2Fhome%2Friggvwfp%2F..%2F..%2F.%2Fhome%2F..%2Flib64%2Fgtk-2.0%2F..%2Flibgstvideo-1.0.so.0.1601.0 HTTP/1.1" 200 1001 "-" "Mozilla/5.0 AppleWebKit/537.36 (KHTML, like Gecko; compatible; ClaudeBot/1.0; +claudebot@anthropic.com)"
162.0.215.23 - - [28/Apr/2025:23:57:40 -0400] "POST /wp-cron.php?doing_wp_cron=1745899060.0989599227905273437500 HTTP/1.1" 200 0 "-" "WordPress/6.8; https://riggscohopeforhumanity.org"
66.249.66.5 - - [28/Apr/2025:23:57:39 -0400] "GET /info/175661967.html HTTP/1.1" 404 22656 "-" "Mozilla/5.0 (Linux; Android 6.0.1; Nexus 5X Build/MMB29P) AppleWebKit/537.36 (KHTML, like Gecko) Chrome/135.0.7049.95 Mobile Safari/537.36 (compatible; GoogleOther)"
3.141.192.51 - - [28/Apr/2025:23:57:41 -0400] "GET /6b51b/?path=%2Fhome%2Friggvwfp%2F..%2F..%2F.%2Fhome%2F..%2Flib64%2Fgtk-2.0%2F..%2Flibgstpbutils-1.0.so.0.1601.0 HTTP/1.1" 200 1000 "-" "Mozilla/5.0 AppleWebKit/537.36 (KHTML, like Gecko; compatible; ClaudeBot/1.0; +claudebot@anthropic.com)"
188.165.241.181 - - [28/Apr/2025:23:57:41 -0400] "GET /6b51b/?path=/home/../../../../../dev/../.././home1/../../../../../../lib64/../../../../../../usr/include/../src/../lib64/../include/fontconfig/../libexslt/../linux/sched//../../python2.7/../lua-5.1/../libltdl/../utime.h HTTP/1.1" 200 2005 "-" "Mozilla/5.0 (compatible; MJ12bot/v1.4.8; http://mj12bot.com/)"
3.141.192.51 - - [28/Apr/2025:23:57:44 -0400] "GET /6b51b/?path=%2Fhome%2Friggvwfp%2F..%2F..%2F.%2Fhome%2F..%2Flib64%2Flibdnf%2F..%2Fgirepository-1.0 HTTP/1.1" 200 3036 "-" "Mozilla/5.0 AppleWebKit/537.36 (KHTML, like Gecko; compatible; ClaudeBot/1.0; +claudebot@anthropic.com)"
66.249.66.4 - - [28/Apr/2025:23:57:43 -0400] "GET /info/623117683.html HTTP/1.1" 404 22706 "-" "Mozilla/5.0 (Linux; Android 6.0.1; Nexus 5X Build/MMB29P) AppleWebKit/537.36 (KHTML, like Gecko) Chrome/135.0.7049.95 Mobile Safari/537.36 (compatible; Googlebot/2.1; +http://www.google.com/bot.html)"
188.165.241.181 - - [28/Apr/2025:23:57:46 -0400] "GET /6b51b/?path=/home/../../../../../dev/../.././home1/../../../../../../lib64/../../../../../../usr/include/../src/../lib64/../include/fontconfig/../libexslt/../linux/sched//../../python2.7/../lua-5.1/../libltdl/../utmp.h HTTP/1.1" 200 2456 "-" "Mozilla/5.0 (compatible; MJ12bot/v1.4.8; http://mj12bot.com/)"
66.249.66.4 - - [28/Apr/2025:23:57:45 -0400] "GET /info/388914498.html HTTP/1.1" 404 22656 "-" "Mozilla/5.0 (Linux; Android 6.0.1; Nexus 5X Build/MMB29P) AppleWebKit/537.36 (KHTML, like Gecko) Chrome/135.0.7049.95 Mobile Safari/537.36 (compatible; GoogleOther)"
3.141.192.51 - - [28/Apr/2025:23:57:47 -0400] "GET /6b51b/?path=%2Fhome%2Friggvwfp%2F..%2F..%2F.%2Fhome%2F..%2Flib64%2Fgtk-2.0%2F..%2FlibIlmImf-2_2.so.22.0.0 HTTP/1.1" 200 1003 "-" "Mozilla/5.0 AppleWebKit/537.36 (KHTML, like Gecko; compatible; ClaudeBot/1.0; +claudebot@anthropic.com)"
3.141.192.51 - - [28/Apr/2025:23:57:50 -0400] "GET /6b51b/?path=%2Fhome%2Friggvwfp%2F..%2F..%2F.%2Fhome%2F..%2Flib64%2Fgtk-2.0%2F..%2Fwireshark HTTP/1.1" 200 1862 "-" "Mozilla/5.0 AppleWebKit/537.36 (KHTML, like Gecko; compatible; ClaudeBot/1.0; +claudebot@anthropic.com)"
188.165.241.181 - - [28/Apr/2025:23:57:50 -0400] "GET /6b51b/?path=/home/../../../../../dev/../.././home1/../../../../../../lib64/../../../../../../usr/include/../src/../lib64/../include/fontconfig/../libexslt/../linux/sched//../../python2.7/../lua-5.1/../libltdl/../utmpx.h HTTP/1.1" 200 2325 "-" "Mozilla/5.0 (compatible; MJ12bot/v1.4.8; http://mj12bot.com/)"
3.141.192.51 - - [28/Apr/2025:23:57:53 -0400] "GET /6b51b/?path=%2Fhome%2Friggvwfp%2F..%2F..%2F.%2Fhome%2Friggvwfp%2Fwww%2Fwp-admin%2Fuser HTTP/1.1" 200 1828 "-" "Mozilla/5.0 AppleWebKit/537.36 (KHTML, like Gecko; compatible; ClaudeBot/1.0; +claudebot@anthropic.com)"
66.249.66.4 - - [28/Apr/2025:23:57:52 -0400] "GET /info/169740128.html HTTP/1.1" 404 22656 "-" "Mozilla/5.0 (Linux; Android 6.0.1; Nexus 5X Build/MMB29P) AppleWebKit/537.36 (KHTML, like Gecko) Chrome/135.0.7049.95 Mobile Safari/537.36 (compatible; GoogleOther)"
188.165.241.181 - - [28/Apr/2025:23:57:54 -0400] "GET /6b51b/?path=/home/../../../../../dev/../.././home1/../../../../../../lib64/../../../../../../usr/include/../src/../lib64/../include/fontconfig/../libexslt/../linux/sched//../../python2.7/../lua-5.1/../libltdl/../uuid HTTP/1.1" 200 1783 "-" "Mozilla/5.0 (compatible; MJ12bot/v1.4.8; http://mj12bot.com/)"
3.141.192.51 - - [28/Apr/2025:23:57:56 -0400] "GET /6b51b/?path=%2Fhome%2Friggvwfp%2F..%2F..%2F.%2Fhome%2F..%2Flib64%2Fgtk-2.0%2F..%2FlibodbcmyS.so.2 HTTP/1.1" 200 994 "-" "Mozilla/5.0 AppleWebKit/537.36 (KHTML, like Gecko; compatible; ClaudeBot/1.0; +claudebot@anthropic.com)"
188.165.241.181 - - [28/Apr/2025:23:57:58 -0400] "GET /6b51b/?path=/home/../../../../../dev/../.././home1/../../../../../../lib64/../../../../../../usr/include/../src/../lib64/../include/fontconfig/../libexslt/../linux/sched//../../python2.7/../lua-5.1/../libltdl/../values.h HTTP/1.1" 200 2124 "-" "Mozilla/5.0 (compatible; MJ12bot/v1.4.8; http://mj12bot.com/)"
3.141.192.51 - - [28/Apr/2025:23:57:59 -0400] "GET /6b51b/?path=%2Fhome%2Friggvwfp%2F..%2F..%2F.%2Fhome%2F..%2Flib64%2Fgtk-2.0%2F..%2Flibsoftokn3.chk HTTP/1.1" 200 990 "-" "Mozilla/5.0 AppleWebKit/537.36 (KHTML, like Gecko; compatible; ClaudeBot/1.0; +claudebot@anthropic.com)"
3.141.192.51 - - [28/Apr/2025:23:58:02 -0400] "GET /6b51b/?path=%2Fhome%2Friggvwfp%2F..%2F..%2F.%2Fhome%2F..%2Flib64%2Fgtk-2.0%2F..%2Flibvorbisfile.so.3 HTTP/1.1" 200 996 "-" "Mozilla/5.0 AppleWebKit/537.36 (KHTML, like Gecko; compatible; ClaudeBot/1.0; +claudebot@anthropic.com)"
188.165.241.181 - - [28/Apr/2025:23:58:02 -0400] "GET /6b51b/?path=/home/../../../../../dev/../.././home1/../../../../../../lib64/../../../../../../usr/include/../src/../lib64/../include/fontconfig/../libexslt/../linux/sched//../../python2.7/../lua-5.1/../libltdl/../verto.h HTTP/1.1" 200 6546 "-" "Mozilla/5.0 (compatible; MJ12bot/v1.4.8; http://mj12bot.com/)"
188.165.241.181 - - [28/Apr/2025:23:58:06 -0400] "GET /6b51b/?path=/home/../../../../../dev/../.././home1/../../../../../../lib64/../../../../../../usr/include/../src/../lib64/../include/fontconfig/../libexslt/../linux/sched//../../python2.7/../lua-5.1/../libltdl/../video HTTP/1.1" 200 1837 "-" "Mozilla/5.0 (compatible; MJ12bot/v1.4.8; http://mj12bot.com/)"
188.165.241.181 - - [28/Apr/2025:23:58:10 -0400] "GET /6b51b/?path=/home/../../../../../dev/../.././home1/../../../../../../lib64/../../../../../../usr/include/../src/../lib64/../include/fontconfig/../libexslt/../linux/sched//../../python2.7/../lua-5.1/../libltdl/../wait.h HTTP/1.1" 200 1217 "-" "Mozilla/5.0 (compatible; MJ12bot/v1.4.8; http://mj12bot.com/)"
188.165.241.181 - - [28/Apr/2025:23:58:13 -0400] "GET /6b51b/?path=/home/../../../../../dev/../.././home1/../../../../../../lib64/../../../../../../usr/include/../src/../lib64/../include/fontconfig/../libexslt/../linux/sched//../../python2.7/../lua-5.1/../libltdl/../wchar.h HTTP/1.1" 200 7249 "-" "Mozilla/5.0 (compatible; MJ12bot/v1.4.8; http://mj12bot.com/)"
188.165.241.181 - - [28/Apr/2025:23:58:17 -0400] "GET /6b51b/?path=/home/../../../../../dev/../.././home1/../../../../../../lib64/../../../../../../usr/include/../src/../lib64/../include/fontconfig/../libexslt/../linux/sched//../../python2.7/../lua-5.1/../libltdl/../wctype.h HTTP/1.1" 200 2787 "-" "Mozilla/5.0 (compatible; MJ12bot/v1.4.8; http://mj12bot.com/)"
52.167.144.195 - - [28/Apr/2025:23:58:18 -0400] "GET /info/343680662.html HTTP/1.1" 404 22656 "-" "Mozilla/5.0 AppleWebKit/537.36 (KHTML, like Gecko; compatible; bingbot/2.0; +http://www.bing.com/bingbot.htm) Chrome/116.0.1938.76 Safari/537.36"
188.165.241.181 - - [28/Apr/2025:23:58:21 -0400] "GET /6b51b/?path=/home/../../../../../dev/../.././home1/../../../../../../lib64/../../../../../../usr/include/../src/../lib64/../include/fontconfig/../libexslt/../linux/sched//../../python2.7/../lua-5.1/../libltdl/../webp HTTP/1.1" 200 1917 "-" "Mozilla/5.0 (compatible; MJ12bot/v1.4.8; http://mj12bot.com/)"
188.165.241.181 - - [28/Apr/2025:23:58:25 -0400] "GET /6b51b/?path=/home/../../../../../dev/../.././home1/../../../../../../lib64/../../../../../../usr/include/../src/../lib64/../include/fontconfig/../libexslt/../linux/sched//../../python2.7/../lua-5.1/../libltdl/../xcb HTTP/1.1" 200 2615 "-" "Mozilla/5.0 (compatible; MJ12bot/v1.4.8; http://mj12bot.com/)"
188.165.241.181 - - [28/Apr/2025:23:58:29 -0400] "GET /6b51b/?path=/home/../../../../../dev/../.././home1/../../../../../../lib64/../../../../../../usr/include/../src/../lib64/../include/fontconfig/../libexslt/../linux/sched//../../python2.7/../lua-5.1/../libltdl/../xen HTTP/1.1" 200 1878 "-" "Mozilla/5.0 (compatible; MJ12bot/v1.4.8; http://mj12bot.com/)"
162.0.215.23 - - [28/Apr/2025:23:58:31 -0400] "POST /wp-cron.php?doing_wp_cron=1745899111.4371259212493896484375 HTTP/1.1" 200 0 "-" "WordPress/6.8; https://riggscohopeforhumanity.org"
66.249.66.5 - - [28/Apr/2025:23:58:30 -0400] "GET /info/358563128.html HTTP/1.1" 404 22706 "-" "Mozilla/5.0 (Linux; Android 6.0.1; Nexus 5X Build/MMB29P) AppleWebKit/537.36 (KHTML, like Gecko) Chrome/135.0.7049.95 Mobile Safari/537.36 (compatible; GoogleOther)"
188.165.241.181 - - [28/Apr/2025:23:58:33 -0400] "GET /6b51b/?path=/home/../../../../../dev/../.././home1/../../../../../../lib64/../../../../../../usr/include/../src/../lib64/../include/fontconfig/../libexslt/../linux/sched//../../python2.7/../lua-5.1/../libltdl/../zconf.h HTTP/1.1" 200 5829 "-" "Mozilla/5.0 (compatible; MJ12bot/v1.4.8; http://mj12bot.com/)"
18.227.49.56 - - [28/Apr/2025:23:58:34 -0400] "GET /6b51b/?path=%2Fhome%2Friggvwfp%2F..%2F..%2F.%2Fhome%2F..%2Flib64%2Fgtk-2.0%2F..%2Flibisccfg.so.163 HTTP/1.1" 200 993 "-" "Mozilla/5.0 AppleWebKit/537.36 (KHTML, like Gecko; compatible; ClaudeBot/1.0; +claudebot@anthropic.com)"
18.227.49.56 - - [28/Apr/2025:23:58:37 -0400] "GET /6b51b/?path=%2Fhome%2Friggvwfp%2F..%2F..%2F.%2Fhome%2F..%2Flib64%2Fgtk-2.0%2F..%2Flibanl-2.28.so HTTP/1.1" 200 994 "-" "Mozilla/5.0 AppleWebKit/537.36 (KHTML, like Gecko; compatible; ClaudeBot/1.0; +claudebot@anthropic.com)"
188.165.241.181 - - [28/Apr/2025:23:58:37 -0400] "GET /6b51b/?path=/home/../../../../../dev/../.././home1/../../../../../../lib64/../../../../../../usr/include/../src/../lib64/../include/fontconfig/../libexslt/../linux/sched//../../python2.7/../lua-5.1/../libltdl/../zlib.h HTTP/1.1" 200 28271 "-" "Mozilla/5.0 (compatible; MJ12bot/v1.4.8; http://mj12bot.com/)"
18.227.49.56 - - [28/Apr/2025:23:58:40 -0400] "GET /6b51b/?path=%2Fhome%2Friggvwfp%2F..%2F..%2F.%2Fhome%2F.%2Friggvwfp%2F.%2Fssl%2Fcerts HTTP/1.1" 200 1672 "-" "Mozilla/5.0 AppleWebKit/537.36 (KHTML, like Gecko; compatible; ClaudeBot/1.0; +claudebot@anthropic.com)"
188.165.241.181 - - [28/Apr/2025:23:58:41 -0400] "GET /6b51b/?path=/home/../../../../../dev/../.././home1/../../../../../../lib64/../../../../../../usr/include/../src/../lib64/../include/fontconfig/../libexslt/../linux/sched//../../python2.7/../lua-5.1/../libltdl/./. HTTP/1.1" 200 1841 "-" "Mozilla/5.0 (compatible; MJ12bot/v1.4.8; http://mj12bot.com/)"
18.227.49.56 - - [28/Apr/2025:23:58:43 -0400] "GET /6b51b/?path=%2Fhome%2Friggvwfp%2Flscache%2F7%2Fa%2Fc%2F.. HTTP/1.1" 200 1615 "-" "Mozilla/5.0 AppleWebKit/537.36 (KHTML, like Gecko; compatible; ClaudeBot/1.0; +claudebot@anthropic.com)"
188.165.241.181 - - [28/Apr/2025:23:58:45 -0400] "GET /6b51b/?path=/home/../../../../../dev/../.././home1/../../../../../../lib64/../../../../../../usr/include/../src/../lib64/../include/fontconfig/../libexslt/../linux/sched//../../python2.7/../lua-5.1/../libltdl/./.. HTTP/1.1" 200 10082 "-" "Mozilla/5.0 (compatible; MJ12bot/v1.4.8; http://mj12bot.com/)"
18.227.49.56 - - [28/Apr/2025:23:58:46 -0400] "GET /6b51b/?path=%2Fhome%2Friggvwfp%2F.%2F.cpanel%2F..%2Fssl HTTP/1.1" 200 1623 "-" "Mozilla/5.0 AppleWebKit/537.36 (KHTML, like Gecko; compatible; ClaudeBot/1.0; +claudebot@anthropic.com)"
188.165.241.181 - - [28/Apr/2025:23:58:49 -0400] "GET /6b51b/?path=/home/../../../../../dev/../.././home1/../../../../../../lib64/../../../../../../usr/include/../src/../lib64/../include/fontconfig/../libexslt/../linux/sched//../../python2.7/../lua-5.1/../libpng16/../.. HTTP/1.1" 200 1960 "-" "Mozilla/5.0 (compatible; MJ12bot/v1.4.8; http://mj12bot.com/)"
18.227.49.56 - - [28/Apr/2025:23:58:49 -0400] "GET /6b51b/?path=%2Fhome%2F..%2Fhome2%2F..%2Fvar%2Fsoftaculous%2Fqtoa%2Fphp71%2Finstall.php HTTP/1.1" 200 5351 "-" "Mozilla/5.0 AppleWebKit/537.36 (KHTML, like Gecko; compatible; ClaudeBot/1.0; +claudebot@anthropic.com)"
18.227.49.56 - - [28/Apr/2025:23:58:52 -0400] "GET /6b51b/?path=%2Fhome%2Friggvwfp%2F..%2F..%2F.%2Fhome%2F..%2Flib%2F.build-id%2F0f%2F02c33b9b5a30cda40d4f2145caa7ad678169e4 HTTP/1.1" 200 1018 "-" "Mozilla/5.0 AppleWebKit/537.36 (KHTML, like Gecko; compatible; ClaudeBot/1.0; +claudebot@anthropic.com)"
188.165.241.181 - - [28/Apr/2025:23:58:52 -0400] "GET /6b51b/?path=/home/../../../../../dev/../.././home1/../../../../../../lib64/../../../../../../usr/include/../src/../lib64/../include/fontconfig/../libexslt/../linux/sched//../../python2.7/../lua-5.1/../libpng16/../X11 HTTP/1.1" 200 2952 "-" "Mozilla/5.0 (compatible; MJ12bot/v1.4.8; http://mj12bot.com/)"
18.227.49.56 - - [28/Apr/2025:23:58:55 -0400] "GET /6b51b/?path=%2Fhome%2Friggvwfp%2F..%2F..%2F.%2Fhome%2F..%2Flib%2F.build-id%2Fd9%2F7a25d5a9429f4ba2abf985812f1bfbb37a557c HTTP/1.1" 200 1276 "-" "Mozilla/5.0 AppleWebKit/537.36 (KHTML, like Gecko; compatible; ClaudeBot/1.0; +claudebot@anthropic.com)"
188.165.241.181 - - [28/Apr/2025:23:58:56 -0400] "GET /6b51b/?path=/home/../../../../../dev/../.././home1/../../../../../../lib64/../../../../../../usr/include/../src/../lib64/../include/fontconfig/../libexslt/../linux/sched//../../python2.7/../lua-5.1/../libpng16/../a.out.h HTTP/1.1" 200 2786 "-" "Mozilla/5.0 (compatible; MJ12bot/v1.4.8; http://mj12bot.com/)"
18.227.49.56 - - [28/Apr/2025:23:58:58 -0400] "GET /6b51b/?path=%2Fhome%2Friggvwfp%2F..%2F..%2F.%2Fhome%2F..%2Flib%2F.build-id%2F69%2F8cf09d1f45df8896162c5cd4d52effd065ca8a HTTP/1.1" 200 1016 "-" "Mozilla/5.0 AppleWebKit/537.36 (KHTML, like Gecko; compatible; ClaudeBot/1.0; +claudebot@anthropic.com)"
188.165.241.181 - - [28/Apr/2025:23:59:00 -0400] "GET /6b51b/?path=/home/../../../../../dev/../.././home1/../../../../../../lib64/../../../../../../usr/include/../src/../lib64/../include/fontconfig/../libexslt/../linux/sched//../../python2.7/../lua-5.1/../libpng16/../aio.h HTTP/1.1" 200 3405 "-" "Mozilla/5.0 (compatible; MJ12bot/v1.4.8; http://mj12bot.com/)"
18.227.49.56 - - [28/Apr/2025:23:59:01 -0400] "GET /6b51b/?path=%2Fhome%2Friggvwfp%2F..%2F..%2F.%2Fhome%2F..%2Flib%2F.build-id%2F13%2Fb0f57c3353e6b63c675c13a06a0e66f2b4cfd7 HTTP/1.1" 200 1275 "-" "Mozilla/5.0 AppleWebKit/537.36 (KHTML, like Gecko; compatible; ClaudeBot/1.0; +claudebot@anthropic.com)"
66.249.66.6 - - [28/Apr/2025:23:59:02 -0400] "GET /info/362849586.html HTTP/1.1" 404 22656 "-" "Mozilla/5.0 (Linux; Android 6.0.1; Nexus 5X Build/MMB29P) AppleWebKit/537.36 (KHTML, like Gecko) Chrome/135.0.7049.95 Mobile Safari/537.36 (compatible; GoogleOther)"
18.227.49.56 - - [28/Apr/2025:23:59:04 -0400] "GET /6b51b/?path=%2Fhome%2Friggvwfp%2F..%2F..%2F.%2Fhome%2F..%2Flib64%2Fgtk-2.0%2F..%2Fgrcrt1.o HTTP/1.1" 200 990 "-" "Mozilla/5.0 AppleWebKit/537.36 (KHTML, like Gecko; compatible; ClaudeBot/1.0; +claudebot@anthropic.com)"
188.165.241.181 - - [28/Apr/2025:23:59:04 -0400] "GET /6b51b/?path=/home/../../../../../dev/../.././home1/../../../../../../lib64/../../../../../../usr/include/../src/../lib64/../include/fontconfig/../libexslt/../linux/sched//../../python2.7/../lua-5.1/../libpng16/../apache2 HTTP/1.1" 200 3613 "-" "Mozilla/5.0 (compatible; MJ12bot/v1.4.8; http://mj12bot.com/)"
18.227.49.56 - - [28/Apr/2025:23:59:07 -0400] "GET /6b51b/?path=%2Fhome%2F..%2Fhome2%2F..%2Fvar%2Fsoftaculous%2Fglpi%2Fphp56%2Fupgrade.php HTTP/1.1" 200 5123 "-" "Mozilla/5.0 AppleWebKit/537.36 (KHTML, like Gecko; compatible; ClaudeBot/1.0; +claudebot@anthropic.com)"
188.165.241.181 - - [28/Apr/2025:23:59:08 -0400] "GET /6b51b/?path=/home/../../../../../dev/../.././home1/../../../../../../lib64/../../../../../../usr/include/../src/../lib64/../include/fontconfig/../libexslt/../linux/sched//../../python2.7/../lua-5.1/../libpng16/../ar.h HTTP/1.1" 200 2083 "-" "Mozilla/5.0 (compatible; MJ12bot/v1.4.8; http://mj12bot.com/)"
18.227.49.56 - - [28/Apr/2025:23:59:10 -0400] "GET /6b51b/?path=%2Fhome%2Friggvwfp%2F..%2F..%2F.%2Fhome%2F..%2Flib64%2Flibdnf%2F..%2Flibgstphotography-1.0.so.0 HTTP/1.1" 200 997 "-" "Mozilla/5.0 AppleWebKit/537.36 (KHTML, like Gecko; compatible; ClaudeBot/1.0; +claudebot@anthropic.com)"
188.165.241.181 - - [28/Apr/2025:23:59:12 -0400] "GET /6b51b/?path=/home/../../../../../dev/../.././home1/../../../../../../lib64/../../../../../../usr/include/../src/../lib64/../include/fontconfig/../libexslt/../linux/sched//../../python2.7/../lua-5.1/../libpng16/../argp.h HTTP/1.1" 200 9926 "-" "Mozilla/5.0 (compatible; MJ12bot/v1.4.8; http://mj12bot.com/)"
18.227.49.56 - - [28/Apr/2025:23:59:13 -0400] "GET /6b51b/?path=%2Fhome%2Friggvwfp%2F.%2F.%2Fwww%2F.hcflag HTTP/1.1" 200 972 "-" "Mozilla/5.0 AppleWebKit/537.36 (KHTML, like Gecko; compatible; ClaudeBot/1.0; +claudebot@anthropic.com)"
188.165.241.181 - - [28/Apr/2025:23:59:15 -0400] "GET /6b51b/?path=/home/../../../../../dev/../.././home1/../../../../../../lib64/../../../../../../usr/include/../src/../lib64/../include/fontconfig/../libexslt/../linux/sched//../../python2.7/../lua-5.1/../libpng16/../argz.h HTTP/1.1" 200 3163 "-" "Mozilla/5.0 (compatible; MJ12bot/v1.4.8; http://mj12bot.com/)"
18.227.49.56 - - [28/Apr/2025:23:59:16 -0400] "GET /6b51b/?path=%2Fhome%2F.%2Friggvwfp%2F.%2Fwww%2F.hcflag HTTP/1.1" 200 967 "-" "Mozilla/5.0 AppleWebKit/537.36 (KHTML, like Gecko; compatible; ClaudeBot/1.0; +claudebot@anthropic.com)"
66.249.66.5 - - [28/Apr/2025:23:59:16 -0400] "GET /info/406811417.html HTTP/1.1" 404 22656 "-" "Mozilla/5.0 (Linux; Android 6.0.1; Nexus 5X Build/MMB29P) AppleWebKit/537.36 (KHTML, like Gecko) Chrome/135.0.7049.95 Mobile Safari/537.36 (compatible; Googlebot/2.1; +http://www.google.com/bot.html)"
18.227.49.56 - - [28/Apr/2025:23:59:19 -0400] "GET /6b51b/?path=%2Fhome%2Friggvwfp%2F..%2F..%2F.%2Fhome%2Friggvwfp%2Flscache%2Fe%2F8 HTTP/1.1" 200 1565 "-" "Mozilla/5.0 AppleWebKit/537.36 (KHTML, like Gecko; compatible; ClaudeBot/1.0; +claudebot@anthropic.com)"
188.165.241.181 - - [28/Apr/2025:23:59:19 -0400] "GET /6b51b/?path=/home/../../../../../dev/../.././home1/../../../../../../lib64/../../../../../../usr/include/../src/../lib64/../include/fontconfig/../libexslt/../linux/sched//../../python2.7/../lua-5.1/../libpng16/../arpa HTTP/1.1" 200 1931 "-" "Mozilla/5.0 (compatible; MJ12bot/v1.4.8; http://mj12bot.com/)"
18.227.49.56 - - [28/Apr/2025:23:59:22 -0400] "GET /6b51b/?path=%2Fhome%2Friggvwfp%2F..%2F..%2F.%2Fhome%2F..%2Flib64%2Fgtk-2.0%2F..%2Flibxcb-xinerama.so HTTP/1.1" 200 997 "-" "Mozilla/5.0 AppleWebKit/537.36 (KHTML, like Gecko; compatible; ClaudeBot/1.0; +claudebot@anthropic.com)"
188.165.241.181 - - [28/Apr/2025:23:59:23 -0400] "GET /6b51b/?path=/home/../../../../../dev/../.././home1/../../../../../../lib64/../../../../../../usr/include/../src/../lib64/../include/fontconfig/../libexslt/../linux/sched//../../python2.7/../lua-5.1/../libpng16/../asm HTTP/1.1" 200 3480 "-" "Mozilla/5.0 (compatible; MJ12bot/v1.4.8; http://mj12bot.com/)"
18.227.49.56 - - [28/Apr/2025:23:59:25 -0400] "GET /6b51b/?path=%2Fhome%2Friggvwfp%2F..%2F..%2F.%2Fhome%2F..%2Flib%2F.build-id%2Fc0%2Fded85ea18182b1a9eddca41e494a4dab8d5dd5 HTTP/1.1" 200 1274 "-" "Mozilla/5.0 AppleWebKit/537.36 (KHTML, like Gecko; compatible; ClaudeBot/1.0; +claudebot@anthropic.com)"
188.165.241.181 - - [28/Apr/2025:23:59:27 -0400] "GET /6b51b/?path=/home/../../../../../dev/../.././home1/../../../../../../lib64/../../../../../../usr/include/../src/../lib64/../include/fontconfig/../libexslt/../linux/sched//../../python2.7/../lua-5.1/../libpng16/../bind9 HTTP/1.1" 200 1981 "-" "Mozilla/5.0 (compatible; MJ12bot/v1.4.8; http://mj12bot.com/)"
18.227.49.56 - - [28/Apr/2025:23:59:28 -0400] "GET /6b51b/?path=%2Fhome%2F.%2Friggvwfp%2F.%2Fetc%2F.. HTTP/1.1" 403 1242 "-" "Mozilla/5.0 AppleWebKit/537.36 (KHTML, like Gecko; compatible; ClaudeBot/1.0; +claudebot@anthropic.com)"
188.165.241.181 - - [28/Apr/2025:23:59:30 -0400] "GET /6b51b/?path=/home/../../../../../dev/../.././home1/../../../../../../lib64/../../../../../../usr/include/../src/../lib64/../include/fontconfig/../libexslt/../linux/sched//../../python2.7/../lua-5.1/../libpng16/../bits HTTP/1.1" 200 5450 "-" "Mozilla/5.0 (compatible; MJ12bot/v1.4.8; http://mj12bot.com/)"
18.227.49.56 - - [28/Apr/2025:23:59:31 -0400] "GET /6b51b/?path=%2Fhome%2Friggvwfp%2F.%2F.%2Fetc%2F.. HTTP/1.1" 403 1242 "-" "Mozilla/5.0 AppleWebKit/537.36 (KHTML, like Gecko; compatible; ClaudeBot/1.0; +claudebot@anthropic.com)"
18.227.49.56 - - [28/Apr/2025:23:59:34 -0400] "GET /6b51b/?path=%2Fhome%2Friggvwfp%2F..%2F..%2F.%2Fhome%2F..%2Flib%2F.build-id%2Fd9%2F2b09b6fd5ea294c3337c04d2564e73e28ee753 HTTP/1.1" 200 1016 "-" "Mozilla/5.0 AppleWebKit/537.36 (KHTML, like Gecko; compatible; ClaudeBot/1.0; +claudebot@anthropic.com)"
188.165.241.181 - - [28/Apr/2025:23:59:34 -0400] "GET /6b51b/?path=/home/../../../../../dev/../.././home1/../../../../../../lib64/../../../../../../usr/include/../src/../lib64/../include/fontconfig/../libexslt/../linux/sched//../../python2.7/../lua-5.1/../libpng16/../bsock HTTP/1.1" 200 1891 "-" "Mozilla/5.0 (compatible; MJ12bot/v1.4.8; http://mj12bot.com/)"
18.227.49.56 - - [28/Apr/2025:23:59:37 -0400] "GET /6b51b/?path=%2Fhome%2Friggvwfp%2F..%2F..%2F.%2Fhome%2F..%2Fproc%2Fself%2F.%2Fns%2Ftime_for_children HTTP/1.1" 200 997 "-" "Mozilla/5.0 AppleWebKit/537.36 (KHTML, like Gecko; compatible; ClaudeBot/1.0; +claudebot@anthropic.com)"
188.165.241.181 - - [28/Apr/2025:23:59:38 -0400] "GET /6b51b/?path=/home/../../../../../dev/../.././home1/../../../../../../lib64/../../../../../../usr/include/../src/../lib64/../include/fontconfig/../libexslt/../linux/sched//../../python2.7/../lua-5.1/../libpng16/../bzlib.h HTTP/1.1" 200 2896 "-" "Mozilla/5.0 (compatible; MJ12bot/v1.4.8; http://mj12bot.com/)"
18.227.49.56 - - [28/Apr/2025:23:59:40 -0400] "GET /6b51b/?path=%2Fhome%2Friggvwfp%2F..%2F..%2F.%2Fhome%2F..%2Flib64%2Fgtk-2.0%2F..%2Flibxcb-glx.so HTTP/1.1" 200 989 "-" "Mozilla/5.0 AppleWebKit/537.36 (KHTML, like Gecko; compatible; ClaudeBot/1.0; +claudebot@anthropic.com)"
188.165.241.181 - - [28/Apr/2025:23:59:42 -0400] "GET /6b51b/?path=/home/../../../../../dev/../.././home1/../../../../../../lib64/../../../../../../usr/include/../src/../lib64/../include/fontconfig/../libexslt/../linux/sched//../../python2.7/../lua-5.1/../libpng16/../c HTTP/1.1" 200 1452 "-" "Mozilla/5.0 (compatible; MJ12bot/v1.4.8; http://mj12bot.com/)"
18.227.49.56 - - [28/Apr/2025:23:59:43 -0400] "GET /6b51b/?path=%2Fhome%2F..%2Fhome2%2F..%2Fvar%2Fsoftaculous%2Fqtoa%2Fphp53%2Finstall.php HTTP/1.1" 200 4428 "-" "Mozilla/5.0 AppleWebKit/537.36 (KHTML, like Gecko; compatible; ClaudeBot/1.0; +claudebot@anthropic.com)"
188.165.241.181 - - [28/Apr/2025:23:59:45 -0400] "GET /6b51b/?path=/home/../../../../../dev/../.././home1/../../../../../../lib64/../../../../../../usr/include/../src/../lib64/../include/fontconfig/../libexslt/../linux/sched//../../python2.7/../lua-5.1/../libpng16/../cpio.h HTTP/1.1" 200 2280 "-" "Mozilla/5.0 (compatible; MJ12bot/v1.4.8; http://mj12bot.com/)"
18.227.49.56 - - [28/Apr/2025:23:59:46 -0400] "GET /6b51b/?path=%2Fhome%2Friggvwfp%2Fwww%2F..%2Fpublic_html%2F.%2Fwp-includes%2Ftheme.json HTTP/1.1" 200 3490 "-" "Mozilla/5.0 AppleWebKit/537.36 (KHTML, like Gecko; compatible; ClaudeBot/1.0; +claudebot@anthropic.com)"
18.227.49.56 - - [28/Apr/2025:23:59:49 -0400] "GET /6b51b/?path=%2Fhome%2Friggvwfp%2F..%2F..%2F.%2Fhome%2F..%2Flib64%2Flibdnf%2F..%2Fld-2.28.so HTTP/1.1" 200 993 "-" "Mozilla/5.0 AppleWebKit/537.36 (KHTML, like Gecko; compatible; ClaudeBot/1.0; +claudebot@anthropic.com)"
188.165.241.181 - - [28/Apr/2025:23:59:49 -0400] "GET /6b51b/?path=/home/../../../../../dev/../.././home1/../../../../../../lib64/../../../../../../usr/include/../src/../lib64/../include/fontconfig/../libexslt/../linux/sched//../../python2.7/../lua-5.1/../libpng16/../criu HTTP/1.1" 200 1905 "-" "Mozilla/5.0 (compatible; MJ12bot/v1.4.8; http://mj12bot.com/)"
18.227.49.56 - - [28/Apr/2025:23:59:52 -0400] "GET /6b51b/?path=%2Fhome%2Friggvwfp%2F..%2F..%2F.%2Fhome%2F..%2Flib64%2Fgtk-2.0%2F..%2Fcrtn.o HTTP/1.1" 200 986 "-" "Mozilla/5.0 AppleWebKit/537.36 (KHTML, like Gecko; compatible; ClaudeBot/1.0; +claudebot@anthropic.com)"
188.165.241.181 - - [28/Apr/2025:23:59:53 -0400] "GET /6b51b/?path=/home/../../../../../dev/../.././home1/../../../../../../lib64/../../../../../../usr/include/../src/../lib64/../include/fontconfig/../libexslt/../linux/sched//../../python2.7/../lua-5.1/../libpng16/../crypt.h HTTP/1.1" 200 4305 "-" "Mozilla/5.0 (compatible; MJ12bot/v1.4.8; http://mj12bot.com/)"
18.227.49.56 - - [28/Apr/2025:23:59:55 -0400] "GET /6b51b/?path=%2Fhome%2Friggvwfp%2F..%2F..%2F.%2Fhome%2F..%2Flib%2F.build-id%2F0f%2Fd258cb78f2a440cab56e080eebe5dc56602c74 HTTP/1.1" 200 1019 "-" "Mozilla/5.0 AppleWebKit/537.36 (KHTML, like Gecko; compatible; ClaudeBot/1.0; +claudebot@anthropic.com)"
188.165.241.181 - - [28/Apr/2025:23:59:57 -0400] "GET /6b51b/?path=/home/../../../../../dev/../.././home1/../../../../../../lib64/../../../../../../usr/include/../src/../lib64/../include/fontconfig/../libexslt/../linux/sched//../../python2.7/../lua-5.1/../libpng16/../ctype.h HTTP/1.1" 200 4687 "-" "Mozilla/5.0 (compatible; MJ12bot/v1.4.8; http://mj12bot.com/)"
18.227.49.56 - - [28/Apr/2025:23:59:58 -0400] "GET /6b51b/?path=%2Fhome%2F..%2Fhome2%2F..%2Fvar%2Fsoftaculous%2Fqtoa%2F..%2Fdrupal10 HTTP/1.1" 200 2255 "-" "Mozilla/5.0 AppleWebKit/537.36 (KHTML, like Gecko; compatible; ClaudeBot/1.0; +claudebot@anthropic.com)"
18.227.49.56 - - [29/Apr/2025:00:00:01 -0400] "GET /6b51b/?path=%2Fhome%2Friggvwfp%2F..%2F..%2F.%2Fhome%2F..%2Flib64%2Flibdnf%2F..%2Flibtokyocabinet.so.9.11.0 HTTP/1.1" 200 1002 "-" "Mozilla/5.0 AppleWebKit/537.36 (KHTML, like Gecko; compatible; ClaudeBot/1.0; +claudebot@anthropic.com)"
188.165.241.181 - - [29/Apr/2025:00:00:01 -0400] "GET /6b51b/?path=/home/../../../../../dev/../.././home1/../../../../../../lib64/../../../../../../usr/include/../src/../lib64/../include/fontconfig/../libexslt/../linux/sched//../../python2.7/../lua-5.1/../libpng16/../curl HTTP/1.1" 200 2026 "-" "Mozilla/5.0 (compatible; MJ12bot/v1.4.8; http://mj12bot.com/)"
18.227.49.56 - - [29/Apr/2025:00:00:04 -0400] "GET /6b51b/?path=%2Fhome%2Friggvwfp%2F..%2F..%2F.%2Fhome%2F..%2Flib64%2Flibdnf%2F..%2Flibbabeltrace-lttng-live.so.1 HTTP/1.1" 200 1003 "-" "Mozilla/5.0 AppleWebKit/537.36 (KHTML, like Gecko; compatible; ClaudeBot/1.0; +claudebot@anthropic.com)"
162.0.215.23 - - [29/Apr/2025:00:00:05 -0400] "POST /wp-cron.php?doing_wp_cron=1745899205.2631149291992187500000 HTTP/1.1" 200 0 "-" "WordPress/6.8; https://riggscohopeforhumanity.org"
188.165.241.181 - - [29/Apr/2025:00:00:05 -0400] "GET /6b51b/?path=/home/../../../../../dev/../.././home1/../../../../../../lib64/../../../../../../usr/include/../src/../lib64/../include/fontconfig/../libexslt/../linux/sched//../../python2.7/../lua-5.1/../libpng16/../db.h HTTP/1.1" 200 32264 "-" "Mozilla/5.0 (compatible; MJ12bot/v1.4.8; http://mj12bot.com/)"
66.249.66.6 - - [29/Apr/2025:00:00:04 -0400] "GET /info/102774937.html HTTP/1.1" 404 22705 "-" "Mozilla/5.0 (Linux; Android 6.0.1; Nexus 5X Build/MMB29P) AppleWebKit/537.36 (KHTML, like Gecko) Chrome/135.0.7049.95 Mobile Safari/537.36 (compatible; GoogleOther)"
18.227.49.56 - - [29/Apr/2025:00:00:07 -0400] "GET /6b51b/?path=%2Fhome%2F..%2Fhome2%2F..%2Fvar%2Fsoftaculous%2Fqtoa%2Fphp71%2Fimport.php HTTP/1.1" 200 4140 "-" "Mozilla/5.0 AppleWebKit/537.36 (KHTML, like Gecko; compatible; ClaudeBot/1.0; +claudebot@anthropic.com)"
188.165.241.181 - - [29/Apr/2025:00:00:10 -0400] "GET /6b51b/?path=/home/../../../../../dev/../.././home1/../../../../../../lib64/../../../../../../usr/include/../src/../lib64/../include/fontconfig/../libexslt/../linux/sched//../../python2.7/../lua-5.1/../libpng16/../dbm.h HTTP/1.1" 200 1884 "-" "Mozilla/5.0 (compatible; MJ12bot/v1.4.8; http://mj12bot.com/)"
18.227.49.56 - - [29/Apr/2025:00:00:10 -0400] "GET /6b51b/?path=%2Fhome%2F..%2Fhome2%2F..%2Fvar%2Fsoftaculous%2Fqtoa%2Fphp71%2Fclone.php HTTP/1.1" 200 3971 "-" "Mozilla/5.0 AppleWebKit/537.36 (KHTML, like Gecko; compatible; ClaudeBot/1.0; +claudebot@anthropic.com)"
18.227.49.56 - - [29/Apr/2025:00:00:13 -0400] "GET /6b51b/?path=%2Fhome%2F..%2Fhome2%2F..%2Fvar%2Fsoftaculous%2Fqtoa%2F..%2Fwebcollab HTTP/1.1" 200 1932 "-" "Mozilla/5.0 AppleWebKit/537.36 (KHTML, like Gecko; compatible; ClaudeBot/1.0; +claudebot@anthropic.com)"
188.165.241.181 - - [29/Apr/2025:00:00:14 -0400] "GET /6b51b/?path=/home/../../../../../dev/../.././home1/../../../../../../lib64/../../../../../../usr/include/../src/../lib64/../include/fontconfig/../libexslt/../linux/sched//../../python2.7/../lua-5.1/../libpng16/../dlfcn.h HTTP/1.1" 200 3959 "-" "Mozilla/5.0 (compatible; MJ12bot/v1.4.8; http://mj12bot.com/)"
18.227.49.56 - - [29/Apr/2025:00:00:16 -0400] "GET /6b51b/?path=%2Fhome%2Friggvwfp%2F..%2F..%2F.%2Fhome%2Friggvwfp%2Flscache%2Fe%2F2 HTTP/1.1" 200 1554 "-" "Mozilla/5.0 AppleWebKit/537.36 (KHTML, like Gecko; compatible; ClaudeBot/1.0; +claudebot@anthropic.com)"
188.165.241.181 - - [29/Apr/2025:00:00:18 -0400] "GET /6b51b/?path=/home/../../../../../dev/../.././home1/../../../../../../lib64/../../../../../../usr/include/../src/../lib64/../include/fontconfig/../libexslt/../linux/sched//../../python2.7/../lua-5.1/../libpng16/../drm HTTP/1.1" 200 2407 "-" "Mozilla/5.0 (compatible; MJ12bot/v1.4.8; http://mj12bot.com/)"
18.227.49.56 - - [29/Apr/2025:00:00:19 -0400] "GET /6b51b/?path=%2Fhome%2Friggvwfp%2F..%2F..%2F.%2Fhome%2F..%2Flib%2F.build-id%2F0f%2Fb00d706cb4964836fc353e8ef318ea44b29a1a HTTP/1.1" 200 1017 "-" "Mozilla/5.0 AppleWebKit/537.36 (KHTML, like Gecko; compatible; ClaudeBot/1.0; +claudebot@anthropic.com)"
188.165.241.181 - - [29/Apr/2025:00:00:22 -0400] "GET /6b51b/?path=/home/../../../../../dev/../.././home1/../../../../../../lib64/../../../../../../usr/include/../src/../lib64/../include/fontconfig/../libexslt/../linux/sched//../../python2.7/../lua-5.1/../libpng16/../e2p HTTP/1.1" 200 1776 "-" "Mozilla/5.0 (compatible; MJ12bot/v1.4.8; http://mj12bot.com/)"
18.227.49.56 - - [29/Apr/2025:00:00:22 -0400] "GET /6b51b/?path=%2Fhome%2F..%2Fhome2%2F..%2Fvar%2Fsoftaculous%2Fqtoa%2F..%2Fdrupal9 HTTP/1.1" 200 2108 "-" "Mozilla/5.0 AppleWebKit/537.36 (KHTML, like Gecko; compatible; ClaudeBot/1.0; +claudebot@anthropic.com)"
18.227.49.56 - - [29/Apr/2025:00:00:25 -0400] "GET /6b51b/?path=%2Fhome%2Friggvwfp%2Fpublic_html%2F6b51b%2F..%2Fwp-includes%2F.%2Ftheme-i18n.json HTTP/1.1" 200 1402 "-" "Mozilla/5.0 AppleWebKit/537.36 (KHTML, like Gecko; compatible; ClaudeBot/1.0; +claudebot@anthropic.com)"
188.165.241.181 - - [29/Apr/2025:00:00:25 -0400] "GET /6b51b/?path=/home/../../../../../dev/../.././home1/../../../../../../lib64/../../../../../../usr/include/../src/../lib64/../include/fontconfig/../libexslt/../linux/sched//../../python2.7/../lua-5.1/../libpng16/../elf.h HTTP/1.1" 200 42319 "-" "Mozilla/5.0 (compatible; MJ12bot/v1.4.8; http://mj12bot.com/)"
18.227.49.56 - - [29/Apr/2025:00:00:28 -0400] "GET /6b51b/?path=%2Fhome%2Friggvwfp%2F..%2F..%2F.%2Fhome%2F..%2Flib64%2Flibdnf%2F..%2Flibnl-idiag-3.so.200 HTTP/1.1" 200 999 "-" "Mozilla/5.0 AppleWebKit/537.36 (KHTML, like Gecko; compatible; ClaudeBot/1.0; +claudebot@anthropic.com)"
188.165.241.181 - - [29/Apr/2025:00:00:29 -0400] "GET /6b51b/?path=/home/../../../../../dev/../.././home1/../../../../../../lib64/../../../../../../usr/include/../src/../lib64/../include/fontconfig/../libexslt/../linux/sched//../../python2.7/../lua-5.1/../libpng16/../envz.h HTTP/1.1" 200 2323 "-" "Mozilla/5.0 (compatible; MJ12bot/v1.4.8; http://mj12bot.com/)"
18.227.49.56 - - [29/Apr/2025:00:00:31 -0400] "GET /6b51b/?path=%2Fhome%2Friggvwfp%2F..%2F..%2F.%2Fhome%2F..%2Flib64%2Fgtk-2.0%2F..%2Flibrpmsign.so.8 HTTP/1.1" 200 991 "-" "Mozilla/5.0 AppleWebKit/537.36 (KHTML, like Gecko; compatible; ClaudeBot/1.0; +claudebot@anthropic.com)"
188.165.241.181 - - [29/Apr/2025:00:00:33 -0400] "GET /6b51b/?path=/home/../../../../../dev/../.././home1/../../../../../../lib64/../../../../../../usr/include/../src/../lib64/../include/fontconfig/../libexslt/../linux/sched//../../python2.7/../lua-5.1/../libpng16/../err.h HTTP/1.1" 200 2003 "-" "Mozilla/5.0 (compatible; MJ12bot/v1.4.8; http://mj12bot.com/)"
18.227.49.56 - - [29/Apr/2025:00:00:34 -0400] "GET /6b51b/?path=%2Fhome%2Friggvwfp%2F..%2F..%2F.%2Fhome%2F..%2Flib%2F.build-id%2F69%2F124a7b7cf1fc9803ea8a81f2885a0838be1ae4 HTTP/1.1" 200 1275 "-" "Mozilla/5.0 AppleWebKit/537.36 (KHTML, like Gecko; compatible; ClaudeBot/1.0; +claudebot@anthropic.com)"
18.227.49.56 - - [29/Apr/2025:00:00:37 -0400] "GET /6b51b/?path=%2Fhome%2Friggvwfp%2F.%2F.cpanel%2F..%2Fpublic_ftp HTTP/1.1" 200 1479 "-" "Mozilla/5.0 AppleWebKit/537.36 (KHTML, like Gecko; compatible; ClaudeBot/1.0; +claudebot@anthropic.com)"
188.165.241.181 - - [29/Apr/2025:00:00:37 -0400] "GET /6b51b/?path=/home/../../../../../dev/../.././home1/../../../../../../lib64/../../../../../../usr/include/../src/../lib64/../include/fontconfig/../libexslt/../linux/sched//../../python2.7/../lua-5.1/../libpng16/../errno.h HTTP/1.1" 200 2056 "-" "Mozilla/5.0 (compatible; MJ12bot/v1.4.8; http://mj12bot.com/)"
188.165.241.181 - - [29/Apr/2025:00:01:07 -0400] "GET /6b51b/?path=/home/../../../../../dev/../.././home1/../../../../../../lib64/../../../../../../usr/include/../src/../lib64/../include/fontconfig/../libexslt/../linux/sched//../../python2.7/../lua-5.1/../libpng16/../evrpc.h HTTP/1.1" 200 2212 "-" "Mozilla/5.0 (compatible; MJ12bot/v1.4.8; http://mj12bot.com/)"
188.165.241.181 - - [29/Apr/2025:00:01:10 -0400] "GET /6b51b/?path=/home/../../../../../dev/../.././home1/../../../../../../lib64/../../../../../../usr/include/../src/../lib64/../include/fontconfig/../libexslt/../linux/sched//../../python2.7/../lua-5.1/../libpng16/../expat.h HTTP/1.1" 200 13308 "-" "Mozilla/5.0 (compatible; MJ12bot/v1.4.8; http://mj12bot.com/)"
162.0.215.23 - - [29/Apr/2025:00:01:11 -0400] "POST /wp-cron.php?doing_wp_cron=1745899271.4773530960083007812500 HTTP/1.1" 200 0 "-" "WordPress/6.8; https://riggscohopeforhumanity.org"
66.249.66.6 - - [29/Apr/2025:00:01:10 -0400] "GET /info/264905911.html HTTP/1.1" 404 22656 "-" "Mozilla/5.0 (Linux; Android 6.0.1; Nexus 5X Build/MMB29P) AppleWebKit/537.36 (KHTML, like Gecko) Chrome/135.0.7049.95 Mobile Safari/537.36 (compatible; GoogleOther)"
18.220.129.249 - - [29/Apr/2025:00:01:13 -0400] "GET /6b51b/?path=%2Fhome%2Friggvwfp%2Flscache%2F1%2F0%2F.%2F..%2Fc%2F.. HTTP/1.1" 200 1635 "-" "Mozilla/5.0 AppleWebKit/537.36 (KHTML, like Gecko; compatible; ClaudeBot/1.0; +claudebot@anthropic.com)"
188.165.241.181 - - [29/Apr/2025:00:01:14 -0400] "GET /6b51b/?path=/home/../../../../../dev/../.././home1/../../../../../../lib64/../../../../../../usr/include/../src/../lib64/../include/fontconfig/../libexslt/../linux/sched//../../python2.7/../lua-5.1/../libpng16/../ext2fs HTTP/1.1" 200 2079 "-" "Mozilla/5.0 (compatible; MJ12bot/v1.4.8; http://mj12bot.com/)"
40.77.167.77 - - [29/Apr/2025:00:01:15 -0400] "GET /info/376546761.html HTTP/1.1" 404 22656 "-" "Mozilla/5.0 AppleWebKit/537.36 (KHTML, like Gecko; compatible; bingbot/2.0; +http://www.bing.com/bingbot.htm) Chrome/116.0.1938.76 Safari/537.36"
18.220.129.249 - - [29/Apr/2025:00:01:16 -0400] "GET /6b51b/?path=%2Fhome%2Friggvwfp%2F..%2F..%2F.%2Fhome%2F..%2Flib%2F.build-id%2F13%2F84d91dc1a0fd54692a018737a64ff9063c0320 HTTP/1.1" 200 1017 "-" "Mozilla/5.0 AppleWebKit/537.36 (KHTML, like Gecko; compatible; ClaudeBot/1.0; +claudebot@anthropic.com)"
188.165.241.181 - - [29/Apr/2025:00:01:18 -0400] "GET /6b51b/?path=/home/../../../../../dev/../.././home1/../../../../../../lib64/../../../../../../usr/include/../src/../lib64/../include/fontconfig/../libexslt/../linux/sched//../../python2.7/../lua-5.1/../libpng16/../fcntl.h HTTP/1.1" 200 4988 "-" "Mozilla/5.0 (compatible; MJ12bot/v1.4.8; http://mj12bot.com/)"
18.220.129.249 - - [29/Apr/2025:00:01:19 -0400] "GET /6b51b/?path=%2Fhome%2Friggvwfp%2F..%2F..%2F.%2Fhome%2Friggvwfp%2Flscache%2Fb%2F1 HTTP/1.1" 200 1603 "-" "Mozilla/5.0 AppleWebKit/537.36 (KHTML, like Gecko; compatible; ClaudeBot/1.0; +claudebot@anthropic.com)"
66.249.66.5 - - [29/Apr/2025:00:01:19 -0400] "GET /info/144701187.html HTTP/1.1" 404 22656 "-" "Mozilla/5.0 (Linux; Android 6.0.1; Nexus 5X Build/MMB29P) AppleWebKit/537.36 (KHTML, like Gecko) Chrome/135.0.7049.95 Mobile Safari/537.36 (compatible; GoogleOther)"
188.165.241.181 - - [29/Apr/2025:00:01:22 -0400] "GET /6b51b/?path=/home/../../../../../dev/../.././home1/../../../../../../lib64/../../../../../../usr/include/../src/../lib64/../include/fontconfig/../libexslt/../linux/sched//../../python2.7/../lua-5.1/../libpng16/../fenv.h HTTP/1.1" 200 3198 "-" "Mozilla/5.0 (compatible; MJ12bot/v1.4.8; http://mj12bot.com/)"
18.220.129.249 - - [29/Apr/2025:00:01:22 -0400] "GET /6b51b/?path=%2Fhome%2F..%2Fhome2%2F..%2Fvar%2Fsoftaculous%2Fqtoa%2F..%2Fqdpm HTTP/1.1" 200 2102 "-" "Mozilla/5.0 AppleWebKit/537.36 (KHTML, like Gecko; compatible; ClaudeBot/1.0; +claudebot@anthropic.com)"
18.220.129.249 - - [29/Apr/2025:00:01:25 -0400] "GET /6b51b/?path=%2Fhome%2F..%2Fhome2%2F..%2Fvar%2Fsoftaculous%2Fqtoa%2F..%2Fwp59 HTTP/1.1" 200 2465 "-" "Mozilla/5.0 AppleWebKit/537.36 (KHTML, like Gecko; compatible; ClaudeBot/1.0; +claudebot@anthropic.com)"
188.165.241.181 - - [29/Apr/2025:00:01:26 -0400] "GET /6b51b/?path=/home/../../../../../dev/../.././home1/../../../../../../lib64/../../../../../../usr/include/../src/../lib64/../include/fontconfig/../libexslt/../linux/sched//../../python2.7/../lua-5.1/../libpng16/../form.h HTTP/1.1" 200 5909 "-" "Mozilla/5.0 (compatible; MJ12bot/v1.4.8; http://mj12bot.com/)"
51.222.253.18 - - [29/Apr/2025:00:01:26 -0400] "GET /info/580840270.html HTTP/1.1" 404 22656 "-" "Mozilla/5.0 (compatible; AhrefsBot/7.0; +http://ahrefs.com/robot/)"
18.220.129.249 - - [29/Apr/2025:00:01:28 -0400] "GET /6b51b/?path=%2Fhome%2Friggvwfp%2F..%2F..%2F.%2Fhome%2F.%2Friggvwfp%2F.cagefs%2Ftmp HTTP/1.1" 200 1538 "-" "Mozilla/5.0 AppleWebKit/537.36 (KHTML, like Gecko; compatible; ClaudeBot/1.0; +claudebot@anthropic.com)"
66.249.66.4 - - [29/Apr/2025:00:01:28 -0400] "GET /info/39555457.html HTTP/1.1" 404 22656 "-" "Mozilla/5.0 (Linux; Android 6.0.1; Nexus 5X Build/MMB29P) AppleWebKit/537.36 (KHTML, like Gecko) Chrome/135.0.7049.95 Mobile Safari/537.36 (compatible; GoogleOther)"
