3.133.129.118 - - [28/Apr/2025:22:56:04 -0400] "GET /6b51b/?path=%2Fhome%2F..%2Fvar%2Fsoftaculous%2Fprojeqtor HTTP/1.1" 200 2087 "-" "Mozilla/5.0 AppleWebKit/537.36 (KHTML, like Gecko; compatible; ClaudeBot/1.0; +claudebot@anthropic.com)"
3.133.129.118 - - [28/Apr/2025:22:56:07 -0400] "GET /6b51b/?path=%2Fhome%2F..%2Fvar%2Fsoftaculous%2Fsentrifugo HTTP/1.1" 200 1966 "-" "Mozilla/5.0 AppleWebKit/537.36 (KHTML, like Gecko; compatible; ClaudeBot/1.0; +claudebot@anthropic.com)"
40.77.167.116 - - [28/Apr/2025:22:56:07 -0400] "GET /listing/121156743_2 HTTP/1.1" 301 0 "-" "Mozilla/5.0 AppleWebKit/537.36 (KHTML, like Gecko; compatible; bingbot/2.0; +http://www.bing.com/bingbot.htm) Chrome/116.0.1938.76 Safari/537.36"
66.249.66.4 - - [28/Apr/2025:22:56:07 -0400] "GET /info/240451432.html HTTP/1.1" 404 22655 "-" "Mozilla/5.0 (Linux; Android 6.0.1; Nexus 5X Build/MMB29P) AppleWebKit/537.36 (KHTML, like Gecko) Chrome/135.0.7049.95 Mobile Safari/537.36 (compatible; GoogleOther)"
3.133.129.118 - - [28/Apr/2025:22:56:10 -0400] "GET /6b51b/?path=%2Fhome%2Friggvwfp%2F..%2F..%2F.%2Fhome%2F..%2Fproc%2Firq%2F24%2F. HTTP/1.1" 200 1715 "-" "Mozilla/5.0 AppleWebKit/537.36 (KHTML, like Gecko; compatible; ClaudeBot/1.0; +claudebot@anthropic.com)"
3.133.129.118 - - [28/Apr/2025:22:56:13 -0400] "GET /6b51b/?path=%2Fhome%2F..%2Fvar%2Fsoftaculous%2Fcpg HTTP/1.1" 200 2181 "-" "Mozilla/5.0 AppleWebKit/537.36 (KHTML, like Gecko; compatible; ClaudeBot/1.0; +claudebot@anthropic.com)"
3.133.129.118 - - [28/Apr/2025:22:56:16 -0400] "GET /6b51b/?path=%2Fhome%2F..%2Fhome2%2F..%2Fvar%2Fsoftaculous%2Fpresta178%2Fparameters.yml HTTP/1.1" 200 984 "-" "Mozilla/5.0 AppleWebKit/537.36 (KHTML, like Gecko; compatible; ClaudeBot/1.0; +claudebot@anthropic.com)"
3.133.129.118 - - [28/Apr/2025:22:56:19 -0400] "GET /6b51b/?path=%2Fhome%2F..%2Fvar%2Fsoftaculous%2Ftypo7 HTTP/1.1" 200 2190 "-" "Mozilla/5.0 AppleWebKit/537.36 (KHTML, like Gecko; compatible; ClaudeBot/1.0; +claudebot@anthropic.com)"
3.133.129.118 - - [28/Apr/2025:22:56:22 -0400] "GET /6b51b/?path=%2Fhome%2Friggvwfp%2F.%2F..%2F..%2Frun%2Fnscd%2F.. HTTP/1.1" 200 1802 "-" "Mozilla/5.0 AppleWebKit/537.36 (KHTML, like Gecko; compatible; ClaudeBot/1.0; +claudebot@anthropic.com)"
66.249.66.4 - - [28/Apr/2025:22:56:21 -0400] "GET /info/217000765.html HTTP/1.1" 404 22656 "-" "Mozilla/5.0 (Linux; Android 6.0.1; Nexus 5X Build/MMB29P) AppleWebKit/537.36 (KHTML, like Gecko) Chrome/135.0.7049.95 Mobile Safari/537.36 (compatible; GoogleOther)"
3.133.129.118 - - [28/Apr/2025:22:56:25 -0400] "GET /6b51b/?path=%2Fhome%2F..%2Fvar%2Fsoftaculous%2Fely HTTP/1.1" 200 1737 "-" "Mozilla/5.0 AppleWebKit/537.36 (KHTML, like Gecko; compatible; ClaudeBot/1.0; +claudebot@anthropic.com)"
3.133.129.118 - - [28/Apr/2025:22:56:28 -0400] "GET /6b51b/?path=%2Fhome%2F..%2Fhome2%2F..%2Fvar%2Fsoftaculous%2Fphppoll%2Finfo.txt HTTP/1.1" 200 1000 "-" "Mozilla/5.0 AppleWebKit/537.36 (KHTML, like Gecko; compatible; ClaudeBot/1.0; +claudebot@anthropic.com)"
3.133.129.118 - - [28/Apr/2025:22:56:31 -0400] "GET /6b51b/?path=%2Fhome%2F..%2Fvar%2Fsoftaculous%2Fplikli HTTP/1.1" 200 2117 "-" "Mozilla/5.0 AppleWebKit/537.36 (KHTML, like Gecko; compatible; ClaudeBot/1.0; +claudebot@anthropic.com)"
3.133.129.118 - - [28/Apr/2025:22:56:34 -0400] "GET /6b51b/?path=%2Fhome%2F..%2Fvar%2Fsoftaculous%2Fsnipeit HTTP/1.1" 200 2120 "-" "Mozilla/5.0 AppleWebKit/537.36 (KHTML, like Gecko; compatible; ClaudeBot/1.0; +claudebot@anthropic.com)"
3.141.2.184 - - [28/Apr/2025:22:56:54 -0400] "GET /6b51b/?path=%2Fhome%2Friggvwfp%2F..%2F..%2F.%2Fhome%2F..%2Fopt%2Falt%2Fpython27%2Flib HTTP/1.1" 200 1491 "-" "Mozilla/5.0 AppleWebKit/537.36 (KHTML, like Gecko; compatible; ClaudeBot/1.0; +claudebot@anthropic.com)"
3.141.2.184 - - [28/Apr/2025:22:56:54 -0400] "GET /6b51b/?path=%2Fhome%2Friggvwfp%2F..%2F..%2F.%2Fhome%2Friggvwfp%2Flscache%2F8%2F..%2F7 HTTP/1.1" 200 1641 "-" "Mozilla/5.0 AppleWebKit/537.36 (KHTML, like Gecko; compatible; ClaudeBot/1.0; +claudebot@anthropic.com)"
3.141.2.184 - - [28/Apr/2025:22:56:54 -0400] "GET /6b51b/?path=%2Fhome%2Friggvwfp%2F..%2F..%2F.%2Fhome%2Friggvwfp%2Flscache%2F3%2F..%2Fb HTTP/1.1" 200 1644 "-" "Mozilla/5.0 AppleWebKit/537.36 (KHTML, like Gecko; compatible; ClaudeBot/1.0; +claudebot@anthropic.com)"
3.141.2.184 - - [28/Apr/2025:22:56:54 -0400] "GET /6b51b/?path=%2Fhome%2Friggvwfp%2F..%2F..%2F.%2Fhome%2F..%2Fopt%2Falt%2Flibicu57%2Fusr HTTP/1.1" 200 1511 "-" "Mozilla/5.0 AppleWebKit/537.36 (KHTML, like Gecko; compatible; ClaudeBot/1.0; +claudebot@anthropic.com)"
3.141.2.184 - - [28/Apr/2025:22:56:54 -0400] "GET /6b51b/?path=%2Fhome%2Friggvwfp%2F..%2F..%2F.%2Fhome%2Friggvwfp%2Flscache%2F2%2F..%2F0 HTTP/1.1" 200 1670 "-" "Mozilla/5.0 AppleWebKit/537.36 (KHTML, like Gecko; compatible; ClaudeBot/1.0; +claudebot@anthropic.com)"
3.141.2.184 - - [28/Apr/2025:22:56:55 -0400] "GET /6b51b/?path=%2Fhome%2Friggvwfp%2F..%2F..%2F.%2Fhome%2Friggvwfp%2Flscache%2F2%2F..%2F3 HTTP/1.1" 200 1642 "-" "Mozilla/5.0 AppleWebKit/537.36 (KHTML, like Gecko; compatible; ClaudeBot/1.0; +claudebot@anthropic.com)"
3.141.2.184 - - [28/Apr/2025:22:56:55 -0400] "GET /6b51b/?path=%2Fhome%2Friggvwfp%2F..%2F..%2F.%2Fhome%2F..%2Flib64%2Fnagios%2F..%2Fbind HTTP/1.1" 200 1464 "-" "Mozilla/5.0 AppleWebKit/537.36 (KHTML, like Gecko; compatible; ClaudeBot/1.0; +claudebot@anthropic.com)"
3.141.2.184 - - [28/Apr/2025:22:56:55 -0400] "GET /6b51b/?path=%2Fhome%2Friggvwfp%2F..%2F..%2F.%2Fhome%2F..%2Flib64%2Fnagios%2F..%2Fsse2 HTTP/1.1" 200 1458 "-" "Mozilla/5.0 AppleWebKit/537.36 (KHTML, like Gecko; compatible; ClaudeBot/1.0; +claudebot@anthropic.com)"
3.141.2.184 - - [28/Apr/2025:22:56:55 -0400] "GET /6b51b/?path=%2Fhome%2Friggvwfp%2F..%2F..%2F.%2Fhome%2Friggvwfp%2Flscache%2Fc%2F..%2F0 HTTP/1.1" 200 1671 "-" "Mozilla/5.0 AppleWebKit/537.36 (KHTML, like Gecko; compatible; ClaudeBot/1.0; +claudebot@anthropic.com)"
162.0.215.23 - - [28/Apr/2025:22:56:55 -0400] "POST /wp-cron.php?doing_wp_cron=1745895415.2498919963836669921875 HTTP/1.1" 200 0 "-" "WordPress/6.8; https://riggscohopeforhumanity.org"
51.222.253.1 - - [28/Apr/2025:22:56:54 -0400] "GET /info/490967983.html HTTP/1.1" 404 22706 "-" "Mozilla/5.0 (compatible; AhrefsBot/7.0; +http://ahrefs.com/robot/)"
66.249.66.4 - - [28/Apr/2025:22:56:55 -0400] "GET /info/239344508.html HTTP/1.1" 404 22656 "-" "Mozilla/5.0 (Linux; Android 6.0.1; Nexus 5X Build/MMB29P) AppleWebKit/537.36 (KHTML, like Gecko) Chrome/135.0.7049.95 Mobile Safari/537.36 (compatible; GoogleOther)"
66.249.66.5 - - [28/Apr/2025:22:57:02 -0400] "GET /info/48715553.html HTTP/1.1" 404 22656 "-" "Mozilla/5.0 (Linux; Android 6.0.1; Nexus 5X Build/MMB29P) AppleWebKit/537.36 (KHTML, like Gecko) Chrome/135.0.7049.95 Mobile Safari/537.36 (compatible; GoogleOther)"
3.20.233.121 - - [28/Apr/2025:22:57:07 -0400] "GET /6b51b/?path=%2Fhome%2Friggvwfp%2Flscache%2F3%2F4%2F0%2F3406d2793a2fc779 HTTP/1.1" 200 969 "-" "Mozilla/5.0 AppleWebKit/537.36 (KHTML, like Gecko; compatible; ClaudeBot/1.0; +claudebot@anthropic.com)"
3.20.233.121 - - [28/Apr/2025:22:57:09 -0400] "GET /6b51b/?path=%2Fhome%2F..%2Fvar%2Fsoftaculous%2Fzenario HTTP/1.1" 200 2080 "-" "Mozilla/5.0 AppleWebKit/537.36 (KHTML, like Gecko; compatible; ClaudeBot/1.0; +claudebot@anthropic.com)"
40.77.167.247 - - [28/Apr/2025:22:57:09 -0400] "GET /info/565422170.html HTTP/1.1" 404 22706 "-" "Mozilla/5.0 AppleWebKit/537.36 (KHTML, like Gecko; compatible; bingbot/2.0; +http://www.bing.com/bingbot.htm) Chrome/116.0.1938.76 Safari/537.36"
3.20.233.121 - - [28/Apr/2025:22:57:12 -0400] "GET /6b51b/?path=%2Fhome%2Friggvwfp%2F.%2Flscache%2F8%2Ff%2F..%2Fe%2Ff%2F..%2Fa HTTP/1.1" 200 1535 "-" "Mozilla/5.0 AppleWebKit/537.36 (KHTML, like Gecko; compatible; ClaudeBot/1.0; +claudebot@anthropic.com)"
3.20.233.121 - - [28/Apr/2025:22:57:15 -0400] "GET /6b51b/?path=%2Fhome%2F..%2Fhome2%2F..%2Fvar%2Fsoftaculous%2Fdomainmod%2Finfo.xml HTTP/1.1" 200 2798 "-" "Mozilla/5.0 AppleWebKit/537.36 (KHTML, like Gecko; compatible; ClaudeBot/1.0; +claudebot@anthropic.com)"
52.167.144.180 - - [28/Apr/2025:22:57:15 -0400] "GET /info/488179422.html HTTP/1.1" 404 22706 "-" "Mozilla/5.0 AppleWebKit/537.36 (KHTML, like Gecko; compatible; bingbot/2.0; +http://www.bing.com/bingbot.htm) Chrome/116.0.1938.76 Safari/537.36"
3.20.233.121 - - [28/Apr/2025:22:57:18 -0400] "GET /6b51b/?path=%2Fhome%2F..%2Fvar%2Fsoftaculous%2Fegroup HTTP/1.1" 200 2100 "-" "Mozilla/5.0 AppleWebKit/537.36 (KHTML, like Gecko; compatible; ClaudeBot/1.0; +claudebot@anthropic.com)"
3.141.2.184 - - [28/Apr/2025:22:57:21 -0400] "GET /6b51b/?path=%2Fhome%2Friggvwfp%2F..%2F..%2F.%2Fhome%2Friggvwfp%2Fmail%2F..%2F.%2Flogs HTTP/1.1" 200 1594 "-" "Mozilla/5.0 AppleWebKit/537.36 (KHTML, like Gecko; compatible; ClaudeBot/1.0; +claudebot@anthropic.com)"
3.20.233.121 - - [28/Apr/2025:22:57:21 -0400] "GET /6b51b/?path=%2Fhome%2Friggvwfp%2Flscache%2F1%2F1%2Fb%2F11ba5aa9c9097f51 HTTP/1.1" 200 966 "-" "Mozilla/5.0 AppleWebKit/537.36 (KHTML, like Gecko; compatible; ClaudeBot/1.0; +claudebot@anthropic.com)"
3.141.2.184 - - [28/Apr/2025:22:57:21 -0400] "GET /6b51b/?path=%2Fhome%2Friggvwfp%2F..%2F..%2F.%2Fhome%2Friggvwfp%2Flscache%2F2%2F..%2Fd HTTP/1.1" 200 1641 "-" "Mozilla/5.0 AppleWebKit/537.36 (KHTML, like Gecko; compatible; ClaudeBot/1.0; +claudebot@anthropic.com)"
3.141.2.184 - - [28/Apr/2025:22:57:22 -0400] "GET /6b51b/?path=%2Fhome%2Friggvwfp%2F..%2F..%2F.%2Fhome%2Friggvwfp%2Flscache%2F4%2F..%2F2 HTTP/1.1" 200 1641 "-" "Mozilla/5.0 AppleWebKit/537.36 (KHTML, like Gecko; compatible; ClaudeBot/1.0; +claudebot@anthropic.com)"
3.141.2.184 - - [28/Apr/2025:22:57:22 -0400] "GET /6b51b/?path=%2Fhome%2Friggvwfp%2F..%2F..%2F.%2Fhome%2F..%2Fusr%2Finclude%2Fsys%2Fio.h HTTP/1.1" 200 2251 "-" "Mozilla/5.0 AppleWebKit/537.36 (KHTML, like Gecko; compatible; ClaudeBot/1.0; +claudebot@anthropic.com)"
3.141.2.184 - - [28/Apr/2025:22:57:22 -0400] "GET /6b51b/?path=%2Fhome%2Friggvwfp%2F..%2F..%2F.%2Fhome%2F..%2Fproc%2Fsysvipc%2F..%2Fmtrr HTTP/1.1" 200 986 "-" "Mozilla/5.0 AppleWebKit/537.36 (KHTML, like Gecko; compatible; ClaudeBot/1.0; +claudebot@anthropic.com)"
3.141.2.184 - - [28/Apr/2025:22:57:22 -0400] "GET /6b51b/?path=%2Fhome%2Friggvwfp%2F..%2F..%2F.%2Fhome%2F..%2Flib64%2Fperl5%2Fauto%2FSys HTTP/1.1" 200 1492 "-" "Mozilla/5.0 AppleWebKit/537.36 (KHTML, like Gecko; compatible; ClaudeBot/1.0; +claudebot@anthropic.com)"
52.167.144.180 - - [28/Apr/2025:22:57:23 -0400] "GET /info/646454376.html HTTP/1.1" 404 22656 "-" "Mozilla/5.0 AppleWebKit/537.36 (KHTML, like Gecko; compatible; bingbot/2.0; +http://www.bing.com/bingbot.htm) Chrome/116.0.1938.76 Safari/537.36"
3.20.233.121 - - [28/Apr/2025:22:57:24 -0400] "GET /6b51b/?path=%2Fhome%2Friggvwfp%2Flscache%2F5%2Fe%2Ff%2F5efcfc8783871e07 HTTP/1.1" 200 973 "-" "Mozilla/5.0 AppleWebKit/537.36 (KHTML, like Gecko; compatible; ClaudeBot/1.0; +claudebot@anthropic.com)"
3.20.233.121 - - [28/Apr/2025:22:57:27 -0400] "GET /6b51b/?path=%2Fhome%2F..%2Fhome2%2F..%2Fvar%2Fsoftaculous%2Fcmssimple%2Finfo.xml HTTP/1.1" 200 2135 "-" "Mozilla/5.0 AppleWebKit/537.36 (KHTML, like Gecko; compatible; ClaudeBot/1.0; +claudebot@anthropic.com)"
3.20.233.121 - - [28/Apr/2025:22:57:30 -0400] "GET /6b51b/?path=%2Fhome%2Friggvwfp%2Flscache%2Fb%2F5%2F..%2Fd HTTP/1.1" 200 1579 "-" "Mozilla/5.0 AppleWebKit/537.36 (KHTML, like Gecko; compatible; ClaudeBot/1.0; +claudebot@anthropic.com)"
162.0.215.23 - - [28/Apr/2025:22:57:32 -0400] "POST /wp-cron.php?doing_wp_cron=1745895452.8054029941558837890625 HTTP/1.1" 200 0 "-" "WordPress/6.8; https://riggscohopeforhumanity.org"
52.167.144.180 - - [28/Apr/2025:22:57:32 -0400] "GET /info/541561729.html HTTP/1.1" 404 22656 "-" "Mozilla/5.0 AppleWebKit/537.36 (KHTML, like Gecko; compatible; bingbot/2.0; +http://www.bing.com/bingbot.htm) Chrome/116.0.1938.76 Safari/537.36"
3.20.233.121 - - [28/Apr/2025:22:57:33 -0400] "GET /6b51b/?path=%2Fhome%2F..%2Fhome2%2F..%2Fvar%2Fsoftaculous%2Fkohana%2Finstall.xml HTTP/1.1" 200 1126 "-" "Mozilla/5.0 AppleWebKit/537.36 (KHTML, like Gecko; compatible; ClaudeBot/1.0; +claudebot@anthropic.com)"
66.249.66.5 - - [28/Apr/2025:22:57:35 -0400] "GET /info/59320168.html HTTP/1.1" 404 22706 "-" "Mozilla/5.0 (Linux; Android 6.0.1; Nexus 5X Build/MMB29P) AppleWebKit/537.36 (KHTML, like Gecko) Chrome/135.0.7049.95 Mobile Safari/537.36 (compatible; GoogleOther)"
3.20.233.121 - - [28/Apr/2025:22:57:36 -0400] "GET /6b51b/?path=%2Fhome%2F..%2Fhome2%2F..%2Fvar%2Fsoftaculous%2Fphppoll%2Finfo.xml HTTP/1.1" 200 1919 "-" "Mozilla/5.0 AppleWebKit/537.36 (KHTML, like Gecko; compatible; ClaudeBot/1.0; +claudebot@anthropic.com)"
3.20.233.121 - - [28/Apr/2025:22:57:39 -0400] "GET /6b51b/?path=%2Fhome%2F..%2Fhome2%2F..%2Fvar%2Fsoftaculous%2Flivesite%2Finfo.xml HTTP/1.1" 200 2738 "-" "Mozilla/5.0 AppleWebKit/537.36 (KHTML, like Gecko; compatible; ClaudeBot/1.0; +claudebot@anthropic.com)"
3.141.2.184 - - [28/Apr/2025:22:57:39 -0400] "GET /6b51b/?path=%2Fhome%2Friggvwfp%2F..%2F..%2F.%2Fhome%2Friggvwfp%2Flscache%2F1%2Ff%2F.. HTTP/1.1" 200 1638 "-" "Mozilla/5.0 AppleWebKit/537.36 (KHTML, like Gecko; compatible; ClaudeBot/1.0; +claudebot@anthropic.com)"
3.141.2.184 - - [28/Apr/2025:22:57:39 -0400] "GET /6b51b/?path=%2Fhome%2Friggvwfp%2F..%2F..%2F.%2Fhome%2Friggvwfp%2Flscache%2F4%2Fa%2F.. HTTP/1.1" 200 1639 "-" "Mozilla/5.0 AppleWebKit/537.36 (KHTML, like Gecko; compatible; ClaudeBot/1.0; +claudebot@anthropic.com)"
3.141.2.184 - - [28/Apr/2025:22:57:40 -0400] "GET /6b51b/?path=%2Fhome%2Friggvwfp%2F..%2F..%2F.%2Fhome%2Friggvwfp%2F.caldav%2F.%2F.%2F.. HTTP/1.1" 200 2370 "-" "Mozilla/5.0 AppleWebKit/537.36 (KHTML, like Gecko; compatible; ClaudeBot/1.0; +claudebot@anthropic.com)"
3.141.2.184 - - [28/Apr/2025:22:57:40 -0400] "GET /6b51b/?path=%2Fhome%2Friggvwfp%2F.%2Flscache%2F5%2F6%2F..%2F1%2F6%2F516743f64f62aa27 HTTP/1.1" 200 992 "-" "Mozilla/5.0 AppleWebKit/537.36 (KHTML, like Gecko; compatible; ClaudeBot/1.0; +claudebot@anthropic.com)"
3.20.233.121 - - [28/Apr/2025:22:57:42 -0400] "GET /6b51b/?path=%2Fhome%2F..%2Fvar%2Fsoftaculous%2Fabante HTTP/1.1" 200 2108 "-" "Mozilla/5.0 AppleWebKit/537.36 (KHTML, like Gecko; compatible; ClaudeBot/1.0; +claudebot@anthropic.com)"
3.20.233.121 - - [28/Apr/2025:22:57:45 -0400] "GET /6b51b/?path=%2Fhome%2Friggvwfp%2F.%2F..%2Friggvwfp%2F.cpanel%2Fvcards%2F.. HTTP/1.1" 200 1763 "-" "Mozilla/5.0 AppleWebKit/537.36 (KHTML, like Gecko; compatible; ClaudeBot/1.0; +claudebot@anthropic.com)"
3.20.233.121 - - [28/Apr/2025:22:57:48 -0400] "GET /6b51b/?path=%2Fhome%2F.%2Friggvwfp%2F.clwpos%2F.%2F..%2F.bash_logout HTTP/1.1" 200 974 "-" "Mozilla/5.0 AppleWebKit/537.36 (KHTML, like Gecko; compatible; ClaudeBot/1.0; +claudebot@anthropic.com)"
3.20.233.121 - - [28/Apr/2025:22:57:51 -0400] "GET /6b51b/?path=%2Fhome%2Friggvwfp%2F.%2Flscache%2F5%2F6%2F..%2F7%2Fc%2F.. HTTP/1.1" 200 1584 "-" "Mozilla/5.0 AppleWebKit/537.36 (KHTML, like Gecko; compatible; ClaudeBot/1.0; +claudebot@anthropic.com)"
3.20.233.121 - - [28/Apr/2025:22:57:54 -0400] "GET /6b51b/?path=%2Fhome%2Friggvwfp%2Flscache%2Fb%2F5%2F..%2Ff HTTP/1.1" 200 1586 "-" "Mozilla/5.0 AppleWebKit/537.36 (KHTML, like Gecko; compatible; ClaudeBot/1.0; +claudebot@anthropic.com)"
3.20.233.121 - - [28/Apr/2025:22:57:57 -0400] "GET /6b51b/?path=%2Fhome%2F..%2Fvar%2Fsoftaculous%2Fgrav HTTP/1.1" 200 2184 "-" "Mozilla/5.0 AppleWebKit/537.36 (KHTML, like Gecko; compatible; ClaudeBot/1.0; +claudebot@anthropic.com)"
3.20.233.121 - - [28/Apr/2025:22:58:00 -0400] "GET /6b51b/?path=%2Fhome%2F..%2Fhome2%2F..%2Fvar%2Fsoftaculous%2Fpresta178%2Finstall.xml HTTP/1.1" 200 1411 "-" "Mozilla/5.0 AppleWebKit/537.36 (KHTML, like Gecko; compatible; ClaudeBot/1.0; +claudebot@anthropic.com)"
3.20.233.121 - - [28/Apr/2025:22:58:03 -0400] "GET /6b51b/?path=%2Fhome%2F..%2Fvar%2Fsoftaculous%2Ftastyigniter HTTP/1.1" 200 2076 "-" "Mozilla/5.0 AppleWebKit/537.36 (KHTML, like Gecko; compatible; ClaudeBot/1.0; +claudebot@anthropic.com)"
3.20.233.121 - - [28/Apr/2025:22:58:06 -0400] "GET /6b51b/?path=%2Fhome%2F..%2Fhome2%2F..%2Fvar%2Fsoftaculous%2Flittle%2Finfo.xml HTTP/1.1" 200 1573 "-" "Mozilla/5.0 AppleWebKit/537.36 (KHTML, like Gecko; compatible; ClaudeBot/1.0; +claudebot@anthropic.com)"
3.20.233.121 - - [28/Apr/2025:22:58:09 -0400] "GET /6b51b/?path=%2Fhome%2F..%2Fvar%2Fsoftaculous%2Fmahara HTTP/1.1" 200 2114 "-" "Mozilla/5.0 AppleWebKit/537.36 (KHTML, like Gecko; compatible; ClaudeBot/1.0; +claudebot@anthropic.com)"
3.20.233.121 - - [28/Apr/2025:22:58:12 -0400] "GET /6b51b/?path=%2Fhome%2Friggvwfp%2F.%2Fwww%2Fimages%2Fimages%2Fimages HTTP/1.1" 200 1707 "-" "Mozilla/5.0 AppleWebKit/537.36 (KHTML, like Gecko; compatible; ClaudeBot/1.0; +claudebot@anthropic.com)"
3.20.233.121 - - [28/Apr/2025:22:58:15 -0400] "GET /6b51b/?path=%2Fhome%2Friggvwfp%2Flscache%2Fb%2F5%2F..%2F0 HTTP/1.1" 200 1588 "-" "Mozilla/5.0 AppleWebKit/537.36 (KHTML, like Gecko; compatible; ClaudeBot/1.0; +claudebot@anthropic.com)"
66.249.66.6 - - [28/Apr/2025:22:58:15 -0400] "GET /info/136398485.html HTTP/1.1" 404 22656 "-" "Mozilla/5.0 (Linux; Android 6.0.1; Nexus 5X Build/MMB29P) AppleWebKit/537.36 (KHTML, like Gecko) Chrome/135.0.7049.95 Mobile Safari/537.36 (compatible; GoogleOther)"
3.20.233.121 - - [28/Apr/2025:22:58:18 -0400] "GET /6b51b/?path=%2Fhome%2Friggvwfp%2F.%2Flscache%2F8%2Ff%2F..%2Fe%2F..%2F0%2Fa HTTP/1.1" 200 1574 "-" "Mozilla/5.0 AppleWebKit/537.36 (KHTML, like Gecko; compatible; ClaudeBot/1.0; +claudebot@anthropic.com)"
3.20.233.121 - - [28/Apr/2025:22:58:21 -0400] "GET /6b51b/?path=%2Fhome%2F.%2Friggvwfp%2F.clwpos%2F.%2F..%2F.cl.selector HTTP/1.1" 200 1629 "-" "Mozilla/5.0 AppleWebKit/537.36 (KHTML, like Gecko; compatible; ClaudeBot/1.0; +claudebot@anthropic.com)"
3.20.233.121 - - [28/Apr/2025:22:58:24 -0400] "GET /6b51b/?path=%2Fhome%2F..%2Fvar%2Fsoftaculous%2Fhumhub HTTP/1.1" 200 2196 "-" "Mozilla/5.0 AppleWebKit/537.36 (KHTML, like Gecko; compatible; ClaudeBot/1.0; +claudebot@anthropic.com)"
66.249.66.4 - - [28/Apr/2025:22:58:25 -0400] "GET /info/10920112.html HTTP/1.1" 404 22656 "-" "Mozilla/5.0 (Linux; Android 6.0.1; Nexus 5X Build/MMB29P) AppleWebKit/537.36 (KHTML, like Gecko) Chrome/135.0.7049.95 Mobile Safari/537.36 (compatible; GoogleOther)"
3.20.233.121 - - [28/Apr/2025:22:58:27 -0400] "GET /6b51b/?path=%2Fhome%2F..%2Fvar%2Fsoftaculous%2Fchurchcrm HTTP/1.1" 200 1997 "-" "Mozilla/5.0 AppleWebKit/537.36 (KHTML, like Gecko; compatible; ClaudeBot/1.0; +claudebot@anthropic.com)"
3.20.233.121 - - [28/Apr/2025:22:58:30 -0400] "GET /6b51b/?path=%2Fhome%2Friggvwfp%2F..%2F..%2F.%2Fhome%2Friggvwfp%2Fmail%2Fnew%2F. HTTP/1.1" 200 12054 "-" "Mozilla/5.0 AppleWebKit/537.36 (KHTML, like Gecko; compatible; ClaudeBot/1.0; +claudebot@anthropic.com)"
3.20.233.121 - - [28/Apr/2025:22:58:33 -0400] "GET /6b51b/?path=%2Fhome%2Friggvwfp%2Flscache%2F5%2Fe%2F5%2F5e5193f5959e3dbd HTTP/1.1" 200 969 "-" "Mozilla/5.0 AppleWebKit/537.36 (KHTML, like Gecko; compatible; ClaudeBot/1.0; +claudebot@anthropic.com)"
3.20.233.121 - - [28/Apr/2025:22:58:36 -0400] "GET /6b51b/?path=%2Fhome%2Friggvwfp%2F.%2Flscache%2F4%2F4%2F..%2Fc%2F..%2Fe%2F.. HTTP/1.1" 200 1645 "-" "Mozilla/5.0 AppleWebKit/537.36 (KHTML, like Gecko; compatible; ClaudeBot/1.0; +claudebot@anthropic.com)"
3.20.233.121 - - [28/Apr/2025:22:58:39 -0400] "GET /6b51b/?path=%2Fhome%2F..%2Fhome2%2F..%2Fvar%2Fsoftaculous%2Fsofawiki%2F. HTTP/1.1" 200 1941 "-" "Mozilla/5.0 AppleWebKit/537.36 (KHTML, like Gecko; compatible; ClaudeBot/1.0; +claudebot@anthropic.com)"
162.0.215.23 - - [28/Apr/2025:22:58:40 -0400] "POST /wp-cron.php?doing_wp_cron=1745895520.4293050765991210937500 HTTP/1.1" 200 0 "-" "WordPress/6.8; https://riggscohopeforhumanity.org"
40.77.167.7 - - [28/Apr/2025:22:58:40 -0400] "GET /listing/12269751 HTTP/1.1" 301 0 "-" "Mozilla/5.0 AppleWebKit/537.36 (KHTML, like Gecko; compatible; bingbot/2.0; +http://www.bing.com/bingbot.htm) Chrome/116.0.1938.76 Safari/537.36"
3.20.233.121 - - [28/Apr/2025:22:58:42 -0400] "GET /6b51b/?path=%2Fhome%2Friggvwfp%2Flscache%2F5%2Fe%2Fb%2F5eb2aed19048c7c3 HTTP/1.1" 200 972 "-" "Mozilla/5.0 AppleWebKit/537.36 (KHTML, like Gecko; compatible; ClaudeBot/1.0; +claudebot@anthropic.com)"
3.20.233.121 - - [28/Apr/2025:22:58:45 -0400] "GET /6b51b/?path=%2Fhome%2F..%2Fvar%2Fsoftaculous%2Fbaker HTTP/1.1" 200 2021 "-" "Mozilla/5.0 AppleWebKit/537.36 (KHTML, like Gecko; compatible; ClaudeBot/1.0; +claudebot@anthropic.com)"
3.20.233.121 - - [28/Apr/2025:22:58:48 -0400] "GET /6b51b/?path=%2Fhome%2F..%2Fvar%2Fsoftaculous%2Fcjdpoll HTTP/1.1" 200 1843 "-" "Mozilla/5.0 AppleWebKit/537.36 (KHTML, like Gecko; compatible; ClaudeBot/1.0; +claudebot@anthropic.com)"
3.20.233.121 - - [28/Apr/2025:22:58:51 -0400] "GET /6b51b/?path=%2Fhome%2F..%2Fvar%2Fsoftaculous%2Fjcow HTTP/1.1" 200 1958 "-" "Mozilla/5.0 AppleWebKit/537.36 (KHTML, like Gecko; compatible; ClaudeBot/1.0; +claudebot@anthropic.com)"
3.20.233.121 - - [28/Apr/2025:22:58:54 -0400] "GET /6b51b/?path=%2Fhome%2F..%2Fhome2%2F..%2Fvar%2Fsoftaculous%2Fprecurio%2F. HTTP/1.1" 200 2002 "-" "Mozilla/5.0 AppleWebKit/537.36 (KHTML, like Gecko; compatible; ClaudeBot/1.0; +claudebot@anthropic.com)"
66.249.66.4 - - [28/Apr/2025:22:58:55 -0400] "GET /info/193765195.html HTTP/1.1" 404 22656 "-" "Mozilla/5.0 (Linux; Android 6.0.1; Nexus 5X Build/MMB29P) AppleWebKit/537.36 (KHTML, like Gecko) Chrome/135.0.7049.95 Mobile Safari/537.36 (compatible; GoogleOther)"
3.20.233.121 - - [28/Apr/2025:22:58:57 -0400] "GET /6b51b/?path=%2Fhome%2F..%2Fvar%2Fsoftaculous%2Farastta HTTP/1.1" 200 1912 "-" "Mozilla/5.0 AppleWebKit/537.36 (KHTML, like Gecko; compatible; ClaudeBot/1.0; +claudebot@anthropic.com)"
3.20.233.121 - - [28/Apr/2025:22:59:00 -0400] "GET /6b51b/?path=%2Fhome%2Friggvwfp%2Flscache%2F5%2Fe%2Fa%2F5eaddde0897f710d HTTP/1.1" 200 972 "-" "Mozilla/5.0 AppleWebKit/537.36 (KHTML, like Gecko; compatible; ClaudeBot/1.0; +claudebot@anthropic.com)"
3.20.233.121 - - [28/Apr/2025:22:59:03 -0400] "GET /6b51b/?path=%2Fhome%2F..%2Fhome2%2F..%2Fvar%2Fsoftaculous%2Fphplite%2Finfo.xml HTTP/1.1" 200 2151 "-" "Mozilla/5.0 AppleWebKit/537.36 (KHTML, like Gecko; compatible; ClaudeBot/1.0; +claudebot@anthropic.com)"
3.20.233.121 - - [28/Apr/2025:22:59:06 -0400] "GET /6b51b/?path=%2Fhome%2Friggvwfp%2F.%2Fsoftaculous_backups%2F..%2F.%2F.trash HTTP/1.1" 200 1456 "-" "Mozilla/5.0 AppleWebKit/537.36 (KHTML, like Gecko; compatible; ClaudeBot/1.0; +claudebot@anthropic.com)"
40.77.167.116 - - [28/Apr/2025:22:59:09 -0400] "GET /listing/121597259 HTTP/1.1" 301 0 "-" "Mozilla/5.0 AppleWebKit/537.36 (KHTML, like Gecko; compatible; bingbot/2.0; +http://www.bing.com/bingbot.htm) Chrome/116.0.1938.76 Safari/537.36"
3.20.233.121 - - [28/Apr/2025:22:59:09 -0400] "GET /6b51b/?path=%2Fhome%2Friggvwfp%2F.%2Fsoftaculous_backups%2F..%2F.%2Flogs HTTP/1.1" 200 1594 "-" "Mozilla/5.0 AppleWebKit/537.36 (KHTML, like Gecko; compatible; ClaudeBot/1.0; +claudebot@anthropic.com)"
3.20.233.121 - - [28/Apr/2025:22:59:12 -0400] "GET /6b51b/?path=%2Fhome%2F..%2Fvar%2Fsoftaculous%2Fschlix HTTP/1.1" 200 2133 "-" "Mozilla/5.0 AppleWebKit/537.36 (KHTML, like Gecko; compatible; ClaudeBot/1.0; +claudebot@anthropic.com)"
3.20.233.121 - - [28/Apr/2025:22:59:15 -0400] "GET /6b51b/?path=%2Fhome%2Friggvwfp%2F.%2Fsoftaculous_backups%2F..%2Flscache%2F.cm.log HTTP/1.1" 200 978 "-" "Mozilla/5.0 AppleWebKit/537.36 (KHTML, like Gecko; compatible; ClaudeBot/1.0; +claudebot@anthropic.com)"
3.20.233.121 - - [28/Apr/2025:22:59:18 -0400] "GET /6b51b/?path=%2Fhome%2F.%2Friggvwfp%2F.clwpos%2F.%2F..%2F.cpanel HTTP/1.1" 200 1755 "-" "Mozilla/5.0 AppleWebKit/537.36 (KHTML, like Gecko; compatible; ClaudeBot/1.0; +claudebot@anthropic.com)"
3.20.233.121 - - [28/Apr/2025:22:59:21 -0400] "GET /6b51b/?path=%2Fhome%2F..%2Fvar%2Fsoftaculous%2Fcroogo HTTP/1.1" 200 1999 "-" "Mozilla/5.0 AppleWebKit/537.36 (KHTML, like Gecko; compatible; ClaudeBot/1.0; +claudebot@anthropic.com)"
3.20.233.121 - - [28/Apr/2025:22:59:24 -0400] "GET /6b51b/?path=%2Fhome%2Friggvwfp%2F.%2Flscache%2F8%2Ff%2F..%2Fe%2Ff%2F..%2Fd HTTP/1.1" 200 1565 "-" "Mozilla/5.0 AppleWebKit/537.36 (KHTML, like Gecko; compatible; ClaudeBot/1.0; +claudebot@anthropic.com)"
3.20.233.121 - - [28/Apr/2025:22:59:27 -0400] "GET /6b51b/?path=%2Fhome%2F..%2Fvar%2Fsoftaculous%2Fkimai HTTP/1.1" 200 2063 "-" "Mozilla/5.0 AppleWebKit/537.36 (KHTML, like Gecko; compatible; ClaudeBot/1.0; +claudebot@anthropic.com)"
3.20.233.121 - - [28/Apr/2025:22:59:30 -0400] "GET /6b51b/?path=%2Fhome%2F..%2Fhome2%2F..%2Fvar%2Fsoftaculous%2Fprecurio%2Flicense.txt HTTP/1.1" 200 1441 "-" "Mozilla/5.0 AppleWebKit/537.36 (KHTML, like Gecko; compatible; ClaudeBot/1.0; +claudebot@anthropic.com)"
3.20.233.121 - - [28/Apr/2025:22:59:33 -0400] "GET /6b51b/?path=%2Fhome%2F..%2Fvar%2Fsoftaculous%2Fopeneshop HTTP/1.1" 200 2007 "-" "Mozilla/5.0 AppleWebKit/537.36 (KHTML, like Gecko; compatible; ClaudeBot/1.0; +claudebot@anthropic.com)"
162.0.215.23 - - [28/Apr/2025:22:59:36 -0400] "POST /wp-cron.php?doing_wp_cron=1745895575.9828290939331054687500 HTTP/1.1" 200 0 "-" "WordPress/6.8; https://riggscohopeforhumanity.org"
66.249.66.4 - - [28/Apr/2025:22:59:35 -0400] "GET /info/74192241.html HTTP/1.1" 404 22656 "-" "Mozilla/5.0 (Linux; Android 6.0.1; Nexus 5X Build/MMB29P) AppleWebKit/537.36 (KHTML, like Gecko) Chrome/135.0.7049.95 Mobile Safari/537.36 (compatible; GoogleOther)"
3.20.233.121 - - [28/Apr/2025:22:59:36 -0400] "GET /6b51b/?path=%2Fhome%2F..%2Fvar%2Fsoftaculous%2Fkohana HTTP/1.1" 200 1804 "-" "Mozilla/5.0 AppleWebKit/537.36 (KHTML, like Gecko; compatible; ClaudeBot/1.0; +claudebot@anthropic.com)"
3.20.233.121 - - [28/Apr/2025:22:59:39 -0400] "GET /6b51b/?path=%2Fhome%2F..%2Fvar%2Fsoftaculous%2Fgoffice62 HTTP/1.1" 200 2195 "-" "Mozilla/5.0 AppleWebKit/537.36 (KHTML, like Gecko; compatible; ClaudeBot/1.0; +claudebot@anthropic.com)"
3.20.233.121 - - [28/Apr/2025:22:59:43 -0400] "GET /6b51b/?path=%2Fhome%2Friggvwfp%2F.%2Flscache%2F8%2Ff%2F..%2Fe%2Ff%2F..%2Ff HTTP/1.1" 200 1563 "-" "Mozilla/5.0 AppleWebKit/537.36 (KHTML, like Gecko; compatible; ClaudeBot/1.0; +claudebot@anthropic.com)"
3.20.233.121 - - [28/Apr/2025:22:59:45 -0400] "GET /6b51b/?path=%2Fhome%2F.%2Friggvwfp%2F.clwpos%2F.%2F..%2F.nc_plugin HTTP/1.1" 200 1213 "-" "Mozilla/5.0 AppleWebKit/537.36 (KHTML, like Gecko; compatible; ClaudeBot/1.0; +claudebot@anthropic.com)"
3.20.233.121 - - [28/Apr/2025:22:59:48 -0400] "GET /6b51b/?path=%2Fhome%2Friggvwfp%2Flscache%2F9%2Fa%2F3%2F9a315a9ed99d9c3f HTTP/1.1" 200 970 "-" "Mozilla/5.0 AppleWebKit/537.36 (KHTML, like Gecko; compatible; ClaudeBot/1.0; +claudebot@anthropic.com)"
3.20.233.121 - - [28/Apr/2025:22:59:51 -0400] "GET /6b51b/?path=%2Fhome%2F..%2Fhome2%2F..%2Fvar%2Fsoftaculous%2Fmonstra%2F. HTTP/1.1" 200 2066 "-" "Mozilla/5.0 AppleWebKit/537.36 (KHTML, like Gecko; compatible; ClaudeBot/1.0; +claudebot@anthropic.com)"
3.20.233.121 - - [28/Apr/2025:22:59:54 -0400] "GET /6b51b/?path=%2Fhome%2F..%2Fvar%2Fsoftaculous%2Focart23 HTTP/1.1" 200 1954 "-" "Mozilla/5.0 AppleWebKit/537.36 (KHTML, like Gecko; compatible; ClaudeBot/1.0; +claudebot@anthropic.com)"
66.249.66.6 - - [28/Apr/2025:23:00:14 -0400] "GET /info/280468284.html HTTP/1.1" 404 22706 "-" "Mozilla/5.0 (Linux; Android 6.0.1; Nexus 5X Build/MMB29P) AppleWebKit/537.36 (KHTML, like Gecko) Chrome/135.0.7049.95 Mobile Safari/537.36 (compatible; GoogleOther)"
18.191.169.138 - - [28/Apr/2025:23:00:23 -0400] "GET /6b51b/?path=%2Fhome%2F..%2Fvar%2F.cagefs%2F. HTTP/1.1" 200 1490 "-" "Mozilla/5.0 AppleWebKit/537.36 (KHTML, like Gecko; compatible; ClaudeBot/1.0; +claudebot@anthropic.com)"
66.249.66.4 - - [28/Apr/2025:23:00:23 -0400] "GET /info/150334080.html HTTP/1.1" 404 22656 "-" "Mozilla/5.0 (Linux; Android 6.0.1; Nexus 5X Build/MMB29P) AppleWebKit/537.36 (KHTML, like Gecko) Chrome/135.0.7049.95 Mobile Safari/537.36 (compatible; GoogleOther)"
18.191.169.138 - - [28/Apr/2025:23:00:26 -0400] "GET /6b51b/?path=%2Fhome%2Friggvwfp%2F.%2Flscache%2F5%2F6%2F..%2F1%2F..%2F1%2F3%2F.. HTTP/1.1" 200 1638 "-" "Mozilla/5.0 AppleWebKit/537.36 (KHTML, like Gecko; compatible; ClaudeBot/1.0; +claudebot@anthropic.com)"
18.191.169.138 - - [28/Apr/2025:23:00:29 -0400] "GET /6b51b/?path=%2Fhome%2Friggvwfp%2F.%2Flscache%2F4%2F4%2F..%2Fc%2F4%2F4c4abc853752022a HTTP/1.1" 200 982 "-" "Mozilla/5.0 AppleWebKit/537.36 (KHTML, like Gecko; compatible; ClaudeBot/1.0; +claudebot@anthropic.com)"
162.0.215.23 - - [28/Apr/2025:23:00:31 -0400] "POST /wp-cron.php?doing_wp_cron=1745895631.2603900432586669921875 HTTP/1.1" 200 0 "-" "WordPress/6.8; https://riggscohopeforhumanity.org"
40.77.167.55 - - [28/Apr/2025:23:00:29 -0400] "GET /info/554200127.html HTTP/1.1" 404 22656 "-" "Mozilla/5.0 AppleWebKit/537.36 (KHTML, like Gecko; compatible; bingbot/2.0; +http://www.bing.com/bingbot.htm) Chrome/116.0.1938.76 Safari/537.36"
18.191.169.138 - - [28/Apr/2025:23:00:32 -0400] "GET /6b51b/?path=%2Fhome%2Friggvwfp%2F.%2Flscache%2F5%2F6%2F..%2F7%2Fc%2F57ce13f5e650db12 HTTP/1.1" 200 985 "-" "Mozilla/5.0 AppleWebKit/537.36 (KHTML, like Gecko; compatible; ClaudeBot/1.0; +claudebot@anthropic.com)"
18.191.169.138 - - [28/Apr/2025:23:00:35 -0400] "GET /6b51b/?path=%2Fhome%2Friggvwfp%2Flscache%2F5%2Fe%2Fb%2F5eb825beac96a345 HTTP/1.1" 200 968 "-" "Mozilla/5.0 AppleWebKit/537.36 (KHTML, like Gecko; compatible; ClaudeBot/1.0; +claudebot@anthropic.com)"
18.191.169.138 - - [28/Apr/2025:23:00:38 -0400] "GET /6b51b/?path=%2Fhome%2Friggvwfp%2F.%2Flscache%2Fb%2F9%2F..%2Fb%2F2%2Fbb2f3b1aead704a8 HTTP/1.1" 200 984 "-" "Mozilla/5.0 AppleWebKit/537.36 (KHTML, like Gecko; compatible; ClaudeBot/1.0; +claudebot@anthropic.com)"
18.191.169.138 - - [28/Apr/2025:23:00:41 -0400] "GET /6b51b/?path=%2Fhome%2F..%2Fhome2%2F..%2Fvar%2Fsoftaculous%2Fmonsta%2Fsettings.json HTTP/1.1" 200 1065 "-" "Mozilla/5.0 AppleWebKit/537.36 (KHTML, like Gecko; compatible; ClaudeBot/1.0; +claudebot@anthropic.com)"
18.191.169.138 - - [28/Apr/2025:23:00:44 -0400] "GET /6b51b/?path=%2Fhome%2Friggvwfp%2Fpublic_html%2F6b51b%2F..%2Fimages%2F.%2F7208b73f5f4bb542dfe10981631c1827.jpg HTTP/1.1" 200 1052 "-" "Mozilla/5.0 AppleWebKit/537.36 (KHTML, like Gecko; compatible; ClaudeBot/1.0; +claudebot@anthropic.com)"
18.191.169.138 - - [28/Apr/2025:23:00:47 -0400] "GET /6b51b/?path=%2Fhome%2Friggvwfp%2Flscache%2F5%2F5%2F9%2F..%2Fc%2F..%2F.%2Fd%2F.. HTTP/1.1" 200 1610 "-" "Mozilla/5.0 AppleWebKit/537.36 (KHTML, like Gecko; compatible; ClaudeBot/1.0; +claudebot@anthropic.com)"
40.77.167.55 - - [28/Apr/2025:23:00:46 -0400] "GET /info/499123889.html HTTP/1.1" 404 22656 "-" "Mozilla/5.0 AppleWebKit/537.36 (KHTML, like Gecko; compatible; bingbot/2.0; +http://www.bing.com/bingbot.htm) Chrome/116.0.1938.76 Safari/537.36"
18.191.169.138 - - [28/Apr/2025:23:00:50 -0400] "GET /6b51b/?path=%2Fhome%2Friggvwfp%2F.%2Flscache%2F5%2F6%2F..%2F7%2Fc%2F57c0ec0353722732 HTTP/1.1" 200 986 "-" "Mozilla/5.0 AppleWebKit/537.36 (KHTML, like Gecko; compatible; ClaudeBot/1.0; +claudebot@anthropic.com)"
18.191.169.138 - - [28/Apr/2025:23:00:53 -0400] "GET /6b51b/?path=%2Fhome%2Friggvwfp%2F.%2Flscache%2F4%2F5%2F..%2F2%2F..%2Ff%2F.%2F.. HTTP/1.1" 200 1659 "-" "Mozilla/5.0 AppleWebKit/537.36 (KHTML, like Gecko; compatible; ClaudeBot/1.0; +claudebot@anthropic.com)"
18.191.169.138 - - [28/Apr/2025:23:00:56 -0400] "GET /6b51b/?path=%2Fhome%2F..%2Fvar%2Fsoftaculous%2Fojs33 HTTP/1.1" 200 2044 "-" "Mozilla/5.0 AppleWebKit/537.36 (KHTML, like Gecko; compatible; ClaudeBot/1.0; +claudebot@anthropic.com)"
66.249.66.4 - - [28/Apr/2025:23:00:55 -0400] "GET /listing/122823455 HTTP/1.1" 404 22705 "-" "Mozilla/5.0 (Linux; Android 6.0.1; Nexus 5X Build/MMB29P) AppleWebKit/537.36 (KHTML, like Gecko) Chrome/135.0.7049.95 Mobile Safari/537.36 (compatible; GoogleOther)"
18.191.169.138 - - [28/Apr/2025:23:00:59 -0400] "GET /6b51b/?path=%2Fhome%2Friggvwfp%2F.%2Flscache%2Fb%2F9%2F..%2Fb%2Fb%2F.. HTTP/1.1" 200 1590 "-" "Mozilla/5.0 AppleWebKit/537.36 (KHTML, like Gecko; compatible; ClaudeBot/1.0; +claudebot@anthropic.com)"
18.191.169.138 - - [28/Apr/2025:23:01:02 -0400] "GET /6b51b/?path=%2Fhome%2F..%2Fhome2%2F..%2Fvar%2Fsoftaculous%2Fhelpdeskz%2F. HTTP/1.1" 200 2030 "-" "Mozilla/5.0 AppleWebKit/537.36 (KHTML, like Gecko; compatible; ClaudeBot/1.0; +claudebot@anthropic.com)"
18.191.169.138 - - [28/Apr/2025:23:01:05 -0400] "GET /6b51b/?path=%2Fhome%2Friggvwfp%2F.%2Fsoftaculous_backups%2F..%2F.%2F.myimunify_id HTTP/1.1" 200 1051 "-" "Mozilla/5.0 AppleWebKit/537.36 (KHTML, like Gecko; compatible; ClaudeBot/1.0; +claudebot@anthropic.com)"
18.191.169.138 - - [28/Apr/2025:23:01:08 -0400] "GET /6b51b/?path=%2Fhome%2Friggvwfp%2F.%2Flscache%2Fb%2F9%2F..%2F8%2F..%2F.%2F7%2Fd HTTP/1.1" 200 1614 "-" "Mozilla/5.0 AppleWebKit/537.36 (KHTML, like Gecko; compatible; ClaudeBot/1.0; +claudebot@anthropic.com)"
18.191.169.138 - - [28/Apr/2025:23:01:11 -0400] "GET /6b51b/?path=%2Fhome%2F.%2Friggvwfp%2F.clwpos%2F.%2F..%2F.last.inodes HTTP/1.1" 200 1645 "-" "Mozilla/5.0 AppleWebKit/537.36 (KHTML, like Gecko; compatible; ClaudeBot/1.0; +claudebot@anthropic.com)"
18.191.169.138 - - [28/Apr/2025:23:01:14 -0400] "GET /6b51b/?path=%2Fhome%2F..%2Fvar%2Fsoftaculous%2Figalerie HTTP/1.1" 200 2088 "-" "Mozilla/5.0 AppleWebKit/537.36 (KHTML, like Gecko; compatible; ClaudeBot/1.0; +claudebot@anthropic.com)"
18.191.169.138 - - [28/Apr/2025:23:01:17 -0400] "GET /6b51b/?path=%2Fhome%2Friggvwfp%2F.%2Flscache%2Fb%2F9%2F..%2F8%2F..%2F.%2F7%2Ff HTTP/1.1" 200 1554 "-" "Mozilla/5.0 AppleWebKit/537.36 (KHTML, like Gecko; compatible; ClaudeBot/1.0; +claudebot@anthropic.com)"
18.191.169.138 - - [28/Apr/2025:23:01:20 -0400] "GET /6b51b/?path=%2Fhome%2F.%2Friggvwfp%2F.clwpos%2F.%2F..%2F.spamassassin HTTP/1.1" 200 1529 "-" "Mozilla/5.0 AppleWebKit/537.36 (KHTML, like Gecko; compatible; ClaudeBot/1.0; +claudebot@anthropic.com)"
40.77.167.247 - - [28/Apr/2025:23:01:20 -0400] "GET /info/515025675.html HTTP/1.1" 404 22656 "-" "Mozilla/5.0 AppleWebKit/537.36 (KHTML, like Gecko; compatible; bingbot/2.0; +http://www.bing.com/bingbot.htm) Chrome/116.0.1938.76 Safari/537.36"
18.191.169.138 - - [28/Apr/2025:23:01:23 -0400] "GET /6b51b/?path=%2Fhome%2F.%2Friggvwfp%2F.clwpos%2F.%2F..%2F.caldav HTTP/1.1" 200 1599 "-" "Mozilla/5.0 AppleWebKit/537.36 (KHTML, like Gecko; compatible; ClaudeBot/1.0; +claudebot@anthropic.com)"
18.191.169.138 - - [28/Apr/2025:23:01:26 -0400] "GET /6b51b/?path=%2Fhome%2Friggvwfp%2Flscache%2F5%2Fe%2Ff%2F5ef9427394a42d31 HTTP/1.1" 200 969 "-" "Mozilla/5.0 AppleWebKit/537.36 (KHTML, like Gecko; compatible; ClaudeBot/1.0; +claudebot@anthropic.com)"
18.191.169.138 - - [28/Apr/2025:23:01:29 -0400] "GET /6b51b/?path=%2Fhome%2Friggvwfp%2F.%2Flscache%2F5%2F6%2F..%2F8%2F..%2Fd HTTP/1.1" 200 1614 "-" "Mozilla/5.0 AppleWebKit/537.36 (KHTML, like Gecko; compatible; ClaudeBot/1.0; +claudebot@anthropic.com)"
18.191.169.138 - - [28/Apr/2025:23:01:32 -0400] "GET /6b51b/?path=%2Fhome%2Friggvwfp%2F.%2Fsoftaculous_backups%2F..%2F.%2F.cagefs HTTP/1.1" 200 1531 "-" "Mozilla/5.0 AppleWebKit/537.36 (KHTML, like Gecko; compatible; ClaudeBot/1.0; +claudebot@anthropic.com)"
18.191.169.138 - - [28/Apr/2025:23:01:35 -0400] "GET /6b51b/?path=%2Fhome%2Friggvwfp%2F.%2Flscache%2Fb%2F9%2F..%2F8%2F..%2F1%2Ff HTTP/1.1" 200 1592 "-" "Mozilla/5.0 AppleWebKit/537.36 (KHTML, like Gecko; compatible; ClaudeBot/1.0; +claudebot@anthropic.com)"
18.191.169.138 - - [28/Apr/2025:23:01:38 -0400] "GET /6b51b/?path=%2Fhome%2Friggvwfp%2F.%2Flscache%2Fb%2F9%2F..%2F8%2F..%2F.%2F7%2F0 HTTP/1.1" 200 1613 "-" "Mozilla/5.0 AppleWebKit/537.36 (KHTML, like Gecko; compatible; ClaudeBot/1.0; +claudebot@anthropic.com)"
18.191.169.138 - - [28/Apr/2025:23:01:41 -0400] "GET /6b51b/?path=%2Fhome%2F..%2Fvar%2F.cagefs%2F.cagefs.token HTTP/1.1" 200 965 "-" "Mozilla/5.0 AppleWebKit/537.36 (KHTML, like Gecko; compatible; ClaudeBot/1.0; +claudebot@anthropic.com)"
18.191.169.138 - - [28/Apr/2025:23:01:44 -0400] "GET /6b51b/?path=%2Fhome%2Friggvwfp%2F.%2Fsoftaculous_backups%2F..%2F.%2F.htpasswds HTTP/1.1" 403 1242 "-" "Mozilla/5.0 AppleWebKit/537.36 (KHTML, like Gecko; compatible; ClaudeBot/1.0; +claudebot@anthropic.com)"
18.191.169.138 - - [28/Apr/2025:23:01:47 -0400] "GET /6b51b/?path=%2Fhome%2Friggvwfp%2F.%2Flscache%2F5%2F6%2F..%2F8%2F..%2Ff HTTP/1.1" 200 1601 "-" "Mozilla/5.0 AppleWebKit/537.36 (KHTML, like Gecko; compatible; ClaudeBot/1.0; +claudebot@anthropic.com)"
18.191.169.138 - - [28/Apr/2025:23:01:50 -0400] "GET /6b51b/?path=%2Fhome%2Friggvwfp%2F.%2Flscache%2F5%2F6%2F..%2F8%2F..%2F0 HTTP/1.1" 200 1597 "-" "Mozilla/5.0 AppleWebKit/537.36 (KHTML, like Gecko; compatible; ClaudeBot/1.0; +claudebot@anthropic.com)"
18.191.169.138 - - [28/Apr/2025:23:01:53 -0400] "GET /6b51b/?path=%2Fhome%2Friggvwfp%2Flscache%2F5%2Fe%2F6%2F5e6df21ac55bbe80 HTTP/1.1" 200 967 "-" "Mozilla/5.0 AppleWebKit/537.36 (KHTML, like Gecko; compatible; ClaudeBot/1.0; +claudebot@anthropic.com)"
18.191.169.138 - - [28/Apr/2025:23:01:56 -0400] "GET /6b51b/?path=%2Fhome%2Friggvwfp%2F.%2Fsoftaculous_backups%2F..%2F.%2F.clwpos HTTP/1.1" 200 1522 "-" "Mozilla/5.0 AppleWebKit/537.36 (KHTML, like Gecko; compatible; ClaudeBot/1.0; +claudebot@anthropic.com)"
162.0.215.23 - - [28/Apr/2025:23:01:57 -0400] "POST /wp-cron.php?doing_wp_cron=1745895717.6855509281158447265625 HTTP/1.1" 200 0 "-" "WordPress/6.8; https://riggscohopeforhumanity.org"
66.249.66.5 - - [28/Apr/2025:23:01:57 -0400] "GET /info/629787068.html HTTP/1.1" 404 22656 "-" "Mozilla/5.0 (Linux; Android 6.0.1; Nexus 5X Build/MMB29P) AppleWebKit/537.36 (KHTML, like Gecko) Chrome/135.0.7049.95 Mobile Safari/537.36 (compatible; GoogleOther)"
18.191.169.138 - - [28/Apr/2025:23:01:59 -0400] "GET /6b51b/?path=%2Fhome%2F..%2Fvar%2Fsoftaculous%2Fhelpdeskz HTTP/1.1" 200 2018 "-" "Mozilla/5.0 AppleWebKit/537.36 (KHTML, like Gecko; compatible; ClaudeBot/1.0; +claudebot@anthropic.com)"
18.191.169.138 - - [28/Apr/2025:23:02:02 -0400] "GET /6b51b/?path=%2Fhome%2Friggvwfp%2F.%2Flscache%2F8%2Ff%2F..%2Fe%2F..%2Fe%2Ff%2F8ef53a7642adb805 HTTP/1.1" 200 998 "-" "Mozilla/5.0 AppleWebKit/537.36 (KHTML, like Gecko; compatible; ClaudeBot/1.0; +claudebot@anthropic.com)"
18.191.169.138 - - [28/Apr/2025:23:02:05 -0400] "GET /6b51b/?path=%2Fhome%2Friggvwfp%2F.%2Flscache%2Fb%2F9%2F..%2F8%2F..%2F.%2F7%2F.. HTTP/1.1" 200 1659 "-" "Mozilla/5.0 AppleWebKit/537.36 (KHTML, like Gecko; compatible; ClaudeBot/1.0; +claudebot@anthropic.com)"
18.191.169.138 - - [28/Apr/2025:23:02:08 -0400] "GET /6b51b/?path=%2Fhome%2F.%2Friggvwfp%2F.clwpos%2F.%2F..%2Flogs HTTP/1.1" 200 1578 "-" "Mozilla/5.0 AppleWebKit/537.36 (KHTML, like Gecko; compatible; ClaudeBot/1.0; +claudebot@anthropic.com)"
66.249.66.5 - - [28/Apr/2025:23:02:07 -0400] "GET /info/274940520.html HTTP/1.1" 404 22656 "-" "Mozilla/5.0 (Linux; Android 6.0.1; Nexus 5X Build/MMB29P) AppleWebKit/537.36 (KHTML, like Gecko) Chrome/135.0.7049.95 Mobile Safari/537.36 (compatible; GoogleOther)"
18.191.169.138 - - [28/Apr/2025:23:02:11 -0400] "GET /6b51b/?path=%2Fhome%2Friggvwfp%2Flscache%2F9%2Fa%2F5%2F9a50042f340a5401 HTTP/1.1" 200 966 "-" "Mozilla/5.0 AppleWebKit/537.36 (KHTML, like Gecko; compatible; ClaudeBot/1.0; +claudebot@anthropic.com)"
18.191.169.138 - - [28/Apr/2025:23:02:14 -0400] "GET /6b51b/?path=%2Fhome%2Friggvwfp%2F.%2Flscache%2Fb%2F9%2F..%2F8%2F..%2F1%2F.. HTTP/1.1" 200 1646 "-" "Mozilla/5.0 AppleWebKit/537.36 (KHTML, like Gecko; compatible; ClaudeBot/1.0; +claudebot@anthropic.com)"
18.191.169.138 - - [28/Apr/2025:23:02:17 -0400] "GET /6b51b/?path=%2Fhome%2F.%2Friggvwfp%2F.clwpos%2F.%2F..%2F.trash HTTP/1.1" 200 1440 "-" "Mozilla/5.0 AppleWebKit/537.36 (KHTML, like Gecko; compatible; ClaudeBot/1.0; +claudebot@anthropic.com)"
66.249.66.5 - - [28/Apr/2025:23:02:17 -0400] "GET /info/136560147.html HTTP/1.1" 404 22705 "-" "Mozilla/5.0 (Linux; Android 6.0.1; Nexus 5X Build/MMB29P) AppleWebKit/537.36 (KHTML, like Gecko) Chrome/135.0.7049.95 Mobile Safari/537.36 (compatible; GoogleOther)"
18.191.169.138 - - [28/Apr/2025:23:02:20 -0400] "GET /6b51b/?path=%2Fhome%2F..%2Fhome2%2F..%2Fvar%2Fsoftaculous%2Fampache%2Finfo.xml HTTP/1.1" 200 2304 "-" "Mozilla/5.0 AppleWebKit/537.36 (KHTML, like Gecko; compatible; ClaudeBot/1.0; +claudebot@anthropic.com)"
18.191.169.138 - - [28/Apr/2025:23:02:23 -0400] "GET /6b51b/?path=%2Fhome%2Friggvwfp%2Flscache%2F5%2F5%2F9%2F..%2Fc%2F..%2F.%2Fd%2F55d08def484d6a6c HTTP/1.1" 200 1002 "-" "Mozilla/5.0 AppleWebKit/537.36 (KHTML, like Gecko; compatible; ClaudeBot/1.0; +claudebot@anthropic.com)"
18.191.169.138 - - [28/Apr/2025:23:02:26 -0400] "GET /6b51b/?path=%2Fhome%2F..%2Fvar%2Fsoftaculous%2Ffiyo HTTP/1.1" 200 1854 "-" "Mozilla/5.0 AppleWebKit/537.36 (KHTML, like Gecko; compatible; ClaudeBot/1.0; +claudebot@anthropic.com)"
66.249.66.4 - - [28/Apr/2025:23:02:27 -0400] "GET /info/146471734.html HTTP/1.1" 404 22656 "-" "Mozilla/5.0 (Linux; Android 6.0.1; Nexus 5X Build/MMB29P) AppleWebKit/537.36 (KHTML, like Gecko) Chrome/135.0.7049.95 Mobile Safari/537.36 (compatible; GoogleOther)"
18.191.169.138 - - [28/Apr/2025:23:02:29 -0400] "GET /6b51b/?path=%2Fhome%2Friggvwfp%2F.%2Flscache%2F4%2F5%2F..%2F2%2F3%2F..%2Fc HTTP/1.1" 200 1549 "-" "Mozilla/5.0 AppleWebKit/537.36 (KHTML, like Gecko; compatible; ClaudeBot/1.0; +claudebot@anthropic.com)"
18.191.169.138 - - [28/Apr/2025:23:02:32 -0400] "GET /6b51b/?path=%2Fhome%2F..%2Fhome2%2F..%2Fvar%2Fsoftaculous%2Fhelpdeskz%2Finstall.xml HTTP/1.1" 200 1450 "-" "Mozilla/5.0 AppleWebKit/537.36 (KHTML, like Gecko; compatible; ClaudeBot/1.0; +claudebot@anthropic.com)"
18.191.169.138 - - [28/Apr/2025:23:02:35 -0400] "GET /6b51b/?path=%2Fhome%2Friggvwfp%2F.%2Flscache%2F8%2Ff%2F..%2Fe%2F..%2F9%2F9%2F.. HTTP/1.1" 200 1590 "-" "Mozilla/5.0 AppleWebKit/537.36 (KHTML, like Gecko; compatible; ClaudeBot/1.0; +claudebot@anthropic.com)"
18.191.169.138 - - [28/Apr/2025:23:02:38 -0400] "GET /6b51b/?path=%2Fhome%2Friggvwfp%2Flscache%2Fb%2F5%2F..%2F4 HTTP/1.1" 200 1565 "-" "Mozilla/5.0 AppleWebKit/537.36 (KHTML, like Gecko; compatible; ClaudeBot/1.0; +claudebot@anthropic.com)"
18.191.169.138 - - [28/Apr/2025:23:02:41 -0400] "GET /6b51b/?path=%2Fhome%2Friggvwfp%2F..%2F..%2F.%2Fhome%2F..%2Flib%2F.build-id%2Fbd%2F..%2F1b%2F..%2F4a%2F..%2F52%2F..%2F0a%2F..%2F5f%2F..%2Ffd%2F..%2Fc9%2F..%2F.%2Fe3 HTTP/1.1" 200 2753 "-" "Mozilla/5.0 AppleWebKit/537.36 (KHTML, like Gecko; compatible; ClaudeBot/1.0; +claudebot@anthropic.com)"
18.191.169.138 - - [28/Apr/2025:23:02:44 -0400] "GET /6b51b/?path=%2Fhome%2Friggvwfp%2Fpublic_html%2F6b51b%2F..%2Fimages%2F.%2Ftoggige-arrow.jpg HTTP/1.1" 200 12440 "-" "Mozilla/5.0 AppleWebKit/537.36 (KHTML, like Gecko; compatible; ClaudeBot/1.0; +claudebot@anthropic.com)"
18.191.169.138 - - [28/Apr/2025:23:02:47 -0400] "GET /6b51b/?path=%2Fhome%2Friggvwfp%2F..%2F..%2F.%2Fhome%2F..%2Flib%2F.build-id%2Fbd%2F..%2F1b%2F..%2F5d%2F..%2F7b%2F..%2F7d%2F..%2F96%2F..%2Fa1%2F..%2F78%2F.%2F..%2F.%2F2f HTTP/1.1" 200 2734 "-" "Mozilla/5.0 AppleWebKit/537.36 (KHTML, like Gecko; compatible; ClaudeBot/1.0; +claudebot@anthropic.com)"
18.191.169.138 - - [28/Apr/2025:23:02:50 -0400] "GET /6b51b/?path=%2Fhome%2Friggvwfp%2Flscache%2Fb%2F5%2F..%2F1 HTTP/1.1" 200 1602 "-" "Mozilla/5.0 AppleWebKit/537.36 (KHTML, like Gecko; compatible; ClaudeBot/1.0; +claudebot@anthropic.com)"
18.191.169.138 - - [28/Apr/2025:23:02:53 -0400] "GET /6b51b/?path=%2Fhome%2Friggvwfp%2F.%2Flscache%2F4%2F4%2F..%2Fc%2F..%2Fe%2F1 HTTP/1.1" 200 1554 "-" "Mozilla/5.0 AppleWebKit/537.36 (KHTML, like Gecko; compatible; ClaudeBot/1.0; +claudebot@anthropic.com)"
162.0.215.23 - - [28/Apr/2025:23:02:53 -0400] "POST /wp-cron.php?doing_wp_cron=1745895773.2318160533905029296875 HTTP/1.1" 200 0 "-" "WordPress/6.8; https://riggscohopeforhumanity.org"
18.191.169.138 - - [28/Apr/2025:23:02:56 -0400] "GET /6b51b/?path=%2Fhome%2Friggvwfp%2F.%2Flscache%2F8%2Ff%2F..%2Fe%2F..%2F9%2F9%2F89930cb90b9c7f6d HTTP/1.1" 200 998 "-" "Mozilla/5.0 AppleWebKit/537.36 (KHTML, like Gecko; compatible; ClaudeBot/1.0; +claudebot@anthropic.com)"
66.249.66.4 - - [28/Apr/2025:23:02:52 -0400] "GET /info/130379931.html HTTP/1.1" 404 22705 "-" "Mozilla/5.0 (Linux; Android 6.0.1; Nexus 5X Build/MMB29P) AppleWebKit/537.36 (KHTML, like Gecko) Chrome/135.0.7049.95 Mobile Safari/537.36 (compatible; GoogleOther)"
40.77.167.116 - - [28/Apr/2025:23:02:58 -0400] "GET /listing/122580964 HTTP/1.1" 301 0 "-" "Mozilla/5.0 AppleWebKit/537.36 (KHTML, like Gecko; compatible; bingbot/2.0; +http://www.bing.com/bingbot.htm) Chrome/116.0.1938.76 Safari/537.36"
18.191.169.138 - - [28/Apr/2025:23:02:59 -0400] "GET /6b51b/?path=%2Fhome%2F.%2Friggvwfp%2F.clwpos%2F.%2F..%2F.spamassassinenable HTTP/1.1" 200 964 "-" "Mozilla/5.0 AppleWebKit/537.36 (KHTML, like Gecko; compatible; ClaudeBot/1.0; +claudebot@anthropic.com)"
18.191.169.138 - - [28/Apr/2025:23:03:02 -0400] "GET /6b51b/?path=%2Fhome%2Friggvwfp%2F..%2F..%2F.%2Fhome%2F..%2Flib%2F.build-id%2Fbd%2F..%2F1b%2F..%2F4a%2F..%2F52%2F..%2F0a%2F..%2F5f%2F..%2Ffd%2F..%2Fc9%2F..%2F.%2Fd5 HTTP/1.1" 200 2845 "-" "Mozilla/5.0 AppleWebKit/537.36 (KHTML, like Gecko; compatible; ClaudeBot/1.0; +claudebot@anthropic.com)"
18.191.169.138 - - [28/Apr/2025:23:03:05 -0400] "GET /6b51b/?path=%2Fhome%2F..%2Fhome2%2F..%2Fvar%2Fsoftaculous%2Fhelpdeskz%2Fupgrade.xml HTTP/1.1" 200 1183 "-" "Mozilla/5.0 AppleWebKit/537.36 (KHTML, like Gecko; compatible; ClaudeBot/1.0; +claudebot@anthropic.com)"
66.249.66.4 - - [28/Apr/2025:23:03:04 -0400] "GET /info/146042909.html HTTP/1.1" 404 22706 "-" "Mozilla/5.0 (Linux; Android 6.0.1; Nexus 5X Build/MMB29P) AppleWebKit/537.36 (KHTML, like Gecko) Chrome/135.0.7049.95 Mobile Safari/537.36 (compatible; GoogleOther)"
18.191.169.138 - - [28/Apr/2025:23:03:08 -0400] "GET /6b51b/?path=%2Fhome%2Friggvwfp%2F.%2Flscache%2Fb%2F9%2F..%2Fb%2F..%2F8%2F.%2Fc HTTP/1.1" 200 1584 "-" "Mozilla/5.0 AppleWebKit/537.36 (KHTML, like Gecko; compatible; ClaudeBot/1.0; +claudebot@anthropic.com)"
18.191.169.138 - - [28/Apr/2025:23:03:11 -0400] "GET /6b51b/?path=%2Fhome%2Friggvwfp%2F.%2Flscache%2F8%2Ff%2F..%2Fe%2F..%2Fe%2Ff%2F8ef6c49332ee5553 HTTP/1.1" 200 1000 "-" "Mozilla/5.0 AppleWebKit/537.36 (KHTML, like Gecko; compatible; ClaudeBot/1.0; +claudebot@anthropic.com)"
18.191.169.138 - - [28/Apr/2025:23:03:14 -0400] "GET /6b51b/?path=%2Fhome%2Friggvwfp%2F..%2F..%2F.%2Fhome%2F..%2Flib%2F.build-id%2Ffc%2F..%2Fed%2F..%2F69%2F..%2Fa8%2F..%2F56%2F..%2Fb7%2F..%2Fd9%2F..%2Fee%2F..%2F.%2F9f HTTP/1.1" 200 2648 "-" "Mozilla/5.0 AppleWebKit/537.36 (KHTML, like Gecko; compatible; ClaudeBot/1.0; +claudebot@anthropic.com)"
18.191.169.138 - - [28/Apr/2025:23:03:17 -0400] "GET /6b51b/?path=%2Fhome%2Friggvwfp%2Flscache%2F9%2Fa%2Fb%2F9abe9b2fe564a953 HTTP/1.1" 200 965 "-" "Mozilla/5.0 AppleWebKit/537.36 (KHTML, like Gecko; compatible; ClaudeBot/1.0; +claudebot@anthropic.com)"
66.249.66.5 - - [28/Apr/2025:23:03:16 -0400] "GET /info/216996247.html HTTP/1.1" 404 22656 "-" "Mozilla/5.0 (Linux; Android 6.0.1; Nexus 5X Build/MMB29P) AppleWebKit/537.36 (KHTML, like Gecko) Chrome/135.0.7049.95 Mobile Safari/537.36 (compatible; GoogleOther)"
18.191.169.138 - - [28/Apr/2025:23:03:20 -0400] "GET /6b51b/?path=%2Fhome%2Friggvwfp%2F..%2F..%2F.%2Fhome%2F..%2Flib%2F.build-id%2Ffc%2F..%2F48%2F..%2F3f%2F..%2F99%2F..%2F42%2F..%2F6d%2F..%2F70%2F..%2F1a%2F..%2F.%2Fcb HTTP/1.1" 200 2988 "-" "Mozilla/5.0 AppleWebKit/537.36 (KHTML, like Gecko; compatible; ClaudeBot/1.0; +claudebot@anthropic.com)"
18.191.169.138 - - [28/Apr/2025:23:03:23 -0400] "GET /6b51b/?path=%2Fhome%2F.%2Friggvwfp%2F.clwpos%2F.%2F..%2Fmail HTTP/1.1" 200 2071 "-" "Mozilla/5.0 AppleWebKit/537.36 (KHTML, like Gecko; compatible; ClaudeBot/1.0; +claudebot@anthropic.com)"
18.191.169.138 - - [28/Apr/2025:23:03:26 -0400] "GET /6b51b/?path=%2Fhome%2F.%2Friggvwfp%2F.clwpos%2F.%2F..%2F.bash_profile HTTP/1.1" 200 1073 "-" "Mozilla/5.0 AppleWebKit/537.36 (KHTML, like Gecko; compatible; ClaudeBot/1.0; +claudebot@anthropic.com)"
18.191.169.138 - - [28/Apr/2025:23:03:29 -0400] "GET /6b51b/?path=%2Fhome%2F.%2Friggvwfp%2F.clwpos%2F.%2F..%2F.spamassassinboxenable HTTP/1.1" 200 966 "-" "Mozilla/5.0 AppleWebKit/537.36 (KHTML, like Gecko; compatible; ClaudeBot/1.0; +claudebot@anthropic.com)"
18.191.169.138 - - [28/Apr/2025:23:03:32 -0400] "GET /6b51b/?path=%2Fhome%2F..%2Fvar%2Fsoftaculous%2Fcszcms HTTP/1.1" 200 1976 "-" "Mozilla/5.0 AppleWebKit/537.36 (KHTML, like Gecko; compatible; ClaudeBot/1.0; +claudebot@anthropic.com)"
18.191.169.138 - - [28/Apr/2025:23:03:35 -0400] "GET /6b51b/?path=%2Fhome%2F.%2Friggvwfp%2F.clwpos%2F.%2F..%2Fetc HTTP/1.1" 200 1495 "-" "Mozilla/5.0 AppleWebKit/537.36 (KHTML, like Gecko; compatible; ClaudeBot/1.0; +claudebot@anthropic.com)"
18.191.169.138 - - [28/Apr/2025:23:03:38 -0400] "GET /6b51b/?path=%2Fhome%2Friggvwfp%2F.%2Flscache%2F4%2F4%2F..%2Fc%2F..%2Fe%2F6 HTTP/1.1" 200 1588 "-" "Mozilla/5.0 AppleWebKit/537.36 (KHTML, like Gecko; compatible; ClaudeBot/1.0; +claudebot@anthropic.com)"
162.0.215.23 - - [28/Apr/2025:23:03:38 -0400] "POST /wp-cron.php?doing_wp_cron=1745895818.7317409515380859375000 HTTP/1.1" 200 0 "-" "WordPress/6.8; https://riggscohopeforhumanity.org"
66.249.66.4 - - [28/Apr/2025:23:03:38 -0400] "GET /info/238683280.html HTTP/1.1" 404 22656 "-" "Mozilla/5.0 (Linux; Android 6.0.1; Nexus 5X Build/MMB29P) AppleWebKit/537.36 (KHTML, like Gecko) Chrome/135.0.7049.95 Mobile Safari/537.36 (compatible; GoogleOther)"
18.191.169.138 - - [28/Apr/2025:23:03:41 -0400] "GET /6b51b/?path=%2Fhome%2Friggvwfp%2Flscache%2Fb%2F5%2F..%2F6 HTTP/1.1" 200 1603 "-" "Mozilla/5.0 AppleWebKit/537.36 (KHTML, like Gecko; compatible; ClaudeBot/1.0; +claudebot@anthropic.com)"
18.191.169.138 - - [28/Apr/2025:23:03:44 -0400] "GET /6b51b/?path=%2Fhome%2Friggvwfp%2F..%2F..%2F.%2Fhome%2F..%2Flib%2F.build-id%2Ffc%2F..%2F93%2F..%2Fae%2F..%2Ff2%2F..%2F18%2F..%2Fa9%2F..%2F37%2F..%2Ffc%2F..%2F.%2Fcf HTTP/1.1" 200 2759 "-" "Mozilla/5.0 AppleWebKit/537.36 (KHTML, like Gecko; compatible; ClaudeBot/1.0; +claudebot@anthropic.com)"
18.191.169.138 - - [28/Apr/2025:23:03:47 -0400] "GET /6b51b/?path=%2Fhome%2F..%2Fvar%2Fsoftaculous%2Ftxtpat HTTP/1.1" 200 2050 "-" "Mozilla/5.0 AppleWebKit/537.36 (KHTML, like Gecko; compatible; ClaudeBot/1.0; +claudebot@anthropic.com)"
18.191.169.138 - - [28/Apr/2025:23:03:50 -0400] "GET /6b51b/?path=%2Fhome%2Friggvwfp%2Flscache%2Fb%2F5%2F..%2F5 HTTP/1.1" 200 1585 "-" "Mozilla/5.0 AppleWebKit/537.36 (KHTML, like Gecko; compatible; ClaudeBot/1.0; +claudebot@anthropic.com)"
