3.144.124.77 - - [29/Apr/2025:00:05:48 -0400] "GET /6b51b/?path=%2Fhome%2F..%2Fhome2%2F..%2Fvar%2Fsoftaculous%2Fqtoa%2F..%2Ftiki22 HTTP/1.1" 200 2166 "-" "Mozilla/5.0 AppleWebKit/537.36 (KHTML, like Gecko; compatible; ClaudeBot/1.0; +claudebot@anthropic.com)"
18.216.244.2 - - [29/Apr/2025:00:05:49 -0400] "GET /6b51b/?path=%2Fhome%2Friggvwfp%2F..%2F..%2F.%2Fhome%2F.%2F.%2Friggvwfp%2F.%2F.nc_plugin HTTP/1.1" 200 1227 "-" "Mozilla/5.0 AppleWebKit/537.36 (KHTML, like Gecko; compatible; ClaudeBot/1.0; +claudebot@anthropic.com)"
18.216.244.2 - - [29/Apr/2025:00:05:49 -0400] "GET /6b51b/?path=%2Fhome%2Friggvwfp%2F..%2F..%2F.%2Fhome%2F..%2Fusr%2Finclude%2Fasm%2Fpoll.h HTTP/1.1" 200 1012 "-" "Mozilla/5.0 AppleWebKit/537.36 (KHTML, like Gecko; compatible; ClaudeBot/1.0; +claudebot@anthropic.com)"
18.216.244.2 - - [29/Apr/2025:00:05:49 -0400] "GET /6b51b/?path=%2Fhome%2Friggvwfp%2F..%2F..%2F.%2Fhome%2F..%2Flib%2Fsysctl.d%2F..%2Fmotd.d HTTP/1.1" 200 1466 "-" "Mozilla/5.0 AppleWebKit/537.36 (KHTML, like Gecko; compatible; ClaudeBot/1.0; +claudebot@anthropic.com)"
18.216.244.2 - - [29/Apr/2025:00:05:49 -0400] "GET /6b51b/?path=%2Fhome%2Friggvwfp%2F..%2F..%2F.%2Fhome%2F..%2Flib64%2F..%2Fproc%2Fconsoles HTTP/1.1" 200 990 "-" "Mozilla/5.0 AppleWebKit/537.36 (KHTML, like Gecko; compatible; ClaudeBot/1.0; +claudebot@anthropic.com)"
18.216.244.2 - - [29/Apr/2025:00:05:49 -0400] "GET /6b51b/?path=%2Fhome%2Friggvwfp%2F..%2F..%2F.%2Fhome%2F.%2F..%2Flib64%2FlibFLAC.so.8.3.0 HTTP/1.1" 200 984 "-" "Mozilla/5.0 AppleWebKit/537.36 (KHTML, like Gecko; compatible; ClaudeBot/1.0; +claudebot@anthropic.com)"
3.144.124.77 - - [29/Apr/2025:00:05:51 -0400] "GET /6b51b/?path=%2Fhome%2F..%2Fhome2%2F..%2Fvar%2Fsoftaculous%2Fqtoa%2F..%2Fpresta14 HTTP/1.1" 200 2024 "-" "Mozilla/5.0 AppleWebKit/537.36 (KHTML, like Gecko; compatible; ClaudeBot/1.0; +claudebot@anthropic.com)"
18.216.244.2 - - [29/Apr/2025:00:05:52 -0400] "GET /6b51b/?path=%2Fhome%2Friggvwfp%2F..%2F..%2F.%2Fhome%2F..%2Fproc%2Fsysvipc%2F..%2Fmounts HTTP/1.1" 200 2189 "-" "Mozilla/5.0 AppleWebKit/537.36 (KHTML, like Gecko; compatible; ClaudeBot/1.0; +claudebot@anthropic.com)"
188.165.241.181 - - [29/Apr/2025:00:05:52 -0400] "GET /6b51b/?path=/home/../../../../../dev/../.././home1/../../../../../../lib64/../../../../../../usr/include/../src/../lib64/../include/fontconfig/../libexslt/../linux/sched//../../python2.7/../lua-5.1/../libpng16/../sgtty.h HTTP/1.1" 200 1872 "-" "Mozilla/5.0 (compatible; MJ12bot/v1.4.8; http://mj12bot.com/)"
18.216.244.2 - - [29/Apr/2025:00:05:52 -0400] "GET /6b51b/?path=%2Fhome%2Friggvwfp%2F..%2F..%2F.%2Fhome%2F..%2Fusr%2Finclude%2Fasm%2Fboot.h HTTP/1.1" 200 1180 "-" "Mozilla/5.0 AppleWebKit/537.36 (KHTML, like Gecko; compatible; ClaudeBot/1.0; +claudebot@anthropic.com)"
18.216.244.2 - - [29/Apr/2025:00:05:52 -0400] "GET /6b51b/?path=%2Fhome%2Friggvwfp%2F..%2F..%2F.%2Fhome%2F..%2Flib%2F.build-id%2F..%2Fdebug HTTP/1.1" 200 1600 "-" "Mozilla/5.0 AppleWebKit/537.36 (KHTML, like Gecko; compatible; ClaudeBot/1.0; +claudebot@anthropic.com)"
18.216.244.2 - - [29/Apr/2025:00:05:52 -0400] "GET /6b51b/?path=%2Fhome%2Friggvwfp%2F..%2F..%2F.%2Fhome%2F..%2Fopt%2Falt%2Fpython36%2Fshare HTTP/1.1" 200 1587 "-" "Mozilla/5.0 AppleWebKit/537.36 (KHTML, like Gecko; compatible; ClaudeBot/1.0; +claudebot@anthropic.com)"
18.216.244.2 - - [29/Apr/2025:00:05:52 -0400] "GET /6b51b/?path=%2Fhome%2Friggvwfp%2F..%2F..%2F.%2Fhome%2Friggvwfp%2Fmail%2F.Sent%2F.%2Ftmp HTTP/1.1" 200 1453 "-" "Mozilla/5.0 AppleWebKit/537.36 (KHTML, like Gecko; compatible; ClaudeBot/1.0; +claudebot@anthropic.com)"
18.216.244.2 - - [29/Apr/2025:00:05:53 -0400] "GET /6b51b/?path=%2Fhome%2Friggvwfp%2F..%2F..%2F.%2Fhome%2Friggvwfp%2Fmail%2F.Trash%2F.%2F.. HTTP/1.1" 200 2096 "-" "Mozilla/5.0 AppleWebKit/537.36 (KHTML, like Gecko; compatible; ClaudeBot/1.0; +claudebot@anthropic.com)"
18.216.244.2 - - [29/Apr/2025:00:05:53 -0400] "GET /6b51b/?path=%2Fhome%2Friggvwfp%2F..%2F..%2F.%2Fhome%2Friggvwfp%2F.clwpos%2F..%2F.%2Ftmp HTTP/1.1" 200 1830 "-" "Mozilla/5.0 AppleWebKit/537.36 (KHTML, like Gecko; compatible; ClaudeBot/1.0; +claudebot@anthropic.com)"
18.216.244.2 - - [29/Apr/2025:00:05:53 -0400] "GET /6b51b/?path=%2Fhome%2Friggvwfp%2F..%2F..%2F.%2Fhome%2Friggvwfp%2Ftmp%2F..%2Flscache%2F6 HTTP/1.1" 200 1648 "-" "Mozilla/5.0 AppleWebKit/537.36 (KHTML, like Gecko; compatible; ClaudeBot/1.0; +claudebot@anthropic.com)"
18.216.244.2 - - [29/Apr/2025:00:05:53 -0400] "GET /6b51b/?path=%2Fhome%2Friggvwfp%2F..%2F..%2F.%2Fhome%2Friggvwfp%2F.clwpos%2F..%2Ftmp%2F. HTTP/1.1" 200 1820 "-" "Mozilla/5.0 AppleWebKit/537.36 (KHTML, like Gecko; compatible; ClaudeBot/1.0; +claudebot@anthropic.com)"
18.216.244.2 - - [29/Apr/2025:00:05:53 -0400] "GET /6b51b/?path=%2Fhome%2Friggvwfp%2F..%2F..%2F.%2Fhome%2Friggvwfp%2F.%2Fwww%2Fwp-admin%2F. HTTP/1.1" 200 4170 "-" "Mozilla/5.0 AppleWebKit/537.36 (KHTML, like Gecko; compatible; ClaudeBot/1.0; +claudebot@anthropic.com)"
18.216.244.2 - - [29/Apr/2025:00:05:54 -0400] "GET /6b51b/?path=%2Fhome%2Friggvwfp%2F..%2F..%2F.%2Fhome%2Friggvwfp%2F.clwpos%2F..%2Fwww%2F. HTTP/1.1" 200 2438 "-" "Mozilla/5.0 AppleWebKit/537.36 (KHTML, like Gecko; compatible; ClaudeBot/1.0; +claudebot@anthropic.com)"
18.216.244.2 - - [29/Apr/2025:00:05:54 -0400] "GET /6b51b/?path=%2Fhome%2Friggvwfp%2F..%2F..%2F.%2Fhome%2F..%2Flib%2Ffirewalld%2Fipsets%2F. HTTP/1.1" 200 1536 "-" "Mozilla/5.0 AppleWebKit/537.36 (KHTML, like Gecko; compatible; ClaudeBot/1.0; +claudebot@anthropic.com)"
18.216.244.2 - - [29/Apr/2025:00:05:54 -0400] "GET /6b51b/?path=%2Fhome%2Friggvwfp%2F..%2F..%2F.%2Fhome%2F..%2Flib%2Fsysimage%2F..%2F..%2F. HTTP/1.1" 200 1834 "-" "Mozilla/5.0 AppleWebKit/537.36 (KHTML, like Gecko; compatible; ClaudeBot/1.0; +claudebot@anthropic.com)"
18.216.244.2 - - [29/Apr/2025:00:05:54 -0400] "GET /6b51b/?path=%2Fhome%2Friggvwfp%2F..%2F..%2F.%2Fhome%2F..%2Flib64%2F..%2Fproc%2Fscsi%2F. HTTP/1.1" 200 1589 "-" "Mozilla/5.0 AppleWebKit/537.36 (KHTML, like Gecko; compatible; ClaudeBot/1.0; +claudebot@anthropic.com)"
3.144.124.77 - - [29/Apr/2025:00:05:55 -0400] "GET /6b51b/?path=%2Fhome%2Friggvwfp%2F.%2Flscache%2F3%2F7%2F8 HTTP/1.1" 200 1552 "-" "Mozilla/5.0 AppleWebKit/537.36 (KHTML, like Gecko; compatible; ClaudeBot/1.0; +claudebot@anthropic.com)"
188.165.241.181 - - [29/Apr/2025:00:05:56 -0400] "GET /6b51b/?path=/home/../../../../../dev/../.././home1/../../../../../../lib64/../../../../../../usr/include/../src/../lib64/../include/fontconfig/../libexslt/../linux/sched//../../python2.7/../lua-5.1/../libpng16/../sound HTTP/1.1" 200 2282 "-" "Mozilla/5.0 (compatible; MJ12bot/v1.4.8; http://mj12bot.com/)"
3.144.124.77 - - [29/Apr/2025:00:05:57 -0400] "GET /6b51b/?path=%2Fhome%2Friggvwfp%2F.cpanel%2F..%2F.caldav HTTP/1.1" 200 1586 "-" "Mozilla/5.0 AppleWebKit/537.36 (KHTML, like Gecko; compatible; ClaudeBot/1.0; +claudebot@anthropic.com)"
188.165.241.181 - - [29/Apr/2025:00:05:59 -0400] "GET /6b51b/?path=/home/../../../../../dev/../.././home1/../../../../../../lib64/../../../../../../usr/include/../src/../lib64/../include/fontconfig/../libexslt/../linux/sched//../../python2.7/../lua-5.1/../libpng16/../webp HTTP/1.1" 200 1922 "-" "Mozilla/5.0 (compatible; MJ12bot/v1.4.8; http://mj12bot.com/)"
3.144.124.77 - - [29/Apr/2025:00:06:00 -0400] "GET /6b51b/?path=%2Fhome%2F..%2Fhome2%2F..%2Fvar%2Fsoftaculous%2Fqtoa%2F..%2Fakaunting HTTP/1.1" 200 2102 "-" "Mozilla/5.0 AppleWebKit/537.36 (KHTML, like Gecko; compatible; ClaudeBot/1.0; +claudebot@anthropic.com)"
3.144.124.77 - - [29/Apr/2025:00:06:04 -0400] "GET /6b51b/?path=%2Fhome%2Friggvwfp%2Flscache%2F1%2F1%2Fa%2F11ad52ef06b04868 HTTP/1.1" 200 965 "-" "Mozilla/5.0 AppleWebKit/537.36 (KHTML, like Gecko; compatible; ClaudeBot/1.0; +claudebot@anthropic.com)"
188.165.241.181 - - [29/Apr/2025:00:06:04 -0400] "GET /6b51b/?path=/home/../../../../../dev/../.././home1/../../../../../../lib64/../../../../../../usr/include/../src/../lib64/../include/fontconfig/../libexslt/../linux/sched//../../python2.7/../lua-5.1/../libpng16/../xen HTTP/1.1" 200 1870 "-" "Mozilla/5.0 (compatible; MJ12bot/v1.4.8; http://mj12bot.com/)"
3.144.124.77 - - [29/Apr/2025:00:06:06 -0400] "GET /6b51b/?path=%2Fhome%2Friggvwfp%2Flscache%2F1%2F0%2F0%2F..%2F7 HTTP/1.1" 200 1521 "-" "Mozilla/5.0 AppleWebKit/537.36 (KHTML, like Gecko; compatible; ClaudeBot/1.0; +claudebot@anthropic.com)"
188.165.241.181 - - [29/Apr/2025:00:06:08 -0400] "GET /6b51b/?path=/home/../../../../../dev/../.././home1/../../../../../../lib64/../../../../../../usr/include/../src/../lib64/../include/fontconfig/../libexslt/../linux/sched//../../python2.7/../lua-5.1/../libpng16/../zconf.h HTTP/1.1" 200 5849 "-" "Mozilla/5.0 (compatible; MJ12bot/v1.4.8; http://mj12bot.com/)"
3.144.124.77 - - [29/Apr/2025:00:06:09 -0400] "GET /6b51b/?path=%2Fhome%2F..%2Fhome2%2F..%2Fvar%2Fsoftaculous%2Fqtoa%2F..%2Ftiki HTTP/1.1" 200 2056 "-" "Mozilla/5.0 AppleWebKit/537.36 (KHTML, like Gecko; compatible; ClaudeBot/1.0; +claudebot@anthropic.com)"
188.165.241.181 - - [29/Apr/2025:00:06:12 -0400] "GET /6b51b/?path=/home/../../../../../dev/../.././home1/../../../../../../lib64/../../../../../../usr/include/../src/../lib64/../include/fontconfig/../libexslt/../linux/sched//../../python2.7/../lua-5.1/../libpng16/../zlib.h HTTP/1.1" 200 28202 "-" "Mozilla/5.0 (compatible; MJ12bot/v1.4.8; http://mj12bot.com/)"
3.144.124.77 - - [29/Apr/2025:00:06:13 -0400] "GET /6b51b/?path=%2Fhome%2Friggvwfp%2F.%2Flscache%2F3%2Fd%2F5 HTTP/1.1" 200 1583 "-" "Mozilla/5.0 AppleWebKit/537.36 (KHTML, like Gecko; compatible; ClaudeBot/1.0; +claudebot@anthropic.com)"
3.144.124.77 - - [29/Apr/2025:00:06:15 -0400] "GET /6b51b/?path=%2Fhome%2F..%2Fhome2%2F..%2Fvar%2Fsoftaculous%2Fqtoa%2F..%2Fagora HTTP/1.1" 200 2149 "-" "Mozilla/5.0 AppleWebKit/537.36 (KHTML, like Gecko; compatible; ClaudeBot/1.0; +claudebot@anthropic.com)"
40.77.167.116 - - [29/Apr/2025:00:06:14 -0400] "GET /info/495419321.html HTTP/1.1" 301 0 "-" "Mozilla/5.0 AppleWebKit/537.36 (KHTML, like Gecko; compatible; bingbot/2.0; +http://www.bing.com/bingbot.htm) Chrome/116.0.1938.76 Safari/537.36"
188.165.241.181 - - [29/Apr/2025:00:06:17 -0400] "GET /6b51b/?path=/home/../../../../../dev/../.././home1/../../../../../../lib64/../../../../../../usr/include/../src/../lib64/../include/fontconfig/../libexslt/../linux/sched//../../python2.7/../lua-5.1/../libpng16/./. HTTP/1.1" 200 1836 "-" "Mozilla/5.0 (compatible; MJ12bot/v1.4.8; http://mj12bot.com/)"
3.144.124.77 - - [29/Apr/2025:00:06:18 -0400] "GET /6b51b/?path=%2Fhome%2F..%2Fhome2%2F..%2Fvar%2Fsoftaculous%2Fqtoa%2F..%2Fninja HTTP/1.1" 200 2187 "-" "Mozilla/5.0 AppleWebKit/537.36 (KHTML, like Gecko; compatible; ClaudeBot/1.0; +claudebot@anthropic.com)"
188.165.241.181 - - [29/Apr/2025:00:06:21 -0400] "GET /6b51b/?path=/home/../../../../../dev/../.././home1/../../../../../../lib64/../../../../../../usr/include/../src/../lib64/../include/fontconfig/../libexslt/../linux/sched//../../python2.7/../lua-5.1/../libpng16/./.. HTTP/1.1" 200 9236 "-" "Mozilla/5.0 (compatible; MJ12bot/v1.4.8; http://mj12bot.com/)"
3.144.124.77 - - [29/Apr/2025:00:06:21 -0400] "GET /6b51b/?path=%2Fhome%2Friggvwfp%2F.%2Flscache%2F3%2F9%2Fd HTTP/1.1" 200 1519 "-" "Mozilla/5.0 AppleWebKit/537.36 (KHTML, like Gecko; compatible; ClaudeBot/1.0; +claudebot@anthropic.com)"
3.144.124.77 - - [29/Apr/2025:00:06:24 -0400] "GET /6b51b/?path=%2Fhome%2Friggvwfp%2Flscache%2F3%2F4%2F.%2Fd HTTP/1.1" 200 1550 "-" "Mozilla/5.0 AppleWebKit/537.36 (KHTML, like Gecko; compatible; ClaudeBot/1.0; +claudebot@anthropic.com)"
188.165.241.181 - - [29/Apr/2025:00:06:24 -0400] "GET /6b51b/?path=/home/../../../../../dev/../.././home1/../../../../../../lib64/../../../../../../usr/include/../src/../lib64/../include/fontconfig/../libexslt/../linux/sched//../../python2.7/../lua-5.1/../libpng16/./png.h HTTP/1.1" 200 42485 "-" "Mozilla/5.0 (compatible; MJ12bot/v1.4.8; http://mj12bot.com/)"
3.144.124.77 - - [29/Apr/2025:00:06:27 -0400] "GET /6b51b/?path=%2Fhome%2F..%2Fhome2%2F..%2Fvar%2Fsoftaculous%2Fqtoa%2F..%2Fvtiger72 HTTP/1.1" 200 2222 "-" "Mozilla/5.0 AppleWebKit/537.36 (KHTML, like Gecko; compatible; ClaudeBot/1.0; +claudebot@anthropic.com)"
52.167.144.184 - - [29/Apr/2025:00:06:26 -0400] "GET /info/431573830.html HTTP/1.1" 404 22655 "-" "Mozilla/5.0 AppleWebKit/537.36 (KHTML, like Gecko; compatible; bingbot/2.0; +http://www.bing.com/bingbot.htm) Chrome/116.0.1938.76 Safari/537.36"
188.165.241.181 - - [29/Apr/2025:00:06:28 -0400] "GET /6b51b/?path=/home/../../../../../dev/../.././home1/../../../../../../lib64/../../../../../../usr/include/../src/../lib64/../include/fontconfig/../libexslt/../linux/sched//../../python2.7/../lua-5.1/../libxml2/../. HTTP/1.1" 200 9326 "-" "Mozilla/5.0 (compatible; MJ12bot/v1.4.8; http://mj12bot.com/)"
188.165.241.181 - - [29/Apr/2025:00:06:32 -0400] "GET /6b51b/?path=/home/../../../../../dev/../.././home1/../../../../../../lib64/../../../../../../usr/include/../src/../lib64/../include/fontconfig/../libexslt/../linux/sched//../../python2.7/../lua-5.1/../libxml2/../.. HTTP/1.1" 200 1953 "-" "Mozilla/5.0 (compatible; MJ12bot/v1.4.8; http://mj12bot.com/)"
188.165.241.181 - - [29/Apr/2025:00:06:36 -0400] "GET /6b51b/?path=/home/../../../../../dev/../.././home1/../../../../../../lib64/../../../../../../usr/include/../src/../lib64/../include/fontconfig/../libexslt/../linux/sched//../../python2.7/../lua-5.1/../libxml2/../GL HTTP/1.1" 200 1888 "-" "Mozilla/5.0 (compatible; MJ12bot/v1.4.8; http://mj12bot.com/)"
162.0.215.23 - - [29/Apr/2025:00:06:38 -0400] "POST /wp-cron.php?doing_wp_cron=1745899598.0563690662384033203125 HTTP/1.1" 200 0 "-" "WordPress/6.8; https://riggscohopeforhumanity.org"
66.249.66.6 - - [29/Apr/2025:00:06:37 -0400] "GET /info/216987784.html HTTP/1.1" 404 22706 "-" "Mozilla/5.0 (Linux; Android 6.0.1; Nexus 5X Build/MMB29P) AppleWebKit/537.36 (KHTML, like Gecko) Chrome/135.0.7049.95 Mobile Safari/537.36 (compatible; GoogleOther)"
188.165.241.181 - - [29/Apr/2025:00:06:40 -0400] "GET /6b51b/?path=/home/../../../../../dev/../.././home1/../../../../../../lib64/../../../../../../usr/include/../src/../lib64/../include/fontconfig/../libexslt/../linux/sched//../../python2.7/../lua-5.1/../libxml2/../X11 HTTP/1.1" 200 2948 "-" "Mozilla/5.0 (compatible; MJ12bot/v1.4.8; http://mj12bot.com/)"
37.139.53.253 - - [29/Apr/2025:00:06:37 -0400] "GET / HTTP/1.1" 200 34274 "-" "Mozilla/5.0 (Windows NT 11.0; Win64; x64) AppleWebKit/537.36 (KHTML, like Gecko) Chrome/135.0.7049.42 Safari/537.36"
66.249.66.4 - - [29/Apr/2025:00:06:41 -0400] "GET /info/298735118.html HTTP/1.1" 404 22706 "-" "Mozilla/5.0 (Linux; Android 6.0.1; Nexus 5X Build/MMB29P) AppleWebKit/537.36 (KHTML, like Gecko) Chrome/135.0.7049.95 Mobile Safari/537.36 (compatible; Googlebot/2.1; +http://www.google.com/bot.html)"
188.165.241.181 - - [29/Apr/2025:00:06:44 -0400] "GET /6b51b/?path=/home/../../../../../dev/../.././home1/../../../../../../lib64/../../../../../../usr/include/../src/../lib64/../include/fontconfig/../libexslt/../linux/sched//../../python2.7/../lua-5.1/../libxml2/../a.out.h HTTP/1.1" 200 2782 "-" "Mozilla/5.0 (compatible; MJ12bot/v1.4.8; http://mj12bot.com/)"
188.165.241.181 - - [29/Apr/2025:00:06:49 -0400] "GET /6b51b/?path=/home/../../../../../dev/../.././home1/../../../../../../lib64/../../../../../../usr/include/../src/../lib64/../include/fontconfig/../libexslt/../linux/sched//../../python2.7/../lua-5.1/../libxml2/../aio.h HTTP/1.1" 200 3391 "-" "Mozilla/5.0 (compatible; MJ12bot/v1.4.8; http://mj12bot.com/)"
188.165.241.181 - - [29/Apr/2025:00:06:53 -0400] "GET /6b51b/?path=/home/../../../../../dev/../.././home1/../../../../../../lib64/../../../../../../usr/include/../src/../lib64/../include/fontconfig/../libexslt/../linux/sched//../../python2.7/../lua-5.1/../libxml2/../alloca.h HTTP/1.1" 200 1823 "-" "Mozilla/5.0 (compatible; MJ12bot/v1.4.8; http://mj12bot.com/)"
188.165.241.181 - - [29/Apr/2025:00:06:56 -0400] "GET /6b51b/?path=/home/../../../../../dev/../.././home1/../../../../../../lib64/../../../../../../usr/include/../src/../lib64/../include/fontconfig/../libexslt/../linux/sched//../../python2.7/../lua-5.1/../libxml2/../apache2 HTTP/1.1" 200 3550 "-" "Mozilla/5.0 (compatible; MJ12bot/v1.4.8; http://mj12bot.com/)"
188.165.241.181 - - [29/Apr/2025:00:07:00 -0400] "GET /6b51b/?path=/home/../../../../../dev/../.././home1/../../../../../../lib64/../../../../../../usr/include/../src/../lib64/../include/fontconfig/../libexslt/../linux/sched//../../python2.7/../lua-5.1/../libxml2/../ar.h HTTP/1.1" 200 2084 "-" "Mozilla/5.0 (compatible; MJ12bot/v1.4.8; http://mj12bot.com/)"
18.191.141.17 - - [29/Apr/2025:00:07:03 -0400] "GET /robots.txt HTTP/1.1" 200 137 "-" "Mozilla/5.0 AppleWebKit/537.36 (KHTML, like Gecko; compatible; ClaudeBot/1.0; +claudebot@anthropic.com)"
18.191.141.17 - - [29/Apr/2025:00:07:03 -0400] "GET /6b51b/?path=%2Fhome%2Friggvwfp%2F..%2F..%2F.%2Fhome%2F..%2Flib%2F.build-id%2Ffc%2F..%2F93%2F..%2F3a%2F..%2F2d%2F..%2Fb4%2F..%2Fdc%2F.%2F..%2Faf%2F..%2F45%2F..%2F.%2Fa7 HTTP/1.1" 200 2863 "-" "Mozilla/5.0 AppleWebKit/537.36 (KHTML, like Gecko; compatible; ClaudeBot/1.0; +claudebot@anthropic.com)"
188.165.241.181 - - [29/Apr/2025:00:07:04 -0400] "GET /6b51b/?path=/home/../../../../../dev/../.././home1/../../../../../../lib64/../../../../../../usr/include/../src/../lib64/../include/fontconfig/../libexslt/../linux/sched//../../python2.7/../lua-5.1/../libxml2/../argz.h HTTP/1.1" 200 3159 "-" "Mozilla/5.0 (compatible; MJ12bot/v1.4.8; http://mj12bot.com/)"
18.191.141.17 - - [29/Apr/2025:00:07:06 -0400] "GET /6b51b/?path=%2Fhome%2Friggvwfp%2F..%2F..%2F.%2Fhome%2F..%2Flib%2F.build-id%2Ffc%2F..%2F93%2F..%2F3a%2F..%2F2d%2F..%2Fb4%2F..%2Fdc%2F.%2F..%2Faf%2F..%2F45%2F..%2F.%2Ff9 HTTP/1.1" 200 2909 "-" "Mozilla/5.0 AppleWebKit/537.36 (KHTML, like Gecko; compatible; ClaudeBot/1.0; +claudebot@anthropic.com)"
188.165.241.181 - - [29/Apr/2025:00:07:07 -0400] "GET /6b51b/?path=/home/../../../../../dev/../.././home1/../../../../../../lib64/../../../../../../usr/include/../src/../lib64/../include/fontconfig/../libexslt/../linux/sched//../../python2.7/../lua-5.1/../libxml2/../arpa HTTP/1.1" 200 1926 "-" "Mozilla/5.0 (compatible; MJ12bot/v1.4.8; http://mj12bot.com/)"
18.191.141.17 - - [29/Apr/2025:00:07:09 -0400] "GET /6b51b/?path=%2Fhome%2Friggvwfp%2F..%2F..%2F.%2Fhome%2F..%2Flib%2F.build-id%2Ffc%2F..%2F93%2F..%2F3a%2F..%2F2d%2F..%2Fb4%2F..%2Fdc%2F.%2F..%2Faf%2F..%2F45%2F..%2F.%2Fd9 HTTP/1.1" 200 2617 "-" "Mozilla/5.0 AppleWebKit/537.36 (KHTML, like Gecko; compatible; ClaudeBot/1.0; +claudebot@anthropic.com)"
188.165.241.181 - - [29/Apr/2025:00:07:11 -0400] "GET /6b51b/?path=/home/../../../../../dev/../.././home1/../../../../../../lib64/../../../../../../usr/include/../src/../lib64/../include/fontconfig/../libexslt/../linux/sched//../../python2.7/../lua-5.1/../libxml2/../asm HTTP/1.1" 200 3501 "-" "Mozilla/5.0 (compatible; MJ12bot/v1.4.8; http://mj12bot.com/)"
18.191.141.17 - - [29/Apr/2025:00:07:12 -0400] "GET /6b51b/?path=%2Fhome%2Friggvwfp%2F..%2F..%2F.%2Fhome%2F..%2Flib%2F.build-id%2Ffc%2F..%2F93%2F..%2F3a%2F..%2F2d%2F..%2Fb4%2F..%2Fdc%2F.%2F..%2Faf%2F..%2F45%2F..%2F.%2Ff3 HTTP/1.1" 200 2793 "-" "Mozilla/5.0 AppleWebKit/537.36 (KHTML, like Gecko; compatible; ClaudeBot/1.0; +claudebot@anthropic.com)"
188.165.241.181 - - [29/Apr/2025:00:07:16 -0400] "GET /6b51b/?path=/home/../../../../../dev/../.././home1/../../../../../../lib64/../../../../../../usr/include/../src/../lib64/../include/fontconfig/../libexslt/../linux/sched//../../python2.7/../lua-5.1/../libxml2/../assert.h HTTP/1.1" 200 2982 "-" "Mozilla/5.0 (compatible; MJ12bot/v1.4.8; http://mj12bot.com/)"
18.191.141.17 - - [29/Apr/2025:00:07:16 -0400] "GET /6b51b/?path=%2Fhome%2Friggvwfp%2F..%2F..%2F.%2Fhome%2F..%2Flib%2F.build-id%2Ffc%2F..%2F93%2F..%2F3a%2F..%2F2d%2F..%2Fb4%2F..%2Fdc%2F.%2F..%2Faf%2F..%2F45%2F..%2F.%2Ff0 HTTP/1.1" 200 2617 "-" "Mozilla/5.0 AppleWebKit/537.36 (KHTML, like Gecko; compatible; ClaudeBot/1.0; +claudebot@anthropic.com)"
18.191.141.17 - - [29/Apr/2025:00:07:18 -0400] "GET /6b51b/?path=%2Fhome%2Friggvwfp%2F..%2F..%2F.%2Fhome%2F..%2Flib%2F.build-id%2Ffc%2F..%2F93%2F..%2F3a%2F..%2F2d%2F..%2Fb4%2F..%2Fdc%2F.%2F..%2Faf%2F..%2F45%2F..%2F.%2F09 HTTP/1.1" 200 2592 "-" "Mozilla/5.0 AppleWebKit/537.36 (KHTML, like Gecko; compatible; ClaudeBot/1.0; +claudebot@anthropic.com)"
188.165.241.181 - - [29/Apr/2025:00:07:20 -0400] "GET /6b51b/?path=/home/../../../../../dev/../.././home1/../../../../../../lib64/../../../../../../usr/include/../src/../lib64/../include/fontconfig/../libexslt/../linux/sched//../../python2.7/../lua-5.1/../libxml2/../bind9 HTTP/1.1" 200 1975 "-" "Mozilla/5.0 (compatible; MJ12bot/v1.4.8; http://mj12bot.com/)"
18.191.141.17 - - [29/Apr/2025:00:07:21 -0400] "GET /6b51b/?path=%2Fhome%2Friggvwfp%2F..%2F..%2F.%2Fhome%2F..%2Flib%2F.build-id%2Ffc%2F..%2F93%2F..%2F3a%2F..%2F2d%2F..%2Fb4%2F..%2Fdc%2F.%2F..%2Faf%2F..%2F45%2F..%2F.%2Fe2 HTTP/1.1" 200 2775 "-" "Mozilla/5.0 AppleWebKit/537.36 (KHTML, like Gecko; compatible; ClaudeBot/1.0; +claudebot@anthropic.com)"
188.165.241.181 - - [29/Apr/2025:00:07:24 -0400] "GET /6b51b/?path=/home/../../../../../dev/../.././home1/../../../../../../lib64/../../../../../../usr/include/../src/../lib64/../include/fontconfig/../libexslt/../linux/sched//../../python2.7/../lua-5.1/../libxml2/../bits HTTP/1.1" 200 5455 "-" "Mozilla/5.0 (compatible; MJ12bot/v1.4.8; http://mj12bot.com/)"
18.191.141.17 - - [29/Apr/2025:00:07:24 -0400] "GET /6b51b/?path=%2Fhome%2Friggvwfp%2F..%2F..%2F.%2Fhome%2F..%2Flib%2F.build-id%2Ffc%2F..%2F93%2F..%2F3a%2F..%2F2d%2F..%2Fb4%2F..%2Fdc%2F.%2F..%2Faf%2F..%2F45%2F..%2F.%2Fd7 HTTP/1.1" 200 2762 "-" "Mozilla/5.0 AppleWebKit/537.36 (KHTML, like Gecko; compatible; ClaudeBot/1.0; +claudebot@anthropic.com)"
18.191.141.17 - - [29/Apr/2025:00:07:27 -0400] "GET /6b51b/?path=%2Fhome%2Friggvwfp%2F..%2F..%2F.%2Fhome%2F..%2Flib%2F.build-id%2Ffc%2F..%2F93%2F..%2F3a%2F..%2F2d%2F..%2Fb4%2F..%2Fdc%2F.%2F..%2Faf%2F..%2F45%2F..%2F.%2F0a HTTP/1.1" 200 2524 "-" "Mozilla/5.0 AppleWebKit/537.36 (KHTML, like Gecko; compatible; ClaudeBot/1.0; +claudebot@anthropic.com)"
188.165.241.181 - - [29/Apr/2025:00:07:28 -0400] "GET /6b51b/?path=/home/../../../../../dev/../.././home1/../../../../../../lib64/../../../../../../usr/include/../src/../lib64/../include/fontconfig/../libexslt/../linux/sched//../../python2.7/../lua-5.1/../libxml2/../bsock HTTP/1.1" 200 1891 "-" "Mozilla/5.0 (compatible; MJ12bot/v1.4.8; http://mj12bot.com/)"
162.0.215.23 - - [29/Apr/2025:00:07:30 -0400] "POST /wp-cron.php?doing_wp_cron=1745899650.6736929416656494140625 HTTP/1.1" 200 0 "-" "WordPress/6.8; https://riggscohopeforhumanity.org"
18.191.141.17 - - [29/Apr/2025:00:07:30 -0400] "GET /6b51b/?path=%2Fhome%2Friggvwfp%2F..%2F..%2F.%2Fhome%2F..%2Flib%2F.build-id%2Ffc%2F..%2F93%2F..%2F3a%2F..%2F2d%2F..%2Fb4%2F..%2Fdc%2F.%2F..%2Faf%2F..%2F45%2F..%2F.%2Fd4 HTTP/1.1" 200 2658 "-" "Mozilla/5.0 AppleWebKit/537.36 (KHTML, like Gecko; compatible; ClaudeBot/1.0; +claudebot@anthropic.com)"
66.249.66.4 - - [29/Apr/2025:00:07:30 -0400] "GET /info/50594713.html HTTP/1.1" 404 22656 "-" "Mozilla/5.0 (Linux; Android 6.0.1; Nexus 5X Build/MMB29P) AppleWebKit/537.36 (KHTML, like Gecko) Chrome/135.0.7049.95 Mobile Safari/537.36 (compatible; GoogleOther)"
188.165.241.181 - - [29/Apr/2025:00:07:31 -0400] "GET /6b51b/?path=/home/../../../../../dev/../.././home1/../../../../../../lib64/../../../../../../usr/include/../src/../lib64/../include/fontconfig/../libexslt/../linux/sched//../../python2.7/../lua-5.1/../libxml2/../bzlib.h HTTP/1.1" 200 2943 "-" "Mozilla/5.0 (compatible; MJ12bot/v1.4.8; http://mj12bot.com/)"
18.191.141.17 - - [29/Apr/2025:00:07:33 -0400] "GET /6b51b/?path=%2Fhome%2Friggvwfp%2F..%2F..%2F.%2Fhome%2F..%2Flib%2F.build-id%2Ffc%2F..%2F93%2F..%2F3a%2F..%2F2d%2F..%2Fb4%2F..%2Fdc%2F.%2F..%2Faf%2F..%2F45%2F..%2F.%2Fec HTTP/1.1" 200 2768 "-" "Mozilla/5.0 AppleWebKit/537.36 (KHTML, like Gecko; compatible; ClaudeBot/1.0; +claudebot@anthropic.com)"
188.165.241.181 - - [29/Apr/2025:00:07:35 -0400] "GET /6b51b/?path=/home/../../../../../dev/../.././home1/../../../../../../lib64/../../../../../../usr/include/../src/../lib64/../include/fontconfig/../libexslt/../linux/sched//../../python2.7/../lua-5.1/../libxml2/../c HTTP/1.1" 200 1445 "-" "Mozilla/5.0 (compatible; MJ12bot/v1.4.8; http://mj12bot.com/)"
18.191.141.17 - - [29/Apr/2025:00:07:36 -0400] "GET /6b51b/?path=%2Fhome%2Friggvwfp%2F..%2F..%2F.%2Fhome%2F..%2Flib%2F.build-id%2Ffc%2F..%2F93%2F..%2F3a%2F..%2F2d%2F..%2Fb4%2F..%2Fdc%2F.%2F..%2Faf%2F..%2F45%2F..%2F.%2F2f HTTP/1.1" 200 2707 "-" "Mozilla/5.0 AppleWebKit/537.36 (KHTML, like Gecko; compatible; ClaudeBot/1.0; +claudebot@anthropic.com)"
188.165.241.181 - - [29/Apr/2025:00:07:39 -0400] "GET /6b51b/?path=/home/../../../../../dev/../.././home1/../../../../../../lib64/../../../../../../usr/include/../src/../lib64/../include/fontconfig/../libexslt/../linux/sched//../../python2.7/../lua-5.1/../libxml2/../cpio.h HTTP/1.1" 200 2289 "-" "Mozilla/5.0 (compatible; MJ12bot/v1.4.8; http://mj12bot.com/)"
18.191.141.17 - - [29/Apr/2025:00:07:39 -0400] "GET /6b51b/?path=%2Fhome%2Friggvwfp%2F..%2F.%2F..%2Fdev%2F. HTTP/1.1" 200 1805 "-" "Mozilla/5.0 AppleWebKit/537.36 (KHTML, like Gecko; compatible; ClaudeBot/1.0; +claudebot@anthropic.com)"
18.191.141.17 - - [29/Apr/2025:00:07:42 -0400] "GET /6b51b/?path=%2Fhome%2Friggvwfp%2F..%2F..%2F.%2Fhome%2F..%2Flib%2F.build-id%2Ffc%2F..%2F93%2F..%2F3a%2F..%2F2d%2F..%2Fb4%2F..%2Fdc%2F.%2F..%2Faf%2F..%2F45%2F..%2F.%2Ff7 HTTP/1.1" 200 2882 "-" "Mozilla/5.0 AppleWebKit/537.36 (KHTML, like Gecko; compatible; ClaudeBot/1.0; +claudebot@anthropic.com)"
188.165.241.181 - - [29/Apr/2025:00:07:42 -0400] "GET /6b51b/?path=/home/../../../../../dev/../.././home1/../../../../../../lib64/../../../../../../usr/include/../src/../lib64/../include/fontconfig/../libexslt/../linux/sched//../../python2.7/../lua-5.1/../libxml2/../criu HTTP/1.1" 200 1900 "-" "Mozilla/5.0 (compatible; MJ12bot/v1.4.8; http://mj12bot.com/)"
18.191.141.17 - - [29/Apr/2025:00:07:45 -0400] "GET /6b51b/?path=%2Fhome%2Friggvwfp%2F.%2F.cpanel%2F..%2F.myimunify_id HTTP/1.1" 200 1027 "-" "Mozilla/5.0 AppleWebKit/537.36 (KHTML, like Gecko; compatible; ClaudeBot/1.0; +claudebot@anthropic.com)"
188.165.241.181 - - [29/Apr/2025:00:07:46 -0400] "GET /6b51b/?path=/home/../../../../../dev/../.././home1/../../../../../../lib64/../../../../../../usr/include/../src/../lib64/../include/fontconfig/../libexslt/../linux/sched//../../python2.7/../lua-5.1/../libxml2/../crypt.h HTTP/1.1" 200 4307 "-" "Mozilla/5.0 (compatible; MJ12bot/v1.4.8; http://mj12bot.com/)"
18.191.141.17 - - [29/Apr/2025:00:07:48 -0400] "GET /6b51b/?path=%2Fhome%2Friggvwfp%2F..%2F..%2F.%2Fhome%2F..%2Flib%2F.build-id%2Ffc%2F..%2F93%2F..%2F3a%2F..%2F2d%2F..%2Fb4%2F..%2Fdc%2F.%2F..%2Faf%2F..%2F45%2F..%2F.%2Fc4 HTTP/1.1" 200 3119 "-" "Mozilla/5.0 AppleWebKit/537.36 (KHTML, like Gecko; compatible; ClaudeBot/1.0; +claudebot@anthropic.com)"
188.165.241.181 - - [29/Apr/2025:00:07:50 -0400] "GET /6b51b/?path=/home/../../../../../dev/../.././home1/../../../../../../lib64/../../../../../../usr/include/../src/../lib64/../include/fontconfig/../libexslt/../linux/sched//../../python2.7/../lua-5.1/../libxml2/../ctype.h HTTP/1.1" 200 4695 "-" "Mozilla/5.0 (compatible; MJ12bot/v1.4.8; http://mj12bot.com/)"
18.191.141.17 - - [29/Apr/2025:00:07:51 -0400] "GET /6b51b/?path=%2Fhome%2Friggvwfp%2F..%2F..%2F.%2Fhome%2F..%2Flib%2F.build-id%2Ffc%2F..%2F93%2F..%2F3a%2F..%2F2d%2F..%2Fb4%2F..%2Fdc%2F.%2F..%2Faf%2F..%2F45%2F..%2F.%2Fd6 HTTP/1.1" 200 2561 "-" "Mozilla/5.0 AppleWebKit/537.36 (KHTML, like Gecko; compatible; ClaudeBot/1.0; +claudebot@anthropic.com)"
188.165.241.181 - - [29/Apr/2025:00:07:54 -0400] "GET /6b51b/?path=/home/../../../../../dev/../.././home1/../../../../../../lib64/../../../../../../usr/include/../src/../lib64/../include/fontconfig/../libexslt/../linux/sched//../../python2.7/../lua-5.1/../libxml2/../curl HTTP/1.1" 200 2024 "-" "Mozilla/5.0 (compatible; MJ12bot/v1.4.8; http://mj12bot.com/)"
18.191.141.17 - - [29/Apr/2025:00:07:54 -0400] "GET /6b51b/?path=%2Fhome%2Friggvwfp%2F..%2F..%2F.%2Fhome%2F..%2Flib%2F.build-id%2Ffc%2F..%2F93%2F..%2F3a%2F..%2F2d%2F..%2Fb4%2F..%2Fdc%2F.%2F..%2Faf%2F..%2F45%2F..%2F.%2Fd5 HTTP/1.1" 200 2776 "-" "Mozilla/5.0 AppleWebKit/537.36 (KHTML, like Gecko; compatible; ClaudeBot/1.0; +claudebot@anthropic.com)"
18.191.141.17 - - [29/Apr/2025:00:07:57 -0400] "GET /6b51b/?path=%2Fhome%2Friggvwfp%2F..%2F..%2F.%2Fhome%2F..%2Flib%2F.build-id%2Ffc%2F..%2F93%2F..%2F3a%2F..%2F2d%2F..%2Fb4%2F..%2Fdc%2F.%2F..%2Faf%2F..%2F45%2F..%2F.%2Fa3 HTTP/1.1" 200 2706 "-" "Mozilla/5.0 AppleWebKit/537.36 (KHTML, like Gecko; compatible; ClaudeBot/1.0; +claudebot@anthropic.com)"
188.165.241.181 - - [29/Apr/2025:00:07:58 -0400] "GET /6b51b/?path=/home/../../../../../dev/../.././home1/../../../../../../lib64/../../../../../../usr/include/../src/../lib64/../include/fontconfig/../libexslt/../linux/sched//../../python2.7/../lua-5.1/../libxml2/../curses.h HTTP/1.1" 200 21557 "-" "Mozilla/5.0 (compatible; MJ12bot/v1.4.8; http://mj12bot.com/)"
18.191.141.17 - - [29/Apr/2025:00:08:00 -0400] "GET /6b51b/?path=%2Fhome%2Friggvwfp%2F.%2Fsoftaculous_backups%2F..%2Fmail%2F.Junk%2Fcur HTTP/1.1" 200 1470 "-" "Mozilla/5.0 AppleWebKit/537.36 (KHTML, like Gecko; compatible; ClaudeBot/1.0; +claudebot@anthropic.com)"
188.165.241.181 - - [29/Apr/2025:00:08:02 -0400] "GET /6b51b/?path=/home/../../../../../dev/../.././home1/../../../../../../lib64/../../../../../../usr/include/../src/../lib64/../include/fontconfig/../libexslt/../linux/sched//../../python2.7/../lua-5.1/../libxml2/../db.h HTTP/1.1" 200 32179 "-" "Mozilla/5.0 (compatible; MJ12bot/v1.4.8; http://mj12bot.com/)"
18.191.141.17 - - [29/Apr/2025:00:08:03 -0400] "GET /6b51b/?path=%2Fhome%2Friggvwfp%2F..%2F..%2F.%2Fhome%2F..%2Flib%2F.build-id%2Ffc%2F..%2F93%2F..%2F3a%2F..%2F2d%2F..%2Fb4%2F..%2Fdc%2F.%2F..%2Faf%2F..%2F45%2F..%2F.%2Fda HTTP/1.1" 200 2676 "-" "Mozilla/5.0 AppleWebKit/537.36 (KHTML, like Gecko; compatible; ClaudeBot/1.0; +claudebot@anthropic.com)"
66.249.66.4 - - [29/Apr/2025:00:08:02 -0400] "GET /info/214984767.html HTTP/1.1" 404 22706 "-" "Mozilla/5.0 (Linux; Android 6.0.1; Nexus 5X Build/MMB29P) AppleWebKit/537.36 (KHTML, like Gecko) Chrome/135.0.7049.95 Mobile Safari/537.36 (compatible; GoogleOther)"
188.165.241.181 - - [29/Apr/2025:00:08:06 -0400] "GET /6b51b/?path=/home/../../../../../dev/../.././home1/../../../../../../lib64/../../../../../../usr/include/../src/../lib64/../include/fontconfig/../libexslt/../linux/sched//../../python2.7/../lua-5.1/../libxml2/../db_185.h HTTP/1.1" 200 3617 "-" "Mozilla/5.0 (compatible; MJ12bot/v1.4.8; http://mj12bot.com/)"
18.191.141.17 - - [29/Apr/2025:00:08:06 -0400] "GET /6b51b/?path=%2Fhome%2Friggvwfp%2F..%2F..%2F.%2Fhome%2F..%2Flib%2F.build-id%2Ffc%2F..%2F93%2F..%2F3a%2F..%2F2d%2F..%2Fb4%2F..%2Fdc%2F.%2F..%2Faf%2F..%2F45%2F..%2F.%2Ff5 HTTP/1.1" 200 2617 "-" "Mozilla/5.0 AppleWebKit/537.36 (KHTML, like Gecko; compatible; ClaudeBot/1.0; +claudebot@anthropic.com)"
188.165.241.181 - - [29/Apr/2025:00:08:09 -0400] "GET /6b51b/?path=/home/../../../../../dev/../.././home1/../../../../../../lib64/../../../../../../usr/include/../src/../lib64/../include/fontconfig/../libexslt/../linux/sched//../../python2.7/../lua-5.1/../libxml2/../dbm.h HTTP/1.1" 200 1881 "-" "Mozilla/5.0 (compatible; MJ12bot/v1.4.8; http://mj12bot.com/)"
18.191.141.17 - - [29/Apr/2025:00:08:09 -0400] "GET /6b51b/?path=%2Fhome%2Friggvwfp%2F..%2F..%2F.%2Fhome%2F..%2Flib%2F.build-id%2Ffc%2F..%2F93%2F..%2F3a%2F..%2F2d%2F..%2Fb4%2F..%2Fdc%2F.%2F..%2Faf%2F..%2F45%2F..%2F.%2F90 HTTP/1.1" 200 2977 "-" "Mozilla/5.0 AppleWebKit/537.36 (KHTML, like Gecko; compatible; ClaudeBot/1.0; +claudebot@anthropic.com)"
18.191.141.17 - - [29/Apr/2025:00:08:12 -0400] "GET /6b51b/?path=%2Fhome%2Friggvwfp%2F..%2F..%2F.%2Fhome%2F..%2Flib%2F.build-id%2Ffc%2F..%2F93%2F..%2F3a%2F..%2F2d%2F..%2Fb4%2F..%2Fdc%2F.%2F..%2Faf%2F..%2F45%2F..%2F.%2Fc6 HTTP/1.1" 200 2921 "-" "Mozilla/5.0 AppleWebKit/537.36 (KHTML, like Gecko; compatible; ClaudeBot/1.0; +claudebot@anthropic.com)"
188.165.241.181 - - [29/Apr/2025:00:08:13 -0400] "GET /6b51b/?path=/home/../../../../../dev/../.././home1/../../../../../../lib64/../../../../../../usr/include/../src/../lib64/../include/fontconfig/../libexslt/../linux/sched//../../python2.7/../lua-5.1/../libxml2/../dirent.h HTTP/1.1" 200 4770 "-" "Mozilla/5.0 (compatible; MJ12bot/v1.4.8; http://mj12bot.com/)"
18.191.141.17 - - [29/Apr/2025:00:08:15 -0400] "GET /6b51b/?path=%2Fhome%2Friggvwfp%2Fmail%2F.%2Fnew%2F1736222960.M433198P2916934.premium184.web-hosting.com%2CS%3D2728%2CW%3D2804 HTTP/1.1" 200 1928 "-" "Mozilla/5.0 AppleWebKit/537.36 (KHTML, like Gecko; compatible; ClaudeBot/1.0; +claudebot@anthropic.com)"
188.165.241.181 - - [29/Apr/2025:00:08:17 -0400] "GET /6b51b/?path=/home/../../../../../dev/../.././home1/../../../../../../lib64/../../../../../../usr/include/../src/../lib64/../include/fontconfig/../libexslt/../linux/sched//../../python2.7/../lua-5.1/../libxml2/../dlfcn.h HTTP/1.1" 200 3962 "-" "Mozilla/5.0 (compatible; MJ12bot/v1.4.8; http://mj12bot.com/)"
18.191.141.17 - - [29/Apr/2025:00:08:18 -0400] "GET /6b51b/?path=%2Fhome%2Friggvwfp%2F..%2F..%2F.%2Fhome%2F..%2Flib%2F.build-id%2Ffc%2F..%2F93%2F..%2F3a%2F..%2F2d%2F..%2Fb4%2F..%2Fdc%2F.%2F..%2Faf%2F..%2F45%2F..%2F.%2Fd2 HTTP/1.1" 200 2632 "-" "Mozilla/5.0 AppleWebKit/537.36 (KHTML, like Gecko; compatible; ClaudeBot/1.0; +claudebot@anthropic.com)"
188.165.241.181 - - [29/Apr/2025:00:08:20 -0400] "GET /6b51b/?path=/home/../../../../../dev/../.././home1/../../../../../../lib64/../../../../../../usr/include/../src/../lib64/../include/fontconfig/../libexslt/../linux/sched//../../python2.7/../lua-5.1/../libxml2/../drm HTTP/1.1" 200 2415 "-" "Mozilla/5.0 (compatible; MJ12bot/v1.4.8; http://mj12bot.com/)"
18.191.141.17 - - [29/Apr/2025:00:08:21 -0400] "GET /6b51b/?path=%2Fhome%2Friggvwfp%2F..%2F..%2F.%2Fhome%2F..%2Flib%2F.build-id%2Ffc%2F..%2F93%2F..%2F3a%2F..%2F2d%2F..%2Fb4%2F..%2Fdc%2F.%2F..%2Faf%2F..%2F45%2F..%2F.%2Fc9 HTTP/1.1" 200 2716 "-" "Mozilla/5.0 AppleWebKit/537.36 (KHTML, like Gecko; compatible; ClaudeBot/1.0; +claudebot@anthropic.com)"
18.191.141.17 - - [29/Apr/2025:00:08:24 -0400] "GET /6b51b/?path=%2Fhome%2Friggvwfp%2F..%2F..%2F.%2Fhome%2F..%2Flib%2F.build-id%2Ffc%2F..%2F93%2F..%2F3a%2F..%2F2d%2F..%2Fb4%2F..%2Fdc%2F.%2F..%2Faf%2F..%2F45%2F..%2F.%2Fd3 HTTP/1.1" 200 2456 "-" "Mozilla/5.0 AppleWebKit/537.36 (KHTML, like Gecko; compatible; ClaudeBot/1.0; +claudebot@anthropic.com)"
188.165.241.181 - - [29/Apr/2025:00:08:24 -0400] "GET /6b51b/?path=/home/../../../../../dev/../.././home1/../../../../../../lib64/../../../../../../usr/include/../src/../lib64/../include/fontconfig/../libexslt/../linux/sched//../../python2.7/../lua-5.1/../libxml2/../e2p HTTP/1.1" 200 1785 "-" "Mozilla/5.0 (compatible; MJ12bot/v1.4.8; http://mj12bot.com/)"
18.191.141.17 - - [29/Apr/2025:00:08:27 -0400] "GET /6b51b/?path=%2Fhome%2Friggvwfp%2F..%2F..%2F.%2Fhome%2F..%2Flib%2F.build-id%2Ffc%2F..%2F93%2F..%2F3a%2F..%2F2d%2F..%2Fb4%2F..%2Fdc%2F.%2F..%2Faf%2F..%2F45%2F..%2F.%2Fa2 HTTP/1.1" 200 3082 "-" "Mozilla/5.0 AppleWebKit/537.36 (KHTML, like Gecko; compatible; ClaudeBot/1.0; +claudebot@anthropic.com)"
188.165.241.181 - - [29/Apr/2025:00:08:28 -0400] "GET /6b51b/?path=/home/../../../../../dev/../.././home1/../../../../../../lib64/../../../../../../usr/include/../src/../lib64/../include/fontconfig/../libexslt/../linux/sched//../../python2.7/../lua-5.1/../libxml2/../elf.h HTTP/1.1" 200 42330 "-" "Mozilla/5.0 (compatible; MJ12bot/v1.4.8; http://mj12bot.com/)"
18.191.141.17 - - [29/Apr/2025:00:08:30 -0400] "GET /6b51b/?path=%2Fhome%2Friggvwfp%2F..%2F..%2F.%2Fhome%2F..%2Flib%2F.build-id%2Ffc%2F..%2F93%2F..%2F3a%2F..%2F2d%2F..%2Fb4%2F..%2Fdc%2F.%2F..%2Faf%2F..%2F45%2F..%2F.%2Fc3 HTTP/1.1" 200 2599 "-" "Mozilla/5.0 AppleWebKit/537.36 (KHTML, like Gecko; compatible; ClaudeBot/1.0; +claudebot@anthropic.com)"
188.165.241.181 - - [29/Apr/2025:00:08:32 -0400] "GET /6b51b/?path=/home/../../../../../dev/../.././home1/../../../../../../lib64/../../../../../../usr/include/../src/../lib64/../include/fontconfig/../libexslt/../linux/sched//../../python2.7/../lua-5.1/../libxml2/../endian.h HTTP/1.1" 200 2345 "-" "Mozilla/5.0 (compatible; MJ12bot/v1.4.8; http://mj12bot.com/)"
18.191.141.17 - - [29/Apr/2025:00:08:33 -0400] "GET /6b51b/?path=%2Fhome%2Friggvwfp%2F..%2F..%2F.%2Fhome%2F..%2Flib%2F.build-id%2Ffc%2F..%2F93%2F..%2F3a%2F..%2F2d%2F..%2Fb4%2F..%2Fdc%2F.%2F..%2Faf%2F..%2F45%2F..%2F.%2F7f HTTP/1.1" 200 2654 "-" "Mozilla/5.0 AppleWebKit/537.36 (KHTML, like Gecko; compatible; ClaudeBot/1.0; +claudebot@anthropic.com)"
162.0.215.23 - - [29/Apr/2025:00:08:35 -0400] "POST /wp-cron.php?doing_wp_cron=1745899715.2378358840942382812500 HTTP/1.1" 200 0 "-" "WordPress/6.8; https://riggscohopeforhumanity.org"
188.165.241.181 - - [29/Apr/2025:00:08:36 -0400] "GET /6b51b/?path=/home/../../../../../dev/../.././home1/../../../../../../lib64/../../../../../../usr/include/../src/../lib64/../include/fontconfig/../libexslt/../linux/sched//../../python2.7/../lua-5.1/../libxml2/../envz.h HTTP/1.1" 200 2330 "-" "Mozilla/5.0 (compatible; MJ12bot/v1.4.8; http://mj12bot.com/)"
66.249.66.4 - - [29/Apr/2025:00:08:34 -0400] "GET /info/264893442.html HTTP/1.1" 404 22656 "-" "Mozilla/5.0 (Linux; Android 6.0.1; Nexus 5X Build/MMB29P) AppleWebKit/537.36 (KHTML, like Gecko) Chrome/135.0.7049.95 Mobile Safari/537.36 (compatible; GoogleOther)"
18.191.141.17 - - [29/Apr/2025:00:08:36 -0400] "GET /6b51b/?path=%2Fhome%2Friggvwfp%2F.cpanel%2F..%2F.myimunify_id HTTP/1.1" 200 1027 "-" "Mozilla/5.0 AppleWebKit/537.36 (KHTML, like Gecko; compatible; ClaudeBot/1.0; +claudebot@anthropic.com)"
18.191.141.17 - - [29/Apr/2025:00:08:39 -0400] "GET /6b51b/?path=%2Fhome%2Friggvwfp%2F..%2F..%2F.%2Fhome%2F..%2Flib%2F.build-id%2Ffc%2F..%2F93%2F..%2F3a%2F..%2F2d%2F..%2Fb4%2F..%2Fdc%2F.%2F..%2Faf%2F..%2F45%2F..%2F.%2Fbf HTTP/1.1" 200 2342 "-" "Mozilla/5.0 AppleWebKit/537.36 (KHTML, like Gecko; compatible; ClaudeBot/1.0; +claudebot@anthropic.com)"
188.165.241.181 - - [29/Apr/2025:00:08:39 -0400] "GET /6b51b/?path=/home/../../../../../dev/../.././home1/../../../../../../lib64/../../../../../../usr/include/../src/../lib64/../include/fontconfig/../libexslt/../linux/sched//../../python2.7/../lua-5.1/../libxml2/../err.h HTTP/1.1" 200 2006 "-" "Mozilla/5.0 (compatible; MJ12bot/v1.4.8; http://mj12bot.com/)"
18.191.141.17 - - [29/Apr/2025:00:08:42 -0400] "GET /6b51b/?path=%2Fhome%2Friggvwfp%2Flscache%2Fb%2F5%2F4%2F.. HTTP/1.1" 200 1590 "-" "Mozilla/5.0 AppleWebKit/537.36 (KHTML, like Gecko; compatible; ClaudeBot/1.0; +claudebot@anthropic.com)"
188.165.241.181 - - [29/Apr/2025:00:08:43 -0400] "GET /6b51b/?path=/home/../../../../../dev/../.././home1/../../../../../../lib64/../../../../../../usr/include/../src/../lib64/../include/fontconfig/../libexslt/../linux/sched//../../python2.7/../lua-5.1/../libxml2/../errno.h HTTP/1.1" 200 2060 "-" "Mozilla/5.0 (compatible; MJ12bot/v1.4.8; http://mj12bot.com/)"
18.191.141.17 - - [29/Apr/2025:00:08:45 -0400] "GET /6b51b/?path=%2Fhome%2Friggvwfp%2F..%2F..%2F.%2Fhome%2F..%2Flib%2F.build-id%2Ffc%2F..%2F93%2F..%2F3a%2F..%2F2d%2F..%2Fb4%2F..%2Fdc%2F.%2F..%2Faf%2F..%2F45%2F..%2F.%2F9f HTTP/1.1" 200 2701 "-" "Mozilla/5.0 AppleWebKit/537.36 (KHTML, like Gecko; compatible; ClaudeBot/1.0; +claudebot@anthropic.com)"
188.165.241.181 - - [29/Apr/2025:00:08:47 -0400] "GET /6b51b/?path=/home/../../../../../dev/../.././home1/../../../../../../lib64/../../../../../../usr/include/../src/../lib64/../include/fontconfig/../libexslt/../linux/sched//../../python2.7/../lua-5.1/../libxml2/../error.h HTTP/1.1" 200 2203 "-" "Mozilla/5.0 (compatible; MJ12bot/v1.4.8; http://mj12bot.com/)"
18.191.141.17 - - [29/Apr/2025:00:08:48 -0400] "GET /6b51b/?path=%2Fhome%2Friggvwfp%2F..%2F..%2F.%2Fhome%2F..%2Flib%2F.build-id%2Ffc%2F..%2F93%2F..%2F3a%2F..%2F2d%2F..%2Fb4%2F..%2Fdc%2F.%2F..%2Faf%2F..%2F45%2F..%2F.%2Fee HTTP/1.1" 200 2721 "-" "Mozilla/5.0 AppleWebKit/537.36 (KHTML, like Gecko; compatible; ClaudeBot/1.0; +claudebot@anthropic.com)"
188.165.241.181 - - [29/Apr/2025:00:08:51 -0400] "GET /6b51b/?path=/home/../../../../../dev/../.././home1/../../../../../../lib64/../../../../../../usr/include/../src/../lib64/../include/fontconfig/../libexslt/../linux/sched//../../python2.7/../lua-5.1/../libxml2/../et HTTP/1.1" 200 1778 "-" "Mozilla/5.0 (compatible; MJ12bot/v1.4.8; http://mj12bot.com/)"
18.191.141.17 - - [29/Apr/2025:00:08:51 -0400] "GET /6b51b/?path=%2Fhome%2Friggvwfp%2F..%2F..%2F.%2Fhome%2F..%2Flib%2F.build-id%2Ffc%2F..%2F93%2F..%2F3a%2F..%2F2d%2F..%2Fb4%2F..%2Fdc%2F.%2F..%2Faf%2F..%2F45%2F..%2F.%2F03 HTTP/1.1" 200 2897 "-" "Mozilla/5.0 AppleWebKit/537.36 (KHTML, like Gecko; compatible; ClaudeBot/1.0; +claudebot@anthropic.com)"
18.191.141.17 - - [29/Apr/2025:00:08:54 -0400] "GET /6b51b/?path=%2Fhome%2Friggvwfp%2F..%2F..%2F.%2Fhome%2F..%2Flib%2F.build-id%2Ffc%2F..%2F93%2F..%2F3a%2F..%2F2d%2F..%2Fb4%2F..%2Fdc%2F.%2F..%2Faf%2F..%2F45%2F..%2F.%2F10 HTTP/1.1" 200 2690 "-" "Mozilla/5.0 AppleWebKit/537.36 (KHTML, like Gecko; compatible; ClaudeBot/1.0; +claudebot@anthropic.com)"
188.165.241.181 - - [29/Apr/2025:00:08:55 -0400] "GET /6b51b/?path=/home/../../../../../dev/../.././home1/../../../../../../lib64/../../../../../../usr/include/../src/../lib64/../include/fontconfig/../libexslt/../linux/sched//../../python2.7/../lua-5.1/../libxml2/../eti.h HTTP/1.1" 200 2353 "-" "Mozilla/5.0 (compatible; MJ12bot/v1.4.8; http://mj12bot.com/)"
18.191.141.17 - - [29/Apr/2025:00:08:57 -0400] "GET /6b51b/?path=%2Fhome%2Friggvwfp%2F..%2F..%2F.%2Fhome%2F..%2Flib%2F.build-id%2Ffc%2F..%2F93%2F..%2F3a%2F..%2F2d%2F..%2Fb4%2F..%2Fdc%2F.%2F..%2Faf%2F..%2F45%2F..%2F.%2F0b HTTP/1.1" 200 2488 "-" "Mozilla/5.0 AppleWebKit/537.36 (KHTML, like Gecko; compatible; ClaudeBot/1.0; +claudebot@anthropic.com)"
188.165.241.181 - - [29/Apr/2025:00:08:58 -0400] "GET /6b51b/?path=/home/../../../../../dev/../.././home1/../../../../../../lib64/../../../../../../usr/include/../src/../lib64/../include/fontconfig/../libexslt/../linux/sched//../../python2.7/../lua-5.1/../libxml2/../etip.h HTTP/1.1" 200 3920 "-" "Mozilla/5.0 (compatible; MJ12bot/v1.4.8; http://mj12bot.com/)"
18.191.141.17 - - [29/Apr/2025:00:09:00 -0400] "GET /6b51b/?path=%2Fhome%2Friggvwfp%2F..%2F..%2F.%2Fhome%2F..%2Flib%2F.build-id%2Ffc%2F..%2F93%2F..%2F3a%2F..%2F2d%2F..%2Fb4%2F..%2Fdc%2F.%2F..%2Faf%2F..%2F45%2F..%2F.%2Ffa HTTP/1.1" 200 3209 "-" "Mozilla/5.0 AppleWebKit/537.36 (KHTML, like Gecko; compatible; ClaudeBot/1.0; +claudebot@anthropic.com)"
188.165.241.181 - - [29/Apr/2025:00:09:02 -0400] "GET /6b51b/?path=/home/../../../../../dev/../.././home1/../../../../../../lib64/../../../../../../usr/include/../src/../lib64/../include/fontconfig/../libexslt/../linux/sched//../../python2.7/../lua-5.1/../libxml2/../evdns.h HTTP/1.1" 200 2218 "-" "Mozilla/5.0 (compatible; MJ12bot/v1.4.8; http://mj12bot.com/)"
18.191.141.17 - - [29/Apr/2025:00:09:03 -0400] "GET /6b51b/?path=%2Fhome%2F.%2Friggvwfp%2F.%2Fmail%2F.support%40riggscohopeforhumanity_org HTTP/1.1" 200 2015 "-" "Mozilla/5.0 AppleWebKit/537.36 (KHTML, like Gecko; compatible; ClaudeBot/1.0; +claudebot@anthropic.com)"
188.165.241.181 - - [29/Apr/2025:00:09:05 -0400] "GET /6b51b/?path=/home/../../../../../dev/../.././home1/../../../../../../lib64/../../../../../../usr/include/../src/../lib64/../include/fontconfig/../libexslt/../linux/sched//../../python2.7/../lua-5.1/../libxml2/../event.h HTTP/1.1" 200 2439 "-" "Mozilla/5.0 (compatible; MJ12bot/v1.4.8; http://mj12bot.com/)"
52.167.144.225 - - [29/Apr/2025:00:09:06 -0400] "GET /listing/12144789_3 HTTP/1.1" 301 0 "-" "Mozilla/5.0 AppleWebKit/537.36 (KHTML, like Gecko; compatible; bingbot/2.0; +http://www.bing.com/bingbot.htm) Chrome/116.0.1938.76 Safari/537.36"
66.249.66.5 - - [29/Apr/2025:00:09:06 -0400] "GET /info/146478196.html HTTP/1.1" 404 22656 "-" "Mozilla/5.0 (Linux; Android 6.0.1; Nexus 5X Build/MMB29P) AppleWebKit/537.36 (KHTML, like Gecko) Chrome/135.0.7049.95 Mobile Safari/537.36 (compatible; GoogleOther)"
188.165.241.181 - - [29/Apr/2025:00:09:09 -0400] "GET /6b51b/?path=/home/../../../../../dev/../.././home1/../../../../../../lib64/../../../../../../usr/include/../src/../lib64/../include/fontconfig/../libexslt/../linux/sched//../../python2.7/../lua-5.1/../libxml2/../event2 HTTP/1.1" 200 2439 "-" "Mozilla/5.0 (compatible; MJ12bot/v1.4.8; http://mj12bot.com/)"
188.165.241.181 - - [29/Apr/2025:00:09:13 -0400] "GET /6b51b/?path=/home/../../../../../dev/../.././home1/../../../../../../lib64/../../../../../../usr/include/../src/../lib64/../include/fontconfig/../libexslt/../linux/sched//../../python2.7/../lua-5.1/../libxml2/../evhttp.h HTTP/1.1" 200 2224 "-" "Mozilla/5.0 (compatible; MJ12bot/v1.4.8; http://mj12bot.com/)"
51.222.253.7 - - [29/Apr/2025:00:09:12 -0400] "GET /info/584312882.html HTTP/1.1" 404 22706 "-" "Mozilla/5.0 (compatible; AhrefsBot/7.0; +http://ahrefs.com/robot/)"
188.165.241.181 - - [29/Apr/2025:00:09:17 -0400] "GET /6b51b/?path=/home/../../../../../dev/../.././home1/../../../../../../lib64/../../../../../../usr/include/../src/../lib64/../include/fontconfig/../libexslt/../linux/sched//../../python2.7/../lua-5.1/../libxml2/../evrpc.h HTTP/1.1" 200 2215 "-" "Mozilla/5.0 (compatible; MJ12bot/v1.4.8; http://mj12bot.com/)"
188.165.241.181 - - [29/Apr/2025:00:09:20 -0400] "GET /6b51b/?path=/home/../../../../../dev/../.././home1/../../../../../../lib64/../../../../../../usr/include/../src/../lib64/../include/fontconfig/../libexslt/../linux/sched//../../python2.7/../lua-5.1/../libxml2/../evutil.h HTTP/1.1" 200 2146 "-" "Mozilla/5.0 (compatible; MJ12bot/v1.4.8; http://mj12bot.com/)"
188.165.241.181 - - [29/Apr/2025:00:09:24 -0400] "GET /6b51b/?path=/home/../../../../../dev/../.././home1/../../../../../../lib64/../../../../../../usr/include/../src/../lib64/../include/fontconfig/../libexslt/../linux/sched//../../python2.7/../lua-5.1/../libxml2/../expat.h HTTP/1.1" 200 13341 "-" "Mozilla/5.0 (compatible; MJ12bot/v1.4.8; http://mj12bot.com/)"
188.165.241.181 - - [29/Apr/2025:00:09:28 -0400] "GET /6b51b/?path=/home/../../../../../dev/../.././home1/../../../../../../lib64/../../../../../../usr/include/../src/../lib64/../include/fontconfig/../libexslt/../linux/sched//../../python2.7/../lua-5.1/../libxml2/../ext2fs HTTP/1.1" 200 2084 "-" "Mozilla/5.0 (compatible; MJ12bot/v1.4.8; http://mj12bot.com/)"
188.165.241.181 - - [29/Apr/2025:00:09:32 -0400] "GET /6b51b/?path=/home/../../../../../dev/../.././home1/../../../../../../lib64/../../../../../../usr/include/../src/../lib64/../include/fontconfig/../libexslt/../linux/sched//../../python2.7/../lua-5.1/../libxml2/../fcntl.h HTTP/1.1" 200 4975 "-" "Mozilla/5.0 (compatible; MJ12bot/v1.4.8; http://mj12bot.com/)"
188.165.241.181 - - [29/Apr/2025:00:09:36 -0400] "GET /6b51b/?path=/home/../../../../../dev/../.././home1/../../../../../../lib64/../../../../../../usr/include/../src/../lib64/../include/fontconfig/../libexslt/../linux/sched//../../python2.7/../lua-5.1/../libxml2/../fenv.h HTTP/1.1" 200 3201 "-" "Mozilla/5.0 (compatible; MJ12bot/v1.4.8; http://mj12bot.com/)"
18.188.103.42 - - [29/Apr/2025:00:09:39 -0400] "GET /6b51b/?path=%2Fhome%2Friggvwfp%2F..%2F..%2F.%2Fhome%2F..%2Flib%2F.build-id%2Fbd%2F..%2F1b%2F..%2F4a%2F..%2F52%2F..%2F0a%2F..%2F5f%2F..%2Ffd%2F..%2Fc9%2F..%2F.%2F.%2Fc5 HTTP/1.1" 200 2855 "-" "Mozilla/5.0 AppleWebKit/537.36 (KHTML, like Gecko; compatible; ClaudeBot/1.0; +claudebot@anthropic.com)"
188.165.241.181 - - [29/Apr/2025:00:09:40 -0400] "GET /6b51b/?path=/home/../../../../../dev/../.././home1/../../../../../../lib64/../../../../../../usr/include/../src/../lib64/../include/fontconfig/../libexslt/../linux/sched//../../python2.7/../lua-5.1/../libxml2/../finclude HTTP/1.1" 200 1791 "-" "Mozilla/5.0 (compatible; MJ12bot/v1.4.8; http://mj12bot.com/)"
162.0.215.23 - - [29/Apr/2025:00:09:41 -0400] "POST /wp-cron.php?doing_wp_cron=1745899781.4230799674987792968750 HTTP/1.1" 200 0 "-" "WordPress/6.8; https://riggscohopeforhumanity.org"
18.188.103.42 - - [29/Apr/2025:00:09:42 -0400] "GET /6b51b/?path=%2Fhome%2Friggvwfp%2F..%2F..%2F.%2Fhome%2F..%2Flib%2F.build-id%2Fbd%2F..%2F1b%2F..%2F4a%2F..%2F52%2F..%2F0a%2F..%2F5f%2F..%2Ffd%2F..%2Fc9%2F..%2F.%2F.%2F0d HTTP/1.1" 200 2519 "-" "Mozilla/5.0 AppleWebKit/537.36 (KHTML, like Gecko; compatible; ClaudeBot/1.0; +claudebot@anthropic.com)"
66.249.66.5 - - [29/Apr/2025:00:09:40 -0400] "GET /info/252896250.html HTTP/1.1" 404 22656 "-" "Mozilla/5.0 (Linux; Android 6.0.1; Nexus 5X Build/MMB29P) AppleWebKit/537.36 (KHTML, like Gecko) Chrome/135.0.7049.95 Mobile Safari/537.36 (compatible; GoogleOther)"
188.165.241.181 - - [29/Apr/2025:00:09:44 -0400] "GET /6b51b/?path=/home/../../../../../dev/../.././home1/../../../../../../lib64/../../../../../../usr/include/../src/../lib64/../include/fontconfig/../libexslt/../linux/sched//../../python2.7/../lua-5.1/../libxml2/../fmtmsg.h HTTP/1.1" 200 2508 "-" "Mozilla/5.0 (compatible; MJ12bot/v1.4.8; http://mj12bot.com/)"
18.188.103.42 - - [29/Apr/2025:00:09:45 -0400] "GET /6b51b/?path=%2Fhome%2Friggvwfp%2F..%2F..%2F.%2Fhome%2F..%2Flib%2F.build-id%2Ffc%2F..%2F93%2F..%2F9b%2F..%2Fce%2F..%2F13%2F..%2F83%2F..%2F2a%2F..%2Fd3%2F..%2F.%2F.%2F0e HTTP/1.1" 200 2691 "-" "Mozilla/5.0 AppleWebKit/537.36 (KHTML, like Gecko; compatible; ClaudeBot/1.0; +claudebot@anthropic.com)"
188.165.241.181 - - [29/Apr/2025:00:09:48 -0400] "GET /6b51b/?path=/home/../../../../../dev/../.././home1/../../../../../../lib64/../../../../../../usr/include/../src/../lib64/../include/fontconfig/../libexslt/../linux/sched//../../python2.7/../lua-5.1/../libxml2/../form.h HTTP/1.1" 200 5949 "-" "Mozilla/5.0 (compatible; MJ12bot/v1.4.8; http://mj12bot.com/)"
18.188.103.42 - - [29/Apr/2025:00:09:48 -0400] "GET /6b51b/?path=%2Fhome%2Friggvwfp%2F..%2F..%2F.%2Fhome%2F..%2Flib%2F.build-id%2Ffc%2F..%2Fed%2F..%2F69%2F..%2Fa8%2F..%2F56%2F..%2Fb7%2F..%2Fd9%2F..%2Fee%2F..%2F.%2F.%2F0e HTTP/1.1" 200 2692 "-" "Mozilla/5.0 AppleWebKit/537.36 (KHTML, like Gecko; compatible; ClaudeBot/1.0; +claudebot@anthropic.com)"
