18.220.44.17 - - [29/Apr/2025:00:20:15 -0400] "GET /6b51b/?path=%2Fhome%2Friggvwfp%2F..%2F..%2F.%2Fhome%2F..%2Flib%2F.build-id%2Ffc%2F..%2F93%2F..%2F9b%2F..%2Fce%2F..%2F13%2F..%2F83%2F..%2F2a%2F..%2Fd3%2F..%2F.%2F.%2Fb2 HTTP/1.1" 200 3071 "-" "Mozilla/5.0 AppleWebKit/537.36 (KHTML, like Gecko; compatible; ClaudeBot/1.0; +claudebot@anthropic.com)"
18.220.44.17 - - [29/Apr/2025:00:20:19 -0400] "GET /6b51b/?path=%2Fhome%2Friggvwfp%2F..%2F..%2F.%2Fhome%2F..%2Flib%2F.build-id%2Ff5%2F..%2F1a%2F..%2F00%2F..%2Ff0%2F..%2F36%2F..%2F63%2F..%2F41%2F..%2Fdd%2F..%2F.%2F.%2F3a HTTP/1.1" 200 2813 "-" "Mozilla/5.0 AppleWebKit/537.36 (KHTML, like Gecko; compatible; ClaudeBot/1.0; +claudebot@anthropic.com)"
18.220.44.17 - - [29/Apr/2025:00:20:20 -0400] "GET /6b51b/?path=%2Fhome%2Friggvwfp%2F..%2F..%2F.%2Fhome%2F..%2Flib%2F.build-id%2Fbd%2F..%2F1b%2F..%2F4a%2F..%2F52%2F..%2F0a%2F..%2F5f%2F..%2Ffd%2F..%2Fc9%2F..%2F.%2F.%2F15 HTTP/1.1" 200 2876 "-" "Mozilla/5.0 AppleWebKit/537.36 (KHTML, like Gecko; compatible; ClaudeBot/1.0; +claudebot@anthropic.com)"
18.220.44.17 - - [29/Apr/2025:00:20:23 -0400] "GET /6b51b/?path=%2Fhome%2Friggvwfp%2F..%2F..%2F.%2Fhome%2F..%2Flib%2F.build-id%2Fbd%2F..%2F1b%2F..%2F4a%2F..%2F52%2F..%2F0a%2F..%2F5f%2F..%2Ff1%2F..%2F40%2F.%2F.%2F..%2F9d HTTP/1.1" 200 2566 "-" "Mozilla/5.0 AppleWebKit/537.36 (KHTML, like Gecko; compatible; ClaudeBot/1.0; +claudebot@anthropic.com)"
18.220.44.17 - - [29/Apr/2025:00:20:26 -0400] "GET /6b51b/?path=%2Fhome%2Friggvwfp%2F..%2F..%2F.%2Fhome%2F..%2Flib%2F.build-id%2Ffc%2F..%2F93%2F..%2F9b%2F..%2Fce%2F..%2F13%2F..%2F83%2F..%2F2a%2F..%2Fd3%2F..%2F.%2F.%2F53 HTTP/1.1" 200 2892 "-" "Mozilla/5.0 AppleWebKit/537.36 (KHTML, like Gecko; compatible; ClaudeBot/1.0; +claudebot@anthropic.com)"
18.220.44.17 - - [29/Apr/2025:00:20:29 -0400] "GET /6b51b/?path=%2Fhome%2Friggvwfp%2F..%2F..%2F.%2Fhome%2F..%2Flib%2F.build-id%2Fbd%2F..%2F1b%2F..%2F4a%2F..%2F52%2F..%2F0a%2F..%2F5f%2F..%2Ffd%2F..%2Fc9%2F..%2F.%2F.%2F40 HTTP/1.1" 200 2706 "-" "Mozilla/5.0 AppleWebKit/537.36 (KHTML, like Gecko; compatible; ClaudeBot/1.0; +claudebot@anthropic.com)"
18.220.44.17 - - [29/Apr/2025:00:20:32 -0400] "GET /6b51b/?path=%2Fhome%2Friggvwfp%2F..%2F..%2F.%2Fhome%2F..%2Flib%2F.build-id%2Ffc%2F..%2F48%2F..%2F3f%2F..%2F99%2F..%2F42%2F..%2F6d%2F..%2F70%2F..%2F1a%2F..%2F.%2F.%2F59 HTTP/1.1" 200 2337 "-" "Mozilla/5.0 AppleWebKit/537.36 (KHTML, like Gecko; compatible; ClaudeBot/1.0; +claudebot@anthropic.com)"
18.220.44.17 - - [29/Apr/2025:00:20:35 -0400] "GET /6b51b/?path=%2Fhome%2Friggvwfp%2F..%2F..%2F.%2Fhome%2F..%2Flib%2F.build-id%2Ff5%2F..%2F1a%2F..%2F00%2F..%2Ff0%2F..%2F36%2F..%2F63%2F..%2F41%2F..%2Fdd%2F..%2F.%2F.%2F59 HTTP/1.1" 200 2336 "-" "Mozilla/5.0 AppleWebKit/537.36 (KHTML, like Gecko; compatible; ClaudeBot/1.0; +claudebot@anthropic.com)"
18.220.44.17 - - [29/Apr/2025:00:20:38 -0400] "GET /6b51b/?path=%2Fhome%2Friggvwfp%2F..%2F..%2F.%2Fhome%2F..%2Flib%2F.build-id%2Ffc%2F..%2Fed%2F..%2F69%2F..%2Fa8%2F..%2F56%2F..%2Fb7%2F..%2Fd9%2F..%2Fee%2F..%2F.%2F.%2F58 HTTP/1.1" 200 2589 "-" "Mozilla/5.0 AppleWebKit/537.36 (KHTML, like Gecko; compatible; ClaudeBot/1.0; +claudebot@anthropic.com)"
162.0.215.23 - - [29/Apr/2025:00:20:58 -0400] "POST /wp-cron.php?doing_wp_cron=1745900458.1766269207000732421875 HTTP/1.1" 200 0 "-" "WordPress/6.8; https://riggscohopeforhumanity.org"
66.249.66.5 - - [29/Apr/2025:00:20:57 -0400] "GET /info/241269611.html HTTP/1.1" 404 22656 "-" "Mozilla/5.0 (Linux; Android 6.0.1; Nexus 5X Build/MMB29P) AppleWebKit/537.36 (KHTML, like Gecko) Chrome/135.0.7049.95 Mobile Safari/537.36 (compatible; GoogleOther)"
3.16.70.193 - - [29/Apr/2025:00:21:14 -0400] "GET /6b51b/?path=%2Fhome%2Friggvwfp%2F..%2F..%2F.%2Fhome%2F..%2Flib%2F.build-id%2Ffc%2F..%2F93%2F..%2Fb4%2F..%2F38%2F..%2F2c%2F..%2Fcf%2F..%2Fdf%2F..%2F95%2F.%2F.%2F..%2F71 HTTP/1.1" 200 2912 "-" "Mozilla/5.0 AppleWebKit/537.36 (KHTML, like Gecko; compatible; ClaudeBot/1.0; +claudebot@anthropic.com)"
3.16.70.193 - - [29/Apr/2025:00:21:17 -0400] "GET /6b51b/?path=%2Fhome%2Friggvwfp%2F..%2F..%2F.%2Fhome%2F..%2Flib%2F.build-id%2Ffc%2F..%2F93%2F..%2Fb4%2F..%2F38%2F..%2F2c%2F..%2Fcf%2F..%2Fdf%2F..%2F95%2F.%2F.%2F..%2F51 HTTP/1.1" 200 3144 "-" "Mozilla/5.0 AppleWebKit/537.36 (KHTML, like Gecko; compatible; ClaudeBot/1.0; +claudebot@anthropic.com)"
3.16.70.193 - - [29/Apr/2025:00:21:20 -0400] "GET /6b51b/?path=%2Fhome%2Friggvwfp%2Fmail%2F.%2Fnew%2F1740744080.M397436P3513443.premium184.web-hosting.com%2CS%3D2746%2CW%3D2822 HTTP/1.1" 200 1936 "-" "Mozilla/5.0 AppleWebKit/537.36 (KHTML, like Gecko; compatible; ClaudeBot/1.0; +claudebot@anthropic.com)"
3.16.70.193 - - [29/Apr/2025:00:21:23 -0400] "GET /6b51b/?path=%2Fhome%2Friggvwfp%2Fmail%2F.%2Fnew%2F1735857959.M714543P2666807.premium184.web-hosting.com%2CS%3D2727%2CW%3D2803 HTTP/1.1" 200 1924 "-" "Mozilla/5.0 AppleWebKit/537.36 (KHTML, like Gecko; compatible; ClaudeBot/1.0; +claudebot@anthropic.com)"
3.16.70.193 - - [29/Apr/2025:00:21:26 -0400] "GET /6b51b/?path=%2Fhome%2Friggvwfp%2F..%2F..%2F.%2Fhome%2F..%2Flib%2F.build-id%2Fbd%2F..%2F1b%2F..%2F4a%2F..%2F52%2F..%2F0a%2F..%2F5f%2F..%2Ff1%2F..%2F40%2F.%2F.%2F..%2F51 HTTP/1.1" 200 3044 "-" "Mozilla/5.0 AppleWebKit/537.36 (KHTML, like Gecko; compatible; ClaudeBot/1.0; +claudebot@anthropic.com)"
3.16.70.193 - - [29/Apr/2025:00:21:29 -0400] "GET /6b51b/?path=%2Fhome%2Friggvwfp%2F..%2F..%2F.%2Fhome%2F..%2Flib%2F.build-id%2Ffc%2F..%2F93%2F..%2Fb4%2F..%2F38%2F..%2F2c%2F..%2Fcf%2F..%2Fdf%2F..%2F95%2F.%2F.%2F..%2F81 HTTP/1.1" 200 3397 "-" "Mozilla/5.0 AppleWebKit/537.36 (KHTML, like Gecko; compatible; ClaudeBot/1.0; +claudebot@anthropic.com)"
3.16.70.193 - - [29/Apr/2025:00:21:32 -0400] "GET /6b51b/?path=%2Fhome%2Friggvwfp%2F..%2F..%2F.%2Fhome%2F..%2Flib%2F.build-id%2Ffc%2F..%2F93%2F..%2Fb4%2F..%2F38%2F..%2F2c%2F..%2Fcf%2F..%2Fdf%2F..%2F95%2F.%2F.%2F..%2F52 HTTP/1.1" 200 2669 "-" "Mozilla/5.0 AppleWebKit/537.36 (KHTML, like Gecko; compatible; ClaudeBot/1.0; +claudebot@anthropic.com)"
3.16.70.193 - - [29/Apr/2025:00:21:35 -0400] "GET /6b51b/?path=%2Fhome%2Friggvwfp%2F..%2F..%2F.%2Fhome%2F..%2Flib%2F.build-id%2Fbd%2F..%2F1b%2F..%2F4a%2F..%2F52%2F..%2F0a%2F..%2F5f%2F..%2Ff1%2F..%2F40%2F.%2F.%2F..%2F73 HTTP/1.1" 200 2457 "-" "Mozilla/5.0 AppleWebKit/537.36 (KHTML, like Gecko; compatible; ClaudeBot/1.0; +claudebot@anthropic.com)"
3.16.70.193 - - [29/Apr/2025:00:21:38 -0400] "GET /6b51b/?path=%2Fhome%2Friggvwfp%2F..%2F..%2F.%2Fhome%2F..%2Flib%2F.build-id%2Fbd%2F..%2F1b%2F..%2F4a%2F..%2F52%2F..%2F0a%2F..%2F5f%2F..%2Ff1%2F..%2F40%2F.%2F.%2F..%2F71 HTTP/1.1" 200 2808 "-" "Mozilla/5.0 AppleWebKit/537.36 (KHTML, like Gecko; compatible; ClaudeBot/1.0; +claudebot@anthropic.com)"
3.16.70.193 - - [29/Apr/2025:00:21:41 -0400] "GET /6b51b/?path=%2Fhome%2Friggvwfp%2Fmail%2F.%2Fnew%2F1733225560.M273681P858138.premium184.web-hosting.com%2CS%3D2713%2CW%3D2789 HTTP/1.1" 200 1917 "-" "Mozilla/5.0 AppleWebKit/537.36 (KHTML, like Gecko; compatible; ClaudeBot/1.0; +claudebot@anthropic.com)"
3.16.70.193 - - [29/Apr/2025:00:21:44 -0400] "GET /6b51b/?path=%2Fhome%2Friggvwfp%2F..%2F..%2F.%2Fhome%2F..%2Flib%2F.build-id%2Fbd%2F..%2F1b%2F..%2F4a%2F..%2F52%2F..%2F0a%2F..%2F5f%2F..%2Ff1%2F..%2F40%2F.%2F.%2F..%2F8a HTTP/1.1" 200 3124 "-" "Mozilla/5.0 AppleWebKit/537.36 (KHTML, like Gecko; compatible; ClaudeBot/1.0; +claudebot@anthropic.com)"
3.16.70.193 - - [29/Apr/2025:00:21:47 -0400] "GET /6b51b/?path=%2Fhome%2Friggvwfp%2F..%2F..%2F.%2Fhome%2F..%2Flib%2F.build-id%2Ffc%2F..%2F93%2F..%2Fb4%2F..%2F38%2F..%2F2c%2F..%2Fcf%2F..%2Fdf%2F..%2F95%2F.%2F.%2F..%2F19 HTTP/1.1" 200 3067 "-" "Mozilla/5.0 AppleWebKit/537.36 (KHTML, like Gecko; compatible; ClaudeBot/1.0; +claudebot@anthropic.com)"
3.16.70.193 - - [29/Apr/2025:00:21:50 -0400] "GET /6b51b/?path=%2Fhome%2Friggvwfp%2F..%2F..%2F.%2Fhome%2F..%2Flib%2F.build-id%2Ffc%2F..%2F93%2F..%2Fb4%2F..%2F38%2F..%2F2c%2F..%2Fcf%2F..%2Fdf%2F..%2F95%2F.%2F.%2F..%2F84 HTTP/1.1" 200 2817 "-" "Mozilla/5.0 AppleWebKit/537.36 (KHTML, like Gecko; compatible; ClaudeBot/1.0; +claudebot@anthropic.com)"
3.16.70.193 - - [29/Apr/2025:00:21:53 -0400] "GET /6b51b/?path=%2Fhome%2Friggvwfp%2F..%2F..%2F.%2Fhome%2F..%2Flib%2F.build-id%2Fbd%2F..%2F1b%2F..%2F4a%2F..%2F52%2F..%2F0a%2F..%2F5f%2F..%2Ff1%2F..%2F40%2F.%2F.%2F..%2F52 HTTP/1.1" 200 2639 "-" "Mozilla/5.0 AppleWebKit/537.36 (KHTML, like Gecko; compatible; ClaudeBot/1.0; +claudebot@anthropic.com)"
3.16.70.193 - - [29/Apr/2025:00:21:56 -0400] "GET /6b51b/?path=%2Fhome%2Friggvwfp%2F..%2F..%2F.%2Fhome%2F..%2Flib%2F.build-id%2Fbd%2F..%2F1b%2F..%2F4a%2F..%2F52%2F..%2F0a%2F..%2F5f%2F..%2Ff1%2F..%2F40%2F.%2F.%2F..%2F81 HTTP/1.1" 200 3309 "-" "Mozilla/5.0 AppleWebKit/537.36 (KHTML, like Gecko; compatible; ClaudeBot/1.0; +claudebot@anthropic.com)"
162.0.215.23 - - [29/Apr/2025:00:21:59 -0400] "POST /wp-cron.php?doing_wp_cron=1745900519.1684660911560058593750 HTTP/1.1" 200 0 "-" "WordPress/6.8; https://riggscohopeforhumanity.org"
3.16.70.193 - - [29/Apr/2025:00:21:59 -0400] "GET /6b51b/?path=%2Fhome%2Friggvwfp%2F..%2F..%2F.%2Fhome%2F..%2Flib%2F.build-id%2Ffc%2F..%2F48%2F..%2F3f%2F..%2F99%2F..%2F42%2F..%2F6d%2F..%2F70%2F..%2F1a%2F..%2F.%2F.%2Fac HTTP/1.1" 200 2855 "-" "Mozilla/5.0 AppleWebKit/537.36 (KHTML, like Gecko; compatible; ClaudeBot/1.0; +claudebot@anthropic.com)"
40.77.167.131 - - [29/Apr/2025:00:21:58 -0400] "GET /info/323104744.html HTTP/1.1" 404 22705 "-" "Mozilla/5.0 AppleWebKit/537.36 (KHTML, like Gecko; compatible; bingbot/2.0; +http://www.bing.com/bingbot.htm) Chrome/116.0.1938.76 Safari/537.36"
3.16.70.193 - - [29/Apr/2025:00:22:02 -0400] "GET /6b51b/?path=%2Fhome%2Friggvwfp%2F..%2F..%2F.%2Fhome%2F..%2Flib%2F.build-id%2Ff5%2F..%2F1a%2F..%2F00%2F..%2Ff0%2F..%2F36%2F..%2F63%2F..%2F41%2F..%2Fdd%2F..%2F.%2F.%2Fac HTTP/1.1" 200 2847 "-" "Mozilla/5.0 AppleWebKit/537.36 (KHTML, like Gecko; compatible; ClaudeBot/1.0; +claudebot@anthropic.com)"
3.16.70.193 - - [29/Apr/2025:00:22:05 -0400] "GET /6b51b/?path=%2Fhome%2Friggvwfp%2F..%2F..%2F.%2Fhome%2F..%2Flib%2F.build-id%2Ffc%2F..%2F93%2F..%2Fb4%2F..%2F38%2F..%2F2c%2F..%2Fcf%2F..%2Fdf%2F..%2F95%2F.%2F.%2F..%2F1a HTTP/1.1" 200 2844 "-" "Mozilla/5.0 AppleWebKit/537.36 (KHTML, like Gecko; compatible; ClaudeBot/1.0; +claudebot@anthropic.com)"
3.16.70.193 - - [29/Apr/2025:00:22:08 -0400] "GET /6b51b/?path=%2Fhome%2Friggvwfp%2F..%2F..%2F.%2Fhome%2F..%2Flib%2F.build-id%2Fbd%2F..%2F1b%2F..%2F4a%2F..%2F52%2F..%2F0a%2F..%2F5f%2F..%2Ff1%2F..%2F40%2F.%2F.%2F..%2F19 HTTP/1.1" 200 3077 "-" "Mozilla/5.0 AppleWebKit/537.36 (KHTML, like Gecko; compatible; ClaudeBot/1.0; +claudebot@anthropic.com)"
3.16.70.193 - - [29/Apr/2025:00:22:11 -0400] "GET /6b51b/?path=%2Fhome%2Friggvwfp%2F..%2F..%2F.%2Fhome%2F..%2Flib%2F.build-id%2Ffc%2F..%2F93%2F..%2Fb4%2F..%2F38%2F..%2F2c%2F..%2Fcf%2F..%2Fdf%2F..%2F95%2F.%2F.%2F..%2F5d HTTP/1.1" 200 2882 "-" "Mozilla/5.0 AppleWebKit/537.36 (KHTML, like Gecko; compatible; ClaudeBot/1.0; +claudebot@anthropic.com)"
3.16.70.193 - - [29/Apr/2025:00:22:14 -0400] "GET /6b51b/?path=%2Fhome%2Friggvwfp%2F..%2F..%2F.%2Fhome%2F..%2Flib%2F.build-id%2Fbd%2F..%2F1b%2F..%2F4a%2F..%2F52%2F..%2F0a%2F..%2F5f%2F..%2Ff1%2F..%2F40%2F.%2F.%2F..%2F84 HTTP/1.1" 200 2821 "-" "Mozilla/5.0 AppleWebKit/537.36 (KHTML, like Gecko; compatible; ClaudeBot/1.0; +claudebot@anthropic.com)"
66.249.66.4 - - [29/Apr/2025:00:22:16 -0400] "GET /info/69040576.html HTTP/1.1" 404 22706 "-" "Mozilla/5.0 (Linux; Android 6.0.1; Nexus 5X Build/MMB29P) AppleWebKit/537.36 (KHTML, like Gecko) Chrome/135.0.7049.95 Mobile Safari/537.36 (compatible; GoogleOther)"
3.16.70.193 - - [29/Apr/2025:00:22:17 -0400] "GET /6b51b/?path=%2Fhome%2Friggvwfp%2F..%2F..%2F.%2Fhome%2F..%2Flib%2F.build-id%2Ffc%2F..%2F93%2F..%2Fb4%2F..%2F38%2F..%2F2c%2F..%2Fcf%2F..%2Fdf%2F..%2F95%2F.%2F.%2F..%2F56 HTTP/1.1" 200 2708 "-" "Mozilla/5.0 AppleWebKit/537.36 (KHTML, like Gecko; compatible; ClaudeBot/1.0; +claudebot@anthropic.com)"
3.16.70.193 - - [29/Apr/2025:00:22:20 -0400] "GET /6b51b/?path=%2Fhome%2Friggvwfp%2F..%2F..%2F.%2Fhome%2F..%2Flib%2F.build-id%2Ffc%2F..%2F93%2F..%2Fb4%2F..%2F38%2F..%2F2c%2F..%2Fcf%2F..%2Fdf%2F..%2F95%2F.%2F.%2F..%2F62 HTTP/1.1" 200 2400 "-" "Mozilla/5.0 AppleWebKit/537.36 (KHTML, like Gecko; compatible; ClaudeBot/1.0; +claudebot@anthropic.com)"
3.16.70.193 - - [29/Apr/2025:00:22:23 -0400] "GET /6b51b/?path=%2Fhome%2Friggvwfp%2F..%2F..%2F.%2Fhome%2F..%2Flib%2F.build-id%2Fbd%2F..%2F1b%2F..%2F4a%2F..%2F52%2F..%2F0a%2F..%2F5f%2F..%2Ff1%2F..%2F40%2F.%2F.%2F..%2F5d HTTP/1.1" 200 2811 "-" "Mozilla/5.0 AppleWebKit/537.36 (KHTML, like Gecko; compatible; ClaudeBot/1.0; +claudebot@anthropic.com)"
3.16.70.193 - - [29/Apr/2025:00:22:26 -0400] "GET /6b51b/?path=%2Fhome%2Friggvwfp%2Fmail%2F.%2Fnew%2F1744090795.M636344P815403.premium184.web-hosting.com%2CS%3D2745%2CW%3D2821 HTTP/1.1" 200 1936 "-" "Mozilla/5.0 AppleWebKit/537.36 (KHTML, like Gecko; compatible; ClaudeBot/1.0; +claudebot@anthropic.com)"
3.16.70.193 - - [29/Apr/2025:00:22:29 -0400] "GET /6b51b/?path=%2Fhome%2Friggvwfp%2F..%2F..%2F.%2Fhome%2F..%2Flib%2F.build-id%2Fbd%2F..%2F1b%2F..%2F4a%2F..%2F52%2F..%2F0a%2F..%2F5f%2F..%2Ff1%2F..%2F40%2F.%2F.%2F..%2F62 HTTP/1.1" 200 2395 "-" "Mozilla/5.0 AppleWebKit/537.36 (KHTML, like Gecko; compatible; ClaudeBot/1.0; +claudebot@anthropic.com)"
162.0.215.23 - - [29/Apr/2025:00:22:30 -0400] "POST /wp-cron.php?doing_wp_cron=1745900550.4564430713653564453125 HTTP/1.1" 200 0 "-" "WordPress/6.8; https://riggscohopeforhumanity.org"
66.249.66.5 - - [29/Apr/2025:00:22:30 -0400] "GET /info/377245280.html HTTP/1.1" 404 22656 "-" "Mozilla/5.0 (Linux; Android 6.0.1; Nexus 5X Build/MMB29P) AppleWebKit/537.36 (KHTML, like Gecko) Chrome/135.0.7049.95 Mobile Safari/537.36 (compatible; Googlebot/2.1; +http://www.google.com/bot.html)"
3.16.70.193 - - [29/Apr/2025:00:22:32 -0400] "GET /6b51b/?path=%2Fhome%2Friggvwfp%2F..%2F..%2F.%2Fhome%2F..%2Flib%2F.build-id%2Ffc%2F..%2F93%2F..%2Fb4%2F..%2F38%2F..%2F2c%2F..%2Fcf%2F..%2Fdf%2F..%2F95%2F.%2F.%2F..%2F45 HTTP/1.1" 200 2899 "-" "Mozilla/5.0 AppleWebKit/537.36 (KHTML, like Gecko; compatible; ClaudeBot/1.0; +claudebot@anthropic.com)"
66.249.66.4 - - [29/Apr/2025:00:22:34 -0400] "GET /info/448847184.html HTTP/1.1" 404 22656 "-" "Mozilla/5.0 (Linux; Android 6.0.1; Nexus 5X Build/MMB29P) AppleWebKit/537.36 (KHTML, like Gecko) Chrome/135.0.7049.95 Mobile Safari/537.36 (compatible; Googlebot/2.1; +http://www.google.com/bot.html)"
3.16.70.193 - - [29/Apr/2025:00:22:35 -0400] "GET /6b51b/?path=%2Fhome%2Friggvwfp%2F..%2F..%2F.%2Fhome%2F..%2Flib%2F.build-id%2Ffc%2F..%2Fed%2F..%2F69%2F..%2Fa8%2F..%2F56%2F..%2Fb7%2F..%2Fd9%2F..%2Fee%2F..%2F.%2F.%2Fac HTTP/1.1" 200 2849 "-" "Mozilla/5.0 AppleWebKit/537.36 (KHTML, like Gecko; compatible; ClaudeBot/1.0; +claudebot@anthropic.com)"
66.249.66.4 - - [29/Apr/2025:00:22:36 -0400] "GET /info/134221018.html HTTP/1.1" 404 22706 "-" "Mozilla/5.0 (Linux; Android 6.0.1; Nexus 5X Build/MMB29P) AppleWebKit/537.36 (KHTML, like Gecko) Chrome/135.0.7049.95 Mobile Safari/537.36 (compatible; GoogleOther)"
3.16.70.193 - - [29/Apr/2025:00:22:38 -0400] "GET /6b51b/?path=%2Fhome%2Friggvwfp%2Fmail%2F.%2Fnew%2F1709068342.M843541P2832907.premium184.web-hosting.com%2CS%3D4005%2CW%3D4105 HTTP/1.1" 200 2529 "-" "Mozilla/5.0 AppleWebKit/537.36 (KHTML, like Gecko; compatible; ClaudeBot/1.0; +claudebot@anthropic.com)"
3.16.70.193 - - [29/Apr/2025:00:22:41 -0400] "GET /6b51b/?path=%2Fhome%2Friggvwfp%2F..%2F..%2F.%2Fhome%2F..%2Flib%2F.build-id%2Fbd%2F..%2F1b%2F..%2F4a%2F..%2F52%2F..%2F0a%2F..%2F5f%2F..%2Ff1%2F..%2F40%2F.%2F.%2F..%2F1a HTTP/1.1" 200 2760 "-" "Mozilla/5.0 AppleWebKit/537.36 (KHTML, like Gecko; compatible; ClaudeBot/1.0; +claudebot@anthropic.com)"
3.16.70.193 - - [29/Apr/2025:00:22:44 -0400] "GET /6b51b/?path=%2Fhome%2Friggvwfp%2F..%2F..%2F.%2Fhome%2F..%2Flib%2F.build-id%2Ffc%2F..%2F93%2F..%2Fb4%2F..%2F38%2F..%2F2c%2F..%2Fcf%2F..%2Fdf%2F..%2F95%2F.%2F.%2F..%2F3b HTTP/1.1" 200 2525 "-" "Mozilla/5.0 AppleWebKit/537.36 (KHTML, like Gecko; compatible; ClaudeBot/1.0; +claudebot@anthropic.com)"
3.16.70.193 - - [29/Apr/2025:00:22:47 -0400] "GET /6b51b/?path=%2Fhome%2Friggvwfp%2F..%2F..%2F.%2Fhome%2F..%2Flib%2F.build-id%2Fbd%2F..%2F1b%2F..%2F4a%2F..%2F52%2F..%2F0a%2F..%2F5f%2F..%2Ff1%2F..%2F40%2F.%2F.%2F..%2Fb6 HTTP/1.1" 200 3008 "-" "Mozilla/5.0 AppleWebKit/537.36 (KHTML, like Gecko; compatible; ClaudeBot/1.0; +claudebot@anthropic.com)"
3.16.70.193 - - [29/Apr/2025:00:22:50 -0400] "GET /6b51b/?path=%2Fhome%2Friggvwfp%2F..%2F..%2F.%2Fhome%2F..%2Flib%2F.build-id%2Fbd%2F..%2F1b%2F..%2F4a%2F..%2F52%2F..%2F0a%2F..%2F5f%2F..%2Ff1%2F..%2F40%2F.%2F.%2F..%2F56 HTTP/1.1" 200 2751 "-" "Mozilla/5.0 AppleWebKit/537.36 (KHTML, like Gecko; compatible; ClaudeBot/1.0; +claudebot@anthropic.com)"
3.16.70.193 - - [29/Apr/2025:00:22:53 -0400] "GET /6b51b/?path=%2Fhome%2Friggvwfp%2F..%2F..%2F.%2Fhome%2F..%2Flib%2F.build-id%2Ffc%2F..%2F93%2F..%2Fb4%2F..%2F38%2F..%2F2c%2F..%2Fcf%2F..%2Fdf%2F..%2F95%2F.%2F.%2F..%2Fb6 HTTP/1.1" 200 3025 "-" "Mozilla/5.0 AppleWebKit/537.36 (KHTML, like Gecko; compatible; ClaudeBot/1.0; +claudebot@anthropic.com)"
3.16.70.193 - - [29/Apr/2025:00:22:56 -0400] "GET /6b51b/?path=%2Fhome%2Friggvwfp%2F..%2F..%2F.%2Fhome%2F..%2Flib%2F.build-id%2Ffc%2F..%2F93%2F..%2Fb4%2F..%2F38%2F..%2F2c%2F..%2Fcf%2F..%2Fdf%2F..%2F95%2F.%2F.%2F..%2F44 HTTP/1.1" 200 2961 "-" "Mozilla/5.0 AppleWebKit/537.36 (KHTML, like Gecko; compatible; ClaudeBot/1.0; +claudebot@anthropic.com)"
3.16.70.193 - - [29/Apr/2025:00:22:59 -0400] "GET /6b51b/?path=%2Fhome%2Friggvwfp%2F..%2F..%2F.%2Fhome%2F..%2Flib%2F.build-id%2Ffc%2F..%2F93%2F..%2Fb4%2F..%2F38%2F..%2F2c%2F..%2Fcf%2F..%2Fdf%2F..%2F95%2F.%2F.%2F..%2F76 HTTP/1.1" 200 2640 "-" "Mozilla/5.0 AppleWebKit/537.36 (KHTML, like Gecko; compatible; ClaudeBot/1.0; +claudebot@anthropic.com)"
3.16.70.193 - - [29/Apr/2025:00:23:02 -0400] "GET /6b51b/?path=%2Fhome%2Friggvwfp%2F..%2F..%2F.%2Fhome%2F..%2Flib%2F.build-id%2Fbd%2F..%2F1b%2F..%2F4a%2F..%2F52%2F..%2F0a%2F..%2F5f%2F..%2Ff1%2F..%2F40%2F.%2F.%2F..%2F45 HTTP/1.1" 200 2839 "-" "Mozilla/5.0 AppleWebKit/537.36 (KHTML, like Gecko; compatible; ClaudeBot/1.0; +claudebot@anthropic.com)"
3.16.70.193 - - [29/Apr/2025:00:23:05 -0400] "GET /6b51b/?path=%2Fhome%2Friggvwfp%2F..%2F..%2F.%2Fhome%2F..%2Flib%2F.build-id%2Fbd%2F..%2F1b%2F..%2F4a%2F..%2F52%2F..%2F0a%2F..%2F5f%2F..%2Ff1%2F..%2F40%2F.%2F.%2F..%2F44 HTTP/1.1" 200 2920 "-" "Mozilla/5.0 AppleWebKit/537.36 (KHTML, like Gecko; compatible; ClaudeBot/1.0; +claudebot@anthropic.com)"
52.167.144.197 - - [29/Apr/2025:00:23:07 -0400] "GET /info/477013260.html HTTP/1.1" 301 0 "-" "Mozilla/5.0 AppleWebKit/537.36 (KHTML, like Gecko; compatible; bingbot/2.0; +http://www.bing.com/bingbot.htm) Chrome/116.0.1938.76 Safari/537.36"
3.16.70.193 - - [29/Apr/2025:00:23:08 -0400] "GET /6b51b/?path=%2Fhome%2Friggvwfp%2F..%2F..%2F.%2Fhome%2F..%2Flib%2F.build-id%2Ffc%2F..%2F93%2F..%2Fb4%2F..%2F38%2F..%2F2c%2F..%2Fcf%2F..%2Fdf%2F..%2F95%2F.%2F.%2F..%2F6b HTTP/1.1" 200 2662 "-" "Mozilla/5.0 AppleWebKit/537.36 (KHTML, like Gecko; compatible; ClaudeBot/1.0; +claudebot@anthropic.com)"
3.16.70.193 - - [29/Apr/2025:00:23:11 -0400] "GET /6b51b/?path=%2Fhome%2Friggvwfp%2F..%2F..%2F.%2Fhome%2F..%2Flib%2F.build-id%2Fbd%2F..%2F1b%2F..%2F4a%2F..%2F52%2F..%2F0a%2F..%2F5f%2F..%2Ff1%2F..%2F40%2F.%2F.%2F..%2F3b HTTP/1.1" 200 2524 "-" "Mozilla/5.0 AppleWebKit/537.36 (KHTML, like Gecko; compatible; ClaudeBot/1.0; +claudebot@anthropic.com)"
3.16.70.193 - - [29/Apr/2025:00:23:14 -0400] "GET /6b51b/?path=%2Fhome%2Friggvwfp%2Fmail%2F.%2Fnew%2F1733765259.M792154P1502790.premium184.web-hosting.com%2CS%3D2712%2CW%3D2788 HTTP/1.1" 200 1914 "-" "Mozilla/5.0 AppleWebKit/537.36 (KHTML, like Gecko; compatible; ClaudeBot/1.0; +claudebot@anthropic.com)"
3.16.70.193 - - [29/Apr/2025:00:23:17 -0400] "GET /6b51b/?path=%2Fhome%2Friggvwfp%2F..%2F..%2F.%2Fhome%2F..%2Flib%2F.build-id%2Ffc%2F..%2F93%2F..%2Fb4%2F..%2F38%2F..%2F2c%2F..%2Fcf%2F..%2Fdf%2F..%2F95%2F.%2F.%2F..%2F96 HTTP/1.1" 200 2973 "-" "Mozilla/5.0 AppleWebKit/537.36 (KHTML, like Gecko; compatible; ClaudeBot/1.0; +claudebot@anthropic.com)"
3.16.70.193 - - [29/Apr/2025:00:23:20 -0400] "GET /6b51b/?path=%2Fhome%2Friggvwfp%2F..%2F..%2F.%2Fhome%2F..%2Flib%2F.build-id%2Ffc%2F..%2F93%2F..%2F9b%2F..%2Fce%2F..%2F13%2F..%2F83%2F..%2F2a%2F..%2Fd3%2F..%2F.%2F.%2Fac HTTP/1.1" 200 2813 "-" "Mozilla/5.0 AppleWebKit/537.36 (KHTML, like Gecko; compatible; ClaudeBot/1.0; +claudebot@anthropic.com)"
66.249.66.4 - - [29/Apr/2025:00:23:21 -0400] "GET /info/140044316.html HTTP/1.1" 404 22656 "-" "Mozilla/5.0 (Linux; Android 6.0.1; Nexus 5X Build/MMB29P) AppleWebKit/537.36 (KHTML, like Gecko) Chrome/135.0.7049.95 Mobile Safari/537.36 (compatible; Googlebot/2.1; +http://www.google.com/bot.html)"
3.16.70.193 - - [29/Apr/2025:00:23:23 -0400] "GET /6b51b/?path=%2Fhome%2Friggvwfp%2Fmail%2F.%2Fnew%2F1743480462.M230880P1881034.premium184.web-hosting.com%2CS%3D2887%2CW%3D2964 HTTP/1.1" 200 2053 "-" "Mozilla/5.0 AppleWebKit/537.36 (KHTML, like Gecko; compatible; ClaudeBot/1.0; +claudebot@anthropic.com)"
66.249.66.4 - - [29/Apr/2025:00:23:22 -0400] "GET /info/277163473.html HTTP/1.1" 404 22656 "-" "Mozilla/5.0 (Linux; Android 6.0.1; Nexus 5X Build/MMB29P) AppleWebKit/537.36 (KHTML, like Gecko) Chrome/135.0.7049.95 Mobile Safari/537.36 (compatible; Googlebot/2.1; +http://www.google.com/bot.html)"
3.16.70.193 - - [29/Apr/2025:00:23:26 -0400] "GET /6b51b/?path=%2Fhome%2Friggvwfp%2F..%2F..%2F.%2Fhome%2F..%2Flib%2F.build-id%2Fbd%2F..%2F1b%2F..%2F4a%2F..%2F52%2F..%2F0a%2F..%2F5f%2F..%2Ff1%2F..%2F40%2F.%2F.%2F..%2Fb3 HTTP/1.1" 200 2712 "-" "Mozilla/5.0 AppleWebKit/537.36 (KHTML, like Gecko; compatible; ClaudeBot/1.0; +claudebot@anthropic.com)"
66.249.66.5 - - [29/Apr/2025:00:23:25 -0400] "GET /info/112552142.html HTTP/1.1" 404 22705 "-" "Mozilla/5.0 (Linux; Android 6.0.1; Nexus 5X Build/MMB29P) AppleWebKit/537.36 (KHTML, like Gecko) Chrome/135.0.7049.95 Mobile Safari/537.36 (compatible; Googlebot/2.1; +http://www.google.com/bot.html)"
66.249.66.4 - - [29/Apr/2025:00:23:28 -0400] "GET /info/591571330.html HTTP/1.1" 404 22705 "-" "Mozilla/5.0 (Linux; Android 6.0.1; Nexus 5X Build/MMB29P) AppleWebKit/537.36 (KHTML, like Gecko) Chrome/135.0.7049.95 Mobile Safari/537.36 (compatible; Googlebot/2.1; +http://www.google.com/bot.html)"
3.16.70.193 - - [29/Apr/2025:00:23:29 -0400] "GET /6b51b/?path=%2Fhome%2Friggvwfp%2F..%2F..%2F.%2Fhome%2F..%2Flib%2F.build-id%2Ffc%2F..%2F93%2F..%2Fae%2F..%2Ff2%2F..%2F18%2F..%2Fa9%2F..%2F37%2F..%2Ffc%2F..%2F.%2F.%2Fac HTTP/1.1" 200 2831 "-" "Mozilla/5.0 AppleWebKit/537.36 (KHTML, like Gecko; compatible; ClaudeBot/1.0; +claudebot@anthropic.com)"
66.249.66.4 - - [29/Apr/2025:00:23:29 -0400] "GET /info/203785791.html HTTP/1.1" 404 22705 "-" "Mozilla/5.0 (Linux; Android 6.0.1; Nexus 5X Build/MMB29P) AppleWebKit/537.36 (KHTML, like Gecko) Chrome/135.0.7049.95 Mobile Safari/537.36 (compatible; Googlebot/2.1; +http://www.google.com/bot.html)"
3.16.70.193 - - [29/Apr/2025:00:23:32 -0400] "GET /6b51b/?path=%2Fhome%2Friggvwfp%2F..%2F..%2F.%2Fhome%2F..%2Flib%2F.build-id%2Fbd%2F..%2F1b%2F..%2F4a%2F..%2F52%2F..%2F0a%2F..%2F5f%2F..%2Ff1%2F..%2F40%2F.%2F.%2F..%2Fb8 HTTP/1.1" 200 2745 "-" "Mozilla/5.0 AppleWebKit/537.36 (KHTML, like Gecko; compatible; ClaudeBot/1.0; +claudebot@anthropic.com)"
3.16.70.193 - - [29/Apr/2025:00:23:35 -0400] "GET /6b51b/?path=%2Fhome%2Friggvwfp%2F..%2F..%2F.%2Fhome%2F..%2Flib%2F.build-id%2Fbd%2F..%2F1b%2F..%2F4a%2F..%2F52%2F..%2F0a%2F..%2F5f%2F..%2Ff1%2F..%2F40%2F.%2F.%2F..%2F76 HTTP/1.1" 200 2606 "-" "Mozilla/5.0 AppleWebKit/537.36 (KHTML, like Gecko; compatible; ClaudeBot/1.0; +claudebot@anthropic.com)"
162.0.215.23 - - [29/Apr/2025:00:23:36 -0400] "POST /wp-cron.php?doing_wp_cron=1745900616.7464869022369384765625 HTTP/1.1" 200 0 "-" "WordPress/6.8; https://riggscohopeforhumanity.org"
52.167.144.168 - - [29/Apr/2025:00:23:36 -0400] "GET /listing/12321372 HTTP/1.1" 301 0 "-" "Mozilla/5.0 AppleWebKit/537.36 (KHTML, like Gecko; compatible; bingbot/2.0; +http://www.bing.com/bingbot.htm) Chrome/116.0.1938.76 Safari/537.36"
3.16.70.193 - - [29/Apr/2025:00:23:38 -0400] "GET /6b51b/?path=%2Fhome%2Friggvwfp%2F..%2F..%2F.%2Fhome%2F..%2Flib%2F.build-id%2Fbd%2F..%2F1b%2F..%2F4a%2F..%2F52%2F..%2F0a%2F..%2F5f%2F..%2Ff1%2F..%2F40%2F.%2F.%2F..%2F82 HTTP/1.1" 200 3157 "-" "Mozilla/5.0 AppleWebKit/537.36 (KHTML, like Gecko; compatible; ClaudeBot/1.0; +claudebot@anthropic.com)"
66.249.66.4 - - [29/Apr/2025:00:23:44 -0400] "GET /info/162373138.html HTTP/1.1" 404 22656 "-" "Mozilla/5.0 (Linux; Android 6.0.1; Nexus 5X Build/MMB29P) AppleWebKit/537.36 (KHTML, like Gecko) Chrome/135.0.7049.95 Mobile Safari/537.36 (compatible; GoogleOther)"
66.249.66.4 - - [29/Apr/2025:00:23:50 -0400] "GET /info/264964376.html HTTP/1.1" 404 22706 "-" "Mozilla/5.0 (Linux; Android 6.0.1; Nexus 5X Build/MMB29P) AppleWebKit/537.36 (KHTML, like Gecko) Chrome/135.0.7049.95 Mobile Safari/537.36 (compatible; GoogleOther)"
66.249.66.4 - - [29/Apr/2025:00:23:57 -0400] "GET /info/116631641.html HTTP/1.1" 404 22656 "-" "Mozilla/5.0 (Linux; Android 6.0.1; Nexus 5X Build/MMB29P) AppleWebKit/537.36 (KHTML, like Gecko) Chrome/135.0.7049.95 Mobile Safari/537.36 (compatible; GoogleOther)"
18.117.114.211 - - [29/Apr/2025:00:24:12 -0400] "GET /6b51b/?path=%2Fhome%2Friggvwfp%2F..%2F..%2F.%2Fhome%2F..%2Flib%2F.build-id%2Ff5%2F..%2F1a%2F..%2F00%2F..%2Ff0%2F..%2F36%2F..%2F63%2F..%2F41%2F..%2Fdd%2F..%2F.%2Fbe%2F. HTTP/1.1" 200 2939 "-" "Mozilla/5.0 AppleWebKit/537.36 (KHTML, like Gecko; compatible; ClaudeBot/1.0; +claudebot@anthropic.com)"
18.117.114.211 - - [29/Apr/2025:00:24:14 -0400] "GET /6b51b/?path=%2Fhome%2Friggvwfp%2F..%2F..%2F.%2Fhome%2F..%2F..%2Flib%2F.build-id%2F3a%2F..%2F8e%2F..%2F09%2F..%2Ffd%2F..%2Fc1%2F..%2F2c%2F..%2F9b%2F..%2F1d%2F.%2F..%2F. HTTP/1.1" 200 3578 "-" "Mozilla/5.0 AppleWebKit/537.36 (KHTML, like Gecko; compatible; ClaudeBot/1.0; +claudebot@anthropic.com)"
66.249.66.5 - - [29/Apr/2025:00:24:16 -0400] "GET /info/328394882.html HTTP/1.1" 404 22705 "-" "Mozilla/5.0 (Linux; Android 6.0.1; Nexus 5X Build/MMB29P) AppleWebKit/537.36 (KHTML, like Gecko) Chrome/135.0.7049.95 Mobile Safari/537.36 (compatible; Googlebot/2.1; +http://www.google.com/bot.html)"
18.117.114.211 - - [29/Apr/2025:00:24:17 -0400] "GET /6b51b/?path=%2Fhome%2Friggvwfp%2F..%2F..%2F.%2Fhome%2F..%2F..%2Flib%2F.build-id%2F3a%2F..%2F8e%2F..%2F09%2F..%2Ffd%2F..%2Fc1%2F..%2F2c%2F..%2F9b%2F..%2F4a%2F.%2F..%2F. HTTP/1.1" 200 3637 "-" "Mozilla/5.0 AppleWebKit/537.36 (KHTML, like Gecko; compatible; ClaudeBot/1.0; +claudebot@anthropic.com)"
18.117.114.211 - - [29/Apr/2025:00:24:20 -0400] "GET /6b51b/?path=%2Fhome%2Friggvwfp%2Flscache%2F7%2Fa%2Fb%2F. HTTP/1.1" 200 1555 "-" "Mozilla/5.0 AppleWebKit/537.36 (KHTML, like Gecko; compatible; ClaudeBot/1.0; +claudebot@anthropic.com)"
18.117.114.211 - - [29/Apr/2025:00:24:23 -0400] "GET /6b51b/?path=%2Fhome%2Friggvwfp%2Fmail%2F.%2Fnew%2F1741551300.M180060P3528569.premium184.web-hosting.com%2CS%3D2739%2CW%3D2815 HTTP/1.1" 200 1937 "-" "Mozilla/5.0 AppleWebKit/537.36 (KHTML, like Gecko; compatible; ClaudeBot/1.0; +claudebot@anthropic.com)"
18.117.114.211 - - [29/Apr/2025:00:24:27 -0400] "GET /6b51b/?path=%2Fhome%2Friggvwfp%2Fmail%2F.%2Fnew%2F1744795226.M627781P84096.premium184.web-hosting.com%2CS%3D2880%2CW%3D2957 HTTP/1.1" 200 2035 "-" "Mozilla/5.0 AppleWebKit/537.36 (KHTML, like Gecko; compatible; ClaudeBot/1.0; +claudebot@anthropic.com)"
66.249.66.4 - - [29/Apr/2025:00:24:28 -0400] "GET /info/358536185.html HTTP/1.1" 404 22705 "-" "Mozilla/5.0 (Linux; Android 6.0.1; Nexus 5X Build/MMB29P) AppleWebKit/537.36 (KHTML, like Gecko) Chrome/135.0.7049.95 Mobile Safari/537.36 (compatible; GoogleOther)"
18.117.114.211 - - [29/Apr/2025:00:24:29 -0400] "GET /6b51b/?path=%2Fhome%2Friggvwfp%2Flscache%2F7%2Fa%2F6%2F. HTTP/1.1" 200 1520 "-" "Mozilla/5.0 AppleWebKit/537.36 (KHTML, like Gecko; compatible; ClaudeBot/1.0; +claudebot@anthropic.com)"
18.117.114.211 - - [29/Apr/2025:00:24:32 -0400] "GET /6b51b/?path=%2Fhome%2Friggvwfp%2Fmail%2F.%2Fnew%2F1743881267.M263769P3448825.premium184.web-hosting.com%2CS%3D6420%2CW%3D6624 HTTP/1.1" 200 2966 "-" "Mozilla/5.0 AppleWebKit/537.36 (KHTML, like Gecko; compatible; ClaudeBot/1.0; +claudebot@anthropic.com)"
18.117.114.211 - - [29/Apr/2025:00:24:35 -0400] "GET /6b51b/?path=%2Fhome%2Friggvwfp%2Fmail%2F.%2Fnew%2F1740052780.M335859P3005414.premium184.web-hosting.com%2CS%3D2724%2CW%3D2800 HTTP/1.1" 200 1923 "-" "Mozilla/5.0 AppleWebKit/537.36 (KHTML, like Gecko; compatible; ClaudeBot/1.0; +claudebot@anthropic.com)"
18.117.114.211 - - [29/Apr/2025:00:24:38 -0400] "GET /6b51b/?path=%2Fhome%2Friggvwfp%2F..%2F..%2F.%2Fhome%2F..%2Flib%2F.build-id%2Fbd%2F..%2F1b%2F..%2F4a%2F..%2F52%2F..%2F0a%2F..%2F5f%2F..%2Ffd%2F..%2Fc9%2F..%2F.%2Ffc%2F. HTTP/1.1" 200 2754 "-" "Mozilla/5.0 AppleWebKit/537.36 (KHTML, like Gecko; compatible; ClaudeBot/1.0; +claudebot@anthropic.com)"
18.117.114.211 - - [29/Apr/2025:00:24:41 -0400] "GET /6b51b/?path=%2Fhome%2Friggvwfp%2Fmail%2F.%2Fnew%2F1733414430.M487899P3941528.premium184.web-hosting.com%2CS%3D2708%2CW%3D2784 HTTP/1.1" 200 1920 "-" "Mozilla/5.0 AppleWebKit/537.36 (KHTML, like Gecko; compatible; ClaudeBot/1.0; +claudebot@anthropic.com)"
162.0.215.23 - - [29/Apr/2025:00:24:42 -0400] "POST /wp-cron.php?doing_wp_cron=1745900682.7003109455108642578125 HTTP/1.1" 200 0 "-" "WordPress/6.8; https://riggscohopeforhumanity.org"
51.222.253.8 - - [29/Apr/2025:00:24:42 -0400] "GET /info/587186985.html HTTP/1.1" 404 22656 "-" "Mozilla/5.0 (compatible; AhrefsBot/7.0; +http://ahrefs.com/robot/)"
18.117.114.211 - - [29/Apr/2025:00:24:44 -0400] "GET /6b51b/?path=%2Fhome%2Friggvwfp%2F.%2Flscache%2Fb%2F9%2F..%2F8%2F..%2F.%2F..%2F3%2F7 HTTP/1.1" 200 1642 "-" "Mozilla/5.0 AppleWebKit/537.36 (KHTML, like Gecko; compatible; ClaudeBot/1.0; +claudebot@anthropic.com)"
18.117.114.211 - - [29/Apr/2025:00:24:47 -0400] "GET /6b51b/?path=%2Fhome%2Friggvwfp%2F..%2F..%2F.%2Fhome%2F..%2Flib%2F.build-id%2Ffc%2F..%2F48%2F..%2F3f%2F..%2F99%2F..%2F42%2F..%2F6d%2F..%2F70%2F..%2F1a%2F..%2F.%2F09%2F. HTTP/1.1" 200 2591 "-" "Mozilla/5.0 AppleWebKit/537.36 (KHTML, like Gecko; compatible; ClaudeBot/1.0; +claudebot@anthropic.com)"
18.117.114.211 - - [29/Apr/2025:00:24:50 -0400] "GET /6b51b/?path=%2Fhome%2Friggvwfp%2F..%2F..%2F.%2Fhome%2F..%2Flib%2F.build-id%2Ff5%2F..%2F1a%2F..%2F00%2F..%2Ff0%2F..%2F36%2F..%2F63%2F..%2F41%2F..%2Fdd%2F..%2F.%2F09%2F. HTTP/1.1" 200 2584 "-" "Mozilla/5.0 AppleWebKit/537.36 (KHTML, like Gecko; compatible; ClaudeBot/1.0; +claudebot@anthropic.com)"
18.117.114.211 - - [29/Apr/2025:00:24:53 -0400] "GET /6b51b/?path=%2Fhome%2Friggvwfp%2Fmail%2F.%2Fnew%2F1732360840.M401688P2030120.premium184.web-hosting.com%2CS%3D2710%2CW%3D2786 HTTP/1.1" 200 1923 "-" "Mozilla/5.0 AppleWebKit/537.36 (KHTML, like Gecko; compatible; ClaudeBot/1.0; +claudebot@anthropic.com)"
18.117.114.211 - - [29/Apr/2025:00:24:56 -0400] "GET /6b51b/?path=%2Fhome%2Friggvwfp%2F.%2Flscache%2Fb%2F9%2F..%2F8%2F..%2F.%2F..%2F3%2Fa HTTP/1.1" 200 1664 "-" "Mozilla/5.0 AppleWebKit/537.36 (KHTML, like Gecko; compatible; ClaudeBot/1.0; +claudebot@anthropic.com)"
18.117.114.211 - - [29/Apr/2025:00:24:59 -0400] "GET /6b51b/?path=%2Fhome%2Friggvwfp%2Fmail%2F.%2Fnew%2F1733102860.M357236P1961271.premium184.web-hosting.com%2CS%3D2716%2CW%3D2792 HTTP/1.1" 200 1936 "-" "Mozilla/5.0 AppleWebKit/537.36 (KHTML, like Gecko; compatible; ClaudeBot/1.0; +claudebot@anthropic.com)"
18.117.114.211 - - [29/Apr/2025:00:25:02 -0400] "GET /6b51b/?path=%2Fhome%2Friggvwfp%2Fmail%2F.%2Fnew%2F1740995795.M510393P139699.premium184.web-hosting.com%2CS%3D2741%2CW%3D2817 HTTP/1.1" 200 1941 "-" "Mozilla/5.0 AppleWebKit/537.36 (KHTML, like Gecko; compatible; ClaudeBot/1.0; +claudebot@anthropic.com)"
66.249.66.5 - - [29/Apr/2025:00:25:03 -0400] "GET /listing/122941758 HTTP/1.1" 404 22706 "-" "Mozilla/5.0 (Linux; Android 6.0.1; Nexus 5X Build/MMB29P) AppleWebKit/537.36 (KHTML, like Gecko) Chrome/135.0.7049.95 Mobile Safari/537.36 (compatible; Googlebot/2.1; +http://www.google.com/bot.html)"
18.117.114.211 - - [29/Apr/2025:00:25:05 -0400] "GET /6b51b/?path=%2Fhome%2Friggvwfp%2F..%2F..%2F.%2Fhome%2F..%2Flib%2F.build-id%2Fbd%2F..%2F1b%2F..%2F4a%2F..%2F52%2F..%2F0a%2F..%2F5f%2F..%2Ffd%2F..%2Fc9%2F..%2F.%2F0c%2F. HTTP/1.1" 200 2968 "-" "Mozilla/5.0 AppleWebKit/537.36 (KHTML, like Gecko; compatible; ClaudeBot/1.0; +claudebot@anthropic.com)"
18.117.114.211 - - [29/Apr/2025:00:25:08 -0400] "GET /6b51b/?path=%2Fhome%2Friggvwfp%2Fmail%2F.%2Fnew%2F1735359533.M381292P3532652.premium184.web-hosting.com%2CS%3D2717%2CW%3D2793 HTTP/1.1" 200 1931 "-" "Mozilla/5.0 AppleWebKit/537.36 (KHTML, like Gecko; compatible; ClaudeBot/1.0; +claudebot@anthropic.com)"
18.117.114.211 - - [29/Apr/2025:00:25:11 -0400] "GET /6b51b/?path=%2Fhome%2Friggvwfp%2F..%2F..%2F.%2Fhome%2F..%2Flib%2F.build-id%2Ffc%2F..%2F48%2F..%2F3f%2F..%2F99%2F..%2F42%2F..%2F6d%2F..%2F70%2F..%2F1a%2F..%2F.%2Fee%2F. HTTP/1.1" 200 2736 "-" "Mozilla/5.0 AppleWebKit/537.36 (KHTML, like Gecko; compatible; ClaudeBot/1.0; +claudebot@anthropic.com)"
18.117.114.211 - - [29/Apr/2025:00:25:14 -0400] "GET /6b51b/?path=%2Fhome%2Friggvwfp%2F..%2F..%2F.%2Fhome%2F..%2Flib%2F.build-id%2Fbd%2F..%2F1b%2F..%2F4a%2F..%2F52%2F..%2F0a%2F..%2F5f%2F..%2Ffd%2F..%2Fc9%2F..%2F.%2F28%2F. HTTP/1.1" 200 2488 "-" "Mozilla/5.0 AppleWebKit/537.36 (KHTML, like Gecko; compatible; ClaudeBot/1.0; +claudebot@anthropic.com)"
18.117.114.211 - - [29/Apr/2025:00:25:18 -0400] "GET /6b51b/?path=%2Fhome%2Friggvwfp%2F..%2F..%2F.%2Fhome%2F..%2Flib%2F.build-id%2Ff5%2F..%2F1a%2F..%2F00%2F..%2Ff0%2F..%2F36%2F..%2F63%2F..%2F41%2F..%2Fdd%2F..%2F.%2Fee%2F. HTTP/1.1" 200 2735 "-" "Mozilla/5.0 AppleWebKit/537.36 (KHTML, like Gecko; compatible; ClaudeBot/1.0; +claudebot@anthropic.com)"
18.117.114.211 - - [29/Apr/2025:00:25:20 -0400] "GET /6b51b/?path=%2Fhome%2Friggvwfp%2Fmail%2F.%2Fnew%2F1740875947.M179372P1707459.premium184.web-hosting.com%2CS%3D2737%2CW%3D2813 HTTP/1.1" 200 1940 "-" "Mozilla/5.0 AppleWebKit/537.36 (KHTML, like Gecko; compatible; ClaudeBot/1.0; +claudebot@anthropic.com)"
66.249.66.5 - - [29/Apr/2025:00:25:20 -0400] "GET /info/90312608.html HTTP/1.1" 404 22706 "-" "Mozilla/5.0 (Linux; Android 6.0.1; Nexus 5X Build/MMB29P) AppleWebKit/537.36 (KHTML, like Gecko) Chrome/135.0.7049.95 Mobile Safari/537.36 (compatible; GoogleOther)"
18.117.114.211 - - [29/Apr/2025:00:25:23 -0400] "GET /6b51b/?path=%2Fhome%2Friggvwfp%2F..%2F..%2F.%2Fhome%2F..%2Flib%2F.build-id%2Ffc%2F..%2Fed%2F..%2F69%2F..%2Fa8%2F..%2F56%2F..%2Fb7%2F..%2Fd9%2F..%2Fee%2F..%2F.%2Fee%2F. HTTP/1.1" 200 2735 "-" "Mozilla/5.0 AppleWebKit/537.36 (KHTML, like Gecko; compatible; ClaudeBot/1.0; +claudebot@anthropic.com)"
18.117.114.211 - - [29/Apr/2025:00:25:27 -0400] "GET /6b51b/?path=%2Fhome%2Friggvwfp%2Fmail%2F.%2Fnew%2F1733038898.M138942P2560522.premium184.web-hosting.com%2CS%3D2718%2CW%3D2794 HTTP/1.1" 200 1922 "-" "Mozilla/5.0 AppleWebKit/537.36 (KHTML, like Gecko; compatible; ClaudeBot/1.0; +claudebot@anthropic.com)"
66.249.66.4 - - [29/Apr/2025:00:25:28 -0400] "GET /info/242171524.html HTTP/1.1" 404 22656 "-" "Mozilla/5.0 (Linux; Android 6.0.1; Nexus 5X Build/MMB29P) AppleWebKit/537.36 (KHTML, like Gecko) Chrome/135.0.7049.95 Mobile Safari/537.36 (compatible; GoogleOther)"
18.117.114.211 - - [29/Apr/2025:00:25:29 -0400] "GET /6b51b/?path=%2Fhome%2Friggvwfp%2Fmail%2F.%2Fnew%2F1736222953.M776686P2916934.premium184.web-hosting.com%2CS%3D2729%2CW%3D2805 HTTP/1.1" 200 1926 "-" "Mozilla/5.0 AppleWebKit/537.36 (KHTML, like Gecko; compatible; ClaudeBot/1.0; +claudebot@anthropic.com)"
18.117.114.211 - - [29/Apr/2025:00:25:33 -0400] "GET /6b51b/?path=%2Fhome%2Friggvwfp%2F..%2F..%2F.%2Fhome%2F..%2Flib%2F.build-id%2Ffc%2F..%2F93%2F..%2Fae%2F..%2Ff2%2F..%2F18%2F..%2Fa9%2F..%2F37%2F..%2Ffc%2F..%2F.%2Fee%2F. HTTP/1.1" 200 2736 "-" "Mozilla/5.0 AppleWebKit/537.36 (KHTML, like Gecko; compatible; ClaudeBot/1.0; +claudebot@anthropic.com)"
18.117.114.211 - - [29/Apr/2025:00:25:35 -0400] "GET /6b51b/?path=%2Fhome%2Friggvwfp%2Fmail%2F.%2Fnew%2F1734536869.M15522P2282376.premium184.web-hosting.com%2CS%3D41096%2CW%3D41937 HTTP/1.1" 200 11623 "-" "Mozilla/5.0 AppleWebKit/537.36 (KHTML, like Gecko; compatible; ClaudeBot/1.0; +claudebot@anthropic.com)"
18.117.114.211 - - [29/Apr/2025:00:25:38 -0400] "GET /6b51b/?path=%2Fhome%2Friggvwfp%2Fmail%2F.%2Fnew%2F1734387507.M77993P2243080.premium184.web-hosting.com%2CS%3D2723%2CW%3D2799 HTTP/1.1" 200 1925 "-" "Mozilla/5.0 AppleWebKit/537.36 (KHTML, like Gecko; compatible; ClaudeBot/1.0; +claudebot@anthropic.com)"
18.117.114.211 - - [29/Apr/2025:00:25:41 -0400] "GET /6b51b/?path=%2Fhome%2Friggvwfp%2F.%2F.cpanel%2F..%2F.softaculous HTTP/1.1" 200 1766 "-" "Mozilla/5.0 AppleWebKit/537.36 (KHTML, like Gecko; compatible; ClaudeBot/1.0; +claudebot@anthropic.com)"
18.117.114.211 - - [29/Apr/2025:00:25:45 -0400] "GET /6b51b/?path=%2Fhome%2Friggvwfp%2Fmail%2F.%2Fnew%2F1733102852.M15290P1961271.premium184.web-hosting.com%2CS%3D2714%2CW%3D2790 HTTP/1.1" 200 1929 "-" "Mozilla/5.0 AppleWebKit/537.36 (KHTML, like Gecko; compatible; ClaudeBot/1.0; +claudebot@anthropic.com)"
18.117.114.211 - - [29/Apr/2025:00:25:47 -0400] "GET /6b51b/?path=%2Fhome%2Friggvwfp%2F..%2F..%2F.%2Fhome%2F..%2Flib%2F.build-id%2Ffc%2F..%2Fed%2F..%2F69%2F..%2Fa8%2F..%2F56%2F..%2Fb7%2F..%2Fd9%2F..%2Fee%2F..%2F.%2Fff%2F. HTTP/1.1" 200 2558 "-" "Mozilla/5.0 AppleWebKit/537.36 (KHTML, like Gecko; compatible; ClaudeBot/1.0; +claudebot@anthropic.com)"
162.0.215.23 - - [29/Apr/2025:00:25:48 -0400] "POST /wp-cron.php?doing_wp_cron=1745900748.2832129001617431640625 HTTP/1.1" 200 0 "-" "WordPress/6.8; https://riggscohopeforhumanity.org"
40.77.167.126 - - [29/Apr/2025:00:25:47 -0400] "GET /info/492355644.html HTTP/1.1" 404 22656 "-" "Mozilla/5.0 AppleWebKit/537.36 (KHTML, like Gecko; compatible; bingbot/2.0; +http://www.bing.com/bingbot.htm) Chrome/116.0.1938.76 Safari/537.36"
18.117.114.211 - - [29/Apr/2025:00:25:50 -0400] "GET /6b51b/?path=%2Fhome%2Friggvwfp%2Fmail%2F.%2Fnew%2F1734494644.M786938P3995968.premium184.web-hosting.com%2CS%3D2716%2CW%3D2792 HTTP/1.1" 200 1930 "-" "Mozilla/5.0 AppleWebKit/537.36 (KHTML, like Gecko; compatible; ClaudeBot/1.0; +claudebot@anthropic.com)"
18.117.114.211 - - [29/Apr/2025:00:25:53 -0400] "GET /6b51b/?path=%2Fhome%2Friggvwfp%2F.cpanel%2F..%2F.softaculous HTTP/1.1" 200 1762 "-" "Mozilla/5.0 AppleWebKit/537.36 (KHTML, like Gecko; compatible; ClaudeBot/1.0; +claudebot@anthropic.com)"
18.117.114.211 - - [29/Apr/2025:00:25:56 -0400] "GET /6b51b/?path=%2Fhome%2Friggvwfp%2F.%2F.%2F.softaculous%2Fsess HTTP/1.1" 200 1435 "-" "Mozilla/5.0 AppleWebKit/537.36 (KHTML, like Gecko; compatible; ClaudeBot/1.0; +claudebot@anthropic.com)"
18.117.114.211 - - [29/Apr/2025:00:25:59 -0400] "GET /6b51b/?path=%2Fhome%2F.%2Friggvwfp%2F.%2F.softaculous%2Fsess HTTP/1.1" 200 1440 "-" "Mozilla/5.0 AppleWebKit/537.36 (KHTML, like Gecko; compatible; ClaudeBot/1.0; +claudebot@anthropic.com)"
66.249.66.4 - - [29/Apr/2025:00:26:00 -0400] "GET /info/614151029.html HTTP/1.1" 404 22656 "-" "Mozilla/5.0 (Linux; Android 6.0.1; Nexus 5X Build/MMB29P) AppleWebKit/537.36 (KHTML, like Gecko) Chrome/135.0.7049.95 Mobile Safari/537.36 (compatible; GoogleOther)"
18.117.114.211 - - [29/Apr/2025:00:26:02 -0400] "GET /6b51b/?path=%2Fhome%2Friggvwfp%2F..%2F..%2F.%2Fhome%2F..%2Flib%2F.build-id%2Ffc%2F..%2F93%2F..%2F9b%2F..%2Fce%2F..%2F13%2F..%2F83%2F..%2F2a%2F..%2Fd3%2F..%2F.%2Fee%2F. HTTP/1.1" 200 2776 "-" "Mozilla/5.0 AppleWebKit/537.36 (KHTML, like Gecko; compatible; ClaudeBot/1.0; +claudebot@anthropic.com)"
18.117.114.211 - - [29/Apr/2025:00:26:05 -0400] "GET /6b51b/?path=%2Fhome%2Friggvwfp%2Flscache%2Fe%2Fa%2F5%2F. HTTP/1.1" 200 1518 "-" "Mozilla/5.0 AppleWebKit/537.36 (KHTML, like Gecko; compatible; ClaudeBot/1.0; +claudebot@anthropic.com)"
18.117.114.211 - - [29/Apr/2025:00:26:08 -0400] "GET /6b51b/?path=%2Fhome%2Friggvwfp%2Fmail%2F.%2Fnew%2F1730896261.M106375P1587873.premium184.web-hosting.com%2CS%3D2733%2CW%3D2809 HTTP/1.1" 200 1926 "-" "Mozilla/5.0 AppleWebKit/537.36 (KHTML, like Gecko; compatible; ClaudeBot/1.0; +claudebot@anthropic.com)"
18.117.114.211 - - [29/Apr/2025:00:26:11 -0400] "GET /6b51b/?path=%2Fhome%2Friggvwfp%2F..%2F..%2F.%2Fhome%2F..%2Flib%2F.build-id%2Ffc%2F..%2Fed%2F..%2F69%2F..%2Fa8%2F..%2F56%2F..%2Fb7%2F..%2Fd9%2F..%2Fee%2F..%2F.%2Fca%2F. HTTP/1.1" 200 2404 "-" "Mozilla/5.0 AppleWebKit/537.36 (KHTML, like Gecko; compatible; ClaudeBot/1.0; +claudebot@anthropic.com)"
18.117.114.211 - - [29/Apr/2025:00:26:14 -0400] "GET /6b51b/?path=%2Fhome%2Friggvwfp%2F..%2F..%2F.%2Fhome%2F..%2Flib%2F.build-id%2Ffc%2F..%2F93%2F..%2Fae%2F..%2Ff2%2F..%2F18%2F..%2Fa9%2F..%2F37%2F..%2Ffc%2F..%2F.%2Fff%2F. HTTP/1.1" 200 2553 "-" "Mozilla/5.0 AppleWebKit/537.36 (KHTML, like Gecko; compatible; ClaudeBot/1.0; +claudebot@anthropic.com)"
3.138.195.54 - - [29/Apr/2025:00:26:18 -0400] "GET /6b51b/?path=%2Fhome%2Friggvwfp%2F..%2F..%2F.%2Fhome%2F.%2Friggvwfp%2Fmail%2F..%2F..%2F.. HTTP/1.1" 200 1834 "-" "Mozilla/5.0 AppleWebKit/537.36 (KHTML, like Gecko; compatible; ClaudeBot/1.0; +claudebot@anthropic.com)"
3.138.195.54 - - [29/Apr/2025:00:26:18 -0400] "GET /6b51b/?path=%2Fhome%2Friggvwfp%2F..%2F..%2F.%2Fhome%2F..%2Flib%2Flocale%2Fen_US%2F.%2F.. HTTP/1.1" 200 2263 "-" "Mozilla/5.0 AppleWebKit/537.36 (KHTML, like Gecko; compatible; ClaudeBot/1.0; +claudebot@anthropic.com)"
3.138.195.54 - - [29/Apr/2025:00:26:18 -0400] "GET /6b51b/?path=%2Fhome%2Friggvwfp%2F..%2F..%2F.%2Fhome%2F..%2Flib64%2Fgtk-2.0%2F2.10.0%2F.. HTTP/1.1" 200 1535 "-" "Mozilla/5.0 AppleWebKit/537.36 (KHTML, like Gecko; compatible; ClaudeBot/1.0; +claudebot@anthropic.com)"
3.138.195.54 - - [29/Apr/2025:00:26:18 -0400] "GET /6b51b/?path=%2Fhome%2Friggvwfp%2F..%2F..%2F.%2Fhome%2F..%2F..%2Flib%2F.build-id%2F3a%2F. HTTP/1.1" 200 2706 "-" "Mozilla/5.0 AppleWebKit/537.36 (KHTML, like Gecko; compatible; ClaudeBot/1.0; +claudebot@anthropic.com)"
3.138.195.54 - - [29/Apr/2025:00:26:18 -0400] "GET /6b51b/?path=%2Fhome%2Friggvwfp%2F..%2F..%2F.%2Fhome%2F..%2F..%2Flib%2F.build-id%2F1c%2F. HTTP/1.1" 200 2759 "-" "Mozilla/5.0 AppleWebKit/537.36 (KHTML, like Gecko; compatible; ClaudeBot/1.0; +claudebot@anthropic.com)"
3.138.195.54 - - [29/Apr/2025:00:26:19 -0400] "GET /6b51b/?path=%2Fhome%2Friggvwfp%2Fpublic_html%2F6b51b%2F..%2Fwp-includes%2Fblocks%2Frss HTTP/1.1" 200 1772 "-" "Mozilla/5.0 AppleWebKit/537.36 (KHTML, like Gecko; compatible; ClaudeBot/1.0; +claudebot@anthropic.com)"
3.138.195.54 - - [29/Apr/2025:00:26:19 -0400] "GET /6b51b/?path=%2Fhome%2Friggvwfp%2Fpublic_html%2F6b51b%2F..%2F..%2F.%2F.imunify_patch_id HTTP/1.1" 200 1059 "-" "Mozilla/5.0 AppleWebKit/537.36 (KHTML, like Gecko; compatible; ClaudeBot/1.0; +claudebot@anthropic.com)"
3.138.195.54 - - [29/Apr/2025:00:26:19 -0400] "GET /6b51b/?path=%2Fhome%2Friggvwfp%2Fpublic_html%2F6b51b%2F.%2F..%2Fwp-admin%2Fcredits.php HTTP/1.1" 200 2271 "-" "Mozilla/5.0 AppleWebKit/537.36 (KHTML, like Gecko; compatible; ClaudeBot/1.0; +claudebot@anthropic.com)"
3.138.195.54 - - [29/Apr/2025:00:26:19 -0400] "GET /6b51b/?path=%2Fhome%2Friggvwfp%2Fpublic_html%2F6b51b%2F.%2F..%2Fwp-admin%2Fprofile.php HTTP/1.1" 200 1158 "-" "Mozilla/5.0 AppleWebKit/537.36 (KHTML, like Gecko; compatible; ClaudeBot/1.0; +claudebot@anthropic.com)"
3.138.195.54 - - [29/Apr/2025:00:26:19 -0400] "GET /6b51b/?path=%2Fhome%2Friggvwfp%2Fpublic_html%2Fwp-includes%2Fjs%2Fwp-list-revisions.js HTTP/1.1" 200 1349 "-" "Mozilla/5.0 AppleWebKit/537.36 (KHTML, like Gecko; compatible; ClaudeBot/1.0; +claudebot@anthropic.com)"
3.138.195.54 - - [29/Apr/2025:00:26:19 -0400] "GET /6b51b/?path=%2Fhome%2Friggvwfp%2Fpublic_html%2F6b51b%2F.%2F..%2Fwp-admin%2Fwidgets.php HTTP/1.1" 200 1520 "-" "Mozilla/5.0 AppleWebKit/537.36 (KHTML, like Gecko; compatible; ClaudeBot/1.0; +claudebot@anthropic.com)"
18.218.195.15 - - [29/Apr/2025:00:26:47 -0400] "GET /6b51b/?path=%2Fhome%2Friggvwfp%2F..%2F..%2F.%2Fhome%2F..%2Flib%2F.build-id%2Ffc%2F..%2Fed%2F..%2F69%2F..%2Fa8%2F..%2F56%2F..%2Fb7%2F..%2Fd9%2F..%2Fee%2F..%2F.%2F69%2F. HTTP/1.1" 200 2394 "-" "Mozilla/5.0 AppleWebKit/537.36 (KHTML, like Gecko; compatible; ClaudeBot/1.0; +claudebot@anthropic.com)"
18.218.195.15 - - [29/Apr/2025:00:26:50 -0400] "GET /6b51b/?path=%2Fhome%2Friggvwfp%2F..%2F..%2F.%2Fhome%2F..%2Flib%2F.build-id%2Ff5%2F..%2F1a%2F..%2F00%2F..%2Ff0%2F..%2F36%2F..%2F63%2F..%2F41%2F..%2Fdd%2F..%2F.%2F73%2F. HTTP/1.1" 200 2425 "-" "Mozilla/5.0 AppleWebKit/537.36 (KHTML, like Gecko; compatible; ClaudeBot/1.0; +claudebot@anthropic.com)"
18.218.195.15 - - [29/Apr/2025:00:26:53 -0400] "GET /6b51b/?path=%2Fhome%2Friggvwfp%2F..%2F..%2F.%2Fhome%2F..%2F..%2Flib%2F.build-id%2F3a%2F..%2F8e%2F..%2F09%2F..%2F69%2F..%2F26%2F..%2F48%2F..%2Fcc%2F..%2F..%2F.%2F..%2F. HTTP/1.1" 200 1960 "-" "Mozilla/5.0 AppleWebKit/537.36 (KHTML, like Gecko; compatible; ClaudeBot/1.0; +claudebot@anthropic.com)"
18.218.195.15 - - [29/Apr/2025:00:26:56 -0400] "GET /6b51b/?path=%2Fhome%2Friggvwfp%2F..%2F..%2F.%2Fhome%2F..%2Flib%2F.build-id%2Ffc%2F..%2F93%2F..%2Fae%2F..%2Ff2%2F..%2F18%2F..%2Fa9%2F..%2F37%2F..%2Ffc%2F..%2F.%2F73%2F. HTTP/1.1" 200 2407 "-" "Mozilla/5.0 AppleWebKit/537.36 (KHTML, like Gecko; compatible; ClaudeBot/1.0; +claudebot@anthropic.com)"
18.218.195.15 - - [29/Apr/2025:00:26:59 -0400] "GET /6b51b/?path=%2Fhome%2Friggvwfp%2F..%2F..%2F.%2Fhome%2F..%2Flib%2F.build-id%2Ffc%2F..%2Fed%2F..%2F69%2F..%2Fa8%2F..%2F56%2F..%2Fb7%2F..%2Fd9%2F..%2Fee%2F..%2F.%2F66%2F. HTTP/1.1" 200 3332 "-" "Mozilla/5.0 AppleWebKit/537.36 (KHTML, like Gecko; compatible; ClaudeBot/1.0; +claudebot@anthropic.com)"
162.0.215.23 - - [29/Apr/2025:00:27:01 -0400] "POST /wp-cron.php?doing_wp_cron=1745900821.6706459522247314453125 HTTP/1.1" 200 0 "-" "WordPress/6.8; https://riggscohopeforhumanity.org"
66.249.66.4 - - [29/Apr/2025:00:27:01 -0400] "GET /info/157235096.html HTTP/1.1" 404 22706 "-" "Mozilla/5.0 (Linux; Android 6.0.1; Nexus 5X Build/MMB29P) AppleWebKit/537.36 (KHTML, like Gecko) Chrome/135.0.7049.95 Mobile Safari/537.36 (compatible; GoogleOther)"
18.218.195.15 - - [29/Apr/2025:00:27:02 -0400] "GET /6b51b/?path=%2Fhome%2Friggvwfp%2Fmail%2F.%2Fnew%2F1730896258.M714448P1587873.premium184.web-hosting.com%2CS%3D2724%2CW%3D2800 HTTP/1.1" 200 1920 "-" "Mozilla/5.0 AppleWebKit/537.36 (KHTML, like Gecko; compatible; ClaudeBot/1.0; +claudebot@anthropic.com)"
18.218.195.15 - - [29/Apr/2025:00:27:05 -0400] "GET /6b51b/?path=%2Fhome%2Friggvwfp%2F..%2F..%2F.%2Fhome%2F..%2Flib%2F.build-id%2Ffc%2F..%2F93%2F..%2F9b%2F..%2Fce%2F..%2F13%2F..%2F83%2F..%2F2a%2F..%2Fd3%2F..%2F.%2F65%2F. HTTP/1.1" 200 2793 "-" "Mozilla/5.0 AppleWebKit/537.36 (KHTML, like Gecko; compatible; ClaudeBot/1.0; +claudebot@anthropic.com)"
18.218.195.15 - - [29/Apr/2025:00:27:08 -0400] "GET /6b51b/?path=%2Fhome%2Friggvwfp%2F..%2F..%2F.%2Fhome%2F..%2Flib%2F.build-id%2Ffc%2F..%2F48%2F..%2F3f%2F..%2F99%2F..%2F42%2F..%2F6d%2F..%2F70%2F..%2F1a%2F..%2F.%2F71%2F. HTTP/1.1" 200 2816 "-" "Mozilla/5.0 AppleWebKit/537.36 (KHTML, like Gecko; compatible; ClaudeBot/1.0; +claudebot@anthropic.com)"
18.218.195.15 - - [29/Apr/2025:00:27:11 -0400] "GET /6b51b/?path=%2Fhome%2Friggvwfp%2F..%2F..%2F.%2Fhome%2F..%2Flib%2F.build-id%2Ff5%2F..%2F1a%2F..%2F00%2F..%2Ff0%2F..%2F36%2F..%2F63%2F..%2F41%2F..%2Fdd%2F..%2F.%2F71%2F. HTTP/1.1" 200 2812 "-" "Mozilla/5.0 AppleWebKit/537.36 (KHTML, like Gecko; compatible; ClaudeBot/1.0; +claudebot@anthropic.com)"
18.218.195.15 - - [29/Apr/2025:00:27:14 -0400] "GET /6b51b/?path=%2Fhome%2Friggvwfp%2F..%2F..%2F.%2Fhome%2F..%2F..%2Flib%2F.build-id%2F3a%2F..%2F8e%2F..%2F09%2F..%2F69%2F..%2F26%2F..%2F48%2F..%2Fcc%2F..%2F62%2F.%2F..%2F. HTTP/1.1" 200 3539 "-" "Mozilla/5.0 AppleWebKit/537.36 (KHTML, like Gecko; compatible; ClaudeBot/1.0; +claudebot@anthropic.com)"
18.218.195.15 - - [29/Apr/2025:00:27:17 -0400] "GET /6b51b/?path=%2Fhome%2Friggvwfp%2F..%2F..%2F.%2Fhome%2F..%2Flib%2F.build-id%2Ffc%2F..%2F93%2F..%2Fae%2F..%2Ff2%2F..%2F18%2F..%2Fa9%2F..%2F37%2F..%2Ffc%2F..%2F.%2F71%2F. HTTP/1.1" 200 2863 "-" "Mozilla/5.0 AppleWebKit/537.36 (KHTML, like Gecko; compatible; ClaudeBot/1.0; +claudebot@anthropic.com)"
18.218.195.15 - - [29/Apr/2025:00:27:20 -0400] "GET /6b51b/?path=%2Fhome%2Friggvwfp%2F..%2F..%2F.%2Fhome%2F..%2Flib%2F.build-id%2Ffc%2F..%2F48%2F..%2F3f%2F..%2F99%2F..%2F42%2F..%2F6d%2F..%2F70%2F..%2F1a%2F..%2F.%2F66%2F. HTTP/1.1" 200 3396 "-" "Mozilla/5.0 AppleWebKit/537.36 (KHTML, like Gecko; compatible; ClaudeBot/1.0; +claudebot@anthropic.com)"
18.218.195.15 - - [29/Apr/2025:00:27:23 -0400] "GET /6b51b/?path=%2Fhome%2Friggvwfp%2F..%2F..%2F.%2Fhome%2F..%2Flib%2F.build-id%2Ffc%2F..%2F48%2F..%2F3f%2F..%2F99%2F..%2F42%2F..%2F6d%2F..%2F70%2F..%2F1a%2F..%2F.%2F72%2F. HTTP/1.1" 200 2816 "-" "Mozilla/5.0 AppleWebKit/537.36 (KHTML, like Gecko; compatible; ClaudeBot/1.0; +claudebot@anthropic.com)"
66.249.66.5 - - [29/Apr/2025:00:27:22 -0400] "GET /info/59320168.html HTTP/1.1" 404 22705 "-" "Mozilla/5.0 (Linux; Android 6.0.1; Nexus 5X Build/MMB29P) AppleWebKit/537.36 (KHTML, like Gecko) Chrome/135.0.7049.95 Mobile Safari/537.36 (compatible; Googlebot/2.1; +http://www.google.com/bot.html)"
18.218.195.15 - - [29/Apr/2025:00:27:26 -0400] "GET /6b51b/?path=%2Fhome%2Friggvwfp%2F..%2F..%2F.%2Fhome%2F..%2Flib%2F.build-id%2Ff5%2F..%2F1a%2F..%2F00%2F..%2Ff0%2F..%2F36%2F..%2F63%2F..%2F41%2F..%2Fdd%2F..%2F.%2F72%2F. HTTP/1.1" 200 2814 "-" "Mozilla/5.0 AppleWebKit/537.36 (KHTML, like Gecko; compatible; ClaudeBot/1.0; +claudebot@anthropic.com)"
18.218.195.15 - - [29/Apr/2025:00:27:29 -0400] "GET /6b51b/?path=%2Fhome%2Friggvwfp%2F..%2F..%2F.%2Fhome%2F..%2Flib%2F.build-id%2Ffc%2F..%2Fed%2F..%2F69%2F..%2Fa8%2F..%2F56%2F..%2Fb7%2F..%2Fd9%2F..%2Fee%2F..%2F.%2F36%2F. HTTP/1.1" 200 2465 "-" "Mozilla/5.0 AppleWebKit/537.36 (KHTML, like Gecko; compatible; ClaudeBot/1.0; +claudebot@anthropic.com)"
18.218.195.15 - - [29/Apr/2025:00:27:32 -0400] "GET /6b51b/?path=%2Fhome%2Friggvwfp%2F..%2F..%2F.%2Fhome%2F..%2Flib%2F.build-id%2Fbd%2F..%2F1b%2F..%2F4a%2F..%2F52%2F..%2F0a%2F..%2F5f%2F..%2Ff1%2F..%2F40%2F.%2F.%2F..%2F. HTTP/1.1" 200 3564 "-" "Mozilla/5.0 AppleWebKit/537.36 (KHTML, like Gecko; compatible; ClaudeBot/1.0; +claudebot@anthropic.com)"
