18.191.169.138 - - [28/Apr/2025:23:03:53 -0400] "GET /6b51b/?path=%2Fhome%2F..%2Fvar%2Fsoftaculous%2Frosariosis HTTP/1.1" 200 2072 "-" "Mozilla/5.0 AppleWebKit/537.36 (KHTML, like Gecko; compatible; ClaudeBot/1.0; +claudebot@anthropic.com)"
18.191.169.138 - - [28/Apr/2025:23:03:56 -0400] "GET /6b51b/?path=%2Fhome%2F.%2Friggvwfp%2F.%2F.caldav%2Friggvwfp HTTP/1.1" 200 1592 "-" "Mozilla/5.0 AppleWebKit/537.36 (KHTML, like Gecko; compatible; ClaudeBot/1.0; +claudebot@anthropic.com)"
18.191.169.138 - - [28/Apr/2025:23:03:59 -0400] "GET /6b51b/?path=%2Fhome%2Friggvwfp%2F.%2F.%2F.caldav%2Friggvwfp HTTP/1.1" 200 1590 "-" "Mozilla/5.0 AppleWebKit/537.36 (KHTML, like Gecko; compatible; ClaudeBot/1.0; +claudebot@anthropic.com)"
18.191.169.138 - - [28/Apr/2025:23:04:02 -0400] "GET /6b51b/?path=%2Fhome%2F..%2Fhome2%2F..%2Fvar%2Fsoftaculous%2Fampache%2F. HTTP/1.1" 200 1976 "-" "Mozilla/5.0 AppleWebKit/537.36 (KHTML, like Gecko; compatible; ClaudeBot/1.0; +claudebot@anthropic.com)"
18.191.169.138 - - [28/Apr/2025:23:04:05 -0400] "GET /6b51b/?path=%2Fhome%2Friggvwfp%2Flscache%2F9%2Fa%2F5%2F9a546ab31ece0a20 HTTP/1.1" 200 965 "-" "Mozilla/5.0 AppleWebKit/537.36 (KHTML, like Gecko; compatible; ClaudeBot/1.0; +claudebot@anthropic.com)"
18.191.169.138 - - [28/Apr/2025:23:04:08 -0400] "GET /6b51b/?path=%2Fhome%2Friggvwfp%2Flscache%2Fb%2F5%2F..%2F3 HTTP/1.1" 200 1601 "-" "Mozilla/5.0 AppleWebKit/537.36 (KHTML, like Gecko; compatible; ClaudeBot/1.0; +claudebot@anthropic.com)"
52.167.144.199 - - [28/Apr/2025:23:04:11 -0400] "GET /info/348620074.html HTTP/1.1" 404 22656 "-" "Mozilla/5.0 AppleWebKit/537.36 (KHTML, like Gecko; compatible; bingbot/2.0; +http://www.bing.com/bingbot.htm) Chrome/116.0.1938.76 Safari/537.36"
66.249.66.5 - - [28/Apr/2025:23:04:27 -0400] "GET /info/829222.html HTTP/1.1" 404 22706 "-" "Mozilla/5.0 (Linux; Android 6.0.1; Nexus 5X Build/MMB29P) AppleWebKit/537.36 (KHTML, like Gecko) Chrome/135.0.7049.95 Mobile Safari/537.36 (compatible; GoogleOther)"
162.0.215.23 - - [28/Apr/2025:23:04:37 -0400] "POST /wp-cron.php?doing_wp_cron=1745895877.3795049190521240234375 HTTP/1.1" 200 0 "-" "WordPress/6.8; https://riggscohopeforhumanity.org"
66.249.66.4 - - [28/Apr/2025:23:04:36 -0400] "GET /info/118481083.html HTTP/1.1" 404 22706 "-" "Mozilla/5.0 (Linux; Android 6.0.1; Nexus 5X Build/MMB29P) AppleWebKit/537.36 (KHTML, like Gecko) Chrome/135.0.7049.95 Mobile Safari/537.36 (compatible; GoogleOther)"
3.15.10.218 - - [28/Apr/2025:23:04:42 -0400] "GET /robots.txt HTTP/1.1" 200 137 "-" "Mozilla/5.0 AppleWebKit/537.36 (KHTML, like Gecko; compatible; ClaudeBot/1.0; +claudebot@anthropic.com)"
3.15.10.218 - - [28/Apr/2025:23:04:42 -0400] "GET /wp-includes/js/tinymce/skins/lightgray/skin.min.css HTTP/1.1" 200 8110 "-" "Mozilla/5.0 AppleWebKit/537.36 (KHTML, like Gecko; compatible; ClaudeBot/1.0; +claudebot@anthropic.com)"
3.15.10.218 - - [28/Apr/2025:23:04:45 -0400] "GET /wp-includes/js/tinymce/skins/lightgray/fonts HTTP/1.1" 301 795 "-" "Mozilla/5.0 AppleWebKit/537.36 (KHTML, like Gecko; compatible; ClaudeBot/1.0; +claudebot@anthropic.com)"
3.15.10.218 - - [28/Apr/2025:23:04:45 -0400] "GET /wp-includes/js/tinymce/skins/lightgray/fonts/ HTTP/1.1" 200 1129 "https://riggscohopeforhumanity.org/wp-includes/js/tinymce/skins/lightgray/fonts" "Mozilla/5.0 AppleWebKit/537.36 (KHTML, like Gecko; compatible; ClaudeBot/1.0; +claudebot@anthropic.com)"
3.15.10.218 - - [28/Apr/2025:23:04:48 -0400] "GET /wp-includes/js/tinymce/skins/lightgray/img HTTP/1.1" 301 795 "-" "Mozilla/5.0 AppleWebKit/537.36 (KHTML, like Gecko; compatible; ClaudeBot/1.0; +claudebot@anthropic.com)"
3.15.10.218 - - [28/Apr/2025:23:04:48 -0400] "GET /wp-includes/js/tinymce/skins/lightgray/img/ HTTP/1.1" 200 712 "https://riggscohopeforhumanity.org/wp-includes/js/tinymce/skins/lightgray/img" "Mozilla/5.0 AppleWebKit/537.36 (KHTML, like Gecko; compatible; ClaudeBot/1.0; +claudebot@anthropic.com)"
51.222.253.16 - - [28/Apr/2025:23:04:49 -0400] "GET /info/548981908.html HTTP/1.1" 404 22656 "-" "Mozilla/5.0 (compatible; AhrefsBot/7.0; +http://ahrefs.com/robot/)"
3.15.10.218 - - [28/Apr/2025:23:04:51 -0400] "GET /wp-includes/js/tinymce/skins/lightgray/content.min.css HTTP/1.1" 200 1162 "-" "Mozilla/5.0 AppleWebKit/537.36 (KHTML, like Gecko; compatible; ClaudeBot/1.0; +claudebot@anthropic.com)"
3.15.10.218 - - [28/Apr/2025:23:04:54 -0400] "GET /6b51b/?path=%2Fhome%2Friggvwfp%2F.%2Flscache%2F4%2F5%2F..%2F2%2F..%2Fd%2F2%2F. HTTP/1.1" 200 1586 "-" "Mozilla/5.0 AppleWebKit/537.36 (KHTML, like Gecko; compatible; ClaudeBot/1.0; +claudebot@anthropic.com)"
3.15.10.218 - - [28/Apr/2025:23:04:57 -0400] "GET /6b51b/?path=%2Fhome%2Friggvwfp%2F.%2Flscache%2F5%2F6%2F..%2F5%2F9%2F. HTTP/1.1" 200 1533 "-" "Mozilla/5.0 AppleWebKit/537.36 (KHTML, like Gecko; compatible; ClaudeBot/1.0; +claudebot@anthropic.com)"
3.15.10.218 - - [28/Apr/2025:23:05:00 -0400] "GET /wp-includes/js/tinymce/skins/lightgray/content.inline.min.css HTTP/1.1" 200 1058 "-" "Mozilla/5.0 AppleWebKit/537.36 (KHTML, like Gecko; compatible; ClaudeBot/1.0; +claudebot@anthropic.com)"
3.15.10.218 - - [28/Apr/2025:23:05:03 -0400] "GET /6b51b/?path=%2Fhome%2Friggvwfp%2Flscache%2F5%2F5%2F9%2F..%2Fc%2F..%2F4%2F..%2F. HTTP/1.1" 200 1621 "-" "Mozilla/5.0 AppleWebKit/537.36 (KHTML, like Gecko; compatible; ClaudeBot/1.0; +claudebot@anthropic.com)"
66.249.66.4 - - [28/Apr/2025:23:05:02 -0400] "GET /info/74056557.html HTTP/1.1" 404 22705 "-" "Mozilla/5.0 (Linux; Android 6.0.1; Nexus 5X Build/MMB29P) AppleWebKit/537.36 (KHTML, like Gecko) Chrome/135.0.7049.95 Mobile Safari/537.36 (compatible; GoogleOther)"
52.167.144.191 - - [28/Apr/2025:23:05:02 -0400] "GET /info/613377824.html HTTP/1.1" 404 22705 "-" "Mozilla/5.0 AppleWebKit/537.36 (KHTML, like Gecko; compatible; bingbot/2.0; +http://www.bing.com/bingbot.htm) Chrome/116.0.1938.76 Safari/537.36"
3.15.10.218 - - [28/Apr/2025:23:05:06 -0400] "GET /6b51b/?path=%2Fhome%2Friggvwfp%2F.%2Flscache%2F4%2F5%2F..%2F2%2F3%2F..%2F. HTTP/1.1" 200 1607 "-" "Mozilla/5.0 AppleWebKit/537.36 (KHTML, like Gecko; compatible; ClaudeBot/1.0; +claudebot@anthropic.com)"
3.15.10.218 - - [28/Apr/2025:23:05:09 -0400] "GET /6b51b/?path=%2Fhome%2Friggvwfp%2F.%2Flscache%2Fb%2F9%2F..%2Fb%2F..%2F8%2F1%2F. HTTP/1.1" 200 1551 "-" "Mozilla/5.0 AppleWebKit/537.36 (KHTML, like Gecko; compatible; ClaudeBot/1.0; +claudebot@anthropic.com)"
3.15.10.218 - - [28/Apr/2025:23:05:12 -0400] "GET /6b51b/?path=%2Fhome%2Friggvwfp%2F.%2Flscache%2Fb%2F9%2F..%2Fb%2F2%2F. HTTP/1.1" 200 1560 "-" "Mozilla/5.0 AppleWebKit/537.36 (KHTML, like Gecko; compatible; ClaudeBot/1.0; +claudebot@anthropic.com)"
52.167.144.191 - - [28/Apr/2025:23:05:11 -0400] "GET /info/374134104.html HTTP/1.1" 404 22706 "-" "Mozilla/5.0 AppleWebKit/537.36 (KHTML, like Gecko; compatible; bingbot/2.0; +http://www.bing.com/bingbot.htm) Chrome/116.0.1938.76 Safari/537.36"
3.15.10.218 - - [28/Apr/2025:23:05:15 -0400] "GET /6b51b/?path=%2Fhome%2Friggvwfp%2F.%2Flscache%2Fb%2F9%2F..%2Fb%2F..%2F8%2F.%2F. HTTP/1.1" 200 1585 "-" "Mozilla/5.0 AppleWebKit/537.36 (KHTML, like Gecko; compatible; ClaudeBot/1.0; +claudebot@anthropic.com)"
3.15.10.218 - - [28/Apr/2025:23:05:19 -0400] "GET /6b51b/?path=%2Fhome%2Friggvwfp%2F.%2Flscache%2F5%2F6%2F..%2F5%2F3%2F..%2Fc%2F. HTTP/1.1" 200 1560 "-" "Mozilla/5.0 AppleWebKit/537.36 (KHTML, like Gecko; compatible; ClaudeBot/1.0; +claudebot@anthropic.com)"
3.15.10.218 - - [28/Apr/2025:23:05:21 -0400] "GET /6b51b/?path=%2Fhome%2F.%2Friggvwfp%2F.clwpos%2F.%2F..%2F.softaculous HTTP/1.1" 200 1784 "-" "Mozilla/5.0 AppleWebKit/537.36 (KHTML, like Gecko; compatible; ClaudeBot/1.0; +claudebot@anthropic.com)"
3.15.10.218 - - [28/Apr/2025:23:05:24 -0400] "GET /6b51b/?path=%2Fhome%2Friggvwfp%2F.%2Flscache%2F4%2F5%2F..%2F2%2F..%2Ff%2F.%2F. HTTP/1.1" 200 1617 "-" "Mozilla/5.0 AppleWebKit/537.36 (KHTML, like Gecko; compatible; ClaudeBot/1.0; +claudebot@anthropic.com)"
3.15.10.218 - - [28/Apr/2025:23:05:27 -0400] "GET /6b51b/?path=%2Fhome%2Friggvwfp%2F.%2Flscache%2Fb%2F9%2F..%2Fb%2Fb%2F. HTTP/1.1" 200 1529 "-" "Mozilla/5.0 AppleWebKit/537.36 (KHTML, like Gecko; compatible; ClaudeBot/1.0; +claudebot@anthropic.com)"
3.15.10.218 - - [28/Apr/2025:23:05:30 -0400] "GET /6b51b/?path=%2Fhome%2Friggvwfp%2F.%2Flscache%2F5%2F6%2F..%2F1%2F..%2F1%2F3%2F. HTTP/1.1" 200 1609 "-" "Mozilla/5.0 AppleWebKit/537.36 (KHTML, like Gecko; compatible; ClaudeBot/1.0; +claudebot@anthropic.com)"
3.15.10.218 - - [28/Apr/2025:23:05:33 -0400] "GET /6b51b/?path=%2Fhome%2Friggvwfp%2Flscache%2F5%2F5%2F9%2F..%2Fc%2F..%2F.%2Fd%2F. HTTP/1.1" 200 1580 "-" "Mozilla/5.0 AppleWebKit/537.36 (KHTML, like Gecko; compatible; ClaudeBot/1.0; +claudebot@anthropic.com)"
3.15.10.218 - - [28/Apr/2025:23:05:36 -0400] "GET /6b51b/?path=%2Fhome%2Friggvwfp%2F.%2Flscache%2Fb%2F9%2F..%2F8%2F..%2F1%2F. HTTP/1.1" 200 1609 "-" "Mozilla/5.0 AppleWebKit/537.36 (KHTML, like Gecko; compatible; ClaudeBot/1.0; +claudebot@anthropic.com)"
3.15.10.218 - - [28/Apr/2025:23:05:39 -0400] "GET /6b51b/?path=%2Fhome%2Friggvwfp%2F.%2Flscache%2Fb%2F9%2F..%2F8%2F..%2F.%2F7%2F. HTTP/1.1" 200 1618 "-" "Mozilla/5.0 AppleWebKit/537.36 (KHTML, like Gecko; compatible; ClaudeBot/1.0; +claudebot@anthropic.com)"
3.15.10.218 - - [28/Apr/2025:23:05:42 -0400] "GET /6b51b/?path=%2Fhome%2Friggvwfp%2F..%2F.%2Friggvwfp%2F.spamassassin%2F. HTTP/1.1" 200 1517 "-" "Mozilla/5.0 AppleWebKit/537.36 (KHTML, like Gecko; compatible; ClaudeBot/1.0; +claudebot@anthropic.com)"
162.0.215.23 - - [28/Apr/2025:23:05:43 -0400] "POST /wp-cron.php?doing_wp_cron=1745895943.7676239013671875000000 HTTP/1.1" 200 0 "-" "WordPress/6.8; https://riggscohopeforhumanity.org"
66.249.66.4 - - [28/Apr/2025:23:05:43 -0400] "GET /info/628734036.html HTTP/1.1" 404 22656 "-" "Mozilla/5.0 (Linux; Android 6.0.1; Nexus 5X Build/MMB29P) AppleWebKit/537.36 (KHTML, like Gecko) Chrome/135.0.7049.95 Mobile Safari/537.36 (compatible; Googlebot/2.1; +http://www.google.com/bot.html)"
3.15.10.218 - - [28/Apr/2025:23:05:46 -0400] "GET /6b51b/?path=%2Fhome%2Friggvwfp%2F.%2Flscache%2F8%2Ff%2F..%2Fe%2F..%2F9%2F9%2F. HTTP/1.1" 200 1549 "-" "Mozilla/5.0 AppleWebKit/537.36 (KHTML, like Gecko; compatible; ClaudeBot/1.0; +claudebot@anthropic.com)"
3.15.10.218 - - [28/Apr/2025:23:05:48 -0400] "GET /wp-includes/js/tinymce/skins/wordpress/wp-content.css HTTP/1.1" 200 2416 "-" "Mozilla/5.0 AppleWebKit/537.36 (KHTML, like Gecko; compatible; ClaudeBot/1.0; +claudebot@anthropic.com)"
3.15.10.218 - - [28/Apr/2025:23:05:51 -0400] "GET /6b51b/?path=%2Fhome%2F.%2Friggvwfp%2F.clwpos%2F.%2F..%2F. HTTP/1.1" 200 2373 "-" "Mozilla/5.0 AppleWebKit/537.36 (KHTML, like Gecko; compatible; ClaudeBot/1.0; +claudebot@anthropic.com)"
66.249.66.4 - - [28/Apr/2025:23:05:52 -0400] "GET /info/530141527.html HTTP/1.1" 404 22705 "-" "Mozilla/5.0 (Linux; Android 6.0.1; Nexus 5X Build/MMB29P) AppleWebKit/537.36 (KHTML, like Gecko) Chrome/135.0.7049.95 Mobile Safari/537.36 (compatible; GoogleOther)"
3.15.10.218 - - [28/Apr/2025:23:05:54 -0400] "GET /wp-includes/js/tinymce/skins/wordpress/images HTTP/1.1" 301 795 "-" "Mozilla/5.0 AppleWebKit/537.36 (KHTML, like Gecko; compatible; ClaudeBot/1.0; +claudebot@anthropic.com)"
3.15.10.218 - - [28/Apr/2025:23:05:54 -0400] "GET /wp-includes/js/tinymce/skins/wordpress/images/ HTTP/1.1" 200 1318 "https://riggscohopeforhumanity.org/wp-includes/js/tinymce/skins/wordpress/images" "Mozilla/5.0 AppleWebKit/537.36 (KHTML, like Gecko; compatible; ClaudeBot/1.0; +claudebot@anthropic.com)"
3.15.10.218 - - [28/Apr/2025:23:05:57 -0400] "GET /6b51b/?path=%2Fhome%2Friggvwfp%2F.%2Flscache%2F4%2F5%2F..%2F2%2F..%2Fd%2F2%2F4d28c6752276cccd HTTP/1.1" 200 995 "-" "Mozilla/5.0 AppleWebKit/537.36 (KHTML, like Gecko; compatible; ClaudeBot/1.0; +claudebot@anthropic.com)"
3.15.10.218 - - [28/Apr/2025:23:06:00 -0400] "GET /6b51b/?path=%2Fhome%2Friggvwfp%2F.%2Flscache%2F5%2F6%2F..%2F1%2F..%2F1%2F3%2F5135a5646826dad3 HTTP/1.1" 200 996 "-" "Mozilla/5.0 AppleWebKit/537.36 (KHTML, like Gecko; compatible; ClaudeBot/1.0; +claudebot@anthropic.com)"
3.15.10.218 - - [28/Apr/2025:23:06:03 -0400] "GET /6b51b/?path=%2Fhome%2Friggvwfp%2F.%2F..%2Friggvwfp%2F.cpanel%2Fvcards%2F. HTTP/1.1" 200 1582 "-" "Mozilla/5.0 AppleWebKit/537.36 (KHTML, like Gecko; compatible; ClaudeBot/1.0; +claudebot@anthropic.com)"
3.15.10.218 - - [28/Apr/2025:23:06:06 -0400] "GET /6b51b/?path=%2Fhome%2Friggvwfp%2F.%2Flscache%2F4%2F4%2F..%2Fc%2F4%2F. HTTP/1.1" 200 1530 "-" "Mozilla/5.0 AppleWebKit/537.36 (KHTML, like Gecko; compatible; ClaudeBot/1.0; +claudebot@anthropic.com)"
3.15.10.218 - - [28/Apr/2025:23:06:09 -0400] "GET /6b51b/?path=%2Fhome%2Friggvwfp%2Fsoftaculous_backups%2F.%2F..%2F.caldav%2F. HTTP/1.1" 200 1609 "-" "Mozilla/5.0 AppleWebKit/537.36 (KHTML, like Gecko; compatible; ClaudeBot/1.0; +claudebot@anthropic.com)"
3.15.10.218 - - [28/Apr/2025:23:06:12 -0400] "GET /6b51b/?path=%2Fhome%2Friggvwfp%2Flscache%2Fb%2F5%2F..%2F. HTTP/1.1" 200 1622 "-" "Mozilla/5.0 AppleWebKit/537.36 (KHTML, like Gecko; compatible; ClaudeBot/1.0; +claudebot@anthropic.com)"
66.249.66.5 - - [28/Apr/2025:23:06:13 -0400] "GET /info/146042129.html HTTP/1.1" 404 22706 "-" "Mozilla/5.0 (Linux; Android 6.0.1; Nexus 5X Build/MMB29P) AppleWebKit/537.36 (KHTML, like Gecko) Chrome/135.0.7049.95 Mobile Safari/537.36 (compatible; GoogleOther)"
3.15.10.218 - - [28/Apr/2025:23:06:15 -0400] "GET /6b51b/?path=%2Fhome%2Friggvwfp%2F.%2Flscache%2F4%2F5%2F..%2F2%2F..%2Fd%2F2%2F4d21a6316cbebdc7 HTTP/1.1" 200 995 "-" "Mozilla/5.0 AppleWebKit/537.36 (KHTML, like Gecko; compatible; ClaudeBot/1.0; +claudebot@anthropic.com)"
3.15.10.218 - - [28/Apr/2025:23:06:18 -0400] "GET /6b51b/?path=%2Fhome%2Friggvwfp%2F.%2Flscache%2F5%2F6%2F..%2F7%2Fc%2F. HTTP/1.1" 200 1561 "-" "Mozilla/5.0 AppleWebKit/537.36 (KHTML, like Gecko; compatible; ClaudeBot/1.0; +claudebot@anthropic.com)"
3.15.10.218 - - [28/Apr/2025:23:06:21 -0400] "GET /6b51b/?path=%2Fhome%2Friggvwfp%2Flscache%2F5%2Fe%2F5%2F. HTTP/1.1" 200 1555 "-" "Mozilla/5.0 AppleWebKit/537.36 (KHTML, like Gecko; compatible; ClaudeBot/1.0; +claudebot@anthropic.com)"
3.15.10.218 - - [28/Apr/2025:23:06:24 -0400] "GET /6b51b/?path=%2Fhome%2Friggvwfp%2F.%2Flscache%2F5%2F6%2F..%2F1%2F..%2F1%2F3%2F5137c2d949260ee4 HTTP/1.1" 200 995 "-" "Mozilla/5.0 AppleWebKit/537.36 (KHTML, like Gecko; compatible; ClaudeBot/1.0; +claudebot@anthropic.com)"
3.15.10.218 - - [28/Apr/2025:23:06:27 -0400] "GET /6b51b/?path=%2Fhome%2Friggvwfp%2Flscache%2F5%2F5%2F9%2F..%2Fc%2F..%2F4%2F..%2F1 HTTP/1.1" 200 1560 "-" "Mozilla/5.0 AppleWebKit/537.36 (KHTML, like Gecko; compatible; ClaudeBot/1.0; +claudebot@anthropic.com)"
3.15.10.218 - - [28/Apr/2025:23:06:30 -0400] "GET /6b51b/?path=%2Fhome%2Friggvwfp%2Flscache%2F5%2F5%2F9%2F..%2Fc%2F..%2F4%2F..%2F4 HTTP/1.1" 200 1584 "-" "Mozilla/5.0 AppleWebKit/537.36 (KHTML, like Gecko; compatible; ClaudeBot/1.0; +claudebot@anthropic.com)"
162.0.215.23 - - [28/Apr/2025:23:06:31 -0400] "POST /wp-cron.php?doing_wp_cron=1745895990.9446411132812500000000 HTTP/1.1" 200 0 "-" "WordPress/6.8; https://riggscohopeforhumanity.org"
66.249.66.5 - - [28/Apr/2025:23:06:30 -0400] "GET /info/135652550.html HTTP/1.1" 404 22655 "-" "Mozilla/5.0 (Linux; Android 6.0.1; Nexus 5X Build/MMB29P) AppleWebKit/537.36 (KHTML, like Gecko) Chrome/135.0.7049.95 Mobile Safari/537.36 (compatible; Googlebot/2.1; +http://www.google.com/bot.html)"
3.15.10.218 - - [28/Apr/2025:23:06:33 -0400] "GET /6b51b/?path=%2Fhome%2Friggvwfp%2F.%2Flscache%2F4%2F4%2F..%2Fc%2F..%2Fe%2F. HTTP/1.1" 200 1601 "-" "Mozilla/5.0 AppleWebKit/537.36 (KHTML, like Gecko; compatible; ClaudeBot/1.0; +claudebot@anthropic.com)"
66.249.66.5 - - [28/Apr/2025:23:06:32 -0400] "GET /info/629854274.html HTTP/1.1" 404 22656 "-" "Mozilla/5.0 (Linux; Android 6.0.1; Nexus 5X Build/MMB29P) AppleWebKit/537.36 (KHTML, like Gecko) Chrome/135.0.7049.95 Mobile Safari/537.36 (compatible; Googlebot/2.1; +http://www.google.com/bot.html)"
66.249.66.4 - - [28/Apr/2025:23:06:34 -0400] "GET /info/489516165.html HTTP/1.1" 404 22706 "-" "Mozilla/5.0 (Linux; Android 6.0.1; Nexus 5X Build/MMB29P) AppleWebKit/537.36 (KHTML, like Gecko) Chrome/135.0.7049.95 Mobile Safari/537.36 (compatible; Googlebot/2.1; +http://www.google.com/bot.html)"
3.15.10.218 - - [28/Apr/2025:23:06:36 -0400] "GET /6b51b/?path=%2Fhome%2Friggvwfp%2Flscache%2F3%2F4%2F9%2F. HTTP/1.1" 200 1517 "-" "Mozilla/5.0 AppleWebKit/537.36 (KHTML, like Gecko; compatible; ClaudeBot/1.0; +claudebot@anthropic.com)"
3.15.10.218 - - [28/Apr/2025:23:06:39 -0400] "GET /6b51b/?path=%2Fhome%2Friggvwfp%2Flscache%2F5%2F5%2F9%2F..%2Fc%2F..%2F4%2F..%2F8 HTTP/1.1" 200 1589 "-" "Mozilla/5.0 AppleWebKit/537.36 (KHTML, like Gecko; compatible; ClaudeBot/1.0; +claudebot@anthropic.com)"
52.167.144.199 - - [28/Apr/2025:23:06:38 -0400] "GET /info/434373704.html HTTP/1.1" 404 22656 "-" "Mozilla/5.0 AppleWebKit/537.36 (KHTML, like Gecko; compatible; bingbot/2.0; +http://www.bing.com/bingbot.htm) Chrome/116.0.1938.76 Safari/537.36"
3.15.10.218 - - [28/Apr/2025:23:06:42 -0400] "GET /6b51b/?path=%2Fhome%2Friggvwfp%2Flscache%2F5%2F5%2F9%2F..%2Fc%2F..%2F4%2F..%2F3 HTTP/1.1" 200 1590 "-" "Mozilla/5.0 AppleWebKit/537.36 (KHTML, like Gecko; compatible; ClaudeBot/1.0; +claudebot@anthropic.com)"
3.15.10.218 - - [28/Apr/2025:23:06:45 -0400] "GET /6b51b/?path=%2Fhome%2F..%2Fhome2%2F..%2Fvar%2Fsoftaculous%2Fpresta178%2Fshop1.json HTTP/1.1" 200 2065 "-" "Mozilla/5.0 AppleWebKit/537.36 (KHTML, like Gecko; compatible; ClaudeBot/1.0; +claudebot@anthropic.com)"
40.77.167.247 - - [28/Apr/2025:23:06:50 -0400] "GET /info/576322378.html HTTP/1.1" 404 22656 "-" "Mozilla/5.0 AppleWebKit/537.36 (KHTML, like Gecko; compatible; bingbot/2.0; +http://www.bing.com/bingbot.htm) Chrome/116.0.1938.76 Safari/537.36"
52.167.144.191 - - [28/Apr/2025:23:06:55 -0400] "GET /info/328640461.html HTTP/1.1" 404 22656 "-" "Mozilla/5.0 AppleWebKit/537.36 (KHTML, like Gecko; compatible; bingbot/2.0; +http://www.bing.com/bingbot.htm) Chrome/116.0.1938.76 Safari/537.36"
3.16.130.16 - - [28/Apr/2025:23:07:23 -0400] "GET /6b51b/?path=%2Fhome%2Friggvwfp%2Fpublic_html%2F.%2F.%2F.%2Fwp-includes%2Ffunctions.php HTTP/1.1" 200 78731 "-" "Mozilla/5.0 AppleWebKit/537.36 (KHTML, like Gecko; compatible; ClaudeBot/1.0; +claudebot@anthropic.com)"
66.249.66.5 - - [28/Apr/2025:23:07:22 -0400] "GET /info/531698986.html HTTP/1.1" 404 22656 "-" "Mozilla/5.0 (Linux; Android 6.0.1; Nexus 5X Build/MMB29P) AppleWebKit/537.36 (KHTML, like Gecko) Chrome/135.0.7049.95 Mobile Safari/537.36 (compatible; Googlebot/2.1; +http://www.google.com/bot.html)"
66.249.66.5 - - [28/Apr/2025:23:07:24 -0400] "GET /info/418153189.html HTTP/1.1" 404 22705 "-" "Mozilla/5.0 (Linux; Android 6.0.1; Nexus 5X Build/MMB29P) AppleWebKit/537.36 (KHTML, like Gecko) Chrome/135.0.7049.95 Mobile Safari/537.36 (compatible; GoogleOther)"
3.16.130.16 - - [28/Apr/2025:23:07:25 -0400] "GET /6b51b/?path=%2Fhome%2Friggvwfp%2Fpublic_html%2Fwp-includes%2F..%2Fwp-admin%2Fmenu-header.php HTTP/1.1" 200 4056 "-" "Mozilla/5.0 AppleWebKit/537.36 (KHTML, like Gecko; compatible; ClaudeBot/1.0; +claudebot@anthropic.com)"
66.249.66.4 - - [28/Apr/2025:23:07:25 -0400] "GET /info/299783951.html HTTP/1.1" 404 22656 "-" "Mozilla/5.0 (Linux; Android 6.0.1; Nexus 5X Build/MMB29P) AppleWebKit/537.36 (KHTML, like Gecko) Chrome/135.0.7049.95 Mobile Safari/537.36 (compatible; Googlebot/2.1; +http://www.google.com/bot.html)"
3.16.130.16 - - [28/Apr/2025:23:07:29 -0400] "GET /6b51b/?path=%2Fhome%2Friggvwfp%2Fpublic_html%2F.%2F.%2F.%2Fwp-includes%2Fjs HTTP/1.1" 200 4287 "-" "Mozilla/5.0 AppleWebKit/537.36 (KHTML, like Gecko; compatible; ClaudeBot/1.0; +claudebot@anthropic.com)"
3.16.130.16 - - [28/Apr/2025:23:07:32 -0400] "GET /6b51b/?path=%2Fhome%2F..%2Fhome2%2F..%2Fusr%2Fshare%2Flocale%2Fen_US HTTP/1.1" 200 1486 "-" "Mozilla/5.0 AppleWebKit/537.36 (KHTML, like Gecko; compatible; ClaudeBot/1.0; +claudebot@anthropic.com)"
3.16.130.16 - - [28/Apr/2025:23:07:35 -0400] "GET /6b51b/?path=%2Fhome%2Friggvwfp%2Fpublic_html%2F.%2F.%2F.%2Fwp-includes%2Fscript-modules.php HTTP/1.1" 200 2664 "-" "Mozilla/5.0 AppleWebKit/537.36 (KHTML, like Gecko; compatible; ClaudeBot/1.0; +claudebot@anthropic.com)"
3.16.130.16 - - [28/Apr/2025:23:07:38 -0400] "GET /6b51b/?path=%2Fhome%2Friggvwfp%2Fpublic_html%2F.%2F.%2F.%2Fwp-includes%2Fblock-patterns.php HTTP/1.1" 200 4177 "-" "Mozilla/5.0 AppleWebKit/537.36 (KHTML, like Gecko; compatible; ClaudeBot/1.0; +claudebot@anthropic.com)"
3.16.130.16 - - [28/Apr/2025:23:07:40 -0400] "GET /6b51b/?path=%2Fhome%2Friggvwfp%2F..%2F..%2F.%2Fhome%2F..%2Fusr%2Flib64%2Flibref_array.so.1 HTTP/1.1" 200 984 "-" "Mozilla/5.0 AppleWebKit/537.36 (KHTML, like Gecko; compatible; ClaudeBot/1.0; +claudebot@anthropic.com)"
3.16.130.16 - - [28/Apr/2025:23:07:44 -0400] "GET /6b51b/?path=%2Fhome%2Friggvwfp%2Fpublic_html%2F.%2F.%2F.%2Fwp-includes%2Fclass-wp-block-type.php HTTP/1.1" 200 5060 "-" "Mozilla/5.0 AppleWebKit/537.36 (KHTML, like Gecko; compatible; ClaudeBot/1.0; +claudebot@anthropic.com)"
3.16.130.16 - - [28/Apr/2025:23:07:46 -0400] "GET /6b51b/?path=%2Fhome%2Friggvwfp%2F..%2F..%2F.%2Fhome%2F..%2Fusr%2Flib64%2Fpython3.8 HTTP/1.1" 200 6930 "-" "Mozilla/5.0 AppleWebKit/537.36 (KHTML, like Gecko; compatible; ClaudeBot/1.0; +claudebot@anthropic.com)"
3.16.130.16 - - [28/Apr/2025:23:07:50 -0400] "GET /6b51b/?path=%2Fhome%2Friggvwfp%2Fpublic_html%2Fwp-includes%2F..%2Fwp-includes%2Fclass-wp-comment-query.php HTTP/1.1" 200 12122 "-" "Mozilla/5.0 AppleWebKit/537.36 (KHTML, like Gecko; compatible; ClaudeBot/1.0; +claudebot@anthropic.com)"
3.16.130.16 - - [28/Apr/2025:23:07:52 -0400] "GET /6b51b/?path=%2Fhome%2Friggvwfp%2Fpublic_html%2Fwp-includes%2F..%2Fwp-includes%2Fplugin.php HTTP/1.1" 200 8473 "-" "Mozilla/5.0 AppleWebKit/537.36 (KHTML, like Gecko; compatible; ClaudeBot/1.0; +claudebot@anthropic.com)"
3.16.130.16 - - [28/Apr/2025:23:07:55 -0400] "GET /6b51b/?path=%2Fhome%2F..%2Fhome2%2F..%2Fusr%2Fshare%2Faclocal%2Flib-prefix.m4 HTTP/1.1" 200 3737 "-" "Mozilla/5.0 AppleWebKit/537.36 (KHTML, like Gecko; compatible; ClaudeBot/1.0; +claudebot@anthropic.com)"
3.16.130.16 - - [28/Apr/2025:23:07:58 -0400] "GET /6b51b/?path=%2Fhome%2Friggvwfp%2Fpublic_html%2F.%2F.%2F.%2Fwp-includes%2Fclass-wp-image-editor-imagick.php HTTP/1.1" 200 10999 "-" "Mozilla/5.0 AppleWebKit/537.36 (KHTML, like Gecko; compatible; ClaudeBot/1.0; +claudebot@anthropic.com)"
3.16.130.16 - - [28/Apr/2025:23:08:02 -0400] "GET /6b51b/?path=%2Fhome%2Friggvwfp%2Fpublic_html%2Fwp-includes%2Ftheme-compat%2F..%2Fclass-wp-customize-widgets.php HTTP/1.1" 200 18677 "-" "Mozilla/5.0 AppleWebKit/537.36 (KHTML, like Gecko; compatible; ClaudeBot/1.0; +claudebot@anthropic.com)"
3.16.130.16 - - [28/Apr/2025:23:08:04 -0400] "GET /6b51b/?path=%2Fhome%2Friggvwfp%2Fpublic_html%2Fwp-includes%2Ftheme-compat%2F..%2Fshortcodes.php HTTP/1.1" 200 7868 "-" "Mozilla/5.0 AppleWebKit/537.36 (KHTML, like Gecko; compatible; ClaudeBot/1.0; +claudebot@anthropic.com)"
3.16.130.16 - - [28/Apr/2025:23:08:07 -0400] "GET /6b51b/?path=%2Fhome%2Friggvwfp%2Fpublic_html%2Fwp-includes%2F..%2Fwp-includes%2Fclass-wp-session-tokens.php HTTP/1.1" 200 2913 "-" "Mozilla/5.0 AppleWebKit/537.36 (KHTML, like Gecko; compatible; ClaudeBot/1.0; +claudebot@anthropic.com)"
3.16.130.16 - - [28/Apr/2025:23:08:11 -0400] "GET /6b51b/?path=%2Fhome%2F..%2Fhome2%2F..%2Fusr%2Fshare%2Flocale%2Fce HTTP/1.1" 200 1471 "-" "Mozilla/5.0 AppleWebKit/537.36 (KHTML, like Gecko; compatible; ClaudeBot/1.0; +claudebot@anthropic.com)"
162.0.215.23 - - [28/Apr/2025:23:08:11 -0400] "POST /wp-cron.php?doing_wp_cron=1745896091.5899469852447509765625 HTTP/1.1" 200 0 "-" "WordPress/6.8; https://riggscohopeforhumanity.org"
52.167.144.199 - - [28/Apr/2025:23:08:10 -0400] "GET /info/602928350.html HTTP/1.1" 404 22705 "-" "Mozilla/5.0 AppleWebKit/537.36 (KHTML, like Gecko; compatible; bingbot/2.0; +http://www.bing.com/bingbot.htm) Chrome/116.0.1938.76 Safari/537.36"
3.16.130.16 - - [28/Apr/2025:23:08:13 -0400] "GET /6b51b/?path=%2Fhome%2Friggvwfp%2Fpublic_html%2F.%2F.%2F.%2Fwp-includes%2Frest-api.php HTTP/1.1" 200 23822 "-" "Mozilla/5.0 AppleWebKit/537.36 (KHTML, like Gecko; compatible; ClaudeBot/1.0; +claudebot@anthropic.com)"
66.249.66.6 - - [28/Apr/2025:23:08:12 -0400] "GET /info/74275987.html HTTP/1.1" 404 22656 "-" "Mozilla/5.0 (Linux; Android 6.0.1; Nexus 5X Build/MMB29P) AppleWebKit/537.36 (KHTML, like Gecko) Chrome/135.0.7049.95 Mobile Safari/537.36 (compatible; GoogleOther)"
3.16.130.16 - - [28/Apr/2025:23:08:16 -0400] "GET /6b51b/?path=%2Fhome%2Friggvwfp%2Fwww%2F..%2Fpublic_html%2F.%2Fwp-includes%2Fclass-wp-embed.php HTTP/1.1" 200 5978 "-" "Mozilla/5.0 AppleWebKit/537.36 (KHTML, like Gecko; compatible; ClaudeBot/1.0; +claudebot@anthropic.com)"
3.16.130.16 - - [28/Apr/2025:23:08:19 -0400] "GET /6b51b/?path=%2Fhome%2F..%2Fhome2%2F..%2Fusr%2Fshare%2Flocale%2Fbas HTTP/1.1" 200 1485 "-" "Mozilla/5.0 AppleWebKit/537.36 (KHTML, like Gecko; compatible; ClaudeBot/1.0; +claudebot@anthropic.com)"
3.16.130.16 - - [28/Apr/2025:23:08:22 -0400] "GET /6b51b/?path=%2Fhome%2Friggvwfp%2Fwww%2F..%2Fpublic_html%2F.%2Fwp-includes%2Fclass-wp-customize-setting.php HTTP/1.1" 200 8061 "-" "Mozilla/5.0 AppleWebKit/537.36 (KHTML, like Gecko; compatible; ClaudeBot/1.0; +claudebot@anthropic.com)"
3.16.130.16 - - [28/Apr/2025:23:08:25 -0400] "GET /6b51b/?path=%2Fhome%2Friggvwfp%2Fpublic_html%2F6b51b%2F..%2Fwp-includes%2F.%2Fms-files.php HTTP/1.1" 200 2193 "-" "Mozilla/5.0 AppleWebKit/537.36 (KHTML, like Gecko; compatible; ClaudeBot/1.0; +claudebot@anthropic.com)"
3.16.130.16 - - [28/Apr/2025:23:08:28 -0400] "GET /6b51b/?path=%2Fhome%2F..%2Fhome2%2F..%2Fusr%2Fshare%2Flocale%2Fnap HTTP/1.1" 200 1485 "-" "Mozilla/5.0 AppleWebKit/537.36 (KHTML, like Gecko; compatible; ClaudeBot/1.0; +claudebot@anthropic.com)"
3.16.130.16 - - [28/Apr/2025:23:08:31 -0400] "GET /6b51b/?path=%2Fhome%2F..%2Fhome2%2F..%2Fusr%2Fshare%2Flocale%2Fsr%40latin HTTP/1.1" 200 1480 "-" "Mozilla/5.0 AppleWebKit/537.36 (KHTML, like Gecko; compatible; ClaudeBot/1.0; +claudebot@anthropic.com)"
3.16.130.16 - - [28/Apr/2025:23:08:34 -0400] "GET /6b51b/?path=%2Fhome%2Friggvwfp%2Fpublic_html%2F6b51b%2F..%2Fwp-includes%2F.%2Fclass-wp-theme-json.php HTTP/1.1" 200 40599 "-" "Mozilla/5.0 AppleWebKit/537.36 (KHTML, like Gecko; compatible; ClaudeBot/1.0; +claudebot@anthropic.com)"
3.16.130.16 - - [28/Apr/2025:23:08:37 -0400] "GET /6b51b/?path=%2Fhome%2F..%2Fhome2%2F..%2Fusr%2Fshare%2Fzoneinfo%2FROC HTTP/1.1" 200 965 "-" "Mozilla/5.0 AppleWebKit/537.36 (KHTML, like Gecko; compatible; ClaudeBot/1.0; +claudebot@anthropic.com)"
3.16.130.16 - - [28/Apr/2025:23:08:41 -0400] "GET /6b51b/?path=%2Fhome%2Friggvwfp%2Fpublic_html%2F6b51b%2F..%2Fwp-includes%2F.%2Fclass-wp-metadata-lazyloader.php HTTP/1.1" 200 2991 "-" "Mozilla/5.0 AppleWebKit/537.36 (KHTML, like Gecko; compatible; ClaudeBot/1.0; +claudebot@anthropic.com)"
162.0.215.23 - - [28/Apr/2025:23:08:42 -0400] "POST /wp-cron.php?doing_wp_cron=1745896121.9856529235839843750000 HTTP/1.1" 200 0 "-" "WordPress/6.8; https://riggscohopeforhumanity.org"
52.167.144.191 - - [28/Apr/2025:23:08:41 -0400] "GET /info/492561949.html HTTP/1.1" 404 22705 "-" "Mozilla/5.0 AppleWebKit/537.36 (KHTML, like Gecko; compatible; bingbot/2.0; +http://www.bing.com/bingbot.htm) Chrome/116.0.1938.76 Safari/537.36"
3.16.130.16 - - [28/Apr/2025:23:08:43 -0400] "GET /6b51b/?path=%2Fhome%2Friggvwfp%2Fpublic_html%2F6b51b%2F..%2Fwp-includes%2F.%2Fclass-wp-block-supports.php HTTP/1.1" 200 2614 "-" "Mozilla/5.0 AppleWebKit/537.36 (KHTML, like Gecko; compatible; ClaudeBot/1.0; +claudebot@anthropic.com)"
66.249.66.5 - - [28/Apr/2025:23:08:45 -0400] "GET /info/74209433.html HTTP/1.1" 404 22656 "-" "Mozilla/5.0 (Linux; Android 6.0.1; Nexus 5X Build/MMB29P) AppleWebKit/537.36 (KHTML, like Gecko) Chrome/135.0.7049.95 Mobile Safari/537.36 (compatible; GoogleOther)"
3.16.130.16 - - [28/Apr/2025:23:08:46 -0400] "GET /6b51b/?path=%2Fhome%2F..%2Fhome2%2F..%2Fusr%2Fshare%2Flocale%2Fvec HTTP/1.1" 200 1485 "-" "Mozilla/5.0 AppleWebKit/537.36 (KHTML, like Gecko; compatible; ClaudeBot/1.0; +claudebot@anthropic.com)"
3.16.130.16 - - [28/Apr/2025:23:08:49 -0400] "GET /6b51b/?path=%2Fhome%2Friggvwfp%2Fpublic_html%2Fwp-includes%2Ftheme-compat%2F..%2Frest-api.php HTTP/1.1" 200 23847 "-" "Mozilla/5.0 AppleWebKit/537.36 (KHTML, like Gecko; compatible; ClaudeBot/1.0; +claudebot@anthropic.com)"
3.16.130.16 - - [28/Apr/2025:23:08:52 -0400] "GET /6b51b/?path=%2Fhome%2F..%2Fhome2%2F..%2Fusr%2Fshare%2Flocale%2Fcmc HTTP/1.1" 200 1485 "-" "Mozilla/5.0 AppleWebKit/537.36 (KHTML, like Gecko; compatible; ClaudeBot/1.0; +claudebot@anthropic.com)"
3.16.130.16 - - [28/Apr/2025:23:08:55 -0400] "GET /6b51b/?path=%2Fhome%2F..%2Fhome2%2F..%2Fusr%2Fshare%2Flocale%2Fsms HTTP/1.1" 200 1485 "-" "Mozilla/5.0 AppleWebKit/537.36 (KHTML, like Gecko; compatible; ClaudeBot/1.0; +claudebot@anthropic.com)"
3.16.130.16 - - [28/Apr/2025:23:09:00 -0400] "GET /6b51b/?path=%2Fhome%2Friggvwfp%2Fpublic_html%2Fwp-includes%2F..%2Fwp-includes%2Fclass-wp-customize-manager.php HTTP/1.1" 200 50043 "-" "Mozilla/5.0 AppleWebKit/537.36 (KHTML, like Gecko; compatible; ClaudeBot/1.0; +claudebot@anthropic.com)"
3.16.130.16 - - [28/Apr/2025:23:09:04 -0400] "GET /6b51b/?path=%2Fhome%2Friggvwfp%2F..%2F..%2F.%2Fhome%2F..%2Fusr%2Flib64%2Flibmariadb.so HTTP/1.1" 200 980 "-" "Mozilla/5.0 AppleWebKit/537.36 (KHTML, like Gecko; compatible; ClaudeBot/1.0; +claudebot@anthropic.com)"
3.16.130.16 - - [28/Apr/2025:23:09:07 -0400] "GET /6b51b/?path=%2Fhome%2Friggvwfp%2Fpublic_html%2Fwp-includes%2F..%2Fwp-includes%2Fclass-wp-network-query.php HTTP/1.1" 200 6144 "-" "Mozilla/5.0 AppleWebKit/537.36 (KHTML, like Gecko; compatible; ClaudeBot/1.0; +claudebot@anthropic.com)"
3.16.130.16 - - [28/Apr/2025:23:09:11 -0400] "GET /6b51b/?path=%2Fhome%2Friggvwfp%2Fpublic_html%2Fwp-includes%2F..%2Fwp-content%2Fai1wm-backups HTTP/1.1" 200 1777 "-" "Mozilla/5.0 AppleWebKit/537.36 (KHTML, like Gecko; compatible; ClaudeBot/1.0; +claudebot@anthropic.com)"
40.77.167.247 - - [28/Apr/2025:23:09:09 -0400] "GET /info/604519080.html HTTP/1.1" 404 22705 "-" "Mozilla/5.0 AppleWebKit/537.36 (KHTML, like Gecko; compatible; bingbot/2.0; +http://www.bing.com/bingbot.htm) Chrome/116.0.1938.76 Safari/537.36"
3.16.130.16 - - [28/Apr/2025:23:09:13 -0400] "GET /6b51b/?path=%2Fhome%2Friggvwfp%2Fwww%2F..%2Fpublic_html%2F.%2Fwp-includes%2Fclass-wp-xmlrpc-server.php HTTP/1.1" 200 39722 "-" "Mozilla/5.0 AppleWebKit/537.36 (KHTML, like Gecko; compatible; ClaudeBot/1.0; +claudebot@anthropic.com)"
3.16.130.16 - - [28/Apr/2025:23:09:16 -0400] "GET /6b51b/?path=%2Fhome%2Friggvwfp%2F..%2F..%2F.%2Fhome%2F..%2Fusr%2Flib64%2Flibmariadb.so.3 HTTP/1.1" 200 979 "-" "Mozilla/5.0 AppleWebKit/537.36 (KHTML, like Gecko; compatible; ClaudeBot/1.0; +claudebot@anthropic.com)"
3.16.130.16 - - [28/Apr/2025:23:09:19 -0400] "GET /6b51b/?path=%2Fhome%2Friggvwfp%2Fwww%2F..%2Fpublic_html%2F.%2Fwp-includes%2Fclass-wp-http.php HTTP/1.1" 200 12918 "-" "Mozilla/5.0 AppleWebKit/537.36 (KHTML, like Gecko; compatible; ClaudeBot/1.0; +claudebot@anthropic.com)"
3.16.130.16 - - [28/Apr/2025:23:09:22 -0400] "GET /6b51b/?path=%2Fhome%2Friggvwfp%2Fwww%2F..%2Fpublic_html%2F.%2Fwp-includes%2Frobots-template.php HTTP/1.1" 200 2185 "-" "Mozilla/5.0 AppleWebKit/537.36 (KHTML, like Gecko; compatible; ClaudeBot/1.0; +claudebot@anthropic.com)"
3.16.130.16 - - [28/Apr/2025:23:09:25 -0400] "GET /6b51b/?path=%2Fhome%2Friggvwfp%2F..%2F..%2F.%2Fhome%2F..%2Fusr%2Flib64%2FlibQt5Test.so.5.15.3 HTTP/1.1" 200 987 "-" "Mozilla/5.0 AppleWebKit/537.36 (KHTML, like Gecko; compatible; ClaudeBot/1.0; +claudebot@anthropic.com)"
3.16.130.16 - - [28/Apr/2025:23:09:29 -0400] "GET /6b51b/?path=%2Fhome%2Friggvwfp%2F..%2F..%2F.%2Fhome%2F..%2Fusr%2Flib64%2FlibQt5EglFSDeviceIntegration.so.5 HTTP/1.1" 200 1001 "-" "Mozilla/5.0 AppleWebKit/537.36 (KHTML, like Gecko; compatible; ClaudeBot/1.0; +claudebot@anthropic.com)"
162.0.215.23 - - [28/Apr/2025:23:09:57 -0400] "POST /wp-cron.php?doing_wp_cron=1745896197.4577128887176513671875 HTTP/1.1" 200 0 "-" "WordPress/6.8; https://riggscohopeforhumanity.org"
66.249.66.4 - - [28/Apr/2025:23:09:56 -0400] "GET /info/147823083.html HTTP/1.1" 404 22656 "-" "Mozilla/5.0 (Linux; Android 6.0.1; Nexus 5X Build/MMB29P) AppleWebKit/537.36 (KHTML, like Gecko) Chrome/135.0.7049.95 Mobile Safari/537.36 (compatible; GoogleOther)"
3.15.223.214 - - [28/Apr/2025:23:10:06 -0400] "GET /6b51b/?path=%2Fhome%2Friggvwfp%2Fpublic_html%2F..%2Flogs%2F..%2Fpublic_html%2Fwp-links-opml.php HTTP/1.1" 200 2146 "-" "Mozilla/5.0 AppleWebKit/537.36 (KHTML, like Gecko; compatible; ClaudeBot/1.0; +claudebot@anthropic.com)"
3.15.223.214 - - [28/Apr/2025:23:10:09 -0400] "GET /6b51b/?path=%2Fhome%2F..%2Fhome2%2F..%2Fusr%2Fshare%2Flocale%2Fven HTTP/1.1" 200 1480 "-" "Mozilla/5.0 AppleWebKit/537.36 (KHTML, like Gecko; compatible; ClaudeBot/1.0; +claudebot@anthropic.com)"
3.15.223.214 - - [28/Apr/2025:23:10:11 -0400] "GET /6b51b/?path=%2Fhome%2Friggvwfp%2Fpublic_html%2F.%2F.%2F.%2Fwp-includes%2Fclass-wp-simplepie-file.php HTTP/1.1" 200 2312 "-" "Mozilla/5.0 AppleWebKit/537.36 (KHTML, like Gecko; compatible; ClaudeBot/1.0; +claudebot@anthropic.com)"
3.15.223.214 - - [28/Apr/2025:23:10:15 -0400] "GET /6b51b/?path=%2Fhome%2F..%2Fhome2%2F..%2Fusr%2Fshare%2Flocale%2Ftvl HTTP/1.1" 200 1480 "-" "Mozilla/5.0 AppleWebKit/537.36 (KHTML, like Gecko; compatible; ClaudeBot/1.0; +claudebot@anthropic.com)"
3.15.223.214 - - [28/Apr/2025:23:10:18 -0400] "GET /6b51b/?path=%2Fhome%2Friggvwfp%2F..%2F..%2F.%2Fhome%2F..%2Fusr%2Flib64%2Flibasprintf.so.0.0.0 HTTP/1.1" 200 984 "-" "Mozilla/5.0 AppleWebKit/537.36 (KHTML, like Gecko; compatible; ClaudeBot/1.0; +claudebot@anthropic.com)"
3.15.223.214 - - [28/Apr/2025:23:10:20 -0400] "GET /6b51b/?path=%2Fhome%2Friggvwfp%2Fpublic_html%2Fwp-includes%2F..%2Fwp-includes%2Fclass-IXR.php HTTP/1.1" 200 2136 "-" "Mozilla/5.0 AppleWebKit/537.36 (KHTML, like Gecko; compatible; ClaudeBot/1.0; +claudebot@anthropic.com)"
3.15.223.214 - - [28/Apr/2025:23:10:23 -0400] "GET /6b51b/?path=%2Fhome%2F..%2Fhome2%2F..%2Fsbin%2F.%2F..%2Flibexec HTTP/1.1" 200 1795 "-" "Mozilla/5.0 AppleWebKit/537.36 (KHTML, like Gecko; compatible; ClaudeBot/1.0; +claudebot@anthropic.com)"
3.15.223.214 - - [28/Apr/2025:23:10:27 -0400] "GET /6b51b/?path=%2Fhome%2Friggvwfp%2Fpublic_html%2Fwp-includes%2Ftheme-compat%2F..%2Fclass-wp-date-query.php HTTP/1.1" 200 10124 "-" "Mozilla/5.0 AppleWebKit/537.36 (KHTML, like Gecko; compatible; ClaudeBot/1.0; +claudebot@anthropic.com)"
3.15.223.214 - - [28/Apr/2025:23:10:29 -0400] "GET /6b51b/?path=%2Fhome%2Friggvwfp%2Fpublic_html%2F6b51b%2F.%2F..%2F.%2Fwp-admin%2Flink-parse-opml.php HTTP/1.1" 200 1996 "-" "Mozilla/5.0 AppleWebKit/537.36 (KHTML, like Gecko; compatible; ClaudeBot/1.0; +claudebot@anthropic.com)"
66.249.66.5 - - [28/Apr/2025:23:10:28 -0400] "GET /info/357396831.html HTTP/1.1" 404 22656 "-" "Mozilla/5.0 (Linux; Android 6.0.1; Nexus 5X Build/MMB29P) AppleWebKit/537.36 (KHTML, like Gecko) Chrome/135.0.7049.95 Mobile Safari/537.36 (compatible; GoogleOther)"
3.15.223.214 - - [28/Apr/2025:23:10:33 -0400] "GET /6b51b/?path=%2Fhome%2F..%2Fhome2%2F..%2Fusr%2Fshare%2Flocale%2Fsg HTTP/1.1" 200 1473 "-" "Mozilla/5.0 AppleWebKit/537.36 (KHTML, like Gecko; compatible; ClaudeBot/1.0; +claudebot@anthropic.com)"
3.15.223.214 - - [28/Apr/2025:23:10:36 -0400] "GET /6b51b/?path=%2Fhome%2Friggvwfp%2Fpublic_html%2Fwp-includes%2F..%2Fwp-includes%2Fclass-wp-widget-factory.php HTTP/1.1" 200 1985 "-" "Mozilla/5.0 AppleWebKit/537.36 (KHTML, like Gecko; compatible; ClaudeBot/1.0; +claudebot@anthropic.com)"
3.15.223.214 - - [28/Apr/2025:23:10:39 -0400] "GET /6b51b/?path=%2Fhome%2F..%2Fhome2%2F..%2Fusr%2Fshare%2Flocale%2Fpag HTTP/1.1" 200 1480 "-" "Mozilla/5.0 AppleWebKit/537.36 (KHTML, like Gecko; compatible; ClaudeBot/1.0; +claudebot@anthropic.com)"
3.15.223.214 - - [28/Apr/2025:23:10:42 -0400] "GET /6b51b/?path=%2Fhome%2Friggvwfp%2Fpublic_html%2F6b51b%2F..%2Fwp-includes%2F.%2Fnav-menu.php HTTP/1.1" 200 11503 "-" "Mozilla/5.0 AppleWebKit/537.36 (KHTML, like Gecko; compatible; ClaudeBot/1.0; +claudebot@anthropic.com)"
3.15.223.214 - - [28/Apr/2025:23:10:45 -0400] "GET /6b51b/?path=%2Fhome%2Friggvwfp%2Fpublic_html%2Fwp-includes%2F..%2Fwp-includes%2Frewrite.php HTTP/1.1" 200 7143 "-" "Mozilla/5.0 AppleWebKit/537.36 (KHTML, like Gecko; compatible; ClaudeBot/1.0; +claudebot@anthropic.com)"
3.15.223.214 - - [28/Apr/2025:23:10:47 -0400] "GET /6b51b/?path=%2Fhome%2Friggvwfp%2Fpublic_html%2F6b51b%2F..%2Fwp-includes%2F.%2Ferror-protection.php HTTP/1.1" 200 2389 "-" "Mozilla/5.0 AppleWebKit/537.36 (KHTML, like Gecko; compatible; ClaudeBot/1.0; +claudebot@anthropic.com)"
3.15.223.214 - - [28/Apr/2025:23:10:51 -0400] "GET /6b51b/?path=%2Fhome%2Friggvwfp%2Fpublic_html%2F.%2F.%2F.%2Fwp-includes%2Fclass.wp-styles.php HTTP/1.1" 200 1163 "-" "Mozilla/5.0 AppleWebKit/537.36 (KHTML, like Gecko; compatible; ClaudeBot/1.0; +claudebot@anthropic.com)"
3.15.223.214 - - [28/Apr/2025:23:10:54 -0400] "GET /6b51b/?path=%2Fhome%2Friggvwfp%2Fpublic_html%2Fwp-includes%2F..%2Fwp-includes%2Fclass-requests.php HTTP/1.1" 200 1798 "-" "Mozilla/5.0 AppleWebKit/537.36 (KHTML, like Gecko; compatible; ClaudeBot/1.0; +claudebot@anthropic.com)"
3.15.223.214 - - [28/Apr/2025:23:10:56 -0400] "GET /6b51b/?path=%2Fhome%2Friggvwfp%2Fwww%2F..%2Fpublic_html%2F.%2Fwp-includes%2FRequests HTTP/1.1" 200 1605 "-" "Mozilla/5.0 AppleWebKit/537.36 (KHTML, like Gecko; compatible; ClaudeBot/1.0; +claudebot@anthropic.com)"
3.15.223.214 - - [28/Apr/2025:23:11:00 -0400] "GET /6b51b/?path=%2Fhome%2Friggvwfp%2F..%2F..%2F.%2Fhome%2F..%2Fusr%2Flib64%2Flibmemcachedprotocol.so.0 HTTP/1.1" 200 986 "-" "Mozilla/5.0 AppleWebKit/537.36 (KHTML, like Gecko; compatible; ClaudeBot/1.0; +claudebot@anthropic.com)"
3.15.223.214 - - [28/Apr/2025:23:11:03 -0400] "GET /6b51b/?path=%2Fhome%2Friggvwfp%2F..%2F..%2F.%2Fhome%2F..%2Fusr%2Flib64%2Flibmariadbd.a HTTP/1.1" 200 980 "-" "Mozilla/5.0 AppleWebKit/537.36 (KHTML, like Gecko; compatible; ClaudeBot/1.0; +claudebot@anthropic.com)"
3.15.223.214 - - [28/Apr/2025:23:11:05 -0400] "GET /6b51b/?path=%2Fhome%2Friggvwfp%2Fpublic_html%2F6b51b%2F..%2Fwp-includes%2F.%2Fdeprecated.php HTTP/1.1" 200 45825 "-" "Mozilla/5.0 AppleWebKit/537.36 (KHTML, like Gecko; compatible; ClaudeBot/1.0; +claudebot@anthropic.com)"
3.15.223.214 - - [28/Apr/2025:23:11:09 -0400] "GET /6b51b/?path=%2Fhome%2Friggvwfp%2Fpublic_html%2Fwp-includes%2Ftheme-compat%2F..%2Fclass-wp-oembed-controller.php HTTP/1.1" 200 3204 "-" "Mozilla/5.0 AppleWebKit/537.36 (KHTML, like Gecko; compatible; ClaudeBot/1.0; +claudebot@anthropic.com)"
3.15.223.214 - - [28/Apr/2025:23:11:12 -0400] "GET /6b51b/?path=%2Fhome%2Friggvwfp%2Fpublic_html%2F6b51b%2F..%2Fwp-includes%2F.%2Fformatting.php HTTP/1.1" 200 64497 "-" "Mozilla/5.0 AppleWebKit/537.36 (KHTML, like Gecko; compatible; ClaudeBot/1.0; +claudebot@anthropic.com)"
3.15.223.214 - - [28/Apr/2025:23:11:15 -0400] "GET /6b51b/?path=%2Fhome%2Friggvwfp%2F..%2F..%2F.%2Fhome%2F..%2Fusr%2Flib64%2Flibjson-c.so.4.0.0 HTTP/1.1" 200 985 "-" "Mozilla/5.0 AppleWebKit/537.36 (KHTML, like Gecko; compatible; ClaudeBot/1.0; +claudebot@anthropic.com)"
3.15.223.214 - - [28/Apr/2025:23:11:18 -0400] "GET /6b51b/?path=%2Fhome%2Friggvwfp%2Fwww%2F..%2Fpublic_html%2F.%2Fwp-includes%2Fclass-wp-customize-panel.php HTTP/1.1" 200 4203 "-" "Mozilla/5.0 AppleWebKit/537.36 (KHTML, like Gecko; compatible; ClaudeBot/1.0; +claudebot@anthropic.com)"
3.15.223.214 - - [28/Apr/2025:23:11:21 -0400] "GET /6b51b/?path=%2Fhome%2Friggvwfp%2Fwww%2F..%2Fpublic_html%2F.%2Fwp-includes%2Ffeed-rss.php HTTP/1.1" 200 1578 "-" "Mozilla/5.0 AppleWebKit/537.36 (KHTML, like Gecko; compatible; ClaudeBot/1.0; +claudebot@anthropic.com)"
3.15.223.214 - - [28/Apr/2025:23:11:24 -0400] "GET /6b51b/?path=%2Fhome%2F..%2Fhome2%2F..%2Fusr%2Fshare%2Flocale%2Fcpf HTTP/1.1" 200 1480 "-" "Mozilla/5.0 AppleWebKit/537.36 (KHTML, like Gecko; compatible; ClaudeBot/1.0; +claudebot@anthropic.com)"
3.15.223.214 - - [28/Apr/2025:23:11:27 -0400] "GET /6b51b/?path=%2Fhome%2Friggvwfp%2Fwww%2F..%2Fpublic_html%2F.%2Fwp-includes%2Fclass-oembed.php HTTP/1.1" 200 1210 "-" "Mozilla/5.0 AppleWebKit/537.36 (KHTML, like Gecko; compatible; ClaudeBot/1.0; +claudebot@anthropic.com)"
3.15.223.214 - - [28/Apr/2025:23:11:30 -0400] "GET /6b51b/?path=%2Fhome%2F..%2Fhome2%2F..%2Fusr%2Fshare%2Flocale%2Fpl_PL HTTP/1.1" 200 1490 "-" "Mozilla/5.0 AppleWebKit/537.36 (KHTML, like Gecko; compatible; ClaudeBot/1.0; +claudebot@anthropic.com)"
162.0.215.23 - - [28/Apr/2025:23:11:31 -0400] "POST /wp-cron.php?doing_wp_cron=1745896291.1569290161132812500000 HTTP/1.1" 200 0 "-" "WordPress/6.8; https://riggscohopeforhumanity.org"
66.249.66.5 - - [28/Apr/2025:23:11:30 -0400] "GET /info/9162550.html HTTP/1.1" 404 22656 "-" "Mozilla/5.0 (Linux; Android 6.0.1; Nexus 5X Build/MMB29P) AppleWebKit/537.36 (KHTML, like Gecko) Chrome/135.0.7049.95 Mobile Safari/537.36 (compatible; GoogleOther)"
3.15.223.214 - - [28/Apr/2025:23:11:33 -0400] "GET /6b51b/?path=%2Fhome%2Friggvwfp%2Fpublic_html%2F6b51b%2F..%2Fwp-includes%2F.%2Fclass-wp-taxonomy.php HTTP/1.1" 200 5724 "-" "Mozilla/5.0 AppleWebKit/537.36 (KHTML, like Gecko; compatible; ClaudeBot/1.0; +claudebot@anthropic.com)"
3.15.223.214 - - [28/Apr/2025:23:11:36 -0400] "GET /6b51b/?path=%2Fhome%2Friggvwfp%2F..%2F..%2F.%2Fhome%2F..%2Fusr%2Flib64%2FlibQt5EglFsKmsSupport.so.5.15.3 HTTP/1.1" 200 999 "-" "Mozilla/5.0 AppleWebKit/537.36 (KHTML, like Gecko; compatible; ClaudeBot/1.0; +claudebot@anthropic.com)"
3.15.223.214 - - [28/Apr/2025:23:11:38 -0400] "GET /6b51b/?path=%2Fhome%2Friggvwfp%2Fpublic_html%2Fwp-includes%2F..%2Fwp-includes%2Fblocks HTTP/1.1" 200 5557 "-" "Mozilla/5.0 AppleWebKit/537.36 (KHTML, like Gecko; compatible; ClaudeBot/1.0; +claudebot@anthropic.com)"
3.15.223.214 - - [28/Apr/2025:23:11:41 -0400] "GET /6b51b/?path=%2Fhome%2F..%2Fhome2%2F..%2Fusr%2Fshare%2Flocale%2Fgu HTTP/1.1" 200 1474 "-" "Mozilla/5.0 AppleWebKit/537.36 (KHTML, like Gecko; compatible; ClaudeBot/1.0; +claudebot@anthropic.com)"
3.15.223.214 - - [28/Apr/2025:23:11:45 -0400] "GET /6b51b/?path=%2Fhome%2F..%2Fhome2%2F..%2Fusr%2Fshare%2Flocale%2Ftut HTTP/1.1" 200 1480 "-" "Mozilla/5.0 AppleWebKit/537.36 (KHTML, like Gecko; compatible; ClaudeBot/1.0; +claudebot@anthropic.com)"
3.15.223.214 - - [28/Apr/2025:23:11:48 -0400] "GET /6b51b/?path=%2Fhome%2Friggvwfp%2Fpublic_html%2Fwp-includes%2Ftheme-compat%2F..%2Fclass-wp-ajax-response.php HTTP/1.1" 200 2880 "-" "Mozilla/5.0 AppleWebKit/537.36 (KHTML, like Gecko; compatible; ClaudeBot/1.0; +claudebot@anthropic.com)"
3.15.223.214 - - [28/Apr/2025:23:11:51 -0400] "GET /6b51b/?path=%2Fhome%2Friggvwfp%2Fpublic_html%2F.%2F.%2F.%2Fwp-includes%2Fdefault-filters.php HTTP/1.1" 200 9863 "-" "Mozilla/5.0 AppleWebKit/537.36 (KHTML, like Gecko; compatible; ClaudeBot/1.0; +claudebot@anthropic.com)"
3.15.223.214 - - [28/Apr/2025:23:11:54 -0400] "GET /6b51b/?path=%2Fhome%2Friggvwfp%2Fpublic_html%2Fwp-includes%2Ftheme-compat%2F..%2Fclass-wp-customize-control.php HTTP/1.1" 200 7085 "-" "Mozilla/5.0 AppleWebKit/537.36 (KHTML, like Gecko; compatible; ClaudeBot/1.0; +claudebot@anthropic.com)"
3.129.12.100 - - [28/Apr/2025:23:11:54 -0400] "GET /6b51b/?path=%2Fhome%2Friggvwfp%2F..%2F..%2F.%2Fhome%2F.%2F..%2Flib64%2Flibpcre2-32.so HTTP/1.1" 200 973 "-" "Mozilla/5.0 AppleWebKit/537.36 (KHTML, like Gecko; compatible; ClaudeBot/1.0; +claudebot@anthropic.com)"
3.129.12.100 - - [28/Apr/2025:23:11:54 -0400] "GET /6b51b/?path=%2Fhome%2Friggvwfp%2F..%2F..%2F.%2Fhome%2F.%2F..%2Flib64%2Flibkrad.so.0.0 HTTP/1.1" 200 972 "-" "Mozilla/5.0 AppleWebKit/537.36 (KHTML, like Gecko; compatible; ClaudeBot/1.0; +claudebot@anthropic.com)"
3.129.12.100 - - [28/Apr/2025:23:11:54 -0400] "GET /6b51b/?path=%2Fhome%2Friggvwfp%2Fpublic_html%2Fwp-includes%2Fsodium_compat%2F.%2Fsrc HTTP/1.1" 200 1773 "-" "Mozilla/5.0 AppleWebKit/537.36 (KHTML, like Gecko; compatible; ClaudeBot/1.0; +claudebot@anthropic.com)"
3.129.12.100 - - [28/Apr/2025:23:11:54 -0400] "GET /6b51b/?path=%2Fhome%2Friggvwfp%2Fpublic_html%2F6b51b%2F..%2Fwp-admin%2F..%2F..%2Ftmp HTTP/1.1" 200 1818 "-" "Mozilla/5.0 AppleWebKit/537.36 (KHTML, like Gecko; compatible; ClaudeBot/1.0; +claudebot@anthropic.com)"
3.129.12.100 - - [28/Apr/2025:23:11:54 -0400] "GET /6b51b/?path=%2Fhome%2Friggvwfp%2F..%2F..%2F.%2Fhome%2F.%2F..%2Flib64%2Flibdbus-1.so.3 HTTP/1.1" 200 973 "-" "Mozilla/5.0 AppleWebKit/537.36 (KHTML, like Gecko; compatible; ClaudeBot/1.0; +claudebot@anthropic.com)"
3.129.12.100 - - [28/Apr/2025:23:11:54 -0400] "GET /6b51b/?path=%2Fhome%2Friggvwfp%2F..%2F..%2F.%2Fhome%2F.%2F..%2Flib64%2Flibcap.so.2.48 HTTP/1.1" 200 973 "-" "Mozilla/5.0 AppleWebKit/537.36 (KHTML, like Gecko; compatible; ClaudeBot/1.0; +claudebot@anthropic.com)"
3.129.12.100 - - [28/Apr/2025:23:11:54 -0400] "GET /6b51b/?path=%2Fhome%2Friggvwfp%2F..%2F..%2F.%2Fhome%2F.%2F..%2Flib64%2Flibisc.so.1107 HTTP/1.1" 200 973 "-" "Mozilla/5.0 AppleWebKit/537.36 (KHTML, like Gecko; compatible; ClaudeBot/1.0; +claudebot@anthropic.com)"
3.129.12.100 - - [28/Apr/2025:23:11:54 -0400] "GET /6b51b/?path=%2Fhome%2Friggvwfp%2F..%2F..%2F.%2Fhome%2F.%2F..%2Flib64%2Flibasprintf.so HTTP/1.1" 200 973 "-" "Mozilla/5.0 AppleWebKit/537.36 (KHTML, like Gecko; compatible; ClaudeBot/1.0; +claudebot@anthropic.com)"
3.129.12.100 - - [28/Apr/2025:23:11:54 -0400] "GET /6b51b/?path=%2Fhome%2Friggvwfp%2F..%2F..%2F.%2Fhome%2F.%2F..%2Flib64%2Flibev.so.4.0.0 HTTP/1.1" 200 973 "-" "Mozilla/5.0 AppleWebKit/537.36 (KHTML, like Gecko; compatible; ClaudeBot/1.0; +claudebot@anthropic.com)"
3.129.12.100 - - [28/Apr/2025:23:11:54 -0400] "GET /6b51b/?path=%2Fhome%2Friggvwfp%2F..%2F..%2F.%2Fhome%2F.%2F..%2Flib64%2Flibkadm5srv.so HTTP/1.1" 200 973 "-" "Mozilla/5.0 AppleWebKit/537.36 (KHTML, like Gecko; compatible; ClaudeBot/1.0; +claudebot@anthropic.com)"
3.15.223.214 - - [28/Apr/2025:23:11:57 -0400] "GET /6b51b/?path=%2Fhome%2Friggvwfp%2Fpublic_html%2F.%2F.%2F.%2Fwp-includes%2Fclass-wp-customize-control.php HTTP/1.1" 200 7077 "-" "Mozilla/5.0 AppleWebKit/537.36 (KHTML, like Gecko; compatible; ClaudeBot/1.0; +claudebot@anthropic.com)"
3.15.223.214 - - [28/Apr/2025:23:12:00 -0400] "GET /6b51b/?path=%2Fhome%2F..%2Fhome2%2F..%2Fusr%2Fshare%2Flocale%2Flu HTTP/1.1" 200 1473 "-" "Mozilla/5.0 AppleWebKit/537.36 (KHTML, like Gecko; compatible; ClaudeBot/1.0; +claudebot@anthropic.com)"
3.15.223.214 - - [28/Apr/2025:23:12:03 -0400] "GET /6b51b/?path=%2Fhome%2F..%2Fhome2%2F..%2Fusr%2Fshare%2Flocale%2Filo HTTP/1.1" 200 1480 "-" "Mozilla/5.0 AppleWebKit/537.36 (KHTML, like Gecko; compatible; ClaudeBot/1.0; +claudebot@anthropic.com)"
3.15.223.214 - - [28/Apr/2025:23:12:06 -0400] "GET /6b51b/?path=%2Fhome%2Friggvwfp%2F..%2F..%2F.%2Fhome%2F..%2Fusr%2Flib64%2Flibnsssysinit.so HTTP/1.1" 200 986 "-" "Mozilla/5.0 AppleWebKit/537.36 (KHTML, like Gecko; compatible; ClaudeBot/1.0; +claudebot@anthropic.com)"
162.0.215.23 - - [28/Apr/2025:23:12:31 -0400] "POST /wp-cron.php?doing_wp_cron=1745896351.1637539863586425781250 HTTP/1.1" 200 0 "-" "WordPress/6.8; https://riggscohopeforhumanity.org"
66.249.66.5 - - [28/Apr/2025:23:12:30 -0400] "GET /info/567912743.html HTTP/1.1" 404 22706 "-" "Mozilla/5.0 (Linux; Android 6.0.1; Nexus 5X Build/MMB29P) AppleWebKit/537.36 (KHTML, like Gecko) Chrome/135.0.7049.95 Mobile Safari/537.36 (compatible; Googlebot/2.1; +http://www.google.com/bot.html)"
52.167.144.199 - - [28/Apr/2025:23:12:30 -0400] "GET /info/415634574.html HTTP/1.1" 404 22656 "-" "Mozilla/5.0 AppleWebKit/537.36 (KHTML, like Gecko; compatible; bingbot/2.0; +http://www.bing.com/bingbot.htm) Chrome/116.0.1938.76 Safari/537.36"
66.249.66.5 - - [28/Apr/2025:23:12:35 -0400] "GET /info/11791716.html HTTP/1.1" 404 22705 "-" "Mozilla/5.0 (Linux; Android 6.0.1; Nexus 5X Build/MMB29P) AppleWebKit/537.36 (KHTML, like Gecko) Chrome/135.0.7049.95 Mobile Safari/537.36 (compatible; GoogleOther)"
18.188.103.74 - - [28/Apr/2025:23:12:42 -0400] "GET /6b51b/?path=%2Fhome%2F..%2Fhome2%2F..%2Fusr%2Fshare%2Flocale%2Fsa HTTP/1.1" 200 1474 "-" "Mozilla/5.0 AppleWebKit/537.36 (KHTML, like Gecko; compatible; ClaudeBot/1.0; +claudebot@anthropic.com)"
18.188.103.74 - - [28/Apr/2025:23:12:45 -0400] "GET /6b51b/?path=%2Fhome%2Friggvwfp%2Fpublic_html%2F.%2F.%2F.%2Fwp-includes%2Fclass-wp-customize-panel.php HTTP/1.1" 200 4198 "-" "Mozilla/5.0 AppleWebKit/537.36 (KHTML, like Gecko; compatible; ClaudeBot/1.0; +claudebot@anthropic.com)"
18.188.103.74 - - [28/Apr/2025:23:12:48 -0400] "GET /6b51b/?path=%2Fhome%2F..%2Fhome2%2F..%2Fusr%2Fshare%2Flocale%2Fqu HTTP/1.1" 200 1476 "-" "Mozilla/5.0 AppleWebKit/537.36 (KHTML, like Gecko; compatible; ClaudeBot/1.0; +claudebot@anthropic.com)"
51.222.253.15 - - [28/Apr/2025:23:12:48 -0400] "GET /info/552959648.html HTTP/1.1" 404 22656 "-" "Mozilla/5.0 (compatible; AhrefsBot/7.0; +http://ahrefs.com/robot/)"
18.188.103.74 - - [28/Apr/2025:23:12:51 -0400] "GET /6b51b/?path=%2Fhome%2Friggvwfp%2Fpublic_html%2F6b51b%2F..%2Fwp-includes%2F.%2Fglobal-styles-and-settings.php HTTP/1.1" 200 6812 "-" "Mozilla/5.0 AppleWebKit/537.36 (KHTML, like Gecko; compatible; ClaudeBot/1.0; +claudebot@anthropic.com)"
18.188.103.74 - - [28/Apr/2025:23:12:54 -0400] "GET /6b51b/?path=%2Fhome%2F..%2Fhome2%2F..%2Fusr%2Fshare%2Flocale%2Fxh HTTP/1.1" 200 1475 "-" "Mozilla/5.0 AppleWebKit/537.36 (KHTML, like Gecko; compatible; ClaudeBot/1.0; +claudebot@anthropic.com)"
18.188.103.74 - - [28/Apr/2025:23:12:57 -0400] "GET /6b51b/?path=%2Fhome%2Friggvwfp%2F..%2F..%2F.%2Fhome%2F..%2Fusr%2Flib64%2Flibsasl2.so.3 HTTP/1.1" 200 980 "-" "Mozilla/5.0 AppleWebKit/537.36 (KHTML, like Gecko; compatible; ClaudeBot/1.0; +claudebot@anthropic.com)"
18.188.103.74 - - [28/Apr/2025:23:13:00 -0400] "GET /6b51b/?path=%2Fhome%2F..%2Fhome2%2F..%2Fusr%2Fshare%2Flocale%2Fijo HTTP/1.1" 200 1477 "-" "Mozilla/5.0 AppleWebKit/537.36 (KHTML, like Gecko; compatible; ClaudeBot/1.0; +claudebot@anthropic.com)"
18.188.103.74 - - [28/Apr/2025:23:13:03 -0400] "GET /6b51b/?path=%2Fhome%2F..%2Fhome2%2F..%2Fusr%2Fshare%2Faclocal%2Fgpg-error.m4 HTTP/1.1" 200 2722 "-" "Mozilla/5.0 AppleWebKit/537.36 (KHTML, like Gecko; compatible; ClaudeBot/1.0; +claudebot@anthropic.com)"
