217.182.194.33 - - [19/Apr/2025:08:48:46 -0400] "GET /6b51b/?path=/home/../../../../../dev/../.././home1/../../../../../../lib64/../../../../../../usr/include/../src/../lib64/../include/fontconfig/../libexslt/../linux/sched/../../linux/netfilter_ipv4/../../apache2/../X11 HTTP/1.1" 200 3006 "-" "Mozilla/5.0 (compatible; MJ12bot/v1.4.8; http://mj12bot.com/)"
217.182.194.33 - - [19/Apr/2025:08:48:50 -0400] "GET /6b51b/?path=/home/../../../../../dev/../.././home1/../../../../../../lib64/../../../../../../usr/include/../src/../lib64/../include/fontconfig/../libexslt/../linux/sched/../../linux/netfilter_ipv4/../../apache2/../aio.h HTTP/1.1" 200 3382 "-" "Mozilla/5.0 (compatible; MJ12bot/v1.4.8; http://mj12bot.com/)"
217.182.194.33 - - [19/Apr/2025:08:48:54 -0400] "GET /6b51b/?path=/home/../../../../../dev/../.././home1/../../../../../../lib64/../../../../../../usr/include/../src/../lib64/../include/fontconfig/../libexslt/../linux/sched/../../linux/netfilter_ipv4/../../apache2/../ar.h HTTP/1.1" 200 2065 "-" "Mozilla/5.0 (compatible; MJ12bot/v1.4.8; http://mj12bot.com/)"
217.182.194.33 - - [19/Apr/2025:08:48:58 -0400] "GET /6b51b/?path=/home/../../../../../dev/../.././home1/../../../../../../lib64/../../../../../../usr/include/../src/../lib64/../include/fontconfig/../libexslt/../linux/sched/../../linux/netfilter_ipv4/../../apache2/../argp.h HTTP/1.1" 200 9896 "-" "Mozilla/5.0 (compatible; MJ12bot/v1.4.8; http://mj12bot.com/)"
217.182.194.33 - - [19/Apr/2025:08:49:01 -0400] "GET /6b51b/?path=/home/../../../../../dev/../.././home1/../../../../../../lib64/../../../../../../usr/include/../src/../lib64/../include/fontconfig/../libexslt/../linux/sched/../../linux/netfilter_ipv4/../../apache2/../argz.h HTTP/1.1" 200 3141 "-" "Mozilla/5.0 (compatible; MJ12bot/v1.4.8; http://mj12bot.com/)"
217.182.194.33 - - [19/Apr/2025:08:49:05 -0400] "GET /6b51b/?path=/home/../../../../../dev/../.././home1/../../../../../../lib64/../../../../../../usr/include/../src/../lib64/../include/fontconfig/../libexslt/../linux/sched/../../linux/netfilter_ipv4/../../apache2/../arpa HTTP/1.1" 200 1896 "-" "Mozilla/5.0 (compatible; MJ12bot/v1.4.8; http://mj12bot.com/)"
217.182.194.33 - - [19/Apr/2025:08:49:09 -0400] "GET /6b51b/?path=/home/../../../../../dev/../.././home1/../../../../../../lib64/../../../../../../usr/include/../src/../lib64/../include/fontconfig/../libexslt/../linux/sched/../../linux/netfilter_ipv4/../../apache2/../asm HTTP/1.1" 200 3478 "-" "Mozilla/5.0 (compatible; MJ12bot/v1.4.8; http://mj12bot.com/)"
217.182.194.33 - - [19/Apr/2025:08:49:13 -0400] "GET /6b51b/?path=/home/../../../../../dev/../.././home1/../../../../../../lib64/../../../../../../usr/include/../src/../lib64/../include/fontconfig/../libexslt/../linux/sched/../../linux/netfilter_ipv4/../../apache2/../bind9 HTTP/1.1" 200 1968 "-" "Mozilla/5.0 (compatible; MJ12bot/v1.4.8; http://mj12bot.com/)"
162.0.215.23 - - [19/Apr/2025:08:49:13 -0400] "POST /wp-cron.php?doing_wp_cron=1745066953.5603380203247070312500 HTTP/1.1" 200 0 "-" "WordPress/6.8; https://riggscohopeforhumanity.org"
217.182.194.33 - - [19/Apr/2025:08:44:32 -0400] "GET /6b51b/?path=/home/../../../../../dev/../.././home1/../../../../../../lib64/../../../../../../usr/include/../src/../lib64/../include/fontconfig/../libexslt/../linux/sched/../../linux/netfilter_ipv4/../../X11/../search.h HTTP/1.1" 200 3266 "-" "Mozilla/5.0 (compatible; MJ12bot/v1.4.8; http://mj12bot.com/)"
217.182.194.33 - - [19/Apr/2025:08:44:36 -0400] "GET /6b51b/?path=/home/../../../../../dev/../.././home1/../../../../../../lib64/../../../../../../usr/include/../src/../lib64/../include/fontconfig/../libexslt/../linux/sched/../../linux/netfilter_ipv4/../../X11/../selinux HTTP/1.1" 200 2020 "-" "Mozilla/5.0 (compatible; MJ12bot/v1.4.8; http://mj12bot.com/)"
20.15.133.164 - - [19/Apr/2025:08:44:36 -0400] "GET /robots.txt HTTP/1.1" 200 137 "-" "Mozilla/5.0 AppleWebKit/537.36 (KHTML, like Gecko; compatible; bingbot/2.0; +http://www.bing.com/bingbot.htm) Chrome/116.0.1938.76 Safari/537.36"
193.32.208.26 - - [19/Apr/2025:08:44:37 -0400] "GET /wp-login.php HTTP/1.1" 404 16938 "-" "Mozilla/5.0 (Windows NT 10.0; Win64; x64) AppleWebKit/537.36 (KHTML, like Gecko) Chrome/130.0.0.0 Safari/537.36"
217.182.194.33 - - [19/Apr/2025:08:44:39 -0400] "GET /6b51b/?path=/home/../../../../../dev/../.././home1/../../../../../../lib64/../../../../../../usr/include/../src/../lib64/../include/fontconfig/../libexslt/../linux/sched/../../linux/netfilter_ipv4/../../X11/../stdlib.h HTTP/1.1" 200 9642 "-" "Mozilla/5.0 (compatible; MJ12bot/v1.4.8; http://mj12bot.com/)"
20.15.133.191 - - [19/Apr/2025:08:44:42 -0400] "GET /info/489365873.html HTTP/1.1" 301 0 "-" "Mozilla/5.0 AppleWebKit/537.36 (KHTML, like Gecko; compatible; bingbot/2.0; +http://www.bing.com/bingbot.htm) Chrome/116.0.1938.76 Safari/537.36"
217.182.194.33 - - [19/Apr/2025:08:44:43 -0400] "GET /6b51b/?path=/home/../../../../../dev/../.././home1/../../../../../../lib64/../../../../../../usr/include/../src/../lib64/../include/fontconfig/../libexslt/../linux/sched/../../linux/netfilter_ipv4/../../X11/../string.h HTTP/1.1" 200 5320 "-" "Mozilla/5.0 (compatible; MJ12bot/v1.4.8; http://mj12bot.com/)"
92.205.64.104 - - [19/Apr/2025:08:44:43 -0400] "GET /wp-login.php HTTP/1.1" 404 16938 "-" "Mozilla/5.0 (Windows NT 10.0; Win64; x64) AppleWebKit/537.36 (KHTML, like Gecko) Chrome/130.0.0.0 Safari/537.36"
20.15.133.191 - - [19/Apr/2025:08:44:44 -0400] "GET /info/460771165.html HTTP/1.1" 301 0 "-" "Mozilla/5.0 AppleWebKit/537.36 (KHTML, like Gecko; compatible; bingbot/2.0; +http://www.bing.com/bingbot.htm) Chrome/116.0.1938.76 Safari/537.36"
217.182.194.33 - - [19/Apr/2025:08:44:47 -0400] "GET /6b51b/?path=/home/../../../../../dev/../.././home1/../../../../../../lib64/../../../../../../usr/include/../src/../lib64/../include/fontconfig/../libexslt/../linux/sched/../../linux/netfilter_ipv4/../../X11/../strings.h HTTP/1.1" 200 2710 "-" "Mozilla/5.0 (compatible; MJ12bot/v1.4.8; http://mj12bot.com/)"
20.15.133.191 - - [19/Apr/2025:08:44:46 -0400] "GET /info/408288831.html HTTP/1.1" 301 0 "-" "Mozilla/5.0 AppleWebKit/537.36 (KHTML, like Gecko; compatible; bingbot/2.0; +http://www.bing.com/bingbot.htm) Chrome/116.0.1938.76 Safari/537.36"
139.99.134.103 - - [19/Apr/2025:08:44:48 -0400] "POST /xmlrpc.php HTTP/1.1" 200 205 "-" "Mozilla/5.0 (Windows NT 10.0; Win64; x64) AppleWebKit/537.36 (KHTML, like Gecko) Chrome/130.0.0.0 Safari/537.36"
217.182.194.33 - - [19/Apr/2025:08:44:50 -0400] "GET /6b51b/?path=/home/../../../../../dev/../.././home1/../../../../../../lib64/../../../../../../usr/include/../src/../lib64/../include/fontconfig/../libexslt/../linux/sched/../../linux/netfilter_ipv4/../../X11/../sys HTTP/1.1" 200 3879 "-" "Mozilla/5.0 (compatible; MJ12bot/v1.4.8; http://mj12bot.com/)"
217.182.194.33 - - [19/Apr/2025:08:44:54 -0400] "GET /6b51b/?path=/home/../../../../../dev/../.././home1/../../../../../../lib64/../../../../../../usr/include/../src/../lib64/../include/fontconfig/../libexslt/../linux/sched/../../linux/netfilter_ipv4/../../X11/../syscall.h HTTP/1.1" 200 1208 "-" "Mozilla/5.0 (compatible; MJ12bot/v1.4.8; http://mj12bot.com/)"
66.249.74.34 - - [19/Apr/2025:08:49:13 -0400] "GET /info/342582973.html HTTP/1.1" 404 22582 "-" "Mozilla/5.0 (Linux; Android 6.0.1; Nexus 5X Build/MMB29P) AppleWebKit/537.36 (KHTML, like Gecko) Chrome/135.0.7049.95 Mobile Safari/537.36 (compatible; Googlebot/2.1; +http://www.google.com/bot.html)"
92.204.55.171 - - [19/Apr/2025:08:49:16 -0400] "GET /wp-login.php HTTP/1.1" 404 16938 "-" "Mozilla/5.0 (Windows NT 10.0; Win64; x64) AppleWebKit/537.36 (KHTML, like Gecko) Chrome/130.0.0.0 Safari/537.36"
217.182.194.33 - - [19/Apr/2025:08:49:17 -0400] "GET /6b51b/?path=/home/../../../../../dev/../.././home1/../../../../../../lib64/../../../../../../usr/include/../src/../lib64/../include/fontconfig/../libexslt/../linux/sched/../../linux/netfilter_ipv4/../../apache2/../bits HTTP/1.1" 200 5371 "-" "Mozilla/5.0 (compatible; MJ12bot/v1.4.8; http://mj12bot.com/)"
217.182.194.33 - - [19/Apr/2025:08:49:20 -0400] "GET /6b51b/?path=/home/../../../../../dev/../.././home1/../../../../../../lib64/../../../../../../usr/include/../src/../lib64/../include/fontconfig/../libexslt/../linux/sched/../../linux/netfilter_ipv4/../../apache2/../bsock HTTP/1.1" 200 1880 "-" "Mozilla/5.0 (compatible; MJ12bot/v1.4.8; http://mj12bot.com/)"
217.182.194.33 - - [19/Apr/2025:08:49:24 -0400] "GET /6b51b/?path=/home/../../../../../dev/../.././home1/../../../../../../lib64/../../../../../../usr/include/../src/../lib64/../include/fontconfig/../libexslt/../linux/sched/../../linux/netfilter_ipv4/../../apache2/../c HTTP/1.1" 200 1444 "-" "Mozilla/5.0 (compatible; MJ12bot/v1.4.8; http://mj12bot.com/)"
217.182.194.33 - - [19/Apr/2025:08:49:28 -0400] "GET /6b51b/?path=/home/../../../../../dev/../.././home1/../../../../../../lib64/../../../../../../usr/include/../src/../lib64/../include/fontconfig/../libexslt/../linux/sched/../../linux/netfilter_ipv4/../../apache2/../cpio.h HTTP/1.1" 200 2278 "-" "Mozilla/5.0 (compatible; MJ12bot/v1.4.8; http://mj12bot.com/)"
217.182.194.33 - - [19/Apr/2025:08:49:32 -0400] "GET /6b51b/?path=/home/../../../../../dev/../.././home1/../../../../../../lib64/../../../../../../usr/include/../src/../lib64/../include/fontconfig/../libexslt/../linux/sched/../../linux/netfilter_ipv4/../../apache2/../criu HTTP/1.1" 200 1877 "-" "Mozilla/5.0 (compatible; MJ12bot/v1.4.8; http://mj12bot.com/)"
217.182.194.33 - - [19/Apr/2025:08:49:36 -0400] "GET /6b51b/?path=/home/../../../../../dev/../.././home1/../../../../../../lib64/../../../../../../usr/include/../src/../lib64/../include/fontconfig/../libexslt/../linux/sched/../../linux/netfilter_ipv4/../../apache2/../curl HTTP/1.1" 200 2002 "-" "Mozilla/5.0 (compatible; MJ12bot/v1.4.8; http://mj12bot.com/)"
217.182.194.33 - - [19/Apr/2025:08:49:39 -0400] "GET /6b51b/?path=/home/../../../../../dev/../.././home1/../../../../../../lib64/../../../../../../usr/include/../src/../lib64/../include/fontconfig/../libexslt/../linux/sched/../../linux/netfilter_ipv4/../../apache2/../db.h HTTP/1.1" 200 32163 "-" "Mozilla/5.0 (compatible; MJ12bot/v1.4.8; http://mj12bot.com/)"
217.182.194.33 - - [19/Apr/2025:08:49:43 -0400] "GET /6b51b/?path=/home/../../../../../dev/../.././home1/../../../../../../lib64/../../../../../../usr/include/../src/../lib64/../include/fontconfig/../libexslt/../linux/sched/../../linux/netfilter_ipv4/../../apache2/../dbm.h HTTP/1.1" 200 1875 "-" "Mozilla/5.0 (compatible; MJ12bot/v1.4.8; http://mj12bot.com/)"
217.182.194.33 - - [19/Apr/2025:08:49:47 -0400] "GET /6b51b/?path=/home/../../../../../dev/../.././home1/../../../../../../lib64/../../../../../../usr/include/../src/../lib64/../include/fontconfig/../libexslt/../linux/sched/../../linux/netfilter_ipv4/../../apache2/../drm HTTP/1.1" 200 2438 "-" "Mozilla/5.0 (compatible; MJ12bot/v1.4.8; http://mj12bot.com/)"
157.230.37.18 - - [19/Apr/2025:08:49:46 -0400] "GET /wp-login.php HTTP/1.1" 404 16938 "-" "Mozilla/5.0 (Windows NT 10.0; Win64; x64) AppleWebKit/537.36 (KHTML, like Gecko) Chrome/130.0.0.0 Safari/537.36"
217.182.194.33 - - [19/Apr/2025:08:49:50 -0400] "GET /6b51b/?path=/home/../../../../../dev/../.././home1/../../../../../../lib64/../../../../../../usr/include/../src/../lib64/../include/fontconfig/../libexslt/../linux/sched/../../linux/netfilter_ipv4/../../apache2/../e2p HTTP/1.1" 200 1773 "-" "Mozilla/5.0 (compatible; MJ12bot/v1.4.8; http://mj12bot.com/)"
217.182.194.33 - - [19/Apr/2025:08:49:54 -0400] "GET /6b51b/?path=/home/../../../../../dev/../.././home1/../../../../../../lib64/../../../../../../usr/include/../src/../lib64/../include/fontconfig/../libexslt/../linux/sched/../../linux/netfilter_ipv4/../../apache2/../elf.h HTTP/1.1" 200 42282 "-" "Mozilla/5.0 (compatible; MJ12bot/v1.4.8; http://mj12bot.com/)"
3.144.81.47 - - [19/Apr/2025:08:49:55 -0400] "GET /6b51b/?path=%2Fhome%2Friggvwfp%2Fpublic_html%2F6b51b%2F..%2F.%2Fwp-cron.php HTTP/1.1" 200 3089 "-" "Mozilla/5.0 AppleWebKit/537.36 (KHTML, like Gecko; compatible; ClaudeBot/1.0; +claudebot@anthropic.com)"
3.88.5.251 - - [19/Apr/2025:08:49:56 -0400] "GET /.git/config HTTP/1.1" 403 1242 "-" "Mozilla/5.0 (Macintosh; Intel Mac OS X 10_14_6) AppleWebKit/537.36 (KHTML, like Gecko) Chrome/76.0.3809.100 Safari/537.36"
217.182.194.33 - - [19/Apr/2025:08:49:58 -0400] "GET /6b51b/?path=/home/../../../../../dev/../.././home1/../../../../../../lib64/../../../../../../usr/include/../src/../lib64/../include/fontconfig/../libexslt/../linux/sched/../../linux/netfilter_ipv4/../../apache2/../envz.h HTTP/1.1" 200 2316 "-" "Mozilla/5.0 (compatible; MJ12bot/v1.4.8; http://mj12bot.com/)"
3.144.81.47 - - [19/Apr/2025:08:49:58 -0400] "GET /6b51b/?path=%2Fhome%2Friggvwfp%2Fpublic_html%2F6b51b%2F..%2F..%2F.nc_plugin HTTP/1.1" 200 1222 "-" "Mozilla/5.0 AppleWebKit/537.36 (KHTML, like Gecko; compatible; ClaudeBot/1.0; +claudebot@anthropic.com)"
3.144.81.47 - - [19/Apr/2025:08:50:01 -0400] "GET /6b51b/?path=%2Fhome%2Friggvwfp%2Fpublic_html%2F6b51b%2F.%2F..%2Fwp-includes HTTP/1.1" 200 8962 "-" "Mozilla/5.0 AppleWebKit/537.36 (KHTML, like Gecko; compatible; ClaudeBot/1.0; +claudebot@anthropic.com)"
217.182.194.33 - - [19/Apr/2025:08:50:02 -0400] "GET /6b51b/?path=/home/../../../../../dev/../.././home1/../../../../../../lib64/../../../../../../usr/include/../src/../lib64/../include/fontconfig/../libexslt/../linux/sched/../../linux/netfilter_ipv4/../../apache2/../err.h HTTP/1.1" 200 1994 "-" "Mozilla/5.0 (compatible; MJ12bot/v1.4.8; http://mj12bot.com/)"
217.182.194.33 - - [19/Apr/2025:08:50:05 -0400] "GET /6b51b/?path=/home/../../../../../dev/../.././home1/../../../../../../lib64/../../../../../../usr/include/../src/../lib64/../include/fontconfig/../libexslt/../linux/sched/../../linux/netfilter_ipv4/../../apache2/../et HTTP/1.1" 200 1759 "-" "Mozilla/5.0 (compatible; MJ12bot/v1.4.8; http://mj12bot.com/)"
217.182.194.33 - - [19/Apr/2025:08:50:10 -0400] "GET /6b51b/?path=/home/../../../../../dev/../.././home1/../../../../../../lib64/../../../../../../usr/include/../src/../lib64/../include/fontconfig/../libexslt/../linux/sched/../../linux/netfilter_ipv4/../../apache2/../eti.h HTTP/1.1" 200 2338 "-" "Mozilla/5.0 (compatible; MJ12bot/v1.4.8; http://mj12bot.com/)"
217.182.194.33 - - [19/Apr/2025:08:50:16 -0400] "GET /6b51b/?path=/home/../../../../../dev/../.././home1/../../../../../../lib64/../../../../../../usr/include/../src/../lib64/../include/fontconfig/../libexslt/../linux/sched/../../linux/netfilter_ipv4/../../apache2/../etip.h HTTP/1.1" 200 3895 "-" "Mozilla/5.0 (compatible; MJ12bot/v1.4.8; http://mj12bot.com/)"
217.182.194.33 - - [19/Apr/2025:08:50:20 -0400] "GET /6b51b/?path=/home/../../../../../dev/../.././home1/../../../../../../lib64/../../../../../../usr/include/../src/../lib64/../include/fontconfig/../libexslt/../linux/sched/../../linux/netfilter_ipv4/../../apache2/../event2 HTTP/1.1" 200 2393 "-" "Mozilla/5.0 (compatible; MJ12bot/v1.4.8; http://mj12bot.com/)"
217.182.194.33 - - [19/Apr/2025:08:50:25 -0400] "GET /6b51b/?path=/home/../../../../../dev/../.././home1/../../../../../../lib64/../../../../../../usr/include/../src/../lib64/../include/fontconfig/../libexslt/../linux/sched/../../linux/netfilter_ipv4/../../apache2/../ext2fs HTTP/1.1" 200 2049 "-" "Mozilla/5.0 (compatible; MJ12bot/v1.4.8; http://mj12bot.com/)"
217.182.194.33 - - [19/Apr/2025:08:50:29 -0400] "GET /6b51b/?path=/home/../../../../../dev/../.././home1/../../../../../../lib64/../../../../../../usr/include/../src/../lib64/../include/fontconfig/../libexslt/../linux/sched/../../linux/netfilter_ipv4/../../apache2/../fenv.h HTTP/1.1" 200 3183 "-" "Mozilla/5.0 (compatible; MJ12bot/v1.4.8; http://mj12bot.com/)"
217.182.194.33 - - [19/Apr/2025:08:50:33 -0400] "GET /6b51b/?path=/home/../../../../../dev/../.././home1/../../../../../../lib64/../../../../../../usr/include/../src/../lib64/../include/fontconfig/../libexslt/../linux/sched/../../linux/netfilter_ipv4/../../apache2/../form.h HTTP/1.1" 200 5924 "-" "Mozilla/5.0 (compatible; MJ12bot/v1.4.8; http://mj12bot.com/)"
217.182.194.33 - - [19/Apr/2025:08:50:37 -0400] "GET /6b51b/?path=/home/../../../../../dev/../.././home1/../../../../../../lib64/../../../../../../usr/include/../src/../lib64/../include/fontconfig/../libexslt/../linux/sched/../../linux/netfilter_ipv4/../../apache2/../fstrm HTTP/1.1" 200 1960 "-" "Mozilla/5.0 (compatible; MJ12bot/v1.4.8; http://mj12bot.com/)"
162.0.215.23 - - [19/Apr/2025:08:50:40 -0400] "POST /wp-cron.php?doing_wp_cron=1745067040.1158618927001953125000 HTTP/1.1" 200 0 "-" "WordPress/6.8; https://riggscohopeforhumanity.org"
92.205.55.192 - - [19/Apr/2025:08:50:39 -0400] "POST /xmlrpc.php HTTP/1.1" 200 205 "-" "Mozilla/5.0 (Windows NT 10.0; Win64; x64) AppleWebKit/537.36 (KHTML, like Gecko) Chrome/130.0.0.0 Safari/537.36"
217.182.194.33 - - [19/Apr/2025:08:50:40 -0400] "GET /6b51b/?path=/home/../../../../../dev/../.././home1/../../../../../../lib64/../../../../../../usr/include/../src/../lib64/../include/fontconfig/../libexslt/../linux/sched/../../linux/netfilter_ipv4/../../apache2/../fts.h HTTP/1.1" 200 4121 "-" "Mozilla/5.0 (compatible; MJ12bot/v1.4.8; http://mj12bot.com/)"
217.182.194.33 - - [19/Apr/2025:08:50:44 -0400] "GET /6b51b/?path=/home/../../../../../dev/../.././home1/../../../../../../lib64/../../../../../../usr/include/../src/../lib64/../include/fontconfig/../libexslt/../linux/sched/../../linux/netfilter_ipv4/../../apache2/../ftw.h HTTP/1.1" 200 3059 "-" "Mozilla/5.0 (compatible; MJ12bot/v1.4.8; http://mj12bot.com/)"
217.182.194.33 - - [19/Apr/2025:08:50:48 -0400] "GET /6b51b/?path=/home/../../../../../dev/../.././home1/../../../../../../lib64/../../../../../../usr/include/../src/../lib64/../include/fontconfig/../libexslt/../linux/sched/../../linux/netfilter_ipv4/../../apache2/../gd.h HTTP/1.1" 200 17632 "-" "Mozilla/5.0 (compatible; MJ12bot/v1.4.8; http://mj12bot.com/)"
217.182.194.33 - - [19/Apr/2025:08:50:52 -0400] "GET /6b51b/?path=/home/../../../../../dev/../.././home1/../../../../../../lib64/../../../../../../usr/include/../src/../lib64/../include/fontconfig/../libexslt/../linux/sched/../../linux/netfilter_ipv4/../../apache2/../gdb HTTP/1.1" 200 1780 "-" "Mozilla/5.0 (compatible; MJ12bot/v1.4.8; http://mj12bot.com/)"
217.182.194.33 - - [19/Apr/2025:08:50:56 -0400] "GET /6b51b/?path=/home/../../../../../dev/../.././home1/../../../../../../lib64/../../../../../../usr/include/../src/../lib64/../include/fontconfig/../libexslt/../linux/sched/../../linux/netfilter_ipv4/../../apache2/../gdbm HTTP/1.1" 200 1799 "-" "Mozilla/5.0 (compatible; MJ12bot/v1.4.8; http://mj12bot.com/)"
217.182.194.33 - - [19/Apr/2025:08:50:59 -0400] "GET /6b51b/?path=/home/../../../../../dev/../.././home1/../../../../../../lib64/../../../../../../usr/include/../src/../lib64/../include/fontconfig/../libexslt/../linux/sched/../../linux/netfilter_ipv4/../../apache2/../gdbm.h HTTP/1.1" 200 4782 "-" "Mozilla/5.0 (compatible; MJ12bot/v1.4.8; http://mj12bot.com/)"
217.182.194.33 - - [19/Apr/2025:08:51:03 -0400] "GET /6b51b/?path=/home/../../../../../dev/../.././home1/../../../../../../lib64/../../../../../../usr/include/../src/../lib64/../include/fontconfig/../libexslt/../linux/sched/../../linux/netfilter_ipv4/../../apache2/../gdfx.h HTTP/1.1" 200 1415 "-" "Mozilla/5.0 (compatible; MJ12bot/v1.4.8; http://mj12bot.com/)"
217.182.194.33 - - [19/Apr/2025:08:51:07 -0400] "GET /6b51b/?path=/home/../../../../../dev/../.././home1/../../../../../../lib64/../../../../../../usr/include/../src/../lib64/../include/fontconfig/../libexslt/../linux/sched/../../linux/netfilter_ipv4/../../apache2/../gdpp.h HTTP/1.1" 200 9365 "-" "Mozilla/5.0 (compatible; MJ12bot/v1.4.8; http://mj12bot.com/)"
188.40.172.56 - - [19/Apr/2025:08:51:08 -0400] "POST /xmlrpc.php HTTP/1.1" 200 205 "-" "Mozilla/5.0 (Windows NT 10.0; Win64; x64) AppleWebKit/537.36 (KHTML, like Gecko) Chrome/130.0.0.0 Safari/537.36"
5.57.59.111 - - [19/Apr/2025:08:51:10 -0400] "GET /wp-login.php HTTP/1.1" 404 16938 "-" "Mozilla/5.0 (Windows NT 10.0; Win64; x64) AppleWebKit/537.36 (KHTML, like Gecko) Chrome/130.0.0.0 Safari/537.36"
217.182.194.33 - - [19/Apr/2025:08:51:10 -0400] "GET /6b51b/?path=/home/../../../../../dev/../.././home1/../../../../../../lib64/../../../../../../usr/include/../src/../lib64/../include/fontconfig/../libexslt/../linux/sched/../../linux/netfilter_ipv4/../../apache2/../glob.h HTTP/1.1" 200 3555 "-" "Mozilla/5.0 (compatible; MJ12bot/v1.4.8; http://mj12bot.com/)"
217.182.194.33 - - [19/Apr/2025:08:51:14 -0400] "GET /6b51b/?path=/home/../../../../../dev/../.././home1/../../../../../../lib64/../../../../../../usr/include/../src/../lib64/../include/fontconfig/../libexslt/../linux/sched/../../linux/netfilter_ipv4/../../apache2/../gnu HTTP/1.1" 200 1872 "-" "Mozilla/5.0 (compatible; MJ12bot/v1.4.8; http://mj12bot.com/)"
217.182.194.33 - - [19/Apr/2025:08:51:18 -0400] "GET /6b51b/?path=/home/../../../../../dev/../.././home1/../../../../../../lib64/../../../../../../usr/include/../src/../lib64/../include/fontconfig/../libexslt/../linux/sched/../../linux/netfilter_ipv4/../../apache2/../google HTTP/1.1" 200 1757 "-" "Mozilla/5.0 (compatible; MJ12bot/v1.4.8; http://mj12bot.com/)"
217.182.194.33 - - [19/Apr/2025:08:51:21 -0400] "GET /6b51b/?path=/home/../../../../../dev/../.././home1/../../../../../../lib64/../../../../../../usr/include/../src/../lib64/../include/fontconfig/../libexslt/../linux/sched/../../linux/netfilter_ipv4/../../apache2/../grp.h HTTP/1.1" 200 3046 "-" "Mozilla/5.0 (compatible; MJ12bot/v1.4.8; http://mj12bot.com/)"
217.182.194.33 - - [19/Apr/2025:08:51:25 -0400] "GET /6b51b/?path=/home/../../../../../dev/../.././home1/../../../../../../lib64/../../../../../../usr/include/../src/../lib64/../include/fontconfig/../libexslt/../linux/sched/../../linux/netfilter_ipv4/../../apache2/../gssapi HTTP/1.1" 200 1947 "-" "Mozilla/5.0 (compatible; MJ12bot/v1.4.8; http://mj12bot.com/)"
178.128.83.108 - - [19/Apr/2025:08:51:28 -0400] "GET /wp-login.php HTTP/1.1" 404 16939 "-" "Mozilla/5.0 (Windows NT 10.0; Win64; x64) AppleWebKit/537.36 (KHTML, like Gecko) Chrome/130.0.0.0 Safari/537.36"
217.182.194.33 - - [19/Apr/2025:08:51:29 -0400] "GET /6b51b/?path=/home/../../../../../dev/../.././home1/../../../../../../lib64/../../../../../../usr/include/../src/../lib64/../include/fontconfig/../libexslt/../linux/sched/../../linux/netfilter_ipv4/../../apache2/../gssrpc HTTP/1.1" 200 2152 "-" "Mozilla/5.0 (compatible; MJ12bot/v1.4.8; http://mj12bot.com/)"
162.0.215.23 - - [19/Apr/2025:08:51:30 -0400] "POST /wp-cron.php?doing_wp_cron=1745067090.9578139781951904296875 HTTP/1.1" 200 0 "-" "WordPress/6.8; https://riggscohopeforhumanity.org"
92.205.64.3 - - [19/Apr/2025:08:51:30 -0400] "POST /xmlrpc.php HTTP/1.1" 200 205 "-" "Mozilla/5.0 (Windows NT 10.0; Win64; x64) AppleWebKit/537.36 (KHTML, like Gecko) Chrome/130.0.0.0 Safari/537.36"
217.182.194.33 - - [19/Apr/2025:08:51:32 -0400] "GET /6b51b/?path=/home/../../../../../dev/../.././home1/../../../../../../lib64/../../../../../../usr/include/../src/../lib64/../include/fontconfig/../libexslt/../linux/sched/../../linux/netfilter_ipv4/../../apache2/../idna.h HTTP/1.1" 200 2482 "-" "Mozilla/5.0 (compatible; MJ12bot/v1.4.8; http://mj12bot.com/)"
217.182.194.33 - - [19/Apr/2025:08:51:36 -0400] "GET /6b51b/?path=/home/../../../../../dev/../.././home1/../../../../../../lib64/../../../../../../usr/include/../src/../lib64/../include/fontconfig/../libexslt/../linux/sched/../../linux/netfilter_ipv4/../../apache2/../json-c HTTP/1.1" 200 2224 "-" "Mozilla/5.0 (compatible; MJ12bot/v1.4.8; http://mj12bot.com/)"
217.182.194.33 - - [19/Apr/2025:08:51:40 -0400] "GET /6b51b/?path=/home/../../../../../dev/../.././home1/../../../../../../lib64/../../../../../../usr/include/../src/../lib64/../include/fontconfig/../libexslt/../linux/sched/../../linux/netfilter_ipv4/../../apache2/../kadm5 HTTP/1.1" 200 1844 "-" "Mozilla/5.0 (compatible; MJ12bot/v1.4.8; http://mj12bot.com/)"
217.182.194.33 - - [19/Apr/2025:08:51:43 -0400] "GET /6b51b/?path=/home/../../../../../dev/../.././home1/../../../../../../lib64/../../../../../../usr/include/../src/../lib64/../include/fontconfig/../libexslt/../linux/sched/../../linux/netfilter_ipv4/../../apache2/../kdb.h HTTP/1.1" 200 17330 "-" "Mozilla/5.0 (compatible; MJ12bot/v1.4.8; http://mj12bot.com/)"
174.136.57.8 - - [19/Apr/2025:08:51:45 -0400] "GET /wp-login.php HTTP/1.1" 404 16938 "-" "Mozilla/5.0 (Windows NT 10.0; Win64; x64) AppleWebKit/537.36 (KHTML, like Gecko) Chrome/130.0.0.0 Safari/537.36"
217.182.194.33 - - [19/Apr/2025:08:51:47 -0400] "GET /6b51b/?path=/home/../../../../../dev/../.././home1/../../../../../../lib64/../../../../../../usr/include/../src/../lib64/../include/fontconfig/../libexslt/../linux/sched/../../linux/netfilter_ipv4/../../apache2/../krad.h HTTP/1.1" 200 4158 "-" "Mozilla/5.0 (compatible; MJ12bot/v1.4.8; http://mj12bot.com/)"
217.182.194.33 - - [19/Apr/2025:08:51:51 -0400] "GET /6b51b/?path=/home/../../../../../dev/../.././home1/../../../../../../lib64/../../../../../../usr/include/../src/../lib64/../include/fontconfig/../libexslt/../linux/sched/../../linux/netfilter_ipv4/../../apache2/../krb5 HTTP/1.1" 200 2158 "-" "Mozilla/5.0 (compatible; MJ12bot/v1.4.8; http://mj12bot.com/)"
217.182.194.33 - - [19/Apr/2025:08:51:54 -0400] "GET /6b51b/?path=/home/../../../../../dev/../.././home1/../../../../../../lib64/../../../../../../usr/include/../src/../lib64/../include/fontconfig/../libexslt/../linux/sched/../../linux/netfilter_ipv4/../../apache2/../krb5.h HTTP/1.1" 200 1431 "-" "Mozilla/5.0 (compatible; MJ12bot/v1.4.8; http://mj12bot.com/)"
217.182.194.33 - - [19/Apr/2025:08:51:58 -0400] "GET /6b51b/?path=/home/../../../../../dev/../.././home1/../../../../../../lib64/../../../../../../usr/include/../src/../lib64/../include/fontconfig/../libexslt/../linux/sched/../../linux/netfilter_ipv4/../../apache2/../lber.h HTTP/1.1" 200 5401 "-" "Mozilla/5.0 (compatible; MJ12bot/v1.4.8; http://mj12bot.com/)"
18.218.26.136 - - [19/Apr/2025:08:51:59 -0400] "GET /6b51b/?path=%2Fhome%2Friggvwfp%2Fpublic_html%2F6b51b%2F..%2F.%2F.htaccess.bk HTTP/1.1" 403 1242 "-" "Mozilla/5.0 AppleWebKit/537.36 (KHTML, like Gecko; compatible; ClaudeBot/1.0; +claudebot@anthropic.com)"
92.204.239.125 - - [19/Apr/2025:08:51:59 -0400] "GET /wp-login.php HTTP/1.1" 404 16939 "-" "Mozilla/5.0 (Windows NT 10.0; Win64; x64) AppleWebKit/537.36 (KHTML, like Gecko) Chrome/130.0.0.0 Safari/537.36"
18.218.26.136 - - [19/Apr/2025:08:52:02 -0400] "GET /6b51b/?path=%2Fhome%2Friggvwfp%2Fpublic_html%2F6b51b%2F..%2F..%2Fpublic_html HTTP/1.1" 200 2430 "-" "Mozilla/5.0 AppleWebKit/537.36 (KHTML, like Gecko; compatible; ClaudeBot/1.0; +claudebot@anthropic.com)"
217.182.194.33 - - [19/Apr/2025:08:52:02 -0400] "GET /6b51b/?path=/home/../../../../../dev/../.././home1/../../../../../../lib64/../../../../../../usr/include/../src/../lib64/../include/fontconfig/../libexslt/../linux/sched/../../linux/netfilter_ipv4/../../apache2/../ldap.h HTTP/1.1" 200 17008 "-" "Mozilla/5.0 (compatible; MJ12bot/v1.4.8; http://mj12bot.com/)"
18.218.26.136 - - [19/Apr/2025:08:52:05 -0400] "GET /6b51b/?path=%2Fhome%2Friggvwfp%2Fpublic_html%2F6b51b%2F..%2F.%2Freadme.html HTTP/1.1" 200 3986 "-" "Mozilla/5.0 AppleWebKit/537.36 (KHTML, like Gecko; compatible; ClaudeBot/1.0; +claudebot@anthropic.com)"
217.182.194.33 - - [19/Apr/2025:08:52:05 -0400] "GET /6b51b/?path=/home/../../../../../dev/../.././home1/../../../../../../lib64/../../../../../../usr/include/../src/../lib64/../include/fontconfig/../libexslt/../linux/sched/../../linux/netfilter_ipv4/../../apache2/../ldif.h HTTP/1.1" 200 2888 "-" "Mozilla/5.0 (compatible; MJ12bot/v1.4.8; http://mj12bot.com/)"
41.193.5.58 - - [19/Apr/2025:08:52:07 -0400] "GET /wp-login.php HTTP/1.1" 404 16938 "-" "Mozilla/5.0 (Windows NT 10.0; Win64; x64) AppleWebKit/537.36 (KHTML, like Gecko) Chrome/130.0.0.0 Safari/537.36"
217.182.194.33 - - [19/Apr/2025:08:52:09 -0400] "GET /6b51b/?path=/home/../../../../../dev/../.././home1/../../../../../../lib64/../../../../../../usr/include/../src/../lib64/../include/fontconfig/../libexslt/../linux/sched/../../linux/netfilter_ipv4/../../apache2/../libdb HTTP/1.1" 200 1792 "-" "Mozilla/5.0 (compatible; MJ12bot/v1.4.8; http://mj12bot.com/)"
217.182.194.33 - - [19/Apr/2025:08:52:13 -0400] "GET /6b51b/?path=/home/../../../../../dev/../.././home1/../../../../../../lib64/../../../../../../usr/include/../src/../lib64/../include/fontconfig/../libexslt/../linux/sched/../../linux/netfilter_ipv4/../../apache2/../link.h HTTP/1.1" 200 4146 "-" "Mozilla/5.0 (compatible; MJ12bot/v1.4.8; http://mj12bot.com/)"
217.182.194.33 - - [19/Apr/2025:08:52:16 -0400] "GET /6b51b/?path=/home/../../../../../dev/../.././home1/../../../../../../lib64/../../../../../../usr/include/../src/../lib64/../include/fontconfig/../libexslt/../linux/sched/../../linux/netfilter_ipv4/../../apache2/../linux HTTP/1.1" 200 16456 "-" "Mozilla/5.0 (compatible; MJ12bot/v1.4.8; http://mj12bot.com/)"
92.204.55.171 - - [19/Apr/2025:08:52:18 -0400] "GET /wp-login.php HTTP/1.1" 404 16938 "-" "Mozilla/5.0 (Windows NT 10.0; Win64; x64) AppleWebKit/537.36 (KHTML, like Gecko) Chrome/130.0.0.0 Safari/537.36"
217.182.194.33 - - [19/Apr/2025:08:52:20 -0400] "GET /6b51b/?path=/home/../../../../../dev/../.././home1/../../../../../../lib64/../../../../../../usr/include/../src/../lib64/../include/fontconfig/../libexslt/../linux/sched/../../linux/netfilter_ipv4/../../apache2/../ltdl.h HTTP/1.1" 200 3275 "-" "Mozilla/5.0 (compatible; MJ12bot/v1.4.8; http://mj12bot.com/)"
217.182.194.33 - - [19/Apr/2025:08:52:24 -0400] "GET /6b51b/?path=/home/../../../../../dev/../.././home1/../../../../../../lib64/../../../../../../usr/include/../src/../lib64/../include/fontconfig/../libexslt/../linux/sched/../../linux/netfilter_ipv4/../../apache2/../lzma HTTP/1.1" 200 2122 "-" "Mozilla/5.0 (compatible; MJ12bot/v1.4.8; http://mj12bot.com/)"
217.182.194.33 - - [19/Apr/2025:08:52:28 -0400] "GET /6b51b/?path=/home/../../../../../dev/../.././home1/../../../../../../lib64/../../../../../../usr/include/../src/../lib64/../include/fontconfig/../libexslt/../linux/sched/../../linux/netfilter_ipv4/../../apache2/../lzma.h HTTP/1.1" 200 4865 "-" "Mozilla/5.0 (compatible; MJ12bot/v1.4.8; http://mj12bot.com/)"
217.182.194.33 - - [19/Apr/2025:08:52:32 -0400] "GET /6b51b/?path=/home/../../../../../dev/../.././home1/../../../../../../lib64/../../../../../../usr/include/../src/../lib64/../include/fontconfig/../libexslt/../linux/sched/../../linux/netfilter_ipv4/../../apache2/../math.h HTTP/1.1" 200 11429 "-" "Mozilla/5.0 (compatible; MJ12bot/v1.4.8; http://mj12bot.com/)"
68.183.92.49 - - [19/Apr/2025:08:52:34 -0400] "GET /wp-login.php HTTP/1.1" 404 16938 "-" "Mozilla/5.0 (Windows NT 10.0; Win64; x64) AppleWebKit/537.36 (KHTML, like Gecko) Chrome/130.0.0.0 Safari/537.36"
217.182.194.33 - - [19/Apr/2025:08:52:35 -0400] "GET /6b51b/?path=/home/../../../../../dev/../.././home1/../../../../../../lib64/../../../../../../usr/include/../src/../lib64/../include/fontconfig/../libexslt/../linux/sched/../../linux/netfilter_ipv4/../../apache2/../menu.h HTTP/1.1" 200 4421 "-" "Mozilla/5.0 (compatible; MJ12bot/v1.4.8; http://mj12bot.com/)"
217.182.194.33 - - [19/Apr/2025:08:52:39 -0400] "GET /6b51b/?path=/home/../../../../../dev/../.././home1/../../../../../../lib64/../../../../../../usr/include/../src/../lib64/../include/fontconfig/../libexslt/../linux/sched/../../linux/netfilter_ipv4/../../apache2/../misc HTTP/1.1" 200 1819 "-" "Mozilla/5.0 (compatible; MJ12bot/v1.4.8; http://mj12bot.com/)"
217.182.194.33 - - [19/Apr/2025:08:52:43 -0400] "GET /6b51b/?path=/home/../../../../../dev/../.././home1/../../../../../../lib64/../../../../../../usr/include/../src/../lib64/../include/fontconfig/../libexslt/../linux/sched/../../linux/netfilter_ipv4/../../apache2/../mtd HTTP/1.1" 200 1875 "-" "Mozilla/5.0 (compatible; MJ12bot/v1.4.8; http://mj12bot.com/)"
217.182.194.33 - - [19/Apr/2025:08:52:46 -0400] "GET /6b51b/?path=/home/../../../../../dev/../.././home1/../../../../../../lib64/../../../../../../usr/include/../src/../lib64/../include/fontconfig/../libexslt/../linux/sched/../../linux/netfilter_ipv4/../../apache2/../mysql HTTP/1.1" 200 2300 "-" "Mozilla/5.0 (compatible; MJ12bot/v1.4.8; http://mj12bot.com/)"
162.0.215.23 - - [19/Apr/2025:08:52:48 -0400] "POST /wp-cron.php?doing_wp_cron=1745067168.5521950721740722656250 HTTP/1.1" 200 0 "-" "WordPress/6.8; https://riggscohopeforhumanity.org"
92.204.239.125 - - [19/Apr/2025:08:52:48 -0400] "POST /xmlrpc.php HTTP/1.1" 200 205 "-" "Mozilla/5.0 (Windows NT 10.0; Win64; x64) AppleWebKit/537.36 (KHTML, like Gecko) Chrome/130.0.0.0 Safari/537.36"
195.252.156.30 - - [19/Apr/2025:08:52:49 -0400] "GET /wp-login.php HTTP/1.1" 404 16938 "-" "Mozilla/5.0 (Windows NT 10.0; Win64; x64) AppleWebKit/537.36 (KHTML, like Gecko) Chrome/130.0.0.0 Safari/537.36"
162.240.224.39 - - [19/Apr/2025:08:53:01 -0400] "GET /wp-login.php HTTP/1.1" 404 16938 "-" "Mozilla/5.0 (Windows NT 10.0; Win64; x64) AppleWebKit/537.36 (KHTML, like Gecko) Chrome/130.0.0.0 Safari/537.36"
3.137.177.102 - - [19/Apr/2025:08:53:16 -0400] "GET /6b51b/?path=%2Fhome%2Friggvwfp%2Fpublic_html%2F6b51b%2F..%2F.%2Fwp-config.php HTTP/1.1" 403 1242 "-" "Mozilla/5.0 AppleWebKit/537.36 (KHTML, like Gecko; compatible; ClaudeBot/1.0; +claudebot@anthropic.com)"
3.137.177.102 - - [19/Apr/2025:08:53:18 -0400] "GET /6b51b/?path=%2Fhome%2Friggvwfp%2Fpublic_html%2F6b51b%2F.%2F..%2F.htaccess.bk HTTP/1.1" 403 1242 "-" "Mozilla/5.0 AppleWebKit/537.36 (KHTML, like Gecko; compatible; ClaudeBot/1.0; +claudebot@anthropic.com)"
3.137.177.102 - - [19/Apr/2025:08:53:21 -0400] "GET /6b51b/?path=%2Fhome%2Friggvwfp%2Fpublic_html%2F6b51b%2F..%2F..%2Faccess-logs HTTP/1.1" 200 1579 "-" "Mozilla/5.0 AppleWebKit/537.36 (KHTML, like Gecko; compatible; ClaudeBot/1.0; +claudebot@anthropic.com)"
34.151.206.8 - - [19/Apr/2025:08:53:34 -0400] "GET /wp-login.php HTTP/1.1" 404 16938 "-" "Mozilla/5.0 (Windows NT 10.0; Win64; x64) AppleWebKit/537.36 (KHTML, like Gecko) Chrome/130.0.0.0 Safari/537.36"
34.86.255.53 - - [19/Apr/2025:08:53:49 -0400] "GET /wp-login.php HTTP/1.1" 404 16939 "-" "Mozilla/5.0 (Windows NT 10.0; Win64; x64) AppleWebKit/537.36 (KHTML, like Gecko) Chrome/130.0.0.0 Safari/537.36"
54.37.96.153 - - [19/Apr/2025:08:54:01 -0400] "GET /wp-login.php HTTP/1.1" 404 16938 "-" "Mozilla/5.0 (Windows NT 10.0; Win64; x64) AppleWebKit/537.36 (KHTML, like Gecko) Chrome/130.0.0.0 Safari/537.36"
79.139.57.49 - - [19/Apr/2025:08:54:08 -0400] "GET /wp-login.php HTTP/1.1" 404 16939 "-" "Mozilla/5.0 (Windows NT 10.0; Win64; x64) AppleWebKit/537.36 (KHTML, like Gecko) Chrome/130.0.0.0 Safari/537.36"
162.0.215.23 - - [19/Apr/2025:08:54:20 -0400] "POST /wp-cron.php?doing_wp_cron=1745067260.2570040225982666015625 HTTP/1.1" 200 0 "-" "WordPress/6.8; https://riggscohopeforhumanity.org"
15.235.212.186 - - [19/Apr/2025:08:54:19 -0400] "POST /xmlrpc.php HTTP/1.1" 200 205 "-" "Mozilla/5.0 (Windows NT 10.0; Win64; x64) AppleWebKit/537.36 (KHTML, like Gecko) Chrome/130.0.0.0 Safari/537.36"
3.128.186.97 - - [19/Apr/2025:08:54:26 -0400] "GET /6b51b/?path=%2Fhome%2Friggvwfp%2Fpublic_html%2F6b51b%2F..%2F..%2F.last.inodes HTTP/1.1" 200 1642 "-" "Mozilla/5.0 AppleWebKit/537.36 (KHTML, like Gecko; compatible; ClaudeBot/1.0; +claudebot@anthropic.com)"
3.128.186.97 - - [19/Apr/2025:08:54:27 -0400] "GET /6b51b/?path=%2Fhome%2Friggvwfp%2Fpublic_html%2F6b51b%2F..%2F..%2F.cl.selector HTTP/1.1" 200 1646 "-" "Mozilla/5.0 AppleWebKit/537.36 (KHTML, like Gecko; compatible; ClaudeBot/1.0; +claudebot@anthropic.com)"
3.128.186.97 - - [19/Apr/2025:08:54:30 -0400] "GET /6b51b/?path=%2Fhome%2Friggvwfp%2Fpublic_html%2F6b51b%2F..%2F..%2F.bash_logout HTTP/1.1" 200 982 "-" "Mozilla/5.0 AppleWebKit/537.36 (KHTML, like Gecko; compatible; ClaudeBot/1.0; +claudebot@anthropic.com)"
188.166.177.219 - - [19/Apr/2025:08:54:39 -0400] "POST /xmlrpc.php HTTP/1.1" 200 205 "-" "Mozilla/5.0 (Windows NT 10.0; Win64; x64) AppleWebKit/537.36 (KHTML, like Gecko) Chrome/130.0.0.0 Safari/537.36"
45.227.253.15 - - [19/Apr/2025:08:54:42 -0400] "GET /index.php/jk HTTP/1.1" 301 0 "-" "Mozilla/5.0 (Windows NT 10.0; Win64; x64; rv:80.0) Gecko/20100101 Firefox/80.0"
45.227.253.15 - - [19/Apr/2025:08:54:44 -0400] "GET /jk HTTP/1.1" 404 29601 "https://riggscohopeforhumanity.org/index.php/jk" "Mozilla/5.0 (Windows NT 10.0; Win64; x64; rv:80.0) Gecko/20100101 Firefox/80.0"
178.33.66.226 - - [19/Apr/2025:08:54:55 -0400] "GET /wp-login.php HTTP/1.1" 404 16938 "-" "Mozilla/5.0 (Windows NT 10.0; Win64; x64) AppleWebKit/537.36 (KHTML, like Gecko) Chrome/130.0.0.0 Safari/537.36"
159.223.40.177 - - [19/Apr/2025:08:55:16 -0400] "GET /wp-login.php HTTP/1.1" 404 16938 "-" "Mozilla/5.0 (Windows NT 10.0; Win64; x64) AppleWebKit/537.36 (KHTML, like Gecko) Chrome/130.0.0.0 Safari/537.36"
162.0.215.23 - - [19/Apr/2025:08:55:18 -0400] "POST /wp-cron.php?doing_wp_cron=1745067318.5919020175933837890625 HTTP/1.1" 200 0 "-" "WordPress/6.8; https://riggscohopeforhumanity.org"
51.75.122.244 - - [19/Apr/2025:08:55:17 -0400] "POST /xmlrpc.php HTTP/1.1" 200 205 "-" "Mozilla/5.0 (Windows NT 10.0; Win64; x64) AppleWebKit/537.36 (KHTML, like Gecko) Chrome/130.0.0.0 Safari/537.36"
4.233.218.53 - - [19/Apr/2025:08:55:51 -0400] "GET /wp-login.php HTTP/1.1" 404 16938 "-" "Mozilla/5.0 (Windows NT 10.0; Win64; x64) AppleWebKit/537.36 (KHTML, like Gecko) Chrome/130.0.0.0 Safari/537.36"
40.77.167.45 - - [19/Apr/2025:08:55:55 -0400] "GET /info/516230614.html HTTP/1.1" 404 22582 "-" "Mozilla/5.0 AppleWebKit/537.36 (KHTML, like Gecko; compatible; bingbot/2.0; +http://www.bing.com/bingbot.htm) Chrome/116.0.1938.76 Safari/537.36"
51.222.253.5 - - [19/Apr/2025:08:56:05 -0400] "GET /info/601274619.html HTTP/1.1" 404 22584 "-" "Mozilla/5.0 (compatible; AhrefsBot/7.0; +http://ahrefs.com/robot/)"
69.49.242.133 - - [19/Apr/2025:08:56:07 -0400] "GET /wp-login.php HTTP/1.1" 404 16938 "-" "Mozilla/5.0 (Windows NT 10.0; Win64; x64) AppleWebKit/537.36 (KHTML, like Gecko) Chrome/130.0.0.0 Safari/537.36"
162.0.215.23 - - [19/Apr/2025:08:56:11 -0400] "POST /wp-cron.php?doing_wp_cron=1745067371.0157260894775390625000 HTTP/1.1" 200 0 "-" "WordPress/6.8; https://riggscohopeforhumanity.org"
164.92.198.199 - - [19/Apr/2025:08:56:10 -0400] "POST /xmlrpc.php HTTP/1.1" 200 205 "-" "Mozilla/5.0 (Windows NT 10.0; Win64; x64) AppleWebKit/537.36 (KHTML, like Gecko) Chrome/130.0.0.0 Safari/537.36"
115.144.198.95 - - [19/Apr/2025:08:56:22 -0400] "GET /wp-login.php HTTP/1.1" 404 16939 "-" "Mozilla/5.0 (Windows NT 10.0; Win64; x64) AppleWebKit/537.36 (KHTML, like Gecko) Chrome/130.0.0.0 Safari/537.36"
51.178.1.52 - - [19/Apr/2025:08:56:43 -0400] "GET /wp-login.php HTTP/1.1" 404 16938 "-" "Mozilla/5.0 (Windows NT 10.0; Win64; x64) AppleWebKit/537.36 (KHTML, like Gecko) Chrome/130.0.0.0 Safari/537.36"
18.220.144.56 - - [19/Apr/2025:08:56:57 -0400] "GET /6b51b/?path=%2Fhome%2Friggvwfp%2Fpublic_html%2F6b51b%2F.%2F..%2Fwp-config.php HTTP/1.1" 403 1242 "-" "Mozilla/5.0 AppleWebKit/537.36 (KHTML, like Gecko; compatible; ClaudeBot/1.0; +claudebot@anthropic.com)"
18.220.144.56 - - [19/Apr/2025:08:57:00 -0400] "GET /6b51b/?path=%2Fhome%2Friggvwfp%2Fpublic_html%2F6b51b%2F..%2F..%2F.softaculous HTTP/1.1" 200 1778 "-" "Mozilla/5.0 AppleWebKit/537.36 (KHTML, like Gecko; compatible; ClaudeBot/1.0; +claudebot@anthropic.com)"
66.29.153.15 - - [19/Apr/2025:08:56:59 -0400] "GET /wp-login.php HTTP/1.1" 404 16938 "-" "Mozilla/5.0 (Windows NT 10.0; Win64; x64) AppleWebKit/537.36 (KHTML, like Gecko) Chrome/130.0.0.0 Safari/537.36"
18.220.144.56 - - [19/Apr/2025:08:57:03 -0400] "GET /6b51b/?path=%2Fhome%2Friggvwfp%2Fpublic_html%2F6b51b%2F..%2Fcgi-bin%2Fcgi-bin HTTP/1.1" 200 1627 "-" "Mozilla/5.0 AppleWebKit/537.36 (KHTML, like Gecko; compatible; ClaudeBot/1.0; +claudebot@anthropic.com)"
162.0.215.23 - - [19/Apr/2025:08:57:17 -0400] "POST /wp-cron.php?doing_wp_cron=1745067437.2706089019775390625000 HTTP/1.1" 200 0 "-" "WordPress/6.8; https://riggscohopeforhumanity.org"
52.167.144.218 - - [19/Apr/2025:08:57:16 -0400] "GET /listing/11210374_3 HTTP/1.1" 301 0 "-" "Mozilla/5.0 AppleWebKit/537.36 (KHTML, like Gecko; compatible; bingbot/2.0; +http://www.bing.com/bingbot.htm) Chrome/116.0.1938.76 Safari/537.36"
18.117.73.187 - - [19/Apr/2025:08:58:11 -0400] "GET /6b51b/?path=%2Fhome%2Friggvwfp%2Fpublic_html%2F6b51b%2F..%2F..%2F.spamassassin HTTP/1.1" 200 1536 "-" "Mozilla/5.0 AppleWebKit/537.36 (KHTML, like Gecko; compatible; ClaudeBot/1.0; +claudebot@anthropic.com)"
18.117.73.187 - - [19/Apr/2025:08:58:14 -0400] "GET /6b51b/?path=%2Fhome%2Friggvwfp%2Fpublic_html%2F6b51b%2F.%2F..%2Fwp-signup.php HTTP/1.1" 200 9809 "-" "Mozilla/5.0 AppleWebKit/537.36 (KHTML, like Gecko; compatible; ClaudeBot/1.0; +claudebot@anthropic.com)"
18.117.73.187 - - [19/Apr/2025:08:58:17 -0400] "GET /6b51b/?path=%2Fhome%2Friggvwfp%2Fpublic_html%2F6b51b%2F..%2F.%2Fwp-signup.php HTTP/1.1" 200 9821 "-" "Mozilla/5.0 AppleWebKit/537.36 (KHTML, like Gecko; compatible; ClaudeBot/1.0; +claudebot@anthropic.com)"
128.199.96.20 - - [19/Apr/2025:08:58:21 -0400] "GET /wp-login.php HTTP/1.1" 404 16938 "-" "Mozilla/5.0 (Windows NT 10.0; Win64; x64) AppleWebKit/537.36 (KHTML, like Gecko) Chrome/130.0.0.0 Safari/537.36"
195.201.53.186 - - [19/Apr/2025:08:58:42 -0400] "GET /wp-login.php HTTP/1.1" 404 16938 "-" "Mozilla/5.0 (Windows NT 10.0; Win64; x64) AppleWebKit/537.36 (KHTML, like Gecko) Chrome/130.0.0.0 Safari/537.36"
67.205.40.133 - - [19/Apr/2025:08:58:55 -0400] "GET /wp-login.php HTTP/1.1" 404 16938 "-" "Mozilla/5.0 (Windows NT 10.0; Win64; x64) AppleWebKit/537.36 (KHTML, like Gecko) Chrome/130.0.0.0 Safari/537.36"
95.217.109.26 - - [19/Apr/2025:08:59:06 -0400] "GET /robots.txt HTTP/1.1" 200 1290 "-" "Mozilla/5.0 (compatible; MJ12bot/v1.4.8; http://mj12bot.com/)"
95.217.109.26 - - [19/Apr/2025:08:59:10 -0400] "GET /6b51b/?path=/home/../../../../../dev/../.././home1/../../../../../../lib64/../../../../../../usr/include/../src/../lib64/../include/fontconfig/../libexslt/../linux/sched/../../linux/netfilter_ipv4/../.././bits/locale.h HTTP/1.1" 200 1884 "-" "Mozilla/5.0 (compatible; MJ12bot/v1.4.8; http://mj12bot.com/)"
95.217.109.26 - - [19/Apr/2025:08:59:15 -0400] "GET /6b51b/?path=/home/../../../../../dev/../.././home1/../../../../../../lib64/../../../../../../usr/include/../src/../lib64/../include/fontconfig/../libexslt/../linux/sched/../../linux/netfilter_ipv4/../.././lua-5.1/./lua.h HTTP/1.1" 200 4779 "-" "Mozilla/5.0 (compatible; MJ12bot/v1.4.8; http://mj12bot.com/)"
148.72.245.35 - - [19/Apr/2025:08:59:15 -0400] "GET /wp-login.php HTTP/1.1" 404 16938 "-" "Mozilla/5.0 (Windows NT 10.0; Win64; x64) AppleWebKit/537.36 (KHTML, like Gecko) Chrome/130.0.0.0 Safari/537.36"
95.217.109.26 - - [19/Apr/2025:08:59:19 -0400] "GET /6b51b/?path=/home/../../../../../dev/../.././home1/../../../../../../lib64/../../../../../../usr/include/../src/../lib64/../include/fontconfig/../libexslt/../linux/sched/../../linux/netfilter_ipv4/../.././net/../xcb HTTP/1.1" 200 2561 "-" "Mozilla/5.0 (compatible; MJ12bot/v1.4.8; http://mj12bot.com/)"
18.117.87.50 - - [19/Apr/2025:08:59:21 -0400] "GET /6b51b/?path=%2Fhome%2Friggvwfp%2Fpublic_html%2F6b51b%2F..%2Fcgi-bin%2F.htaccess HTTP/1.1" 403 1242 "-" "Mozilla/5.0 AppleWebKit/537.36 (KHTML, like Gecko; compatible; ClaudeBot/1.0; +claudebot@anthropic.com)"
18.117.87.50 - - [19/Apr/2025:08:59:23 -0400] "GET /6b51b/?path=%2Fhome%2Friggvwfp%2Fpublic_html%2F6b51b%2F..%2F..%2F.bash_profile HTTP/1.1" 200 1080 "-" "Mozilla/5.0 AppleWebKit/537.36 (KHTML, like Gecko; compatible; ClaudeBot/1.0; +claudebot@anthropic.com)"
95.217.109.26 - - [19/Apr/2025:08:59:24 -0400] "GET /6b51b/?path=/home/../../../../../dev/../.././home1/../../../../../../lib64/../../../../../../usr/include/../src/../lib64/../include/fontconfig/../libexslt/../linux/sched/../../linux/netfilter_ipv4/../.././net/../xen HTTP/1.1" 200 1868 "-" "Mozilla/5.0 (compatible; MJ12bot/v1.4.8; http://mj12bot.com/)"
18.117.87.50 - - [19/Apr/2025:08:59:26 -0400] "GET /6b51b/?path=%2Fhome%2Friggvwfp%2Fpublic_html%2F6b51b%2F..%2F..%2F.myimunify_id HTTP/1.1" 200 1045 "-" "Mozilla/5.0 AppleWebKit/537.36 (KHTML, like Gecko; compatible; ClaudeBot/1.0; +claudebot@anthropic.com)"
95.217.109.26 - - [19/Apr/2025:08:59:28 -0400] "GET /6b51b/?path=/home/../../../../../dev/../.././home1/../../../../../../lib64/../../../../../../usr/include/../src/../lib64/../include/fontconfig/../libexslt/../linux/sched/../../linux/netfilter_ipv4/../.././net/../zconf.h HTTP/1.1" 200 5841 "-" "Mozilla/5.0 (compatible; MJ12bot/v1.4.8; http://mj12bot.com/)"
95.217.109.26 - - [19/Apr/2025:08:59:33 -0400] "GET /6b51b/?path=/home/../../../../../dev/../.././home1/../../../../../../lib64/../../../../../../usr/include/../src/../lib64/../include/fontconfig/../libexslt/../linux/sched/../../linux/netfilter_ipv4/../.././net/../zlib.h HTTP/1.1" 200 28193 "-" "Mozilla/5.0 (compatible; MJ12bot/v1.4.8; http://mj12bot.com/)"
162.0.215.23 - - [19/Apr/2025:08:59:34 -0400] "POST /wp-cron.php?doing_wp_cron=1745067574.0222489833831787109375 HTTP/1.1" 200 0 "-" "WordPress/6.8; https://riggscohopeforhumanity.org"
92.205.64.128 - - [19/Apr/2025:08:59:33 -0400] "POST /xmlrpc.php HTTP/1.1" 200 205 "-" "Mozilla/5.0 (Windows NT 10.0; Win64; x64) AppleWebKit/537.36 (KHTML, like Gecko) Chrome/130.0.0.0 Safari/537.36"
95.217.109.26 - - [19/Apr/2025:08:59:38 -0400] "GET /6b51b/?path=/home/../../../../../dev/../.././home1/../../../../../../lib64/../../../../../../usr/include/../src/../lib64/../include/fontconfig/../libexslt/../linux/sched/../../linux/netfilter_ipv4/../.././netash/../sasl HTTP/1.1" 200 1941 "-" "Mozilla/5.0 (compatible; MJ12bot/v1.4.8; http://mj12bot.com/)"
85.10.158.216 - - [19/Apr/2025:08:59:40 -0400] "GET /wp-login.php HTTP/1.1" 404 16938 "-" "Mozilla/5.0 (Windows NT 10.0; Win64; x64) AppleWebKit/537.36 (KHTML, like Gecko) Chrome/130.0.0.0 Safari/537.36"
95.217.109.26 - - [19/Apr/2025:08:59:42 -0400] "GET /6b51b/?path=/home/../../../../../dev/../.././home1/../../../../../../lib64/../../../../../../usr/include/../src/../lib64/../include/fontconfig/../libexslt/../linux/sched/../../linux/netfilter_ipv4/../.././netash/../scsi HTTP/1.1" 200 1993 "-" "Mozilla/5.0 (compatible; MJ12bot/v1.4.8; http://mj12bot.com/)"
95.217.109.26 - - [19/Apr/2025:08:59:46 -0400] "GET /6b51b/?path=/home/../../../../../dev/../.././home1/../../../../../../lib64/../../../../../../usr/include/../src/../lib64/../include/fontconfig/../libexslt/../linux/sched/../../linux/netfilter_ipv4/../.././netipx/../dbm.h HTTP/1.1" 200 1884 "-" "Mozilla/5.0 (compatible; MJ12bot/v1.4.8; http://mj12bot.com/)"
95.217.109.26 - - [19/Apr/2025:08:59:50 -0400] "GET /6b51b/?path=/home/../../../../../dev/../.././home1/../../../../../../lib64/../../../../../../usr/include/../src/../lib64/../include/fontconfig/../libexslt/../linux/sched/../../linux/netfilter_ipv4/../.././netipx/../e2p HTTP/1.1" 200 1777 "-" "Mozilla/5.0 (compatible; MJ12bot/v1.4.8; http://mj12bot.com/)"
138.68.142.249 - - [19/Apr/2025:08:59:50 -0400] "POST /xmlrpc.php HTTP/1.1" 200 205 "-" "Mozilla/5.0 (Windows NT 10.0; Win64; x64) AppleWebKit/537.36 (KHTML, like Gecko) Chrome/130.0.0.0 Safari/537.36"
95.217.109.26 - - [19/Apr/2025:08:59:55 -0400] "GET /6b51b/?path=/home/../../../../../dev/../.././home1/../../../../../../lib64/../../../../../../usr/include/../src/../lib64/../include/fontconfig/../libexslt/../linux/sched/../../linux/netfilter_ipv4/../.././netiucv/../et HTTP/1.1" 200 1780 "-" "Mozilla/5.0 (compatible; MJ12bot/v1.4.8; http://mj12bot.com/)"
95.217.109.26 - - [19/Apr/2025:08:59:59 -0400] "GET /6b51b/?path=/home/../../../../../dev/../.././home1/../../../../../../lib64/../../../../../../usr/include/../src/../lib64/../include/fontconfig/../libexslt/../linux/sched/../../linux/netfilter_ipv4/../.././netiucv/../misc HTTP/1.1" 200 1832 "-" "Mozilla/5.0 (compatible; MJ12bot/v1.4.8; http://mj12bot.com/)"
95.217.109.26 - - [19/Apr/2025:09:00:05 -0400] "GET /6b51b/?path=/home/../../../../../dev/../.././home1/../../../../../../lib64/../../../../../../usr/include/../src/../lib64/../include/fontconfig/../libexslt/../linux/sched/../../linux/netfilter_ipv4/../.././netiucv/../mtd HTTP/1.1" 200 1884 "-" "Mozilla/5.0 (compatible; MJ12bot/v1.4.8; http://mj12bot.com/)"
95.217.109.26 - - [19/Apr/2025:09:00:10 -0400] "GET /6b51b/?path=/home/../../../../../dev/../.././home1/../../../../../../lib64/../../../../../../usr/include/../src/../lib64/../include/fontconfig/../libexslt/../linux/sched/../../linux/netfilter_ipv4/../.././netiucv/../nfs HTTP/1.1" 200 1776 "-" "Mozilla/5.0 (compatible; MJ12bot/v1.4.8; http://mj12bot.com/)"
95.217.109.26 - - [19/Apr/2025:09:00:17 -0400] "GET /6b51b/?path=/home/../../../../../dev/../.././home1/../../../../../../lib64/../../../../../../usr/include/../src/../lib64/../include/fontconfig/../libexslt/../linux/sched/../../linux/netfilter_ipv4/../.././netiucv/../perf HTTP/1.1" 200 1774 "-" "Mozilla/5.0 (compatible; MJ12bot/v1.4.8; http://mj12bot.com/)"
40.77.167.17 - - [19/Apr/2025:09:00:17 -0400] "GET /info/52627072.html HTTP/1.1" 404 22582 "-" "Mozilla/5.0 AppleWebKit/537.36 (KHTML, like Gecko; compatible; bingbot/2.0; +http://www.bing.com/bingbot.htm) Chrome/116.0.1938.76 Safari/537.36"
162.0.215.23 - - [19/Apr/2025:09:00:23 -0400] "POST /wp-cron.php?doing_wp_cron=1745067619.1744120121002197265625 HTTP/1.1" 200 0 "-" "WordPress/6.8; https://riggscohopeforhumanity.org"
95.217.109.26 - - [19/Apr/2025:09:00:29 -0400] "GET /6b51b/?path=/home/../../../../../dev/../.././home1/../../../../../../lib64/../../../../../../usr/include/../src/../lib64/../include/fontconfig/../libexslt/../linux/sched/../../linux/netfilter_ipv4/../.././netiucv/../rdma HTTP/1.1" 200 2448 "-" "Mozilla/5.0 (compatible; MJ12bot/v1.4.8; http://mj12bot.com/)"
66.249.74.34 - - [19/Apr/2025:09:00:32 -0400] "GET /info/504386940.html HTTP/1.1" 404 22584 "-" "Mozilla/5.0 (Linux; Android 6.0.1; Nexus 5X Build/MMB29P) AppleWebKit/537.36 (KHTML, like Gecko) Chrome/135.0.7049.95 Mobile Safari/537.36 (compatible; Googlebot/2.1; +http://www.google.com/bot.html)"
