162.0.215.23 - - [19/Apr/2025:13:22:19 -0400] "POST /wp-cron.php?doing_wp_cron=1745083339.5135428905487060546875 HTTP/1.1" 200 0 "-" "WordPress/6.8; https://riggscohopeforhumanity.org"
66.29.137.63 - - [19/Apr/2025:13:22:18 -0400] "POST /xmlrpc.php HTTP/1.1" 200 186 "https://riggscohopeforhumanity.org" "Mozilla/5.0 (Windows NT 10.0; Win64; x64) AppleWebKit/537.36 (KHTML, like Gecko) Chrome/114.0.5735.134 Safari/537.36"
59.152.45.115 - - [19/Apr/2025:13:22:22 -0400] "GET /wp-login.php HTTP/1.1" 404 16938 "-" "Mozilla/5.0 (Windows NT 10.0; Win64; x64) AppleWebKit/537.36 (KHTML, like Gecko) Chrome/130.0.0.0 Safari/537.36"
95.216.187.215 - - [19/Apr/2025:13:22:41 -0400] "GET /wp-login.php HTTP/1.1" 404 16938 "-" "Mozilla/5.0 (Windows NT 10.0; Win64; x64) AppleWebKit/537.36 (KHTML, like Gecko) Chrome/130.0.0.0 Safari/537.36"
59.152.45.115 - - [19/Apr/2025:13:22:57 -0400] "GET /wp-login.php HTTP/1.1" 404 16938 "-" "Mozilla/5.0 (Windows NT 10.0; Win64; x64) AppleWebKit/537.36 (KHTML, like Gecko) Chrome/130.0.0.0 Safari/537.36"
185.57.11.191 - - [19/Apr/2025:13:23:13 -0400] "GET /wp-login.php HTTP/1.1" 404 16938 "-" "Mozilla/5.0 (Windows NT 10.0; Win64; x64) AppleWebKit/537.36 (KHTML, like Gecko) Chrome/130.0.0.0 Safari/537.36"
41.73.194.141 - - [19/Apr/2025:13:23:19 -0400] "GET /wp-login.php HTTP/1.1" 404 16938 "-" "Mozilla/5.0 (Windows NT 10.0; Win64; x64) AppleWebKit/537.36 (KHTML, like Gecko) Chrome/130.0.0.0 Safari/537.36"
62.171.182.167 - - [19/Apr/2025:13:23:24 -0400] "GET /wp-login.php HTTP/1.1" 404 16938 "-" "Mozilla/5.0 (Windows NT 10.0; Win64; x64) AppleWebKit/537.36 (KHTML, like Gecko) Chrome/130.0.0.0 Safari/537.36"
162.0.215.23 - - [19/Apr/2025:13:23:30 -0400] "POST /wp-cron.php?doing_wp_cron=1745083410.3096859455108642578125 HTTP/1.1" 200 0 "-" "WordPress/6.8; https://riggscohopeforhumanity.org"
40.77.167.6 - - [19/Apr/2025:13:23:28 -0400] "GET /info/243783.html HTTP/1.1" 404 22582 "-" "Mozilla/5.0 AppleWebKit/537.36 (KHTML, like Gecko; compatible; bingbot/2.0; +http://www.bing.com/bingbot.htm) Chrome/116.0.1938.76 Safari/537.36"
52.242.231.141 - - [19/Apr/2025:13:23:34 -0400] "GET /wp-login.php HTTP/1.1" 404 16938 "-" "Mozilla/5.0 (Windows NT 10.0; Win64; x64) AppleWebKit/537.36 (KHTML, like Gecko) Chrome/130.0.0.0 Safari/537.36"
162.241.92.55 - - [19/Apr/2025:13:23:40 -0400] "GET /wp-login.php HTTP/1.1" 404 16938 "-" "Mozilla/5.0 (Windows NT 10.0; Win64; x64) AppleWebKit/537.36 (KHTML, like Gecko) Chrome/130.0.0.0 Safari/537.36"
186.64.119.195 - - [19/Apr/2025:13:23:49 -0400] "GET /wp-login.php HTTP/1.1" 404 16938 "-" "Mozilla/5.0 (Windows NT 10.0; Win64; x64) AppleWebKit/537.36 (KHTML, like Gecko) Chrome/130.0.0.0 Safari/537.36"
66.249.74.34 - - [19/Apr/2025:13:23:48 -0400] "GET /info/628956881.html HTTP/1.1" 404 22584 "-" "Mozilla/5.0 (Linux; Android 6.0.1; Nexus 5X Build/MMB29P) AppleWebKit/537.36 (KHTML, like Gecko) Chrome/135.0.7049.95 Mobile Safari/537.36 (compatible; Googlebot/2.1; +http://www.google.com/bot.html)"
66.249.74.34 - - [19/Apr/2025:13:23:52 -0400] "GET /info/493126135.html HTTP/1.1" 404 22582 "-" "Mozilla/5.0 (Linux; Android 6.0.1; Nexus 5X Build/MMB29P) AppleWebKit/537.36 (KHTML, like Gecko) Chrome/135.0.7049.95 Mobile Safari/537.36 (compatible; Googlebot/2.1; +http://www.google.com/bot.html)"
162.0.215.23 - - [19/Apr/2025:13:24:28 -0400] "POST /wp-cron.php?doing_wp_cron=1745083468.5034120082855224609375 HTTP/1.1" 200 0 "-" "WordPress/6.8; https://riggscohopeforhumanity.org"
198.154.250.110 - - [19/Apr/2025:13:24:26 -0400] "POST /xmlrpc.php HTTP/1.1" 200 205 "-" "Mozilla/5.0 (Windows NT 10.0; Win64; x64) AppleWebKit/537.36 (KHTML, like Gecko) Chrome/130.0.0.0 Safari/537.36"
52.242.231.141 - - [19/Apr/2025:13:25:00 -0400] "GET /wp-login.php HTTP/1.1" 404 16938 "-" "Mozilla/5.0 (Windows NT 10.0; Win64; x64) AppleWebKit/537.36 (KHTML, like Gecko) Chrome/130.0.0.0 Safari/537.36"
213.197.182.171 - - [19/Apr/2025:13:25:06 -0400] "POST /xmlrpc.php HTTP/1.1" 200 205 "-" "Mozilla/5.0 (Windows NT 10.0; Win64; x64) AppleWebKit/537.36 (KHTML, like Gecko) Chrome/130.0.0.0 Safari/537.36"
162.0.215.23 - - [19/Apr/2025:13:25:38 -0400] "POST /wp-cron.php?doing_wp_cron=1745083537.5817379951477050781250 HTTP/1.1" 200 0 "-" "WordPress/6.8; https://riggscohopeforhumanity.org"
92.205.48.162 - - [19/Apr/2025:13:25:37 -0400] "POST /xmlrpc.php HTTP/1.1" 200 205 "-" "Mozilla/5.0 (Windows NT 10.0; Win64; x64) AppleWebKit/537.36 (KHTML, like Gecko) Chrome/130.0.0.0 Safari/537.36"
40.77.167.79 - - [19/Apr/2025:13:25:35 -0400] "GET /info/531119357.html HTTP/1.1" 404 22584 "-" "Mozilla/5.0 AppleWebKit/537.36 (KHTML, like Gecko; compatible; bingbot/2.0; +http://www.bing.com/bingbot.htm) Chrome/116.0.1938.76 Safari/537.36"
186.64.116.180 - - [19/Apr/2025:13:26:09 -0400] "GET /wp-login.php HTTP/1.1" 404 16938 "-" "Mozilla/5.0 (Windows NT 10.0; Win64; x64) AppleWebKit/537.36 (KHTML, like Gecko) Chrome/130.0.0.0 Safari/537.36"
162.0.215.23 - - [19/Apr/2025:13:26:20 -0400] "POST /wp-cron.php?doing_wp_cron=1745083579.2208518981933593750000 HTTP/1.1" 200 0 "-" "WordPress/6.8; https://riggscohopeforhumanity.org"
119.2.52.68 - - [19/Apr/2025:13:26:18 -0400] "POST /xmlrpc.php HTTP/1.1" 200 205 "-" "Mozilla/5.0 (Windows NT 10.0; Win64; x64) AppleWebKit/537.36 (KHTML, like Gecko) Chrome/130.0.0.0 Safari/537.36"
203.161.43.55 - - [19/Apr/2025:13:26:27 -0400] "GET /wp-login.php HTTP/1.1" 404 16938 "-" "Mozilla/5.0 (Windows NT 10.0; Win64; x64) AppleWebKit/537.36 (KHTML, like Gecko) Chrome/130.0.0.0 Safari/537.36"
185.114.247.232 - - [19/Apr/2025:13:26:36 -0400] "GET /wp-login.php HTTP/1.1" 404 16938 "-" "Mozilla/5.0 (Windows NT 10.0; Win64; x64) AppleWebKit/537.36 (KHTML, like Gecko) Chrome/130.0.0.0 Safari/537.36"
43.198.252.2 - - [19/Apr/2025:13:26:39 -0400] "POST /xmlrpc.php HTTP/1.1" 200 205 "-" "Mozilla/5.0 (Windows NT 10.0; Win64; x64) AppleWebKit/537.36 (KHTML, like Gecko) Chrome/130.0.0.0 Safari/537.36"
188.40.172.56 - - [19/Apr/2025:13:26:58 -0400] "POST /xmlrpc.php HTTP/1.1" 200 205 "-" "Mozilla/5.0 (Windows NT 10.0; Win64; x64) AppleWebKit/537.36 (KHTML, like Gecko) Chrome/130.0.0.0 Safari/537.36"
197.221.14.63 - - [19/Apr/2025:13:26:59 -0400] "GET /wp-login.php HTTP/1.1" 404 16938 "-" "Mozilla/5.0 (Windows NT 10.0; Win64; x64) AppleWebKit/537.36 (KHTML, like Gecko) Chrome/130.0.0.0 Safari/537.36"
162.0.215.23 - - [19/Apr/2025:13:27:31 -0400] "POST /wp-cron.php?doing_wp_cron=1745083650.4664340019226074218750 HTTP/1.1" 200 0 "-" "WordPress/6.8; https://riggscohopeforhumanity.org"
203.161.32.106 - - [19/Apr/2025:13:27:28 -0400] "POST /xmlrpc.php HTTP/1.1" 200 205 "-" "Mozilla/5.0 (Windows NT 10.0; Win64; x64) AppleWebKit/537.36 (KHTML, like Gecko) Chrome/130.0.0.0 Safari/537.36"
130.51.180.231 - - [19/Apr/2025:13:27:42 -0400] "GET /wp-login.php HTTP/1.1" 404 16938 "-" "Mozilla/5.0 (Windows NT 10.0; Win64; x64) AppleWebKit/537.36 (KHTML, like Gecko) Chrome/130.0.0.0 Safari/537.36"
199.188.200.191 - - [19/Apr/2025:13:27:48 -0400] "GET /wp-login.php HTTP/1.1" 404 16938 "-" "Mozilla/5.0 (Windows NT 10.0; Win64; x64) AppleWebKit/537.36 (KHTML, like Gecko) Chrome/130.0.0.0 Safari/537.36"
46.19.37.98 - - [19/Apr/2025:13:27:58 -0400] "GET /wp-login.php HTTP/1.1" 404 16938 "-" "Mozilla/5.0 (Windows NT 10.0; Win64; x64) AppleWebKit/537.36 (KHTML, like Gecko) Chrome/130.0.0.0 Safari/537.36"
213.134.39.163 - - [19/Apr/2025:13:28:26 -0400] "POST /xmlrpc.php HTTP/1.1" 200 205 "-" "Mozilla/5.0 (Windows NT 10.0; Win64; x64) AppleWebKit/537.36 (KHTML, like Gecko) Chrome/130.0.0.0 Safari/537.36"
162.0.215.23 - - [19/Apr/2025:13:28:29 -0400] "POST /wp-cron.php?doing_wp_cron=1745083707.6017370223999023437500 HTTP/1.1" 200 0 "-" "WordPress/6.8; https://riggscohopeforhumanity.org"
52.167.144.200 - - [19/Apr/2025:13:28:31 -0400] "GET /info/551249124.html HTTP/1.1" 404 22582 "-" "Mozilla/5.0 AppleWebKit/537.36 (KHTML, like Gecko; compatible; bingbot/2.0; +http://www.bing.com/bingbot.htm) Chrome/116.0.1938.76 Safari/537.36"
78.128.8.31 - - [19/Apr/2025:13:28:52 -0400] "POST /xmlrpc.php HTTP/1.1" 200 205 "-" "Mozilla/5.0 (Windows NT 10.0; Win64; x64) AppleWebKit/537.36 (KHTML, like Gecko) Chrome/130.0.0.0 Safari/537.36"
66.249.74.34 - - [19/Apr/2025:13:28:55 -0400] "GET /info/421186374.html HTTP/1.1" 404 22584 "-" "Mozilla/5.0 (Linux; Android 6.0.1; Nexus 5X Build/MMB29P) AppleWebKit/537.36 (KHTML, like Gecko) Chrome/135.0.7049.95 Mobile Safari/537.36 (compatible; Googlebot/2.1; +http://www.google.com/bot.html)"
51.75.146.183 - - [19/Apr/2025:13:29:07 -0400] "GET /wp-login.php HTTP/1.1" 404 16938 "-" "Mozilla/5.0 (Windows NT 10.0; Win64; x64) AppleWebKit/537.36 (KHTML, like Gecko) Chrome/130.0.0.0 Safari/537.36"
92.204.55.171 - - [19/Apr/2025:13:29:14 -0400] "GET /wp-login.php HTTP/1.1" 404 16938 "-" "Mozilla/5.0 (Windows NT 10.0; Win64; x64) AppleWebKit/537.36 (KHTML, like Gecko) Chrome/130.0.0.0 Safari/537.36"
14.225.7.211 - - [19/Apr/2025:13:29:23 -0400] "POST /xmlrpc.php HTTP/1.1" 200 205 "-" "Mozilla/5.0 (Windows NT 10.0; Win64; x64) AppleWebKit/537.36 (KHTML, like Gecko) Chrome/130.0.0.0 Safari/537.36"
195.224.191.196 - - [19/Apr/2025:13:29:23 -0400] "GET /wp-login.php HTTP/1.1" 404 16938 "-" "Mozilla/5.0 (Windows NT 10.0; Win64; x64) AppleWebKit/537.36 (KHTML, like Gecko) Chrome/130.0.0.0 Safari/537.36"
103.174.152.62 - - [19/Apr/2025:13:29:54 -0400] "GET /wp-login.php HTTP/1.1" 404 16938 "-" "Mozilla/5.0 (Windows NT 10.0; Win64; x64) AppleWebKit/537.36 (KHTML, like Gecko) Chrome/130.0.0.0 Safari/537.36"
93.158.213.26 - - [19/Apr/2025:13:30:02 -0400] "GET /robots.txt HTTP/1.1" 200 1290 "-" "Mozilla/5.0 (compatible; MJ12bot/v1.4.8; http://mj12bot.com/)"
162.0.215.23 - - [19/Apr/2025:13:30:04 -0400] "POST /wp-cron.php?doing_wp_cron=1745083802.0184390544891357421875 HTTP/1.1" 200 0 "-" "WordPress/6.8; https://riggscohopeforhumanity.org"
198.54.114.72 - - [19/Apr/2025:13:30:00 -0400] "POST /xmlrpc.php HTTP/1.1" 200 186 "https://riggscohopeforhumanity.org" "Mozilla/5.0 (Macintosh; Intel Mac OS X 14.3) AppleWebKit/614.31.14 (KHTML, like Gecko) Version/17.0.96 Safari/614.31.14"
93.158.213.26 - - [19/Apr/2025:13:30:07 -0400] "GET /6b51b/?path=/home/../../../../../dev/../.././home1/../../../../../../lib64/../../../../../../usr/include/../src/../lib64/../include/fontconfig/../libexslt/../linux/sched/../../linux/netfilter_ipv4/../.././linux/in6.h HTTP/1.1" 200 4010 "-" "Mozilla/5.0 (compatible; MJ12bot/v1.4.8; http://mj12bot.com/)"
93.158.213.26 - - [19/Apr/2025:13:30:13 -0400] "GET /6b51b/?path=/home/../../../../../dev/../.././home1/../../../../../../lib64/../../../../../../usr/include/../src/../lib64/../include/fontconfig/../libexslt/../linux/sched/../../linux/netfilter_ipv4/../.././linux/inotify.h HTTP/1.1" 200 2630 "-" "Mozilla/5.0 (compatible; MJ12bot/v1.4.8; http://mj12bot.com/)"
92.204.55.95 - - [19/Apr/2025:13:30:12 -0400] "GET /wp-login.php HTTP/1.1" 404 16938 "-" "Mozilla/5.0 (Windows NT 10.0; Win64; x64) AppleWebKit/537.36 (KHTML, like Gecko) Chrome/130.0.0.0 Safari/537.36"
93.158.213.26 - - [19/Apr/2025:13:30:19 -0400] "GET /6b51b/?path=/home/../../../../../dev/../.././home1/../../../../../../lib64/../../../../../../usr/include/../src/../lib64/../include/fontconfig/../libexslt/../linux/sched/../../linux/netfilter_ipv4/../.././linux/input.h HTTP/1.1" 200 6854 "-" "Mozilla/5.0 (compatible; MJ12bot/v1.4.8; http://mj12bot.com/)"
93.158.213.26 - - [19/Apr/2025:13:30:24 -0400] "GET /6b51b/?path=/home/../../../../../dev/../.././home1/../../../../../../lib64/../../../../../../usr/include/../src/../lib64/../include/fontconfig/../libexslt/../linux/sched/../../linux/netfilter_ipv4/../.././linux/ioctl.h HTTP/1.1" 200 1297 "-" "Mozilla/5.0 (compatible; MJ12bot/v1.4.8; http://mj12bot.com/)"
93.158.213.26 - - [19/Apr/2025:13:30:30 -0400] "GET /6b51b/?path=/home/../../../../../dev/../.././home1/../../../../../../lib64/../../../../../../usr/include/../src/../lib64/../include/fontconfig/../libexslt/../linux/sched/../../linux/netfilter_ipv4/../.././linux/iommu.h HTTP/1.1" 200 2918 "-" "Mozilla/5.0 (compatible; MJ12bot/v1.4.8; http://mj12bot.com/)"
93.158.213.26 - - [19/Apr/2025:13:30:34 -0400] "GET /6b51b/?path=/home/../../../../../dev/../.././home1/../../../../../../lib64/../../../../../../usr/include/../src/../lib64/../include/fontconfig/../libexslt/../linux/sched/../../linux/netfilter_ipv4/../.././linux/ip.h HTTP/1.1" 200 3039 "-" "Mozilla/5.0 (compatible; MJ12bot/v1.4.8; http://mj12bot.com/)"
152.42.201.157 - - [19/Apr/2025:13:30:36 -0400] "GET /wp-login.php HTTP/1.1" 404 16938 "-" "Mozilla/5.0 (Windows NT 10.0; Win64; x64) AppleWebKit/537.36 (KHTML, like Gecko) Chrome/130.0.0.0 Safari/537.36"
93.158.213.26 - - [19/Apr/2025:13:30:39 -0400] "GET /6b51b/?path=/home/../../../../../dev/../.././home1/../../../../../../lib64/../../../../../../usr/include/../src/../lib64/../include/fontconfig/../libexslt/../linux/sched/../../linux/netfilter_ipv4/../.././linux/ip_vs.h HTTP/1.1" 200 4794 "-" "Mozilla/5.0 (compatible; MJ12bot/v1.4.8; http://mj12bot.com/)"
93.158.213.26 - - [19/Apr/2025:13:30:43 -0400] "GET /6b51b/?path=/home/../../../../../dev/../.././home1/../../../../../../lib64/../../../../../../usr/include/../src/../lib64/../include/fontconfig/../libexslt/../linux/sched/../../linux/netfilter_ipv4/../.././linux/ipc.h HTTP/1.1" 200 2187 "-" "Mozilla/5.0 (compatible; MJ12bot/v1.4.8; http://mj12bot.com/)"
186.64.116.155 - - [19/Apr/2025:13:30:44 -0400] "POST /xmlrpc.php HTTP/1.1" 200 205 "-" "Mozilla/5.0 (Windows NT 10.0; Win64; x64) AppleWebKit/537.36 (KHTML, like Gecko) Chrome/130.0.0.0 Safari/537.36"
66.249.74.35 - - [19/Apr/2025:13:30:46 -0400] "GET /info/545096820.html HTTP/1.1" 404 22582 "-" "Mozilla/5.0 (Linux; Android 6.0.1; Nexus 5X Build/MMB29P) AppleWebKit/537.36 (KHTML, like Gecko) Chrome/135.0.7049.95 Mobile Safari/537.36 (compatible; Googlebot/2.1; +http://www.google.com/bot.html)"
93.158.213.26 - - [19/Apr/2025:13:30:48 -0400] "GET /6b51b/?path=/home/../../../../../dev/../.././home1/../../../../../../lib64/../../../../../../usr/include/../src/../lib64/../include/fontconfig/../libexslt/../linux/sched/../../linux/netfilter_ipv4/../.././linux/ipmi.h HTTP/1.1" 200 6194 "-" "Mozilla/5.0 (compatible; MJ12bot/v1.4.8; http://mj12bot.com/)"
93.158.213.26 - - [19/Apr/2025:13:30:53 -0400] "GET /6b51b/?path=/home/../../../../../dev/../.././home1/../../../../../../lib64/../../../../../../usr/include/../src/../lib64/../include/fontconfig/../libexslt/../linux/sched/../../linux/netfilter_ipv4/../.././linux/ipsec.h HTTP/1.1" 200 1659 "-" "Mozilla/5.0 (compatible; MJ12bot/v1.4.8; http://mj12bot.com/)"
91.134.248.245 - - [19/Apr/2025:13:30:53 -0400] "GET /wp-login.php HTTP/1.1" 404 16938 "-" "Mozilla/5.0 (Windows NT 10.0; Win64; x64) AppleWebKit/537.36 (KHTML, like Gecko) Chrome/130.0.0.0 Safari/537.36"
93.158.213.26 - - [19/Apr/2025:13:30:58 -0400] "GET /6b51b/?path=/home/../../../../../dev/../.././home1/../../../../../../lib64/../../../../../../usr/include/../src/../lib64/../include/fontconfig/../libexslt/../linux/sched/../../linux/netfilter_ipv4/../.././linux/ipv6.h HTTP/1.1" 200 2806 "-" "Mozilla/5.0 (compatible; MJ12bot/v1.4.8; http://mj12bot.com/)"
93.158.213.26 - - [19/Apr/2025:13:31:03 -0400] "GET /6b51b/?path=/home/../../../../../dev/../.././home1/../../../../../../lib64/../../../../../../usr/include/../src/../lib64/../include/fontconfig/../libexslt/../linux/sched/../../linux/netfilter_ipv4/../.././linux/ipx.h HTTP/1.1" 200 2056 "-" "Mozilla/5.0 (compatible; MJ12bot/v1.4.8; http://mj12bot.com/)"
93.158.213.26 - - [19/Apr/2025:13:31:09 -0400] "GET /6b51b/?path=/home/../../../../../dev/../.././home1/../../../../../../lib64/../../../../../../usr/include/../src/../lib64/../include/fontconfig/../libexslt/../linux/sched/../../linux/netfilter_ipv4/../.././linux/irqnr.h HTTP/1.1" 200 1258 "-" "Mozilla/5.0 (compatible; MJ12bot/v1.4.8; http://mj12bot.com/)"
93.158.213.26 - - [19/Apr/2025:13:31:14 -0400] "GET /6b51b/?path=/home/../../../../../dev/../.././home1/../../../../../../lib64/../../../../../../usr/include/../src/../lib64/../include/fontconfig/../libexslt/../linux/sched/../../linux/netfilter_ipv4/../.././linux/isdn HTTP/1.1" 200 1768 "-" "Mozilla/5.0 (compatible; MJ12bot/v1.4.8; http://mj12bot.com/)"
203.161.42.233 - - [19/Apr/2025:13:31:12 -0400] "GET /wp-login.php HTTP/1.1" 404 16938 "-" "Mozilla/5.0 (Windows NT 10.0; Win64; x64) AppleWebKit/537.36 (KHTML, like Gecko) Chrome/130.0.0.0 Safari/537.36"
93.158.213.26 - - [19/Apr/2025:13:31:19 -0400] "GET /6b51b/?path=/home/../../../../../dev/../.././home1/../../../../../../lib64/../../../../../../usr/include/../src/../lib64/../include/fontconfig/../libexslt/../linux/sched/../../linux/netfilter_ipv4/../.././linux/isdn.h HTTP/1.1" 200 3280 "-" "Mozilla/5.0 (compatible; MJ12bot/v1.4.8; http://mj12bot.com/)"
93.158.213.26 - - [19/Apr/2025:13:31:27 -0400] "GET /6b51b/?path=/home/../../../../../dev/../.././home1/../../../../../../lib64/../../../../../../usr/include/../src/../lib64/../include/fontconfig/../libexslt/../linux/sched/../../linux/netfilter_ipv4/../.././linux/isdnif.h HTTP/1.1" 200 2031 "-" "Mozilla/5.0 (compatible; MJ12bot/v1.4.8; http://mj12bot.com/)"
93.158.213.26 - - [19/Apr/2025:13:31:32 -0400] "GET /6b51b/?path=/home/../../../../../dev/../.././home1/../../../../../../lib64/../../../../../../usr/include/../src/../lib64/../include/fontconfig/../libexslt/../linux/sched/../../linux/netfilter_ipv4/../.././linux/iso_fs.h HTTP/1.1" 200 2710 "-" "Mozilla/5.0 (compatible; MJ12bot/v1.4.8; http://mj12bot.com/)"
93.158.213.26 - - [19/Apr/2025:13:31:37 -0400] "GET /6b51b/?path=/home/../../../../../dev/../.././home1/../../../../../../lib64/../../../../../../usr/include/../src/../lib64/../include/fontconfig/../libexslt/../linux/sched/../../linux/netfilter_ipv4/../.././linux/isst_if.h HTTP/1.1" 200 2799 "-" "Mozilla/5.0 (compatible; MJ12bot/v1.4.8; http://mj12bot.com/)"
93.158.213.26 - - [19/Apr/2025:13:31:41 -0400] "GET /6b51b/?path=/home/../../../../../dev/../.././home1/../../../../../../lib64/../../../../../../usr/include/../src/../lib64/../include/fontconfig/../libexslt/../linux/sched/../../linux/netfilter_ipv4/../.././linux/ivtv.h HTTP/1.1" 200 2681 "-" "Mozilla/5.0 (compatible; MJ12bot/v1.4.8; http://mj12bot.com/)"
93.158.213.26 - - [19/Apr/2025:13:31:46 -0400] "GET /6b51b/?path=/home/../../../../../dev/../.././home1/../../../../../../lib64/../../../../../../usr/include/../src/../lib64/../include/fontconfig/../libexslt/../linux/sched/../../linux/netfilter_ipv4/../.././linux/ivtvfb.h HTTP/1.1" 200 1896 "-" "Mozilla/5.0 (compatible; MJ12bot/v1.4.8; http://mj12bot.com/)"
93.158.213.26 - - [19/Apr/2025:13:31:52 -0400] "GET /6b51b/?path=/home/../../../../../dev/../.././home1/../../../../../../lib64/../../../../../../usr/include/../src/../lib64/../include/fontconfig/../libexslt/../linux/sched/../../linux/netfilter_ipv4/../.././linux/jffs2.h HTTP/1.1" 200 3724 "-" "Mozilla/5.0 (compatible; MJ12bot/v1.4.8; http://mj12bot.com/)"
162.0.215.23 - - [19/Apr/2025:13:31:52 -0400] "POST /wp-cron.php?doing_wp_cron=1745083912.2663569450378417968750 HTTP/1.1" 200 0 "-" "WordPress/6.8; https://riggscohopeforhumanity.org"
91.191.151.51 - - [19/Apr/2025:13:31:51 -0400] "POST /xmlrpc.php HTTP/1.1" 200 205 "-" "Mozilla/5.0 (Windows NT 10.0; Win64; x64) AppleWebKit/537.36 (KHTML, like Gecko) Chrome/130.0.0.0 Safari/537.36"
93.158.213.26 - - [19/Apr/2025:13:31:56 -0400] "GET /6b51b/?path=/home/../../../../../dev/../.././home1/../../../../../../lib64/../../../../../../usr/include/../src/../lib64/../include/fontconfig/../libexslt/../linux/sched/../../linux/netfilter_ipv4/../.././linux/kcm.h HTTP/1.1" 200 1637 "-" "Mozilla/5.0 (compatible; MJ12bot/v1.4.8; http://mj12bot.com/)"
93.158.213.26 - - [19/Apr/2025:13:32:01 -0400] "GET /6b51b/?path=/home/../../../../../dev/../.././home1/../../../../../../lib64/../../../../../../usr/include/../src/../lib64/../include/fontconfig/../libexslt/../linux/sched/../../linux/netfilter_ipv4/../.././linux/kcmp.h HTTP/1.1" 200 1485 "-" "Mozilla/5.0 (compatible; MJ12bot/v1.4.8; http://mj12bot.com/)"
93.158.213.26 - - [19/Apr/2025:13:32:05 -0400] "GET /6b51b/?path=/home/../../../../../dev/../.././home1/../../../../../../lib64/../../../../../../usr/include/../src/../lib64/../include/fontconfig/../libexslt/../linux/sched/../../linux/netfilter_ipv4/../.././linux/kcov.h HTTP/1.1" 200 1774 "-" "Mozilla/5.0 (compatible; MJ12bot/v1.4.8; http://mj12bot.com/)"
93.158.213.26 - - [19/Apr/2025:13:32:10 -0400] "GET /6b51b/?path=/home/../../../../../dev/../.././home1/../../../../../../lib64/../../../../../../usr/include/../src/../lib64/../include/fontconfig/../libexslt/../linux/sched/../../linux/netfilter_ipv4/../.././linux/kd.h HTTP/1.1" 200 3384 "-" "Mozilla/5.0 (compatible; MJ12bot/v1.4.8; http://mj12bot.com/)"
93.158.213.26 - - [19/Apr/2025:13:32:15 -0400] "GET /6b51b/?path=/home/../../../../../dev/../.././home1/../../../../../../lib64/../../../../../../usr/include/../src/../lib64/../include/fontconfig/../libexslt/../linux/sched/../../linux/netfilter_ipv4/../.././linux/kdev_t.h HTTP/1.1" 200 1438 "-" "Mozilla/5.0 (compatible; MJ12bot/v1.4.8; http://mj12bot.com/)"
93.158.213.26 - - [19/Apr/2025:13:32:22 -0400] "GET /6b51b/?path=/home/../../../../../dev/../.././home1/../../../../../../lib64/../../../../../../usr/include/../src/../lib64/../include/fontconfig/../libexslt/../linux/sched/../../linux/netfilter_ipv4/../.././linux/kernel.h HTTP/1.1" 200 1445 "-" "Mozilla/5.0 (compatible; MJ12bot/v1.4.8; http://mj12bot.com/)"
93.158.213.26 - - [19/Apr/2025:13:32:27 -0400] "GET /6b51b/?path=/home/../../../../../dev/../.././home1/../../../../../../lib64/../../../../../../usr/include/../src/../lib64/../include/fontconfig/../libexslt/../linux/sched/../../linux/netfilter_ipv4/../.././linux/kexec.h HTTP/1.1" 200 1982 "-" "Mozilla/5.0 (compatible; MJ12bot/v1.4.8; http://mj12bot.com/)"
93.158.213.26 - - [19/Apr/2025:13:32:32 -0400] "GET /6b51b/?path=/home/../../../../../dev/../.././home1/../../../../../../lib64/../../../../../../usr/include/../src/../lib64/../include/fontconfig/../libexslt/../linux/sched/../../linux/netfilter_ipv4/../.././linux/keyctl.h HTTP/1.1" 200 2510 "-" "Mozilla/5.0 (compatible; MJ12bot/v1.4.8; http://mj12bot.com/)"
93.158.213.26 - - [19/Apr/2025:13:32:39 -0400] "GET /6b51b/?path=/home/../../../../../dev/../.././home1/../../../../../../lib64/../../../../../../usr/include/../src/../lib64/../include/fontconfig/../libexslt/../linux/sched/../../linux/netfilter_ipv4/../.././linux/kvm.h HTTP/1.1" 200 18229 "-" "Mozilla/5.0 (compatible; MJ12bot/v1.4.8; http://mj12bot.com/)"
93.158.213.26 - - [19/Apr/2025:13:32:43 -0400] "GET /6b51b/?path=/home/../../../../../dev/../.././home1/../../../../../../lib64/../../../../../../usr/include/../src/../lib64/../include/fontconfig/../libexslt/../linux/sched/../../linux/netfilter_ipv4/../.././linux/l2tp.h HTTP/1.1" 200 2989 "-" "Mozilla/5.0 (compatible; MJ12bot/v1.4.8; http://mj12bot.com/)"
162.0.215.23 - - [19/Apr/2025:13:32:47 -0400] "POST /wp-cron.php?doing_wp_cron=1745083966.3433480262756347656250 HTTP/1.1" 200 0 "-" "WordPress/6.8; https://riggscohopeforhumanity.org"
66.249.74.34 - - [19/Apr/2025:13:32:45 -0400] "GET /info/366438435.html HTTP/1.1" 404 22582 "-" "Mozilla/5.0 (Linux; Android 6.0.1; Nexus 5X Build/MMB29P) AppleWebKit/537.36 (KHTML, like Gecko) Chrome/135.0.7049.95 Mobile Safari/537.36 (compatible; Googlebot/2.1; +http://www.google.com/bot.html)"
93.158.213.26 - - [19/Apr/2025:13:32:48 -0400] "GET /6b51b/?path=/home/../../../../../dev/../.././home1/../../../../../../lib64/../../../../../../usr/include/../src/../lib64/../include/fontconfig/../libexslt/../linux/sched/../../linux/netfilter_ipv4/../.././linux/limits.h HTTP/1.1" 200 1624 "-" "Mozilla/5.0 (compatible; MJ12bot/v1.4.8; http://mj12bot.com/)"
216.55.146.56 - - [19/Apr/2025:13:32:51 -0400] "GET /wp-login.php HTTP/1.1" 404 16938 "-" "Mozilla/5.0 (Windows NT 10.0; Win64; x64) AppleWebKit/537.36 (KHTML, like Gecko) Chrome/130.0.0.0 Safari/537.36"
93.158.213.26 - - [19/Apr/2025:13:32:53 -0400] "GET /6b51b/?path=/home/../../../../../dev/../.././home1/../../../../../../lib64/../../../../../../usr/include/../src/../lib64/../include/fontconfig/../libexslt/../linux/sched/../../linux/netfilter_ipv4/../.././linux/lirc.h HTTP/1.1" 200 3491 "-" "Mozilla/5.0 (compatible; MJ12bot/v1.4.8; http://mj12bot.com/)"
93.158.213.26 - - [19/Apr/2025:13:32:59 -0400] "GET /6b51b/?path=/home/../../../../../dev/../.././home1/../../../../../../lib64/../../../../../../usr/include/../src/../lib64/../include/fontconfig/../libexslt/../linux/sched/../../linux/netfilter_ipv4/../.././linux/llc.h HTTP/1.1" 200 2516 "-" "Mozilla/5.0 (compatible; MJ12bot/v1.4.8; http://mj12bot.com/)"
93.158.213.26 - - [19/Apr/2025:13:33:05 -0400] "GET /6b51b/?path=/home/../../../../../dev/../.././home1/../../../../../../lib64/../../../../../../usr/include/../src/../lib64/../include/fontconfig/../libexslt/../linux/sched/../../linux/netfilter_ipv4/../.././linux/loop.h HTTP/1.1" 200 2494 "-" "Mozilla/5.0 (compatible; MJ12bot/v1.4.8; http://mj12bot.com/)"
93.158.213.26 - - [19/Apr/2025:13:33:09 -0400] "GET /6b51b/?path=/home/../../../../../dev/../.././home1/../../../../../../lib64/../../../../../../usr/include/../src/../lib64/../include/fontconfig/../libexslt/../linux/sched/../../linux/netfilter_ipv4/../.././linux/lp.h HTTP/1.1" 200 3021 "-" "Mozilla/5.0 (compatible; MJ12bot/v1.4.8; http://mj12bot.com/)"
93.158.213.26 - - [19/Apr/2025:13:33:13 -0400] "GET /6b51b/?path=/home/../../../../../dev/../.././home1/../../../../../../lib64/../../../../../../usr/include/../src/../lib64/../include/fontconfig/../libexslt/../linux/sched/../../linux/netfilter_ipv4/../.././linux/magic.h HTTP/1.1" 200 2526 "-" "Mozilla/5.0 (compatible; MJ12bot/v1.4.8; http://mj12bot.com/)"
164.92.198.199 - - [19/Apr/2025:13:33:14 -0400] "GET /wp-login.php HTTP/1.1" 404 16938 "-" "Mozilla/5.0 (Windows NT 10.0; Win64; x64) AppleWebKit/537.36 (KHTML, like Gecko) Chrome/130.0.0.0 Safari/537.36"
93.158.213.26 - - [19/Apr/2025:13:33:18 -0400] "GET /6b51b/?path=/home/../../../../../dev/../.././home1/../../../../../../lib64/../../../../../../usr/include/../src/../lib64/../include/fontconfig/../libexslt/../linux/sched/../../linux/netfilter_ipv4/../.././linux/major.h HTTP/1.1" 200 2739 "-" "Mozilla/5.0 (compatible; MJ12bot/v1.4.8; http://mj12bot.com/)"
51.222.253.17 - - [19/Apr/2025:13:33:15 -0400] "GET /info/580765450.html HTTP/1.1" 404 22584 "-" "Mozilla/5.0 (compatible; AhrefsBot/7.0; +http://ahrefs.com/robot/)"
93.158.213.26 - - [19/Apr/2025:13:33:23 -0400] "GET /6b51b/?path=/home/../../../../../dev/../.././home1/../../../../../../lib64/../../../../../../usr/include/../src/../lib64/../include/fontconfig/../libexslt/../linux/sched/../../linux/netfilter_ipv4/../.././linux/max2175.h HTTP/1.1" 200 1716 "-" "Mozilla/5.0 (compatible; MJ12bot/v1.4.8; http://mj12bot.com/)"
93.158.213.26 - - [19/Apr/2025:13:33:28 -0400] "GET /6b51b/?path=/home/../../../../../dev/../.././home1/../../../../../../lib64/../../../../../../usr/include/../src/../lib64/../include/fontconfig/../libexslt/../linux/sched/../../linux/netfilter_ipv4/../.././linux/mdio.h HTTP/1.1" 200 5527 "-" "Mozilla/5.0 (compatible; MJ12bot/v1.4.8; http://mj12bot.com/)"
93.158.213.26 - - [19/Apr/2025:13:33:32 -0400] "GET /6b51b/?path=/home/../../../../../dev/../.././home1/../../../../../../lib64/../../../../../../usr/include/../src/../lib64/../include/fontconfig/../libexslt/../linux/sched/../../linux/netfilter_ipv4/../.././linux/media.h HTTP/1.1" 200 4723 "-" "Mozilla/5.0 (compatible; MJ12bot/v1.4.8; http://mj12bot.com/)"
93.158.213.26 - - [19/Apr/2025:13:33:39 -0400] "GET /6b51b/?path=/home/../../../../../dev/../.././home1/../../../../../../lib64/../../../../../../usr/include/../src/../lib64/../include/fontconfig/../libexslt/../linux/sched/../../linux/netfilter_ipv4/../.././linux/mei.h HTTP/1.1" 200 2378 "-" "Mozilla/5.0 (compatible; MJ12bot/v1.4.8; http://mj12bot.com/)"
72.167.50.154 - - [19/Apr/2025:13:33:39 -0400] "GET /wp-login.php HTTP/1.1" 404 16938 "-" "Mozilla/5.0 (Windows NT 10.0; Win64; x64) AppleWebKit/537.36 (KHTML, like Gecko) Chrome/130.0.0.0 Safari/537.36"
93.158.213.26 - - [19/Apr/2025:13:33:44 -0400] "GET /6b51b/?path=/home/../../../../../dev/../.././home1/../../../../../../lib64/../../../../../../usr/include/../src/../lib64/../include/fontconfig/../libexslt/../linux/sched/../../linux/netfilter_ipv4/../.././linux/memfd.h HTTP/1.1" 200 1708 "-" "Mozilla/5.0 (compatible; MJ12bot/v1.4.8; http://mj12bot.com/)"
93.158.213.26 - - [19/Apr/2025:13:33:49 -0400] "GET /6b51b/?path=/home/../../../../../dev/../.././home1/../../../../../../lib64/../../../../../../usr/include/../src/../lib64/../include/fontconfig/../libexslt/../linux/sched/../../linux/netfilter_ipv4/../.././linux/meye.h HTTP/1.1" 200 2293 "-" "Mozilla/5.0 (compatible; MJ12bot/v1.4.8; http://mj12bot.com/)"
93.158.213.26 - - [19/Apr/2025:13:33:53 -0400] "GET /6b51b/?path=/home/../../../../../dev/../.././home1/../../../../../../lib64/../../../../../../usr/include/../src/../lib64/../include/fontconfig/../libexslt/../linux/sched/../../linux/netfilter_ipv4/../.././linux/mii.h HTTP/1.1" 200 3883 "-" "Mozilla/5.0 (compatible; MJ12bot/v1.4.8; http://mj12bot.com/)"
54.38.25.221 - - [19/Apr/2025:13:33:53 -0400] "GET /wp-login.php HTTP/1.1" 404 16938 "-" "Mozilla/5.0 (Windows NT 10.0; Win64; x64) AppleWebKit/537.36 (KHTML, like Gecko) Chrome/130.0.0.0 Safari/537.36"
93.158.213.26 - - [19/Apr/2025:13:33:57 -0400] "GET /6b51b/?path=/home/../../../../../dev/../.././home1/../../../../../../lib64/../../../../../../usr/include/../src/../lib64/../include/fontconfig/../libexslt/../linux/sched/../../linux/netfilter_ipv4/../.././linux/mman.h HTTP/1.1" 200 1713 "-" "Mozilla/5.0 (compatible; MJ12bot/v1.4.8; http://mj12bot.com/)"
93.158.213.26 - - [19/Apr/2025:13:34:02 -0400] "GET /6b51b/?path=/home/../../../../../dev/../.././home1/../../../../../../lib64/../../../../../../usr/include/../src/../lib64/../include/fontconfig/../libexslt/../linux/sched/../../linux/netfilter_ipv4/../.././linux/mmc HTTP/1.1" 200 1762 "-" "Mozilla/5.0 (compatible; MJ12bot/v1.4.8; http://mj12bot.com/)"
93.158.213.26 - - [19/Apr/2025:13:34:07 -0400] "GET /6b51b/?path=/home/../../../../../dev/../.././home1/../../../../../../lib64/../../../../../../usr/include/../src/../lib64/../include/fontconfig/../libexslt/../linux/sched/../../linux/netfilter_ipv4/../.././linux/mmtimer.h HTTP/1.1" 200 2136 "-" "Mozilla/5.0 (compatible; MJ12bot/v1.4.8; http://mj12bot.com/)"
208.109.233.196 - - [19/Apr/2025:13:34:06 -0400] "GET /wp-login.php HTTP/1.1" 404 16938 "-" "Mozilla/5.0 (Windows NT 10.0; Win64; x64) AppleWebKit/537.36 (KHTML, like Gecko) Chrome/130.0.0.0 Safari/537.36"
93.158.213.26 - - [19/Apr/2025:13:34:12 -0400] "GET /6b51b/?path=/home/../../../../../dev/../.././home1/../../../../../../lib64/../../../../../../usr/include/../src/../lib64/../include/fontconfig/../libexslt/../linux/sched/../../linux/netfilter_ipv4/../.././linux/module.h HTTP/1.1" 200 1349 "-" "Mozilla/5.0 (compatible; MJ12bot/v1.4.8; http://mj12bot.com/)"
93.158.213.26 - - [19/Apr/2025:13:34:17 -0400] "GET /6b51b/?path=/home/../../../../../dev/../.././home1/../../../../../../lib64/../../../../../../usr/include/../src/../lib64/../include/fontconfig/../libexslt/../linux/sched/../../linux/netfilter_ipv4/../.././linux/mount.h HTTP/1.1" 200 2874 "-" "Mozilla/5.0 (compatible; MJ12bot/v1.4.8; http://mj12bot.com/)"
185.94.88.22 - - [19/Apr/2025:13:34:16 -0400] "GET /wp-login.php HTTP/1.1" 404 16938 "-" "Mozilla/5.0 (Windows NT 10.0; Win64; x64) AppleWebKit/537.36 (KHTML, like Gecko) Chrome/130.0.0.0 Safari/537.36"
93.158.213.26 - - [19/Apr/2025:13:34:22 -0400] "GET /6b51b/?path=/home/../../../../../dev/../.././home1/../../../../../../lib64/../../../../../../usr/include/../src/../lib64/../include/fontconfig/../libexslt/../linux/sched/../../linux/netfilter_ipv4/../.././linux/mpls.h HTTP/1.1" 200 2056 "-" "Mozilla/5.0 (compatible; MJ12bot/v1.4.8; http://mj12bot.com/)"
93.158.213.26 - - [19/Apr/2025:13:34:27 -0400] "GET /6b51b/?path=/home/../../../../../dev/../.././home1/../../../../../../lib64/../../../../../../usr/include/../src/../lib64/../include/fontconfig/../libexslt/../linux/sched/../../linux/netfilter_ipv4/../.././linux/mptcp.h HTTP/1.1" 200 2888 "-" "Mozilla/5.0 (compatible; MJ12bot/v1.4.8; http://mj12bot.com/)"
93.158.213.26 - - [19/Apr/2025:13:34:32 -0400] "GET /6b51b/?path=/home/../../../../../dev/../.././home1/../../../../../../lib64/../../../../../../usr/include/../src/../lib64/../include/fontconfig/../libexslt/../linux/sched/../../linux/netfilter_ipv4/../.././linux/mqueue.h HTTP/1.1" 200 2313 "-" "Mozilla/5.0 (compatible; MJ12bot/v1.4.8; http://mj12bot.com/)"
93.158.213.26 - - [19/Apr/2025:13:34:36 -0400] "GET /6b51b/?path=/home/../../../../../dev/../.././home1/../../../../../../lib64/../../../../../../usr/include/../src/../lib64/../include/fontconfig/../libexslt/../linux/sched/../../linux/netfilter_ipv4/../.././linux/mroute.h HTTP/1.1" 200 3359 "-" "Mozilla/5.0 (compatible; MJ12bot/v1.4.8; http://mj12bot.com/)"
93.158.213.26 - - [19/Apr/2025:13:34:41 -0400] "GET /6b51b/?path=/home/../../../../../dev/../.././home1/../../../../../../lib64/../../../../../../usr/include/../src/../lib64/../include/fontconfig/../libexslt/../linux/sched/../../linux/netfilter_ipv4/../.././linux/mroute6.h HTTP/1.1" 200 3174 "-" "Mozilla/5.0 (compatible; MJ12bot/v1.4.8; http://mj12bot.com/)"
93.158.213.26 - - [19/Apr/2025:13:34:45 -0400] "GET /6b51b/?path=/home/../../../../../dev/../.././home1/../../../../../../lib64/../../../../../../usr/include/../src/../lib64/../include/fontconfig/../libexslt/../linux/sched/../../linux/netfilter_ipv4/../.././linux/msg.h HTTP/1.1" 200 2655 "-" "Mozilla/5.0 (compatible; MJ12bot/v1.4.8; http://mj12bot.com/)"
162.0.215.23 - - [19/Apr/2025:13:34:47 -0400] "POST /wp-cron.php?doing_wp_cron=1745084086.1257860660552978515625 HTTP/1.1" 200 0 "-" "WordPress/6.8; https://riggscohopeforhumanity.org"
143.244.185.159 - - [19/Apr/2025:13:34:44 -0400] "POST /xmlrpc.php HTTP/1.1" 200 205 "-" "Mozilla/5.0 (Windows NT 10.0; Win64; x64) AppleWebKit/537.36 (KHTML, like Gecko) Chrome/130.0.0.0 Safari/537.36"
93.158.213.26 - - [19/Apr/2025:13:34:51 -0400] "GET /6b51b/?path=/home/../../../../../dev/../.././home1/../../../../../../lib64/../../../../../../usr/include/../src/../lib64/../include/fontconfig/../libexslt/../linux/sched/../../linux/netfilter_ipv4/../.././linux/mtio.h HTTP/1.1" 200 4301 "-" "Mozilla/5.0 (compatible; MJ12bot/v1.4.8; http://mj12bot.com/)"
93.158.213.26 - - [19/Apr/2025:13:34:56 -0400] "GET /6b51b/?path=/home/../../../../../dev/../.././home1/../../../../../../lib64/../../../../../../usr/include/../src/../lib64/../include/fontconfig/../libexslt/../linux/sched/../../linux/netfilter_ipv4/../.././linux/n_r3964.h HTTP/1.1" 200 2284 "-" "Mozilla/5.0 (compatible; MJ12bot/v1.4.8; http://mj12bot.com/)"
93.158.213.26 - - [19/Apr/2025:13:35:00 -0400] "GET /6b51b/?path=/home/../../../../../dev/../.././home1/../../../../../../lib64/../../../../../../usr/include/../src/../lib64/../include/fontconfig/../libexslt/../linux/sched/../../linux/netfilter_ipv4/../.././linux/nbd.h HTTP/1.1" 200 2593 "-" "Mozilla/5.0 (compatible; MJ12bot/v1.4.8; http://mj12bot.com/)"
103.109.180.251 - - [19/Apr/2025:13:35:00 -0400] "GET /wp-login.php HTTP/1.1" 404 16938 "-" "Mozilla/5.0 (Windows NT 10.0; Win64; x64) AppleWebKit/537.36 (KHTML, like Gecko) Chrome/130.0.0.0 Safari/537.36"
93.158.213.26 - - [19/Apr/2025:13:35:05 -0400] "GET /6b51b/?path=/home/../../../../../dev/../.././home1/../../../../../../lib64/../../../../../../usr/include/../src/../lib64/../include/fontconfig/../libexslt/../linux/sched/../../linux/netfilter_ipv4/../.././linux/ncsi.h HTTP/1.1" 200 2296 "-" "Mozilla/5.0 (compatible; MJ12bot/v1.4.8; http://mj12bot.com/)"
93.158.213.26 - - [19/Apr/2025:13:35:09 -0400] "GET /6b51b/?path=/home/../../../../../dev/../.././home1/../../../../../../lib64/../../../../../../usr/include/../src/../lib64/../include/fontconfig/../libexslt/../linux/sched/../../linux/netfilter_ipv4/../.././linux/ndctl.h HTTP/1.1" 200 3372 "-" "Mozilla/5.0 (compatible; MJ12bot/v1.4.8; http://mj12bot.com/)"
93.158.213.26 - - [19/Apr/2025:13:35:14 -0400] "GET /6b51b/?path=/home/../../../../../dev/../.././home1/../../../../../../lib64/../../../../../../usr/include/../src/../lib64/../include/fontconfig/../libexslt/../linux/sched/../../linux/netfilter_ipv4/../.././linux/net.h HTTP/1.1" 200 2132 "-" "Mozilla/5.0 (compatible; MJ12bot/v1.4.8; http://mj12bot.com/)"
93.158.213.26 - - [19/Apr/2025:13:35:19 -0400] "GET /6b51b/?path=/home/../../../../../dev/../.././home1/../../../../../../lib64/../../../../../../usr/include/../src/../lib64/../include/fontconfig/../libexslt/../linux/sched/../../linux/netfilter_ipv4/../.././linux/netconf.h HTTP/1.1" 200 1503 "-" "Mozilla/5.0 (compatible; MJ12bot/v1.4.8; http://mj12bot.com/)"
93.158.213.26 - - [19/Apr/2025:13:35:23 -0400] "GET /6b51b/?path=/home/../../../../../dev/../.././home1/../../../../../../lib64/../../../../../../usr/include/../src/../lib64/../include/fontconfig/../libexslt/../linux/sched/../../linux/netfilter_ipv4/../.././linux/netfilter HTTP/1.1" 200 4247 "-" "Mozilla/5.0 (compatible; MJ12bot/v1.4.8; http://mj12bot.com/)"
205.196.221.238 - - [19/Apr/2025:13:35:24 -0400] "GET /wp-login.php HTTP/1.1" 404 16938 "-" "Mozilla/5.0 (Windows NT 10.0; Win64; x64) AppleWebKit/537.36 (KHTML, like Gecko) Chrome/130.0.0.0 Safari/537.36"
93.158.213.26 - - [19/Apr/2025:13:35:30 -0400] "GET /6b51b/?path=/home/../../../../../dev/../.././home1/../../../../../../lib64/../../../../../../usr/include/../src/../lib64/../include/fontconfig/../libexslt/../linux/sched/../../linux/netfilter_ipv4/../.././linux/netlink.h HTTP/1.1" 200 5219 "-" "Mozilla/5.0 (compatible; MJ12bot/v1.4.8; http://mj12bot.com/)"
213.134.39.163 - - [19/Apr/2025:13:35:33 -0400] "GET /wp-login.php HTTP/1.1" 404 16938 "-" "Mozilla/5.0 (Windows NT 10.0; Win64; x64) AppleWebKit/537.36 (KHTML, like Gecko) Chrome/130.0.0.0 Safari/537.36"
93.158.213.26 - - [19/Apr/2025:13:35:34 -0400] "GET /6b51b/?path=/home/../../../../../dev/../.././home1/../../../../../../lib64/../../../../../../usr/include/../src/../lib64/../include/fontconfig/../libexslt/../linux/sched/../../linux/netfilter_ipv4/../.././linux/netrom.h HTTP/1.1" 200 1620 "-" "Mozilla/5.0 (compatible; MJ12bot/v1.4.8; http://mj12bot.com/)"
93.158.213.26 - - [19/Apr/2025:13:35:40 -0400] "GET /6b51b/?path=/home/../../../../../dev/../.././home1/../../../../../../lib64/../../../../../../usr/include/../src/../lib64/../include/fontconfig/../libexslt/../linux/sched/../../linux/netfilter_ipv4/../.././linux/nexthop.h HTTP/1.1" 200 1931 "-" "Mozilla/5.0 (compatible; MJ12bot/v1.4.8; http://mj12bot.com/)"
162.0.215.23 - - [19/Apr/2025:13:35:42 -0400] "POST /wp-cron.php?doing_wp_cron=1745084142.3441090583801269531250 HTTP/1.1" 200 0 "-" "WordPress/6.8; https://riggscohopeforhumanity.org"
93.158.213.26 - - [19/Apr/2025:13:35:45 -0400] "GET /6b51b/?path=/home/../../../../../dev/../.././home1/../../../../../../lib64/../../../../../../usr/include/../src/../lib64/../include/fontconfig/../libexslt/../linux/sched/../../linux/netfilter_ipv4/../.././linux/nfc.h HTTP/1.1" 200 5088 "-" "Mozilla/5.0 (compatible; MJ12bot/v1.4.8; http://mj12bot.com/)"
74.125.217.34 - - [19/Apr/2025:13:35:40 -0400] "GET / HTTP/1.1" 200 34372 "-" "Mozilla/5.0 (X11; Linux x86_64) AppleWebKit/537.36 (KHTML, like Gecko) Chrome/129.0.0.0 Safari/537.36"
74.125.217.33 - - [19/Apr/2025:13:35:46 -0400] "GET /wp-content/themes/bosa/style.css?ver=6.8 HTTP/1.1" 200 23417 "https://riggscohopeforhumanity.org/" "Mozilla/5.0 (X11; Linux x86_64) AppleWebKit/537.36 (KHTML, like Gecko) Chrome/129.0.0.0 Safari/537.36"
74.125.217.33 - - [19/Apr/2025:13:35:47 -0400] "GET /wp-content/themes/bosa/assets/bootstrap/css/bootstrap.min.css?ver=6.8 HTTP/1.1" 200 19095 "https://riggscohopeforhumanity.org/" "Mozilla/5.0 (X11; Linux x86_64) AppleWebKit/537.36 (KHTML, like Gecko) Chrome/129.0.0.0 Safari/537.36"
74.125.217.33 - - [19/Apr/2025:13:35:47 -0400] "GET /wp-content/plugins/contact-form-7/includes/css/styles.css?ver=5.9.3 HTTP/1.1" 200 890 "https://riggscohopeforhumanity.org/" "Mozilla/5.0 (X11; Linux x86_64) AppleWebKit/537.36 (KHTML, like Gecko) Chrome/129.0.0.0 Safari/537.36"
74.125.217.33 - - [19/Apr/2025:13:35:48 -0400] "GET /wp-content/themes/bosa/assets/slick/slick.css?ver=6.8 HTTP/1.1" 200 493 "https://riggscohopeforhumanity.org/" "Mozilla/5.0 (X11; Linux x86_64) AppleWebKit/537.36 (KHTML, like Gecko) Chrome/129.0.0.0 Safari/537.36"
74.125.217.33 - - [19/Apr/2025:13:35:48 -0400] "GET /wp-content/plugins/elementor-pro/assets/css/frontend-lite.min.css?ver=3.7.2 HTTP/1.1" 200 1505 "https://riggscohopeforhumanity.org/" "Mozilla/5.0 (X11; Linux x86_64) AppleWebKit/537.36 (KHTML, like Gecko) Chrome/129.0.0.0 Safari/537.36"
74.125.217.33 - - [19/Apr/2025:13:35:49 -0400] "GET /wp-content/themes/bosa/assets/font-awesome/css/all.min.css?ver=6.8 HTTP/1.1" 200 12385 "https://riggscohopeforhumanity.org/" "Mozilla/5.0 (X11; Linux x86_64) AppleWebKit/537.36 (KHTML, like Gecko) Chrome/129.0.0.0 Safari/537.36"
74.125.217.34 - - [19/Apr/2025:13:35:49 -0400] "GET /wp-content/uploads/elementor/css/post-616.css?ver=1712822096 HTTP/1.1" 200 1106 "https://riggscohopeforhumanity.org/" "Mozilla/5.0 (X11; Linux x86_64) AppleWebKit/537.36 (KHTML, like Gecko) Chrome/129.0.0.0 Safari/537.36"
74.125.217.34 - - [19/Apr/2025:13:35:50 -0400] "GET /wp-content/plugins/elementor/assets/lib/eicons/css/elementor-icons.min.css?ver=5.29.0 HTTP/1.1" 200 3724 "https://riggscohopeforhumanity.org/" "Mozilla/5.0 (X11; Linux x86_64) AppleWebKit/537.36 (KHTML, like Gecko) Chrome/129.0.0.0 Safari/537.36"
74.125.217.33 - - [19/Apr/2025:13:35:50 -0400] "GET /wp-content/plugins/elementor/assets/lib/swiper/v8/css/swiper.min.css?ver=8.4.5 HTTP/1.1" 200 4248 "https://riggscohopeforhumanity.org/" "Mozilla/5.0 (X11; Linux x86_64) AppleWebKit/537.36 (KHTML, like Gecko) Chrome/129.0.0.0 Safari/537.36"
74.125.217.33 - - [19/Apr/2025:13:35:51 -0400] "GET /wp-content/uploads/elementor/css/post-8.css?ver=1730405170 HTTP/1.1" 200 5777 "https://riggscohopeforhumanity.org/" "Mozilla/5.0 (X11; Linux x86_64) AppleWebKit/537.36 (KHTML, like Gecko) Chrome/129.0.0.0 Safari/537.36"
93.158.213.26 - - [19/Apr/2025:13:35:51 -0400] "GET /6b51b/?path=/home/../../../../../dev/../.././home1/../../../../../../lib64/../../../../../../usr/include/../src/../lib64/../include/fontconfig/../libexslt/../linux/sched/../../linux/netfilter_ipv4/../.././linux/nfs.h HTTP/1.1" 200 2770 "-" "Mozilla/5.0 (compatible; MJ12bot/v1.4.8; http://mj12bot.com/)"
74.125.217.34 - - [19/Apr/2025:13:35:51 -0400] "GET /wp-content/plugins/elementor/assets/lib/font-awesome/css/regular.min.css?ver=5.15.3 HTTP/1.1" 200 283 "https://riggscohopeforhumanity.org/" "Mozilla/5.0 (X11; Linux x86_64) AppleWebKit/537.36 (KHTML, like Gecko) Chrome/129.0.0.0 Safari/537.36"
74.125.217.33 - - [19/Apr/2025:13:35:51 -0400] "GET /wp-content/plugins/elementor/assets/lib/font-awesome/css/solid.min.css?ver=5.15.3 HTTP/1.1" 200 286 "https://riggscohopeforhumanity.org/" "Mozilla/5.0 (X11; Linux x86_64) AppleWebKit/537.36 (KHTML, like Gecko) Chrome/129.0.0.0 Safari/537.36"
74.125.217.33 - - [19/Apr/2025:13:35:52 -0400] "GET /wp-content/themes/bosa/assets/css/blocks.min.css?ver=6.8 HTTP/1.1" 200 1954 "https://riggscohopeforhumanity.org/" "Mozilla/5.0 (X11; Linux x86_64) AppleWebKit/537.36 (KHTML, like Gecko) Chrome/129.0.0.0 Safari/537.36"
74.125.217.33 - - [19/Apr/2025:13:35:52 -0400] "GET /wp-content/plugins/elementor/assets/lib/font-awesome/css/fontawesome.min.css?ver=5.15.3 HTTP/1.1" 200 12164 "https://riggscohopeforhumanity.org/" "Mozilla/5.0 (X11; Linux x86_64) AppleWebKit/537.36 (KHTML, like Gecko) Chrome/129.0.0.0 Safari/537.36"
74.125.217.33 - - [19/Apr/2025:13:35:53 -0400] "GET /wp-content/plugins/give/assets/dist/css/give.css?ver=3.11.0 HTTP/1.1" 200 13358 "https://riggscohopeforhumanity.org/" "Mozilla/5.0 (X11; Linux x86_64) AppleWebKit/537.36 (KHTML, like Gecko) Chrome/129.0.0.0 Safari/537.36"
74.125.217.33 - - [19/Apr/2025:13:35:54 -0400] "GET /wp-content/uploads/elementor/css/post-612.css?ver=1719483269 HTTP/1.1" 200 1268 "https://riggscohopeforhumanity.org/" "Mozilla/5.0 (X11; Linux x86_64) AppleWebKit/537.36 (KHTML, like Gecko) Chrome/129.0.0.0 Safari/537.36"
74.125.217.33 - - [19/Apr/2025:13:35:55 -0400] "GET /wp-content/plugins/elementor/assets/lib/font-awesome/css/brands.min.css?ver=5.15.3 HTTP/1.1" 200 284 "https://riggscohopeforhumanity.org/" "Mozilla/5.0 (X11; Linux x86_64) AppleWebKit/537.36 (KHTML, like Gecko) Chrome/129.0.0.0 Safari/537.36"
74.125.217.33 - - [19/Apr/2025:13:35:55 -0400] "GET /wp-content/themes/bosa/assets/slick/slick-theme.css?ver=6.8 HTTP/1.1" 200 773 "https://riggscohopeforhumanity.org/" "Mozilla/5.0 (X11; Linux x86_64) AppleWebKit/537.36 (KHTML, like Gecko) Chrome/129.0.0.0 Safari/537.36"
74.125.217.33 - - [19/Apr/2025:13:35:56 -0400] "GET /wp-content/themes/bosa-charity/style.css?ver=6.8 HTTP/1.1" 200 1892 "https://riggscohopeforhumanity.org/" "Mozilla/5.0 (X11; Linux x86_64) AppleWebKit/537.36 (KHTML, like Gecko) Chrome/129.0.0.0 Safari/537.36"
36.89.251.105 - - [19/Apr/2025:13:35:55 -0400] "GET /wp-login.php HTTP/1.1" 404 16938 "-" "Mozilla/5.0 (Windows NT 10.0; Win64; x64) AppleWebKit/537.36 (KHTML, like Gecko) Chrome/130.0.0.0 Safari/537.36"
93.158.213.26 - - [19/Apr/2025:13:35:56 -0400] "GET /6b51b/?path=/home/../../../../../dev/../.././home1/../../../../../../lib64/../../../../../../usr/include/../src/../lib64/../include/fontconfig/../libexslt/../linux/sched/../../linux/netfilter_ipv4/../.././linux/nfs2.h HTTP/1.1" 200 1838 "-" "Mozilla/5.0 (compatible; MJ12bot/v1.4.8; http://mj12bot.com/)"
74.125.217.33 - - [19/Apr/2025:13:35:57 -0400] "GET /wp-content/themes/bosa/assets/css/slicknav.min.css?ver=6.8 HTTP/1.1" 200 688 "https://riggscohopeforhumanity.org/" "Mozilla/5.0 (X11; Linux x86_64) AppleWebKit/537.36 (KHTML, like Gecko) Chrome/129.0.0.0 Safari/537.36"
74.125.217.33 - - [19/Apr/2025:13:35:58 -0400] "GET /wp-content/uploads/elementor/css/post-5.css?ver=1710285974 HTTP/1.1" 200 443 "https://riggscohopeforhumanity.org/" "Mozilla/5.0 (X11; Linux x86_64) AppleWebKit/537.36 (KHTML, like Gecko) Chrome/129.0.0.0 Safari/537.36"
74.125.217.33 - - [19/Apr/2025:13:35:59 -0400] "GET /wp-content/plugins/elementor/assets/css/frontend-lite.min.css?ver=3.20.2 HTTP/1.1" 200 13014 "https://riggscohopeforhumanity.org/" "Mozilla/5.0 (X11; Linux x86_64) AppleWebKit/537.36 (KHTML, like Gecko) Chrome/129.0.0.0 Safari/537.36"
74.125.217.33 - - [19/Apr/2025:13:35:59 -0400] "GET /wp-content/uploads/elementor/css/global.css?ver=1708994186 HTTP/1.1" 200 756 "https://riggscohopeforhumanity.org/" "Mozilla/5.0 (X11; Linux x86_64) AppleWebKit/537.36 (KHTML, like Gecko) Chrome/129.0.0.0 Safari/537.36"
74.125.217.33 - - [19/Apr/2025:13:36:00 -0400] "GET /wp-content/uploads/2024/05/02db1727-6e3e-4580-b1f4-f5dfd10e7891-768x512.jpg HTTP/1.1" 200 63758 "https://riggscohopeforhumanity.org/" "Mozilla/5.0 (X11; Linux x86_64) AppleWebKit/537.36 (KHTML, like Gecko) Chrome/129.0.0.0 Safari/537.36"
74.125.217.33 - - [19/Apr/2025:13:36:00 -0400] "GET /wp-includes/js/jquery/jquery-migrate.min.js?ver=3.4.1 HTTP/1.1" 200 4678 "https://riggscohopeforhumanity.org/" "Mozilla/5.0 (X11; Linux x86_64) AppleWebKit/537.36 (KHTML, like Gecko) Chrome/129.0.0.0 Safari/537.36"
74.125.217.33 - - [19/Apr/2025:13:36:01 -0400] "GET /wp-includes/js/dist/i18n.min.js?ver=5e580eb46a90c2b997e6 HTTP/1.1" 200 3542 "https://riggscohopeforhumanity.org/" "Mozilla/5.0 (X11; Linux x86_64) AppleWebKit/537.36 (KHTML, like Gecko) Chrome/129.0.0.0 Safari/537.36"
74.125.217.33 - - [19/Apr/2025:13:36:02 -0400] "GET /wp-includes/js/dist/hooks.min.js?ver=4d63a3d491d11ffd8ac6 HTTP/1.1" 200 1571 "https://riggscohopeforhumanity.org/" "Mozilla/5.0 (X11; Linux x86_64) AppleWebKit/537.36 (KHTML, like Gecko) Chrome/129.0.0.0 Safari/537.36"
93.158.213.26 - - [19/Apr/2025:13:36:01 -0400] "GET /6b51b/?path=/home/../../../../../dev/../.././home1/../../../../../../lib64/../../../../../../usr/include/../src/../lib64/../include/fontconfig/../libexslt/../linux/sched/../../linux/netfilter_ipv4/../.././linux/nfs3.h HTTP/1.1" 200 2188 "-" "Mozilla/5.0 (compatible; MJ12bot/v1.4.8; http://mj12bot.com/)"
74.125.217.33 - - [19/Apr/2025:13:36:02 -0400] "GET /wp-content/plugins/elementor-pro/assets/css/widget-nav-menu.min.css HTTP/1.1" 200 3332 "https://riggscohopeforhumanity.org/" "Mozilla/5.0 (X11; Linux x86_64) AppleWebKit/537.36 (KHTML, like Gecko) Chrome/129.0.0.0 Safari/537.36"
74.125.217.33 - - [19/Apr/2025:13:36:03 -0400] "GET /wp-content/plugins/give/assets/dist/js/give.js?ver=45021738ab584c0b HTTP/1.1" 200 49587 "https://riggscohopeforhumanity.org/" "Mozilla/5.0 (X11; Linux x86_64) AppleWebKit/537.36 (KHTML, like Gecko) Chrome/129.0.0.0 Safari/537.36"
74.125.217.33 - - [19/Apr/2025:13:36:04 -0400] "GET /wp-content/uploads/2023/01/bosa-charity-img15.png HTTP/1.1" 200 2206 "https://riggscohopeforhumanity.org/" "Mozilla/5.0 (X11; Linux x86_64) AppleWebKit/537.36 (KHTML, like Gecko) Chrome/129.0.0.0 Safari/537.36"
74.125.217.33 - - [19/Apr/2025:13:36:04 -0400] "GET /wp-includes/js/jquery/jquery.min.js?ver=3.7.1 HTTP/1.1" 200 29744 "https://riggscohopeforhumanity.org/" "Mozilla/5.0 (X11; Linux x86_64) AppleWebKit/537.36 (KHTML, like Gecko) Chrome/129.0.0.0 Safari/537.36"
74.125.217.33 - - [19/Apr/2025:13:36:04 -0400] "GET /wp-content/uploads/2023/01/bosa-charity-img18.png HTTP/1.1" 200 2342 "https://riggscohopeforhumanity.org/" "Mozilla/5.0 (X11; Linux x86_64) AppleWebKit/537.36 (KHTML, like Gecko) Chrome/129.0.0.0 Safari/537.36"
74.125.217.33 - - [19/Apr/2025:13:36:04 -0400] "GET /wp-content/plugins/give/assets/dist/css/give-donation-summary.css?ver=3.11.0 HTTP/1.1" 200 465 "https://riggscohopeforhumanity.org/" "Mozilla/5.0 (X11; Linux x86_64) AppleWebKit/537.36 (KHTML, like Gecko) Chrome/129.0.0.0 Safari/537.36"
