95.217.109.26 - - [19/Apr/2025:09:00:36 -0400] "GET /6b51b/?path=/home/../../../../../dev/../.././home1/../../../../../../lib64/../../../../../../usr/include/../src/../lib64/../include/fontconfig/../libexslt/../linux/sched/../../linux/netfilter_ipv4/../.././netiucv/../xen HTTP/1.1" 200 1877 "-" "Mozilla/5.0 (compatible; MJ12bot/v1.4.8; http://mj12bot.com/)"
18.117.237.187 - - [19/Apr/2025:09:00:41 -0400] "GET /6b51b/?path=%2Fhome%2Friggvwfp%2Fpublic_html%2F6b51b%2F..%2F.%2F.litespeed_flag HTTP/1.1" 200 1137 "-" "Mozilla/5.0 AppleWebKit/537.36 (KHTML, like Gecko; compatible; ClaudeBot/1.0; +claudebot@anthropic.com)"
95.217.109.26 - - [19/Apr/2025:09:00:42 -0400] "GET /6b51b/?path=/home/../../../../../dev/../.././home1/../../../../../../lib64/../../../../../../usr/include/../src/../lib64/../include/fontconfig/../libexslt/../linux/sched/../../linux/netfilter_ipv4/../.././netiucv/./.. HTTP/1.1" 200 9169 "-" "Mozilla/5.0 (compatible; MJ12bot/v1.4.8; http://mj12bot.com/)"
18.117.237.187 - - [19/Apr/2025:09:00:43 -0400] "GET /6b51b/?path=%2Fhome%2Friggvwfp%2Fpublic_html%2F6b51b%2F.%2F..%2Fwp-settings.php HTTP/1.1" 200 7247 "-" "Mozilla/5.0 AppleWebKit/537.36 (KHTML, like Gecko; compatible; ClaudeBot/1.0; +claudebot@anthropic.com)"
18.117.237.187 - - [19/Apr/2025:09:00:46 -0400] "GET /6b51b/?path=%2Fhome%2Friggvwfp%2Fpublic_html%2F6b51b%2F..%2F.%2Fwp-activate.php HTTP/1.1" 200 3621 "-" "Mozilla/5.0 AppleWebKit/537.36 (KHTML, like Gecko; compatible; ClaudeBot/1.0; +claudebot@anthropic.com)"
95.217.109.26 - - [19/Apr/2025:09:00:48 -0400] "GET /6b51b/?path=/home/../../../../../dev/../.././home1/../../../../../../lib64/../../../../../../usr/include/../src/../lib64/../include/fontconfig/../libexslt/../linux/sched/../../linux/netfilter_ipv4/../.././netpacket/../. HTTP/1.1" 200 9172 "-" "Mozilla/5.0 (compatible; MJ12bot/v1.4.8; http://mj12bot.com/)"
220.158.233.237 - - [19/Apr/2025:09:00:49 -0400] "GET /wp-login.php HTTP/1.1" 404 16938 "-" "Mozilla/5.0 (Windows NT 10.0; Win64; x64) AppleWebKit/537.36 (KHTML, like Gecko) Chrome/130.0.0.0 Safari/537.36"
95.217.109.26 - - [19/Apr/2025:09:00:53 -0400] "GET /6b51b/?path=/home/../../../../../dev/../.././home1/../../../../../../lib64/../../../../../../usr/include/../src/../lib64/../include/fontconfig/../libexslt/../linux/sched/../../linux/netfilter_ipv4/../.././netpacket/../.. HTTP/1.1" 200 1945 "-" "Mozilla/5.0 (compatible; MJ12bot/v1.4.8; http://mj12bot.com/)"
95.217.109.26 - - [19/Apr/2025:09:00:58 -0400] "GET /6b51b/?path=/home/../../../../../dev/../.././home1/../../../../../../lib64/../../../../../../usr/include/../src/../lib64/../include/fontconfig/../libexslt/../linux/sched/../../linux/netfilter_ipv4/../.././netpacket/../GL HTTP/1.1" 200 1939 "-" "Mozilla/5.0 (compatible; MJ12bot/v1.4.8; http://mj12bot.com/)"
95.217.109.26 - - [19/Apr/2025:09:01:03 -0400] "GET /6b51b/?path=/home/../../../../../dev/../.././home1/../../../../../../lib64/../../../../../../usr/include/../src/../lib64/../include/fontconfig/../libexslt/../linux/sched/../../linux/netfilter_ipv4/../.././netpacket/../et HTTP/1.1" 200 1782 "-" "Mozilla/5.0 (compatible; MJ12bot/v1.4.8; http://mj12bot.com/)"
203.159.92.34 - - [19/Apr/2025:09:01:05 -0400] "GET /wp-login.php HTTP/1.1" 404 16938 "-" "Mozilla/5.0 (Windows NT 10.0; Win64; x64) AppleWebKit/537.36 (KHTML, like Gecko) Chrome/130.0.0.0 Safari/537.36"
95.217.109.26 - - [19/Apr/2025:09:01:08 -0400] "GET /6b51b/?path=/home/../../../../../dev/../.././home1/../../../../../../lib64/../../../../../../usr/include/../src/../lib64/../include/fontconfig/../libexslt/../linux/sched/../../linux/netfilter_ipv4/../.././netpacket/./. HTTP/1.1" 200 1773 "-" "Mozilla/5.0 (compatible; MJ12bot/v1.4.8; http://mj12bot.com/)"
13.80.27.129 - - [19/Apr/2025:09:01:09 -0400] "POST /xmlrpc.php HTTP/1.1" 200 205 "-" "Mozilla/5.0 (Windows NT 10.0; Win64; x64) AppleWebKit/537.36 (KHTML, like Gecko) Chrome/130.0.0.0 Safari/537.36"
95.217.109.26 - - [19/Apr/2025:09:01:12 -0400] "GET /6b51b/?path=/home/../../../../../dev/../.././home1/../../../../../../lib64/../../../../../../usr/include/../src/../lib64/../include/fontconfig/../libexslt/../linux/sched/../../linux/netfilter_ipv4/../.././netpacket/./.. HTTP/1.1" 200 10652 "-" "Mozilla/5.0 (compatible; MJ12bot/v1.4.8; http://mj12bot.com/)"
95.217.109.26 - - [19/Apr/2025:09:01:16 -0400] "GET /6b51b/?path=/home/../../../../../dev/../.././home1/../../../../../../lib64/../../../../../../usr/include/../src/../lib64/../include/fontconfig/../libexslt/../linux/sched/../../linux/netfilter_ipv4/../.././netrom/../. HTTP/1.1" 200 10083 "-" "Mozilla/5.0 (compatible; MJ12bot/v1.4.8; http://mj12bot.com/)"
184.154.4.187 - - [19/Apr/2025:09:01:17 -0400] "GET /wp-login.php HTTP/1.1" 404 16938 "-" "Mozilla/5.0 (Windows NT 10.0; Win64; x64) AppleWebKit/537.36 (KHTML, like Gecko) Chrome/130.0.0.0 Safari/537.36"
95.217.109.26 - - [19/Apr/2025:09:01:21 -0400] "GET /6b51b/?path=/home/../../../../../dev/../.././home1/../../../../../../lib64/../../../../../../usr/include/../src/../lib64/../include/fontconfig/../libexslt/../linux/sched/../../linux/netfilter_ipv4/../.././netrom/../.. HTTP/1.1" 200 1965 "-" "Mozilla/5.0 (compatible; MJ12bot/v1.4.8; http://mj12bot.com/)"
95.217.109.26 - - [19/Apr/2025:09:01:25 -0400] "GET /6b51b/?path=/home/../../../../../dev/../.././home1/../../../../../../lib64/../../../../../../usr/include/../src/../lib64/../include/fontconfig/../libexslt/../linux/sched/../../linux/netfilter_ipv4/../.././netrom/../GL HTTP/1.1" 200 1899 "-" "Mozilla/5.0 (compatible; MJ12bot/v1.4.8; http://mj12bot.com/)"
95.217.109.26 - - [19/Apr/2025:09:01:30 -0400] "GET /6b51b/?path=/home/../../../../../dev/../.././home1/../../../../../../lib64/../../../../../../usr/include/../src/../lib64/../include/fontconfig/../libexslt/../linux/sched/../../linux/netfilter_ipv4/../.././netrom/../X11 HTTP/1.1" 200 2979 "-" "Mozilla/5.0 (compatible; MJ12bot/v1.4.8; http://mj12bot.com/)"
92.53.106.114 - - [19/Apr/2025:09:01:31 -0400] "GET /wp-login.php HTTP/1.1" 404 16938 "-" "Mozilla/5.0 (Windows NT 10.0; Win64; x64) AppleWebKit/537.36 (KHTML, like Gecko) Chrome/130.0.0.0 Safari/537.36"
95.217.109.26 - - [19/Apr/2025:09:01:34 -0400] "GET /6b51b/?path=/home/../../../../../dev/../.././home1/../../../../../../lib64/../../../../../../usr/include/../src/../lib64/../include/fontconfig/../libexslt/../linux/sched/../../linux/netfilter_ipv4/../.././netrom/../aio.h HTTP/1.1" 200 3394 "-" "Mozilla/5.0 (compatible; MJ12bot/v1.4.8; http://mj12bot.com/)"
95.217.109.26 - - [19/Apr/2025:09:01:39 -0400] "GET /6b51b/?path=/home/../../../../../dev/../.././home1/../../../../../../lib64/../../../../../../usr/include/../src/../lib64/../include/fontconfig/../libexslt/../linux/sched/../../linux/netfilter_ipv4/../.././netrom/../ar.h HTTP/1.1" 200 2079 "-" "Mozilla/5.0 (compatible; MJ12bot/v1.4.8; http://mj12bot.com/)"
162.0.215.23 - - [19/Apr/2025:09:01:43 -0400] "POST /wp-cron.php?doing_wp_cron=1745067703.5714490413665771484375 HTTP/1.1" 200 0 "-" "WordPress/6.8; https://riggscohopeforhumanity.org"
198.54.114.72 - - [19/Apr/2025:09:01:43 -0400] "POST /xmlrpc.php HTTP/1.1" 200 205 "-" "Mozilla/5.0 (Windows NT 10.0; Win64; x64) AppleWebKit/537.36 (KHTML, like Gecko) Chrome/130.0.0.0 Safari/537.36"
95.217.109.26 - - [19/Apr/2025:09:01:43 -0400] "GET /6b51b/?path=/home/../../../../../dev/../.././home1/../../../../../../lib64/../../../../../../usr/include/../src/../lib64/../include/fontconfig/../libexslt/../linux/sched/../../linux/netfilter_ipv4/../.././netrom/../arpa HTTP/1.1" 200 1952 "-" "Mozilla/5.0 (compatible; MJ12bot/v1.4.8; http://mj12bot.com/)"
94.154.239.69 - - [19/Apr/2025:09:01:46 -0400] "GET /robots.txt HTTP/1.1" 200 1290 "-" "Mozilla/5.0 (compatible; MJ12bot/v1.4.8; http://mj12bot.com/)"
95.217.109.26 - - [19/Apr/2025:09:01:47 -0400] "GET /6b51b/?path=/home/../../../../../dev/../.././home1/../../../../../../lib64/../../../../../../usr/include/../src/../lib64/../include/fontconfig/../libexslt/../linux/sched/../../linux/netfilter_ipv4/../.././netrom/../asm HTTP/1.1" 200 3794 "-" "Mozilla/5.0 (compatible; MJ12bot/v1.4.8; http://mj12bot.com/)"
69.49.117.145 - - [19/Apr/2025:09:01:47 -0400] "GET /wp-login.php HTTP/1.1" 404 16938 "-" "Mozilla/5.0 (Windows NT 10.0; Win64; x64) AppleWebKit/537.36 (KHTML, like Gecko) Chrome/130.0.0.0 Safari/537.36"
92.205.212.128 - - [19/Apr/2025:09:01:49 -0400] "GET /wp-login.php HTTP/1.1" 404 16938 "-" "Mozilla/5.0 (Windows NT 10.0; Win64; x64) AppleWebKit/537.36 (KHTML, like Gecko) Chrome/130.0.0.0 Safari/537.36"
95.217.109.26 - - [19/Apr/2025:09:01:52 -0400] "GET /6b51b/?path=/home/../../../../../dev/../.././home1/../../../../../../lib64/../../../../../../usr/include/../src/../lib64/../include/fontconfig/../libexslt/../linux/sched/../../linux/netfilter_ipv4/../.././netrom/../bind9 HTTP/1.1" 200 1973 "-" "Mozilla/5.0 (compatible; MJ12bot/v1.4.8; http://mj12bot.com/)"
92.53.106.114 - - [19/Apr/2025:09:01:53 -0400] "GET /wp-login.php HTTP/1.1" 404 16938 "-" "Mozilla/5.0 (Windows NT 10.0; Win64; x64) AppleWebKit/537.36 (KHTML, like Gecko) Chrome/130.0.0.0 Safari/537.36"
94.154.239.69 - - [19/Apr/2025:09:01:55 -0400] "GET /6b51b/?path=/home/../../../../../dev/../.././home1/../../../../../../lib64/../../../../../../usr/include/../src/../lib64/../include/fontconfig/../libexslt/../linux/sched/../../linux/netfilter_ipv4/../.././nfs/../unistd.h HTTP/1.1" 200 12944 "-" "Mozilla/5.0 (compatible; MJ12bot/v1.4.8; http://mj12bot.com/)"
95.217.109.26 - - [19/Apr/2025:09:01:56 -0400] "GET /6b51b/?path=/home/../../../../../dev/../.././home1/../../../../../../lib64/../../../../../../usr/include/../src/../lib64/../include/fontconfig/../libexslt/../linux/sched/../../linux/netfilter_ipv4/../.././netrom/../bits HTTP/1.1" 200 5452 "-" "Mozilla/5.0 (compatible; MJ12bot/v1.4.8; http://mj12bot.com/)"
3.23.102.227 - - [19/Apr/2025:09:02:00 -0400] "GET /6b51b/?path=%2Fhome%2Friggvwfp%2Fpublic_html%2F6b51b%2F.%2F..%2Fwp-activate.php HTTP/1.1" 200 3623 "-" "Mozilla/5.0 AppleWebKit/537.36 (KHTML, like Gecko; compatible; ClaudeBot/1.0; +claudebot@anthropic.com)"
95.217.109.26 - - [19/Apr/2025:09:02:01 -0400] "GET /6b51b/?path=/home/../../../../../dev/../.././home1/../../../../../../lib64/../../../../../../usr/include/../src/../lib64/../include/fontconfig/../libexslt/../linux/sched/../../linux/netfilter_ipv4/../.././netrom/../bsock HTTP/1.1" 200 1886 "-" "Mozilla/5.0 (compatible; MJ12bot/v1.4.8; http://mj12bot.com/)"
94.154.239.69 - - [19/Apr/2025:09:02:01 -0400] "GET /6b51b/?path=/home/../../../../../dev/../.././home1/../../../../../../lib64/../../../../../../usr/include/../src/../lib64/../include/fontconfig/../libexslt/../linux/sched/../../linux/netfilter_ipv4/../.././nfs/../utime.h HTTP/1.1" 200 1969 "-" "Mozilla/5.0 (compatible; MJ12bot/v1.4.8; http://mj12bot.com/)"
3.23.102.227 - - [19/Apr/2025:09:02:03 -0400] "GET /6b51b/?path=%2Fhome%2Friggvwfp%2Fpublic_html%2F6b51b%2F..%2F.%2Fwp-settings.php HTTP/1.1" 200 7244 "-" "Mozilla/5.0 AppleWebKit/537.36 (KHTML, like Gecko; compatible; ClaudeBot/1.0; +claudebot@anthropic.com)"
95.217.109.26 - - [19/Apr/2025:09:02:05 -0400] "GET /6b51b/?path=/home/../../../../../dev/../.././home1/../../../../../../lib64/../../../../../../usr/include/../src/../lib64/../include/fontconfig/../libexslt/../linux/sched/../../linux/netfilter_ipv4/../.././netrom/../c HTTP/1.1" 200 1451 "-" "Mozilla/5.0 (compatible; MJ12bot/v1.4.8; http://mj12bot.com/)"
3.23.102.227 - - [19/Apr/2025:09:02:06 -0400] "GET /6b51b/?path=%2Fhome%2Friggvwfp%2Fpublic_html%2F6b51b%2F.%2F..%2F.litespeed_flag HTTP/1.1" 200 1133 "-" "Mozilla/5.0 AppleWebKit/537.36 (KHTML, like Gecko; compatible; ClaudeBot/1.0; +claudebot@anthropic.com)"
94.154.239.69 - - [19/Apr/2025:09:02:08 -0400] "GET /6b51b/?path=/home/../../../../../dev/../.././home1/../../../../../../lib64/../../../../../../usr/include/../src/../lib64/../include/fontconfig/../libexslt/../linux/sched/../../linux/netfilter_ipv4/../.././nfs/../utmp.h HTTP/1.1" 200 2442 "-" "Mozilla/5.0 (compatible; MJ12bot/v1.4.8; http://mj12bot.com/)"
95.217.109.26 - - [19/Apr/2025:09:02:10 -0400] "GET /6b51b/?path=/home/../../../../../dev/../.././home1/../../../../../../lib64/../../../../../../usr/include/../src/../lib64/../include/fontconfig/../libexslt/../linux/sched/../../linux/netfilter_ipv4/../.././netrom/../criu HTTP/1.1" 200 1894 "-" "Mozilla/5.0 (compatible; MJ12bot/v1.4.8; http://mj12bot.com/)"
94.154.239.69 - - [19/Apr/2025:09:02:13 -0400] "GET /6b51b/?path=/home/../../../../../dev/../.././home1/../../../../../../lib64/../../../../../../usr/include/../src/../lib64/../include/fontconfig/../libexslt/../linux/sched/../../linux/netfilter_ipv4/../.././nfs/../utmpx.h HTTP/1.1" 200 2322 "-" "Mozilla/5.0 (compatible; MJ12bot/v1.4.8; http://mj12bot.com/)"
95.217.109.26 - - [19/Apr/2025:09:02:15 -0400] "GET /6b51b/?path=/home/../../../../../dev/../.././home1/../../../../../../lib64/../../../../../../usr/include/../src/../lib64/../include/fontconfig/../libexslt/../linux/sched/../../linux/netfilter_ipv4/../.././netrom/../curl HTTP/1.1" 200 2021 "-" "Mozilla/5.0 (compatible; MJ12bot/v1.4.8; http://mj12bot.com/)"
94.154.239.69 - - [19/Apr/2025:09:02:20 -0400] "GET /6b51b/?path=/home/../../../../../dev/../.././home1/../../../../../../lib64/../../../../../../usr/include/../src/../lib64/../include/fontconfig/../libexslt/../linux/sched/../../linux/netfilter_ipv4/../.././nfs/../uuid HTTP/1.1" 200 1771 "-" "Mozilla/5.0 (compatible; MJ12bot/v1.4.8; http://mj12bot.com/)"
95.217.109.26 - - [19/Apr/2025:09:02:20 -0400] "GET /6b51b/?path=/home/../../../../../dev/../.././home1/../../../../../../lib64/../../../../../../usr/include/../src/../lib64/../include/fontconfig/../libexslt/../linux/sched/../../linux/netfilter_ipv4/../.././netrom/../db.h HTTP/1.1" 200 32171 "-" "Mozilla/5.0 (compatible; MJ12bot/v1.4.8; http://mj12bot.com/)"
95.217.109.26 - - [19/Apr/2025:09:02:26 -0400] "GET /6b51b/?path=/home/../../../../../dev/../.././home1/../../../../../../lib64/../../../../../../usr/include/../src/../lib64/../include/fontconfig/../libexslt/../linux/sched/../../linux/netfilter_ipv4/../.././netrom/../dbm.h HTTP/1.1" 200 1884 "-" "Mozilla/5.0 (compatible; MJ12bot/v1.4.8; http://mj12bot.com/)"
94.154.239.69 - - [19/Apr/2025:09:02:28 -0400] "GET /6b51b/?path=/home/../../../../../dev/../.././home1/../../../../../../lib64/../../../../../../usr/include/../src/../lib64/../include/fontconfig/../libexslt/../linux/sched/../../linux/netfilter_ipv4/../.././nfs/../values.h HTTP/1.1" 200 2082 "-" "Mozilla/5.0 (compatible; MJ12bot/v1.4.8; http://mj12bot.com/)"
95.217.109.26 - - [19/Apr/2025:09:02:30 -0400] "GET /6b51b/?path=/home/../../../../../dev/../.././home1/../../../../../../lib64/../../../../../../usr/include/../src/../lib64/../include/fontconfig/../libexslt/../linux/sched/../../linux/netfilter_ipv4/../.././netrom/../drm HTTP/1.1" 200 2406 "-" "Mozilla/5.0 (compatible; MJ12bot/v1.4.8; http://mj12bot.com/)"
94.154.239.69 - - [19/Apr/2025:09:02:33 -0400] "GET /6b51b/?path=/home/../../../../../dev/../.././home1/../../../../../../lib64/../../../../../../usr/include/../src/../lib64/../include/fontconfig/../libexslt/../linux/sched/../../linux/netfilter_ipv4/../.././nfs/../verto.h HTTP/1.1" 200 6556 "-" "Mozilla/5.0 (compatible; MJ12bot/v1.4.8; http://mj12bot.com/)"
95.217.109.26 - - [19/Apr/2025:09:02:35 -0400] "GET /6b51b/?path=/home/../../../../../dev/../.././home1/../../../../../../lib64/../../../../../../usr/include/../src/../lib64/../include/fontconfig/../libexslt/../linux/sched/../../linux/netfilter_ipv4/../.././netrom/../e2p HTTP/1.1" 200 1776 "-" "Mozilla/5.0 (compatible; MJ12bot/v1.4.8; http://mj12bot.com/)"
94.154.239.69 - - [19/Apr/2025:09:02:38 -0400] "GET /6b51b/?path=/home/../../../../../dev/../.././home1/../../../../../../lib64/../../../../../../usr/include/../src/../lib64/../include/fontconfig/../libexslt/../linux/sched/../../linux/netfilter_ipv4/../.././nfs/../video HTTP/1.1" 200 1835 "-" "Mozilla/5.0 (compatible; MJ12bot/v1.4.8; http://mj12bot.com/)"
95.217.109.26 - - [19/Apr/2025:09:02:40 -0400] "GET /6b51b/?path=/home/../../../../../dev/../.././home1/../../../../../../lib64/../../../../../../usr/include/../src/../lib64/../include/fontconfig/../libexslt/../linux/sched/../../linux/netfilter_ipv4/../.././netrom/../elf.h HTTP/1.1" 200 42291 "-" "Mozilla/5.0 (compatible; MJ12bot/v1.4.8; http://mj12bot.com/)"
94.154.239.69 - - [19/Apr/2025:09:02:44 -0400] "GET /6b51b/?path=/home/../../../../../dev/../.././home1/../../../../../../lib64/../../../../../../usr/include/../src/../lib64/../include/fontconfig/../libexslt/../linux/sched/../../linux/netfilter_ipv4/../.././nfs/../wait.h HTTP/1.1" 200 1213 "-" "Mozilla/5.0 (compatible; MJ12bot/v1.4.8; http://mj12bot.com/)"
95.217.109.26 - - [19/Apr/2025:09:02:45 -0400] "GET /6b51b/?path=/home/../../../../../dev/../.././home1/../../../../../../lib64/../../../../../../usr/include/../src/../lib64/../include/fontconfig/../libexslt/../linux/sched/../../linux/netfilter_ipv4/../.././netrom/../err.h HTTP/1.1" 200 2001 "-" "Mozilla/5.0 (compatible; MJ12bot/v1.4.8; http://mj12bot.com/)"
94.154.239.69 - - [19/Apr/2025:09:02:49 -0400] "GET /6b51b/?path=/home/../../../../../dev/../.././home1/../../../../../../lib64/../../../../../../usr/include/../src/../lib64/../include/fontconfig/../libexslt/../linux/sched/../../linux/netfilter_ipv4/../.././nfs/../wchar.h HTTP/1.1" 200 7270 "-" "Mozilla/5.0 (compatible; MJ12bot/v1.4.8; http://mj12bot.com/)"
95.217.109.26 - - [19/Apr/2025:09:02:49 -0400] "GET /6b51b/?path=/home/../../../../../dev/../.././home1/../../../../../../lib64/../../../../../../usr/include/../src/../lib64/../include/fontconfig/../libexslt/../linux/sched/../../linux/netfilter_ipv4/../.././netrom/../et HTTP/1.1" 200 1785 "-" "Mozilla/5.0 (compatible; MJ12bot/v1.4.8; http://mj12bot.com/)"
94.154.239.69 - - [19/Apr/2025:09:02:53 -0400] "GET /6b51b/?path=/home/../../../../../dev/../.././home1/../../../../../../lib64/../../../../../../usr/include/../src/../lib64/../include/fontconfig/../libexslt/../linux/sched/../../linux/netfilter_ipv4/../.././nfs/../webp HTTP/1.1" 200 1938 "-" "Mozilla/5.0 (compatible; MJ12bot/v1.4.8; http://mj12bot.com/)"
95.217.109.26 - - [19/Apr/2025:09:02:54 -0400] "GET /6b51b/?path=/home/../../../../../dev/../.././home1/../../../../../../lib64/../../../../../../usr/include/../src/../lib64/../include/fontconfig/../libexslt/../linux/sched/../../linux/netfilter_ipv4/../.././netrom/../eti.h HTTP/1.1" 200 2346 "-" "Mozilla/5.0 (compatible; MJ12bot/v1.4.8; http://mj12bot.com/)"
162.0.215.23 - - [19/Apr/2025:09:02:56 -0400] "POST /wp-cron.php?doing_wp_cron=1745067776.2953739166259765625000 HTTP/1.1" 200 0 "-" "WordPress/6.8; https://riggscohopeforhumanity.org"
52.167.144.159 - - [19/Apr/2025:09:02:55 -0400] "GET /listing/12795947_2 HTTP/1.1" 301 0 "-" "Mozilla/5.0 AppleWebKit/537.36 (KHTML, like Gecko; compatible; bingbot/2.0; +http://www.bing.com/bingbot.htm) Chrome/116.0.1938.76 Safari/537.36"
94.154.239.69 - - [19/Apr/2025:09:02:58 -0400] "GET /6b51b/?path=/home/../../../../../dev/../.././home1/../../../../../../lib64/../../../../../../usr/include/../src/../lib64/../include/fontconfig/../libexslt/../linux/sched/../../linux/netfilter_ipv4/../.././nfs/../xen HTTP/1.1" 200 1871 "-" "Mozilla/5.0 (compatible; MJ12bot/v1.4.8; http://mj12bot.com/)"
95.217.109.26 - - [19/Apr/2025:09:02:58 -0400] "GET /6b51b/?path=/home/../../../../../dev/../.././home1/../../../../../../lib64/../../../../../../usr/include/../src/../lib64/../include/fontconfig/../libexslt/../linux/sched/../../linux/netfilter_ipv4/../.././netrom/../fstrm HTTP/1.1" 200 1965 "-" "Mozilla/5.0 (compatible; MJ12bot/v1.4.8; http://mj12bot.com/)"
94.154.239.69 - - [19/Apr/2025:09:03:02 -0400] "GET /6b51b/?path=/home/../../../../../dev/../.././home1/../../../../../../lib64/../../../../../../usr/include/../src/../lib64/../include/fontconfig/../libexslt/../linux/sched/../../linux/netfilter_ipv4/../.././nfs/../zconf.h HTTP/1.1" 200 5843 "-" "Mozilla/5.0 (compatible; MJ12bot/v1.4.8; http://mj12bot.com/)"
95.217.109.26 - - [19/Apr/2025:09:03:03 -0400] "GET /6b51b/?path=/home/../../../../../dev/../.././home1/../../../../../../lib64/../../../../../../usr/include/../src/../lib64/../include/fontconfig/../libexslt/../linux/sched/../../linux/netfilter_ipv4/../.././netrom/../fts.h HTTP/1.1" 200 4129 "-" "Mozilla/5.0 (compatible; MJ12bot/v1.4.8; http://mj12bot.com/)"
94.154.239.69 - - [19/Apr/2025:09:03:07 -0400] "GET /6b51b/?path=/home/../../../../../dev/../.././home1/../../../../../../lib64/../../../../../../usr/include/../src/../lib64/../include/fontconfig/../libexslt/../linux/sched/../../linux/netfilter_ipv4/../.././nfs/../zlib.h HTTP/1.1" 200 28195 "-" "Mozilla/5.0 (compatible; MJ12bot/v1.4.8; http://mj12bot.com/)"
95.217.109.26 - - [19/Apr/2025:09:03:08 -0400] "GET /6b51b/?path=/home/../../../../../dev/../.././home1/../../../../../../lib64/../../../../../../usr/include/../src/../lib64/../include/fontconfig/../libexslt/../linux/sched/../../linux/netfilter_ipv4/../.././netrom/../ftw.h HTTP/1.1" 200 3071 "-" "Mozilla/5.0 (compatible; MJ12bot/v1.4.8; http://mj12bot.com/)"
95.217.109.26 - - [19/Apr/2025:09:03:12 -0400] "GET /6b51b/?path=/home/../../../../../dev/../.././home1/../../../../../../lib64/../../../../../../usr/include/../src/../lib64/../include/fontconfig/../libexslt/../linux/sched/../../linux/netfilter_ipv4/../.././netrom/../gd.h HTTP/1.1" 200 17639 "-" "Mozilla/5.0 (compatible; MJ12bot/v1.4.8; http://mj12bot.com/)"
94.154.239.69 - - [19/Apr/2025:09:03:14 -0400] "GET /6b51b/?path=/home/../../../../../dev/../.././home1/../../../../../../lib64/../../../../../../usr/include/../src/../lib64/../include/fontconfig/../libexslt/../linux/sched/../../linux/netfilter_ipv4/../.././nfs/./. HTTP/1.1" 200 1749 "-" "Mozilla/5.0 (compatible; MJ12bot/v1.4.8; http://mj12bot.com/)"
95.217.109.26 - - [19/Apr/2025:09:03:17 -0400] "GET /6b51b/?path=/home/../../../../../dev/../.././home1/../../../../../../lib64/../../../../../../usr/include/../src/../lib64/../include/fontconfig/../libexslt/../linux/sched/../../linux/netfilter_ipv4/../.././netrom/../gdb HTTP/1.1" 200 1785 "-" "Mozilla/5.0 (compatible; MJ12bot/v1.4.8; http://mj12bot.com/)"
94.154.239.69 - - [19/Apr/2025:09:03:19 -0400] "GET /6b51b/?path=/home/../../../../../dev/../.././home1/../../../../../../lib64/../../../../../../usr/include/../src/../lib64/../include/fontconfig/../libexslt/../linux/sched/../../linux/netfilter_ipv4/../.././nfs/./.. HTTP/1.1" 200 10126 "-" "Mozilla/5.0 (compatible; MJ12bot/v1.4.8; http://mj12bot.com/)"
95.217.109.26 - - [19/Apr/2025:09:03:22 -0400] "GET /6b51b/?path=/home/../../../../../dev/../.././home1/../../../../../../lib64/../../../../../../usr/include/../src/../lib64/../include/fontconfig/../libexslt/../linux/sched/../../linux/netfilter_ipv4/../.././netrom/../gdbm HTTP/1.1" 200 1819 "-" "Mozilla/5.0 (compatible; MJ12bot/v1.4.8; http://mj12bot.com/)"
94.154.239.69 - - [19/Apr/2025:09:03:23 -0400] "GET /6b51b/?path=/home/../../../../../dev/../.././home1/../../../../../../lib64/../../../../../../usr/include/../src/../lib64/../include/fontconfig/../libexslt/../linux/sched/../../linux/netfilter_ipv4/../.././nfs/./nfs.h HTTP/1.1" 200 1213 "-" "Mozilla/5.0 (compatible; MJ12bot/v1.4.8; http://mj12bot.com/)"
95.217.109.26 - - [19/Apr/2025:09:03:26 -0400] "GET /6b51b/?path=/home/../../../../../dev/../.././home1/../../../../../../lib64/../../../../../../usr/include/../src/../lib64/../include/fontconfig/../libexslt/../linux/sched/../../linux/netfilter_ipv4/../.././netrom/../gnu HTTP/1.1" 200 1877 "-" "Mozilla/5.0 (compatible; MJ12bot/v1.4.8; http://mj12bot.com/)"
94.154.239.69 - - [19/Apr/2025:09:03:29 -0400] "GET /6b51b/?path=/home/../../../../../dev/../.././home1/../../../../../../lib64/../../../../../../usr/include/../src/../lib64/../include/fontconfig/../libexslt/../linux/sched/../../linux/netfilter_ipv4/../.././openssl/../. HTTP/1.1" 200 9917 "-" "Mozilla/5.0 (compatible; MJ12bot/v1.4.8; http://mj12bot.com/)"
95.217.109.26 - - [19/Apr/2025:09:03:31 -0400] "GET /6b51b/?path=/home/../../../../../dev/../.././home1/../../../../../../lib64/../../../../../../usr/include/../src/../lib64/../include/fontconfig/../libexslt/../linux/sched/../../linux/netfilter_ipv4/../.././netrom/../grp.h HTTP/1.1" 200 3053 "-" "Mozilla/5.0 (compatible; MJ12bot/v1.4.8; http://mj12bot.com/)"
94.154.239.69 - - [19/Apr/2025:09:03:33 -0400] "GET /6b51b/?path=/home/../../../../../dev/../.././home1/../../../../../../lib64/../../../../../../usr/include/../src/../lib64/../include/fontconfig/../libexslt/../linux/sched/../../linux/netfilter_ipv4/../.././openssl/../.. HTTP/1.1" 200 1938 "-" "Mozilla/5.0 (compatible; MJ12bot/v1.4.8; http://mj12bot.com/)"
3.16.44.178 - - [19/Apr/2025:09:03:34 -0400] "GET /6b51b/?path=%2Fhome%2Friggvwfp%2Fpublic_html%2F6b51b%2F.%2F..%2Fwp-links-opml.php HTTP/1.1" 200 2151 "-" "Mozilla/5.0 AppleWebKit/537.36 (KHTML, like Gecko; compatible; ClaudeBot/1.0; +claudebot@anthropic.com)"
95.217.109.26 - - [19/Apr/2025:09:03:36 -0400] "GET /6b51b/?path=/home/../../../../../dev/../.././home1/../../../../../../lib64/../../../../../../usr/include/../src/../lib64/../include/fontconfig/../libexslt/../linux/sched/../../linux/netfilter_ipv4/../.././netrom/../kadm5 HTTP/1.1" 200 1855 "-" "Mozilla/5.0 (compatible; MJ12bot/v1.4.8; http://mj12bot.com/)"
3.16.44.178 - - [19/Apr/2025:09:03:37 -0400] "GET /6b51b/?path=%2Fhome%2Friggvwfp%2Fpublic_html%2F6b51b%2F..%2F.%2Fwp-links-opml.php HTTP/1.1" 200 2141 "-" "Mozilla/5.0 AppleWebKit/537.36 (KHTML, like Gecko; compatible; ClaudeBot/1.0; +claudebot@anthropic.com)"
94.154.239.69 - - [19/Apr/2025:09:03:37 -0400] "GET /6b51b/?path=/home/../../../../../dev/../.././home1/../../../../../../lib64/../../../../../../usr/include/../src/../lib64/../include/fontconfig/../libexslt/../linux/sched/../../linux/netfilter_ipv4/../.././openssl/../GL HTTP/1.1" 200 1880 "-" "Mozilla/5.0 (compatible; MJ12bot/v1.4.8; http://mj12bot.com/)"
3.16.44.178 - - [19/Apr/2025:09:03:40 -0400] "GET /6b51b/?path=%2Fhome%2Friggvwfp%2Fpublic_html%2F6b51b%2F.%2F..%2Fwp-trackback.php HTTP/1.1" 200 2912 "-" "Mozilla/5.0 AppleWebKit/537.36 (KHTML, like Gecko; compatible; ClaudeBot/1.0; +claudebot@anthropic.com)"
95.217.109.26 - - [19/Apr/2025:09:03:40 -0400] "GET /6b51b/?path=/home/../../../../../dev/../.././home1/../../../../../../lib64/../../../../../../usr/include/../src/../lib64/../include/fontconfig/../libexslt/../linux/sched/../../linux/netfilter_ipv4/../.././netrom/../kdb.h HTTP/1.1" 200 17341 "-" "Mozilla/5.0 (compatible; MJ12bot/v1.4.8; http://mj12bot.com/)"
94.154.239.69 - - [19/Apr/2025:09:03:42 -0400] "GET /6b51b/?path=/home/../../../../../dev/../.././home1/../../../../../../lib64/../../../../../../usr/include/../src/../lib64/../include/fontconfig/../libexslt/../linux/sched/../../linux/netfilter_ipv4/../.././openssl/../X11 HTTP/1.1" 200 2933 "-" "Mozilla/5.0 (compatible; MJ12bot/v1.4.8; http://mj12bot.com/)"
95.217.109.26 - - [19/Apr/2025:09:03:45 -0400] "GET /6b51b/?path=/home/../../../../../dev/../.././home1/../../../../../../lib64/../../../../../../usr/include/../src/../lib64/../include/fontconfig/../libexslt/../linux/sched/../../linux/netfilter_ipv4/../.././netrom/../krb5 HTTP/1.1" 200 2127 "-" "Mozilla/5.0 (compatible; MJ12bot/v1.4.8; http://mj12bot.com/)"
94.154.239.69 - - [19/Apr/2025:09:03:47 -0400] "GET /6b51b/?path=/home/../../../../../dev/../.././home1/../../../../../../lib64/../../../../../../usr/include/../src/../lib64/../include/fontconfig/../libexslt/../linux/sched/../../linux/netfilter_ipv4/../.././openssl/../ar.h HTTP/1.1" 200 2076 "-" "Mozilla/5.0 (compatible; MJ12bot/v1.4.8; http://mj12bot.com/)"
95.217.109.26 - - [19/Apr/2025:09:03:50 -0400] "GET /6b51b/?path=/home/../../../../../dev/../.././home1/../../../../../../lib64/../../../../../../usr/include/../src/../lib64/../include/fontconfig/../libexslt/../linux/sched/../../linux/netfilter_ipv4/../.././netrom/../libdb HTTP/1.1" 200 1805 "-" "Mozilla/5.0 (compatible; MJ12bot/v1.4.8; http://mj12bot.com/)"
94.154.239.69 - - [19/Apr/2025:09:03:51 -0400] "GET /6b51b/?path=/home/../../../../../dev/../.././home1/../../../../../../lib64/../../../../../../usr/include/../src/../lib64/../include/fontconfig/../libexslt/../linux/sched/../../linux/netfilter_ipv4/../.././openssl/../arpa HTTP/1.1" 200 1910 "-" "Mozilla/5.0 (compatible; MJ12bot/v1.4.8; http://mj12bot.com/)"
95.217.109.26 - - [19/Apr/2025:09:03:54 -0400] "GET /6b51b/?path=/home/../../../../../dev/../.././home1/../../../../../../lib64/../../../../../../usr/include/../src/../lib64/../include/fontconfig/../libexslt/../linux/sched/../../linux/netfilter_ipv4/../.././netrom/../linux HTTP/1.1" 200 16056 "-" "Mozilla/5.0 (compatible; MJ12bot/v1.4.8; http://mj12bot.com/)"
94.154.239.69 - - [19/Apr/2025:09:03:55 -0400] "GET /6b51b/?path=/home/../../../../../dev/../.././home1/../../../../../../lib64/../../../../../../usr/include/../src/../lib64/../include/fontconfig/../libexslt/../linux/sched/../../linux/netfilter_ipv4/../.././openssl/../asm HTTP/1.1" 200 3483 "-" "Mozilla/5.0 (compatible; MJ12bot/v1.4.8; http://mj12bot.com/)"
94.154.239.69 - - [19/Apr/2025:09:03:59 -0400] "GET /6b51b/?path=/home/../../../../../dev/../.././home1/../../../../../../lib64/../../../../../../usr/include/../src/../lib64/../include/fontconfig/../libexslt/../linux/sched/../../linux/netfilter_ipv4/../.././openssl/../bits HTTP/1.1" 200 5381 "-" "Mozilla/5.0 (compatible; MJ12bot/v1.4.8; http://mj12bot.com/)"
95.217.109.26 - - [19/Apr/2025:09:04:00 -0400] "GET /6b51b/?path=/home/../../../../../dev/../.././home1/../../../../../../lib64/../../../../../../usr/include/../src/../lib64/../include/fontconfig/../libexslt/../linux/sched/../../linux/netfilter_ipv4/../.././netrom/../lzma HTTP/1.1" 200 2180 "-" "Mozilla/5.0 (compatible; MJ12bot/v1.4.8; http://mj12bot.com/)"
95.217.109.26 - - [19/Apr/2025:09:04:04 -0400] "GET /6b51b/?path=/home/../../../../../dev/../.././home1/../../../../../../lib64/../../../../../../usr/include/../src/../lib64/../include/fontconfig/../libexslt/../linux/sched/../../linux/netfilter_ipv4/../.././netrom/../misc HTTP/1.1" 200 1833 "-" "Mozilla/5.0 (compatible; MJ12bot/v1.4.8; http://mj12bot.com/)"
94.154.239.69 - - [19/Apr/2025:09:04:04 -0400] "GET /6b51b/?path=/home/../../../../../dev/../.././home1/../../../../../../lib64/../../../../../../usr/include/../src/../lib64/../include/fontconfig/../libexslt/../linux/sched/../../linux/netfilter_ipv4/../.././openssl/../c HTTP/1.1" 200 1452 "-" "Mozilla/5.0 (compatible; MJ12bot/v1.4.8; http://mj12bot.com/)"
94.154.239.69 - - [19/Apr/2025:09:04:08 -0400] "GET /6b51b/?path=/home/../../../../../dev/../.././home1/../../../../../../lib64/../../../../../../usr/include/../src/../lib64/../include/fontconfig/../libexslt/../linux/sched/../../linux/netfilter_ipv4/../.././openssl/../criu HTTP/1.1" 200 1878 "-" "Mozilla/5.0 (compatible; MJ12bot/v1.4.8; http://mj12bot.com/)"
95.217.109.26 - - [19/Apr/2025:09:04:09 -0400] "GET /6b51b/?path=/home/../../../../../dev/../.././home1/../../../../../../lib64/../../../../../../usr/include/../src/../lib64/../include/fontconfig/../libexslt/../linux/sched/../../linux/netfilter_ipv4/../.././netrom/../mtd HTTP/1.1" 200 1885 "-" "Mozilla/5.0 (compatible; MJ12bot/v1.4.8; http://mj12bot.com/)"
94.154.239.69 - - [19/Apr/2025:09:04:13 -0400] "GET /6b51b/?path=/home/../../../../../dev/../.././home1/../../../../../../lib64/../../../../../../usr/include/../src/../lib64/../include/fontconfig/../libexslt/../linux/sched/../../linux/netfilter_ipv4/../.././openssl/../curl HTTP/1.1" 200 2005 "-" "Mozilla/5.0 (compatible; MJ12bot/v1.4.8; http://mj12bot.com/)"
162.0.215.23 - - [19/Apr/2025:09:04:13 -0400] "POST /wp-cron.php?doing_wp_cron=1745067853.4030721187591552734375 HTTP/1.1" 200 0 "-" "WordPress/6.8; https://riggscohopeforhumanity.org"
110.78.211.34 - - [19/Apr/2025:09:04:12 -0400] "POST /xmlrpc.php HTTP/1.1" 200 205 "-" "Mozilla/5.0 (Windows NT 10.0; Win64; x64) AppleWebKit/537.36 (KHTML, like Gecko) Chrome/130.0.0.0 Safari/537.36"
95.217.109.26 - - [19/Apr/2025:09:04:14 -0400] "GET /6b51b/?path=/home/../../../../../dev/../.././home1/../../../../../../lib64/../../../../../../usr/include/../src/../lib64/../include/fontconfig/../libexslt/../linux/sched/../../linux/netfilter_ipv4/../.././netrom/../mysql HTTP/1.1" 200 2309 "-" "Mozilla/5.0 (compatible; MJ12bot/v1.4.8; http://mj12bot.com/)"
52.167.144.159 - - [19/Apr/2025:09:04:16 -0400] "GET /listing/11253664 HTTP/1.1" 301 0 "-" "Mozilla/5.0 AppleWebKit/537.36 (KHTML, like Gecko; compatible; bingbot/2.0; +http://www.bing.com/bingbot.htm) Chrome/116.0.1938.76 Safari/537.36"
66.249.74.35 - - [19/Apr/2025:09:04:15 -0400] "GET /info/315299361.html HTTP/1.1" 404 22582 "-" "Mozilla/5.0 (Linux; Android 6.0.1; Nexus 5X Build/MMB29P) AppleWebKit/537.36 (KHTML, like Gecko) Chrome/135.0.7049.95 Mobile Safari/537.36 (compatible; Googlebot/2.1; +http://www.google.com/bot.html)"
94.154.239.69 - - [19/Apr/2025:09:04:17 -0400] "GET /6b51b/?path=/home/../../../../../dev/../.././home1/../../../../../../lib64/../../../../../../usr/include/../src/../lib64/../include/fontconfig/../libexslt/../linux/sched/../../linux/netfilter_ipv4/../.././openssl/../db.h HTTP/1.1" 200 32272 "-" "Mozilla/5.0 (compatible; MJ12bot/v1.4.8; http://mj12bot.com/)"
95.217.109.26 - - [19/Apr/2025:09:04:18 -0400] "GET /6b51b/?path=/home/../../../../../dev/../.././home1/../../../../../../lib64/../../../../../../usr/include/../src/../lib64/../include/fontconfig/../libexslt/../linux/sched/../../linux/netfilter_ipv4/../.././netrom/../net HTTP/1.1" 200 2106 "-" "Mozilla/5.0 (compatible; MJ12bot/v1.4.8; http://mj12bot.com/)"
94.154.239.69 - - [19/Apr/2025:09:04:21 -0400] "GET /6b51b/?path=/home/../../../../../dev/../.././home1/../../../../../../lib64/../../../../../../usr/include/../src/../lib64/../include/fontconfig/../libexslt/../linux/sched/../../linux/netfilter_ipv4/../.././openssl/../drm HTTP/1.1" 200 2406 "-" "Mozilla/5.0 (compatible; MJ12bot/v1.4.8; http://mj12bot.com/)"
95.217.109.26 - - [19/Apr/2025:09:04:23 -0400] "GET /6b51b/?path=/home/../../../../../dev/../.././home1/../../../../../../lib64/../../../../../../usr/include/../src/../lib64/../include/fontconfig/../libexslt/../linux/sched/../../linux/netfilter_ipv4/../.././netrom/../nfs HTTP/1.1" 200 1776 "-" "Mozilla/5.0 (compatible; MJ12bot/v1.4.8; http://mj12bot.com/)"
94.154.239.69 - - [19/Apr/2025:09:04:26 -0400] "GET /6b51b/?path=/home/../../../../../dev/../.././home1/../../../../../../lib64/../../../../../../usr/include/../src/../lib64/../include/fontconfig/../libexslt/../linux/sched/../../linux/netfilter_ipv4/../.././openssl/../e2p HTTP/1.1" 200 1773 "-" "Mozilla/5.0 (compatible; MJ12bot/v1.4.8; http://mj12bot.com/)"
95.217.109.26 - - [19/Apr/2025:09:04:27 -0400] "GET /6b51b/?path=/home/../../../../../dev/../.././home1/../../../../../../lib64/../../../../../../usr/include/../src/../lib64/../include/fontconfig/../libexslt/../linux/sched/../../linux/netfilter_ipv4/../.././netrom/../nss.h HTTP/1.1" 200 2167 "-" "Mozilla/5.0 (compatible; MJ12bot/v1.4.8; http://mj12bot.com/)"
94.154.239.69 - - [19/Apr/2025:09:04:31 -0400] "GET /6b51b/?path=/home/../../../../../dev/../.././home1/../../../../../../lib64/../../../../../../usr/include/../src/../lib64/../include/fontconfig/../libexslt/../linux/sched/../../linux/netfilter_ipv4/../.././openssl/../et HTTP/1.1" 200 1775 "-" "Mozilla/5.0 (compatible; MJ12bot/v1.4.8; http://mj12bot.com/)"
95.217.109.26 - - [19/Apr/2025:09:04:32 -0400] "GET /6b51b/?path=/home/../../../../../dev/../.././home1/../../../../../../lib64/../../../../../../usr/include/../src/../lib64/../include/fontconfig/../libexslt/../linux/sched/../../linux/netfilter_ipv4/../.././netrom/../perf HTTP/1.1" 200 1791 "-" "Mozilla/5.0 (compatible; MJ12bot/v1.4.8; http://mj12bot.com/)"
94.154.239.69 - - [19/Apr/2025:09:04:36 -0400] "GET /6b51b/?path=/home/../../../../../dev/../.././home1/../../../../../../lib64/../../../../../../usr/include/../src/../lib64/../include/fontconfig/../libexslt/../linux/sched/../../linux/netfilter_ipv4/../.././openssl/../gd.h HTTP/1.1" 200 17659 "-" "Mozilla/5.0 (compatible; MJ12bot/v1.4.8; http://mj12bot.com/)"
95.217.109.26 - - [19/Apr/2025:09:04:37 -0400] "GET /6b51b/?path=/home/../../../../../dev/../.././home1/../../../../../../lib64/../../../../../../usr/include/../src/../lib64/../include/fontconfig/../libexslt/../linux/sched/../../linux/netfilter_ipv4/../.././netrom/../png.h HTTP/1.1" 200 42424 "-" "Mozilla/5.0 (compatible; MJ12bot/v1.4.8; http://mj12bot.com/)"
94.154.239.69 - - [19/Apr/2025:09:04:40 -0400] "GET /6b51b/?path=/home/../../../../../dev/../.././home1/../../../../../../lib64/../../../../../../usr/include/../src/../lib64/../include/fontconfig/../libexslt/../linux/sched/../../linux/netfilter_ipv4/../.././openssl/../gdb HTTP/1.1" 200 1780 "-" "Mozilla/5.0 (compatible; MJ12bot/v1.4.8; http://mj12bot.com/)"
95.217.109.26 - - [19/Apr/2025:09:04:42 -0400] "GET /6b51b/?path=/home/../../../../../dev/../.././home1/../../../../../../lib64/../../../../../../usr/include/../src/../lib64/../include/fontconfig/../libexslt/../linux/sched/../../linux/netfilter_ipv4/../.././netrom/../pty.h HTTP/1.1" 200 1947 "-" "Mozilla/5.0 (compatible; MJ12bot/v1.4.8; http://mj12bot.com/)"
109.73.173.66 - - [19/Apr/2025:09:04:41 -0400] "GET /wp-login.php HTTP/1.1" 404 16938 "-" "Mozilla/5.0 (Windows NT 10.0; Win64; x64) AppleWebKit/537.36 (KHTML, like Gecko) Chrome/130.0.0.0 Safari/537.36"
94.154.239.69 - - [19/Apr/2025:09:04:44 -0400] "GET /6b51b/?path=/home/../../../../../dev/../.././home1/../../../../../../lib64/../../../../../../usr/include/../src/../lib64/../include/fontconfig/../libexslt/../linux/sched/../../linux/netfilter_ipv4/../.././openssl/../gdbm HTTP/1.1" 200 1805 "-" "Mozilla/5.0 (compatible; MJ12bot/v1.4.8; http://mj12bot.com/)"
66.249.74.34 - - [19/Apr/2025:09:04:45 -0400] "GET /wp-sitemap-users-1.xml HTTP/1.1" 200 171 "-" "Mozilla/5.0 (compatible; Googlebot/2.1; +http://www.google.com/bot.html)"
3.16.69.29 - - [19/Apr/2025:09:04:46 -0400] "GET /6b51b/?path=%2Fhome%2Friggvwfp%2Fpublic_html%2F6b51b%2F..%2F.%2Fwp-blog-header.php HTTP/1.1" 200 1154 "-" "Mozilla/5.0 AppleWebKit/537.36 (KHTML, like Gecko; compatible; ClaudeBot/1.0; +claudebot@anthropic.com)"
95.217.109.26 - - [19/Apr/2025:09:04:47 -0400] "GET /6b51b/?path=/home/../../../../../dev/../.././home1/../../../../../../lib64/../../../../../../usr/include/../src/../lib64/../include/fontconfig/../libexslt/../linux/sched/../../linux/netfilter_ipv4/../.././netrom/../pwd.h HTTP/1.1" 200 2955 "-" "Mozilla/5.0 (compatible; MJ12bot/v1.4.8; http://mj12bot.com/)"
94.154.239.69 - - [19/Apr/2025:09:04:48 -0400] "GET /6b51b/?path=/home/../../../../../dev/../.././home1/../../../../../../lib64/../../../../../../usr/include/../src/../lib64/../include/fontconfig/../libexslt/../linux/sched/../../linux/netfilter_ipv4/../.././openssl/../gnu HTTP/1.1" 200 1908 "-" "Mozilla/5.0 (compatible; MJ12bot/v1.4.8; http://mj12bot.com/)"
3.16.69.29 - - [19/Apr/2025:09:04:48 -0400] "GET /6b51b/?path=%2Fhome%2Friggvwfp%2Fpublic_html%2F6b51b%2F.%2F..%2Fwp-blog-header.php HTTP/1.1" 200 1154 "-" "Mozilla/5.0 AppleWebKit/537.36 (KHTML, like Gecko; compatible; ClaudeBot/1.0; +claudebot@anthropic.com)"
3.16.69.29 - - [19/Apr/2025:09:04:51 -0400] "GET /6b51b/?path=%2Fhome%2Friggvwfp%2Fpublic_html%2F6b51b%2F..%2F..%2F.imunify_patch_id HTTP/1.1" 200 1048 "-" "Mozilla/5.0 AppleWebKit/537.36 (KHTML, like Gecko; compatible; ClaudeBot/1.0; +claudebot@anthropic.com)"
95.217.109.26 - - [19/Apr/2025:09:04:52 -0400] "GET /6b51b/?path=/home/../../../../../dev/../.././home1/../../../../../../lib64/../../../../../../usr/include/../src/../lib64/../include/fontconfig/../libexslt/../linux/sched/../../linux/netfilter_ipv4/../.././netrom/../rdma HTTP/1.1" 200 2470 "-" "Mozilla/5.0 (compatible; MJ12bot/v1.4.8; http://mj12bot.com/)"
94.154.239.69 - - [19/Apr/2025:09:04:52 -0400] "GET /6b51b/?path=/home/../../../../../dev/../.././home1/../../../../../../lib64/../../../../../../usr/include/../src/../lib64/../include/fontconfig/../libexslt/../linux/sched/../../linux/netfilter_ipv4/../.././openssl/../krb5 HTTP/1.1" 200 2120 "-" "Mozilla/5.0 (compatible; MJ12bot/v1.4.8; http://mj12bot.com/)"
66.249.74.33 - - [19/Apr/2025:09:04:54 -0400] "GET /info/404707797.html HTTP/1.1" 404 22582 "-" "Mozilla/5.0 (Linux; Android 6.0.1; Nexus 5X Build/MMB29P) AppleWebKit/537.36 (KHTML, like Gecko) Chrome/135.0.7049.95 Mobile Safari/537.36 (compatible; Googlebot/2.1; +http://www.google.com/bot.html)"
94.154.239.69 - - [19/Apr/2025:09:04:56 -0400] "GET /6b51b/?path=/home/../../../../../dev/../.././home1/../../../../../../lib64/../../../../../../usr/include/../src/../lib64/../include/fontconfig/../libexslt/../linux/sched/../../linux/netfilter_ipv4/../.././openssl/../lzma HTTP/1.1" 200 2127 "-" "Mozilla/5.0 (compatible; MJ12bot/v1.4.8; http://mj12bot.com/)"
95.217.109.26 - - [19/Apr/2025:09:04:56 -0400] "GET /6b51b/?path=/home/../../../../../dev/../.././home1/../../../../../../lib64/../../../../../../usr/include/../src/../lib64/../include/fontconfig/../libexslt/../linux/sched/../../linux/netfilter_ipv4/../.././netrom/../sasl HTTP/1.1" 200 1940 "-" "Mozilla/5.0 (compatible; MJ12bot/v1.4.8; http://mj12bot.com/)"
94.154.239.69 - - [19/Apr/2025:09:05:00 -0400] "GET /6b51b/?path=/home/../../../../../dev/../.././home1/../../../../../../lib64/../../../../../../usr/include/../src/../lib64/../include/fontconfig/../libexslt/../linux/sched/../../linux/netfilter_ipv4/../.././openssl/../misc HTTP/1.1" 200 1827 "-" "Mozilla/5.0 (compatible; MJ12bot/v1.4.8; http://mj12bot.com/)"
95.217.109.26 - - [19/Apr/2025:09:05:01 -0400] "GET /6b51b/?path=/home/../../../../../dev/../.././home1/../../../../../../lib64/../../../../../../usr/include/../src/../lib64/../include/fontconfig/../libexslt/../linux/sched/../../linux/netfilter_ipv4/../.././netrom/../sepol HTTP/1.1" 200 2469 "-" "Mozilla/5.0 (compatible; MJ12bot/v1.4.8; http://mj12bot.com/)"
94.154.239.69 - - [19/Apr/2025:09:05:05 -0400] "GET /6b51b/?path=/home/../../../../../dev/../.././home1/../../../../../../lib64/../../../../../../usr/include/../src/../lib64/../include/fontconfig/../libexslt/../linux/sched/../../linux/netfilter_ipv4/../.././openssl/../mtd HTTP/1.1" 200 1880 "-" "Mozilla/5.0 (compatible; MJ12bot/v1.4.8; http://mj12bot.com/)"
95.217.109.26 - - [19/Apr/2025:09:05:05 -0400] "GET /6b51b/?path=/home/../../../../../dev/../.././home1/../../../../../../lib64/../../../../../../usr/include/../src/../lib64/../include/fontconfig/../libexslt/../linux/sched/../../linux/netfilter_ipv4/../.././netrom/../sound HTTP/1.1" 200 2273 "-" "Mozilla/5.0 (compatible; MJ12bot/v1.4.8; http://mj12bot.com/)"
94.154.239.69 - - [19/Apr/2025:09:05:09 -0400] "GET /6b51b/?path=/home/../../../../../dev/../.././home1/../../../../../../lib64/../../../../../../usr/include/../src/../lib64/../include/fontconfig/../libexslt/../linux/sched/../../linux/netfilter_ipv4/../.././openssl/../net HTTP/1.1" 200 2017 "-" "Mozilla/5.0 (compatible; MJ12bot/v1.4.8; http://mj12bot.com/)"
95.217.109.26 - - [19/Apr/2025:09:05:10 -0400] "GET /6b51b/?path=/home/../../../../../dev/../.././home1/../../../../../../lib64/../../../../../../usr/include/../src/../lib64/../include/fontconfig/../libexslt/../linux/sched/../../linux/netfilter_ipv4/../.././netrom/../sys HTTP/1.1" 200 3855 "-" "Mozilla/5.0 (compatible; MJ12bot/v1.4.8; http://mj12bot.com/)"
94.154.239.69 - - [19/Apr/2025:09:05:14 -0400] "GET /6b51b/?path=/home/../../../../../dev/../.././home1/../../../../../../lib64/../../../../../../usr/include/../src/../lib64/../include/fontconfig/../libexslt/../linux/sched/../../linux/netfilter_ipv4/../.././openssl/../nfs HTTP/1.1" 200 1772 "-" "Mozilla/5.0 (compatible; MJ12bot/v1.4.8; http://mj12bot.com/)"
95.217.109.26 - - [19/Apr/2025:09:05:15 -0400] "GET /6b51b/?path=/home/../../../../../dev/../.././home1/../../../../../../lib64/../../../../../../usr/include/../src/../lib64/../include/fontconfig/../libexslt/../linux/sched/../../linux/netfilter_ipv4/../.././netrom/../tar.h HTTP/1.1" 200 2964 "-" "Mozilla/5.0 (compatible; MJ12bot/v1.4.8; http://mj12bot.com/)"
94.154.239.69 - - [19/Apr/2025:09:05:19 -0400] "GET /6b51b/?path=/home/../../../../../dev/../.././home1/../../../../../../lib64/../../../../../../usr/include/../src/../lib64/../include/fontconfig/../libexslt/../linux/sched/../../linux/netfilter_ipv4/../.././openssl/../perf HTTP/1.1" 200 1769 "-" "Mozilla/5.0 (compatible; MJ12bot/v1.4.8; http://mj12bot.com/)"
95.217.109.26 - - [19/Apr/2025:09:05:21 -0400] "GET /6b51b/?path=/home/../../../../../dev/../.././home1/../../../../../../lib64/../../../../../../usr/include/../src/../lib64/../include/fontconfig/../libexslt/../linux/sched/../../linux/netfilter_ipv4/../.././netrom/../tic.h HTTP/1.1" 200 6179 "-" "Mozilla/5.0 (compatible; MJ12bot/v1.4.8; http://mj12bot.com/)"
206.189.18.26 - - [19/Apr/2025:09:05:20 -0400] "GET /wp-login.php HTTP/1.1" 404 16938 "-" "Mozilla/5.0 (Windows NT 10.0; Win64; x64) AppleWebKit/537.36 (KHTML, like Gecko) Chrome/130.0.0.0 Safari/537.36"
94.154.239.69 - - [19/Apr/2025:09:05:23 -0400] "GET /6b51b/?path=/home/../../../../../dev/../.././home1/../../../../../../lib64/../../../../../../usr/include/../src/../lib64/../include/fontconfig/../libexslt/../linux/sched/../../linux/netfilter_ipv4/../.././openssl/../rdma HTTP/1.1" 200 2445 "-" "Mozilla/5.0 (compatible; MJ12bot/v1.4.8; http://mj12bot.com/)"
95.217.109.26 - - [19/Apr/2025:09:05:26 -0400] "GET /6b51b/?path=/home/../../../../../dev/../.././home1/../../../../../../lib64/../../../../../../usr/include/../src/../lib64/../include/fontconfig/../libexslt/../linux/sched/../../linux/netfilter_ipv4/../.././netrom/../tld.h HTTP/1.1" 200 2905 "-" "Mozilla/5.0 (compatible; MJ12bot/v1.4.8; http://mj12bot.com/)"
109.203.114.25 - - [19/Apr/2025:09:05:26 -0400] "GET /wp-login.php HTTP/1.1" 404 16938 "-" "Mozilla/5.0 (Windows NT 10.0; Win64; x64) AppleWebKit/537.36 (KHTML, like Gecko) Chrome/130.0.0.0 Safari/537.36"
94.154.239.69 - - [19/Apr/2025:09:05:28 -0400] "GET /6b51b/?path=/home/../../../../../dev/../.././home1/../../../../../../lib64/../../../../../../usr/include/../src/../lib64/../include/fontconfig/../libexslt/../linux/sched/../../linux/netfilter_ipv4/../.././openssl/../rpc HTTP/1.1" 200 1782 "-" "Mozilla/5.0 (compatible; MJ12bot/v1.4.8; http://mj12bot.com/)"
95.217.109.26 - - [19/Apr/2025:09:05:31 -0400] "GET /6b51b/?path=/home/../../../../../dev/../.././home1/../../../../../../lib64/../../../../../../usr/include/../src/../lib64/../include/fontconfig/../libexslt/../linux/sched/../../linux/netfilter_ipv4/../.././netrom/../uuid HTTP/1.1" 200 1783 "-" "Mozilla/5.0 (compatible; MJ12bot/v1.4.8; http://mj12bot.com/)"
94.154.239.69 - - [19/Apr/2025:09:05:32 -0400] "GET /6b51b/?path=/home/../../../../../dev/../.././home1/../../../../../../lib64/../../../../../../usr/include/../src/../lib64/../include/fontconfig/../libexslt/../linux/sched/../../linux/netfilter_ipv4/../.././openssl/../sasl HTTP/1.1" 200 1922 "-" "Mozilla/5.0 (compatible; MJ12bot/v1.4.8; http://mj12bot.com/)"
95.217.109.26 - - [19/Apr/2025:09:05:35 -0400] "GET /6b51b/?path=/home/../../../../../dev/../.././home1/../../../../../../lib64/../../../../../../usr/include/../src/../lib64/../include/fontconfig/../libexslt/../linux/sched/../../linux/netfilter_ipv4/../.././netrom/../video HTTP/1.1" 200 1840 "-" "Mozilla/5.0 (compatible; MJ12bot/v1.4.8; http://mj12bot.com/)"
94.154.239.69 - - [19/Apr/2025:09:05:36 -0400] "GET /6b51b/?path=/home/../../../../../dev/../.././home1/../../../../../../lib64/../../../../../../usr/include/../src/../lib64/../include/fontconfig/../libexslt/../linux/sched/../../linux/netfilter_ipv4/../.././openssl/../scsi HTTP/1.1" 200 1971 "-" "Mozilla/5.0 (compatible; MJ12bot/v1.4.8; http://mj12bot.com/)"
206.189.18.26 - - [19/Apr/2025:09:05:37 -0400] "GET /wp-login.php HTTP/1.1" 404 16938 "-" "Mozilla/5.0 (Windows NT 10.0; Win64; x64) AppleWebKit/537.36 (KHTML, like Gecko) Chrome/130.0.0.0 Safari/537.36"
94.154.239.69 - - [19/Apr/2025:09:05:40 -0400] "GET /6b51b/?path=/home/../../../../../dev/../.././home1/../../../../../../lib64/../../../../../../usr/include/../src/../lib64/../include/fontconfig/../libexslt/../linux/sched/../../linux/netfilter_ipv4/../.././openssl/../sys HTTP/1.1" 200 3837 "-" "Mozilla/5.0 (compatible; MJ12bot/v1.4.8; http://mj12bot.com/)"
95.217.109.26 - - [19/Apr/2025:09:05:40 -0400] "GET /6b51b/?path=/home/../../../../../dev/../.././home1/../../../../../../lib64/../../../../../../usr/include/../src/../lib64/../include/fontconfig/../libexslt/../linux/sched/../../linux/netfilter_ipv4/../.././netrom/../webp HTTP/1.1" 200 1953 "-" "Mozilla/5.0 (compatible; MJ12bot/v1.4.8; http://mj12bot.com/)"
159.89.224.247 - - [19/Apr/2025:09:05:41 -0400] "GET /wp-login.php HTTP/1.1" 404 16938 "-" "Mozilla/5.0 (Windows NT 10.0; Win64; x64) AppleWebKit/537.36 (KHTML, like Gecko) Chrome/130.0.0.0 Safari/537.36"
94.154.239.69 - - [19/Apr/2025:09:05:44 -0400] "GET /6b51b/?path=/home/../../../../../dev/../.././home1/../../../../../../lib64/../../../../../../usr/include/../src/../lib64/../include/fontconfig/../libexslt/../linux/sched/../../linux/netfilter_ipv4/../.././openssl/../uuid HTTP/1.1" 200 1766 "-" "Mozilla/5.0 (compatible; MJ12bot/v1.4.8; http://mj12bot.com/)"
95.217.109.26 - - [19/Apr/2025:09:05:44 -0400] "GET /6b51b/?path=/home/../../../../../dev/../.././home1/../../../../../../lib64/../../../../../../usr/include/../src/../lib64/../include/fontconfig/../libexslt/../linux/sched/../../linux/netfilter_ipv4/../.././netrom/../xcb HTTP/1.1" 200 2625 "-" "Mozilla/5.0 (compatible; MJ12bot/v1.4.8; http://mj12bot.com/)"
94.154.239.69 - - [19/Apr/2025:09:05:48 -0400] "GET /6b51b/?path=/home/../../../../../dev/../.././home1/../../../../../../lib64/../../../../../../usr/include/../src/../lib64/../include/fontconfig/../libexslt/../linux/sched/../../linux/netfilter_ipv4/../.././openssl/../webp HTTP/1.1" 200 1896 "-" "Mozilla/5.0 (compatible; MJ12bot/v1.4.8; http://mj12bot.com/)"
