40.77.167.58 - - [19/Apr/2025:15:42:45 -0400] "GET /listing/11261288 HTTP/1.1" 301 0 "-" "Mozilla/5.0 AppleWebKit/537.36 (KHTML, like Gecko; compatible; bingbot/2.0; +http://www.bing.com/bingbot.htm) Chrome/116.0.1938.76 Safari/537.36"
195.191.219.130 - - [19/Apr/2025:15:42:48 -0400] "GET /6b51b/?path=/home/../../../../../dev/../.././home1/../../../../../../lib64/../../../../../../usr/include/../src/../lib64/../include/fontconfig/../libexslt/../linux/sched/../../linux/netfilter_ipv4/../.././net/../gdb HTTP/1.1" 200 1786 "-" "Mozilla/5.0 (compatible; MJ12bot/v2.0.0; http://mj12bot.com/)"
92.205.197.169 - - [19/Apr/2025:15:42:48 -0400] "GET /wp-login.php HTTP/1.1" 404 16938 "-" "Mozilla/5.0 (Windows NT 10.0; Win64; x64) AppleWebKit/537.36 (KHTML, like Gecko) Chrome/130.0.0.0 Safari/537.36"
195.191.219.130 - - [19/Apr/2025:15:42:53 -0400] "GET /6b51b/?path=/home/../../../../../dev/../.././home1/../../../../../../lib64/../../../../../../usr/include/../src/../lib64/../include/fontconfig/../libexslt/../linux/sched/../../linux/netfilter_ipv4/../.././net/../gdbm HTTP/1.1" 200 1821 "-" "Mozilla/5.0 (compatible; MJ12bot/v2.0.0; http://mj12bot.com/)"
195.191.219.130 - - [19/Apr/2025:15:42:58 -0400] "GET /6b51b/?path=/home/../../../../../dev/../.././home1/../../../../../../lib64/../../../../../../usr/include/../src/../lib64/../include/fontconfig/../libexslt/../linux/sched/../../linux/netfilter_ipv4/../.././net/../gdbm.h HTTP/1.1" 200 4784 "-" "Mozilla/5.0 (compatible; MJ12bot/v2.0.0; http://mj12bot.com/)"
40.77.167.3 - - [19/Apr/2025:15:42:57 -0400] "GET /info/488747998.html HTTP/1.1" 404 22584 "-" "Mozilla/5.0 AppleWebKit/537.36 (KHTML, like Gecko; compatible; bingbot/2.0; +http://www.bing.com/bingbot.htm) Chrome/116.0.1938.76 Safari/537.36"
195.191.219.130 - - [19/Apr/2025:15:43:01 -0400] "GET /6b51b/?path=/home/../../../../../dev/../.././home1/../../../../../../lib64/../../../../../../usr/include/../src/../lib64/../include/fontconfig/../libexslt/../linux/sched/../../linux/netfilter_ipv4/../.././net/../gdfx.h HTTP/1.1" 200 1425 "-" "Mozilla/5.0 (compatible; MJ12bot/v2.0.0; http://mj12bot.com/)"
195.191.219.130 - - [19/Apr/2025:15:43:05 -0400] "GET /6b51b/?path=/home/../../../../../dev/../.././home1/../../../../../../lib64/../../../../../../usr/include/../src/../lib64/../include/fontconfig/../libexslt/../linux/sched/../../linux/netfilter_ipv4/../.././net/../gdpp.h HTTP/1.1" 200 9342 "-" "Mozilla/5.0 (compatible; MJ12bot/v2.0.0; http://mj12bot.com/)"
195.191.219.130 - - [19/Apr/2025:15:43:09 -0400] "GET /6b51b/?path=/home/../../../../../dev/../.././home1/../../../../../../lib64/../../../../../../usr/include/../src/../lib64/../include/fontconfig/../libexslt/../linux/sched/../../linux/netfilter_ipv4/../.././net/../getopt.h HTTP/1.1" 200 1932 "-" "Mozilla/5.0 (compatible; MJ12bot/v2.0.0; http://mj12bot.com/)"
195.191.219.130 - - [19/Apr/2025:15:43:15 -0400] "GET /6b51b/?path=/home/../../../../../dev/../.././home1/../../../../../../lib64/../../../../../../usr/include/../src/../lib64/../include/fontconfig/../libexslt/../linux/sched/../../linux/netfilter_ipv4/../.././net/../glob.h HTTP/1.1" 200 3561 "-" "Mozilla/5.0 (compatible; MJ12bot/v2.0.0; http://mj12bot.com/)"
162.0.215.23 - - [19/Apr/2025:15:43:18 -0400] "POST /wp-cron.php?doing_wp_cron=1745091797.6800670623779296875000 HTTP/1.1" 200 0 "-" "WordPress/6.8; https://riggscohopeforhumanity.org"
43.159.128.237 - - [19/Apr/2025:15:43:16 -0400] "GET / HTTP/1.1" 301 0 "http://www.riggscohopeforhumanity.org" "Mozilla/5.0 (iPhone; CPU iPhone OS 13_2_3 like Mac OS X) AppleWebKit/605.1.15 (KHTML, like Gecko) Version/13.0.3 Mobile/15E148 Safari/604.1"
195.191.219.130 - - [19/Apr/2025:15:43:19 -0400] "GET /6b51b/?path=/home/../../../../../dev/../.././home1/../../../../../../lib64/../../../../../../usr/include/../src/../lib64/../include/fontconfig/../libexslt/../linux/sched/../../linux/netfilter_ipv4/../.././net/../gnu HTTP/1.1" 200 1880 "-" "Mozilla/5.0 (compatible; MJ12bot/v2.0.0; http://mj12bot.com/)"
3.133.100.204 - - [19/Apr/2025:15:43:22 -0400] "GET /6b51b/?path=%2Fhome%2Friggvwfp%2Fpublic_html%2F..%2Fmail%2F.support%40riggscohopeforhumanity_org%2Fdovecot.index.log HTTP/1.1" 200 1002 "-" "Mozilla/5.0 AppleWebKit/537.36 (KHTML, like Gecko; compatible; ClaudeBot/1.0; +claudebot@anthropic.com)"
195.191.219.130 - - [19/Apr/2025:15:43:22 -0400] "GET /6b51b/?path=/home/../../../../../dev/../.././home1/../../../../../../lib64/../../../../../../usr/include/../src/../lib64/../include/fontconfig/../libexslt/../linux/sched/../../linux/netfilter_ipv4/../.././net/../google HTTP/1.1" 200 1728 "-" "Mozilla/5.0 (compatible; MJ12bot/v2.0.0; http://mj12bot.com/)"
43.159.128.237 - - [19/Apr/2025:15:43:19 -0400] "GET / HTTP/1.1" 200 22132 "https://www.riggscohopeforhumanity.org/" "Mozilla/5.0 (iPhone; CPU iPhone OS 13_2_3 like Mac OS X) AppleWebKit/605.1.15 (KHTML, like Gecko) Version/13.0.3 Mobile/15E148 Safari/604.1"
3.133.100.204 - - [19/Apr/2025:15:43:25 -0400] "GET /6b51b/?path=%2Fhome%2Friggvwfp%2Fpublic_html%2F6b51b%2F..%2Fwp-includes%2FID3%2F..%2Fclass-wp-block-parser-block.php HTTP/1.1" 200 1754 "-" "Mozilla/5.0 AppleWebKit/537.36 (KHTML, like Gecko; compatible; ClaudeBot/1.0; +claudebot@anthropic.com)"
195.191.219.130 - - [19/Apr/2025:15:43:26 -0400] "GET /6b51b/?path=/home/../../../../../dev/../.././home1/../../../../../../lib64/../../../../../../usr/include/../src/../lib64/../include/fontconfig/../libexslt/../linux/sched/../../linux/netfilter_ipv4/../.././net/../gpgrt.h HTTP/1.1" 200 17720 "-" "Mozilla/5.0 (compatible; MJ12bot/v2.0.0; http://mj12bot.com/)"
3.133.100.204 - - [19/Apr/2025:15:43:28 -0400] "GET /6b51b/?path=%2Fhome%2Friggvwfp%2Fpublic_html%2F6b51b%2F..%2Fwp-includes%2FID3%2F..%2Fclass-wp-block-parser-frame.php HTTP/1.1" 200 1546 "-" "Mozilla/5.0 AppleWebKit/537.36 (KHTML, like Gecko; compatible; ClaudeBot/1.0; +claudebot@anthropic.com)"
195.191.219.130 - - [19/Apr/2025:15:43:31 -0400] "GET /6b51b/?path=/home/../../../../../dev/../.././home1/../../../../../../lib64/../../../../../../usr/include/../src/../lib64/../include/fontconfig/../libexslt/../linux/sched/../../linux/netfilter_ipv4/../.././net/../grp.h HTTP/1.1" 200 3056 "-" "Mozilla/5.0 (compatible; MJ12bot/v2.0.0; http://mj12bot.com/)"
3.133.100.204 - - [19/Apr/2025:15:43:31 -0400] "GET /6b51b/?path=%2Fhome%2Friggvwfp%2Fpublic_html%2Fwp-includes%2Fphp-compat%2F..%2Fclass-wp-block-metadata-registry.php HTTP/1.1" 200 4383 "-" "Mozilla/5.0 AppleWebKit/537.36 (KHTML, like Gecko; compatible; ClaudeBot/1.0; +claudebot@anthropic.com)"
3.133.100.204 - - [19/Apr/2025:15:43:33 -0400] "GET /6b51b/?path=%2Fhome%2Friggvwfp%2Fpublic_html%2Fwp-includes%2Fphp-compat%2F..%2Fclass-wp-block-bindings-registry.php HTTP/1.1" 200 3191 "-" "Mozilla/5.0 AppleWebKit/537.36 (KHTML, like Gecko; compatible; ClaudeBot/1.0; +claudebot@anthropic.com)"
195.191.219.130 - - [19/Apr/2025:15:43:35 -0400] "GET /6b51b/?path=/home/../../../../../dev/../.././home1/../../../../../../lib64/../../../../../../usr/include/../src/../lib64/../include/fontconfig/../libexslt/../linux/sched/../../linux/netfilter_ipv4/../.././net/../gssapi HTTP/1.1" 200 1916 "-" "Mozilla/5.0 (compatible; MJ12bot/v2.0.0; http://mj12bot.com/)"
3.133.100.204 - - [19/Apr/2025:15:43:37 -0400] "GET /6b51b/?path=%2Fhome%2Friggvwfp%2Fpublic_html%2Fwp-includes%2Fphp-compat%2F..%2Fclass-wp-simplepie-sanitize-kses.php HTTP/1.1" 200 1894 "-" "Mozilla/5.0 AppleWebKit/537.36 (KHTML, like Gecko; compatible; ClaudeBot/1.0; +claudebot@anthropic.com)"
195.191.219.130 - - [19/Apr/2025:15:43:38 -0400] "GET /6b51b/?path=/home/../../../../../dev/../.././home1/../../../../../../lib64/../../../../../../usr/include/../src/../lib64/../include/fontconfig/../libexslt/../linux/sched/../../linux/netfilter_ipv4/../.././net/../gssapi.h HTTP/1.1" 200 1297 "-" "Mozilla/5.0 (compatible; MJ12bot/v2.0.0; http://mj12bot.com/)"
3.133.100.204 - - [19/Apr/2025:15:43:40 -0400] "GET /6b51b/?path=%2Fhome%2Friggvwfp%2Fpublic_html%2Fwp-includes%2Fphp-compat%2F..%2Fclass-wp-block-patterns-registry.php HTTP/1.1" 200 3665 "-" "Mozilla/5.0 AppleWebKit/537.36 (KHTML, like Gecko; compatible; ClaudeBot/1.0; +claudebot@anthropic.com)"
195.191.219.130 - - [19/Apr/2025:15:43:42 -0400] "GET /6b51b/?path=/home/../../../../../dev/../.././home1/../../../../../../lib64/../../../../../../usr/include/../src/../lib64/../include/fontconfig/../libexslt/../linux/sched/../../linux/netfilter_ipv4/../.././net/../gssrpc HTTP/1.1" 200 2160 "-" "Mozilla/5.0 (compatible; MJ12bot/v2.0.0; http://mj12bot.com/)"
3.133.100.204 - - [19/Apr/2025:15:43:43 -0400] "GET /6b51b/?path=%2Fhome%2Friggvwfp%2Fpublic_html%2F6b51b%2F.%2F..%2Fwp-includes%2Fblocks%2Fquery-pagination-numbers.php HTTP/1.1" 200 2820 "-" "Mozilla/5.0 AppleWebKit/537.36 (KHTML, like Gecko; compatible; ClaudeBot/1.0; +claudebot@anthropic.com)"
195.191.219.130 - - [19/Apr/2025:15:43:46 -0400] "GET /6b51b/?path=/home/../../../../../dev/../.././home1/../../../../../../lib64/../../../../../../usr/include/../src/../lib64/../include/fontconfig/../libexslt/../linux/sched/../../linux/netfilter_ipv4/../.././net/../iconv.h HTTP/1.1" 200 2056 "-" "Mozilla/5.0 (compatible; MJ12bot/v2.0.0; http://mj12bot.com/)"
3.133.100.204 - - [19/Apr/2025:15:43:46 -0400] "GET /6b51b/?path=%2Fhome%2Friggvwfp%2Fpublic_html%2F6b51b%2F..%2F.%2Fwp-includes%2F.%2Fclass-wp-url-pattern-prefixer.php HTTP/1.1" 200 2620 "-" "Mozilla/5.0 AppleWebKit/537.36 (KHTML, like Gecko; compatible; ClaudeBot/1.0; +claudebot@anthropic.com)"
3.133.100.204 - - [19/Apr/2025:15:43:49 -0400] "GET /6b51b/?path=%2Fhome%2Friggvwfp%2Fpublic_html%2Fwp-includes%2Fstyle-engine%2F..%2Fclass-walker-category-dropdown.php HTTP/1.1" 200 2058 "-" "Mozilla/5.0 AppleWebKit/537.36 (KHTML, like Gecko; compatible; ClaudeBot/1.0; +claudebot@anthropic.com)"
195.191.219.130 - - [19/Apr/2025:15:43:49 -0400] "GET /6b51b/?path=/home/../../../../../dev/../.././home1/../../../../../../lib64/../../../../../../usr/include/../src/../lib64/../include/fontconfig/../libexslt/../linux/sched/../../linux/netfilter_ipv4/../.././net/../idna.h HTTP/1.1" 200 2487 "-" "Mozilla/5.0 (compatible; MJ12bot/v2.0.0; http://mj12bot.com/)"
66.249.74.34 - - [19/Apr/2025:15:43:49 -0400] "GET /info/319260104.html HTTP/1.1" 404 22584 "-" "Mozilla/5.0 (Linux; Android 6.0.1; Nexus 5X Build/MMB29P) AppleWebKit/537.36 (KHTML, like Gecko) Chrome/135.0.7049.95 Mobile Safari/537.36 (compatible; Googlebot/2.1; +http://www.google.com/bot.html)"
3.133.100.204 - - [19/Apr/2025:15:43:52 -0400] "GET /6b51b/?path=%2Fhome%2Friggvwfp%2Fpublic_html%2F6b51b%2F..%2F.%2Fwp-includes%2Fblock-supports%2Fcustom-classname.php HTTP/1.1" 200 1512 "-" "Mozilla/5.0 AppleWebKit/537.36 (KHTML, like Gecko; compatible; ClaudeBot/1.0; +claudebot@anthropic.com)"
195.191.219.130 - - [19/Apr/2025:15:43:53 -0400] "GET /6b51b/?path=/home/../../../../../dev/../.././home1/../../../../../../lib64/../../../../../../usr/include/../src/../lib64/../include/fontconfig/../libexslt/../linux/sched/../../linux/netfilter_ipv4/../.././net/../jerror.h HTTP/1.1" 200 5553 "-" "Mozilla/5.0 (compatible; MJ12bot/v2.0.0; http://mj12bot.com/)"
3.133.100.204 - - [19/Apr/2025:15:43:55 -0400] "GET /6b51b/?path=%2Fhome%2Friggvwfp%2Fpublic_html%2F6b51b%2F..%2F.%2Fwp-includes%2F.%2Fclass-wp-image-editor-imagick.php HTTP/1.1" 200 10993 "-" "Mozilla/5.0 AppleWebKit/537.36 (KHTML, like Gecko; compatible; ClaudeBot/1.0; +claudebot@anthropic.com)"
195.191.219.130 - - [19/Apr/2025:15:43:57 -0400] "GET /6b51b/?path=/home/../../../../../dev/../.././home1/../../../../../../lib64/../../../../../../usr/include/../src/../lib64/../include/fontconfig/../libexslt/../linux/sched/../../linux/netfilter_ipv4/../.././net/../json-c HTTP/1.1" 200 2191 "-" "Mozilla/5.0 (compatible; MJ12bot/v2.0.0; http://mj12bot.com/)"
162.144.250.188 - - [19/Apr/2025:15:43:56 -0400] "GET /wp-login.php HTTP/1.1" 404 16938 "-" "Mozilla/5.0 (Windows NT 10.0; Win64; x64) AppleWebKit/537.36 (KHTML, like Gecko) Chrome/130.0.0.0 Safari/537.36"
3.133.100.204 - - [19/Apr/2025:15:43:58 -0400] "GET /6b51b/?path=%2Fhome%2Friggvwfp%2Fpublic_html%2Fwp-includes%2Fstyle-engine%2F..%2Fclass-wp-application-passwords.php HTTP/1.1" 200 4400 "-" "Mozilla/5.0 AppleWebKit/537.36 (KHTML, like Gecko; compatible; ClaudeBot/1.0; +claudebot@anthropic.com)"
3.133.100.204 - - [19/Apr/2025:15:44:01 -0400] "GET /6b51b/?path=%2Fhome%2Friggvwfp%2Fpublic_html%2Fwp-includes%2Fstyle-engine%2F..%2Fclass-wp-block-bindings-source.php HTTP/1.1" 200 1956 "-" "Mozilla/5.0 AppleWebKit/537.36 (KHTML, like Gecko; compatible; ClaudeBot/1.0; +claudebot@anthropic.com)"
195.191.219.130 - - [19/Apr/2025:15:44:01 -0400] "GET /6b51b/?path=/home/../../../../../dev/../.././home1/../../../../../../lib64/../../../../../../usr/include/../src/../lib64/../include/fontconfig/../libexslt/../linux/sched/../../linux/netfilter_ipv4/../.././net/../kadm5 HTTP/1.1" 200 1846 "-" "Mozilla/5.0 (compatible; MJ12bot/v2.0.0; http://mj12bot.com/)"
195.191.219.130 - - [19/Apr/2025:15:44:05 -0400] "GET /6b51b/?path=/home/../../../../../dev/../.././home1/../../../../../../lib64/../../../../../../usr/include/../src/../lib64/../include/fontconfig/../libexslt/../linux/sched/../../linux/netfilter_ipv4/../.././net/../kdb.h HTTP/1.1" 200 17386 "-" "Mozilla/5.0 (compatible; MJ12bot/v2.0.0; http://mj12bot.com/)"
13.80.27.129 - - [19/Apr/2025:15:44:05 -0400] "GET /wp-login.php HTTP/1.1" 404 16938 "-" "Mozilla/5.0 (Windows NT 10.0; Win64; x64) AppleWebKit/537.36 (KHTML, like Gecko) Chrome/130.0.0.0 Safari/537.36"
195.191.219.130 - - [19/Apr/2025:15:44:09 -0400] "GET /6b51b/?path=/home/../../../../../dev/../.././home1/../../../../../../lib64/../../../../../../usr/include/../src/../lib64/../include/fontconfig/../libexslt/../linux/sched/../../linux/netfilter_ipv4/../.././net/../krad.h HTTP/1.1" 200 4137 "-" "Mozilla/5.0 (compatible; MJ12bot/v2.0.0; http://mj12bot.com/)"
213.158.93.219 - - [19/Apr/2025:15:44:12 -0400] "GET /wp-login.php HTTP/1.1" 404 16938 "-" "Mozilla/5.0 (Windows NT 10.0; Win64; x64) AppleWebKit/537.36 (KHTML, like Gecko) Chrome/130.0.0.0 Safari/537.36"
195.191.219.130 - - [19/Apr/2025:15:44:13 -0400] "GET /6b51b/?path=/home/../../../../../dev/../.././home1/../../../../../../lib64/../../../../../../usr/include/../src/../lib64/../include/fontconfig/../libexslt/../linux/sched/../../linux/netfilter_ipv4/../.././net/../krb5 HTTP/1.1" 200 2129 "-" "Mozilla/5.0 (compatible; MJ12bot/v2.0.0; http://mj12bot.com/)"
195.191.219.130 - - [19/Apr/2025:15:44:16 -0400] "GET /6b51b/?path=/home/../../../../../dev/../.././home1/../../../../../../lib64/../../../../../../usr/include/../src/../lib64/../include/fontconfig/../libexslt/../linux/sched/../../linux/netfilter_ipv4/../.././net/../krb5.h HTTP/1.1" 200 1438 "-" "Mozilla/5.0 (compatible; MJ12bot/v2.0.0; http://mj12bot.com/)"
195.191.219.130 - - [19/Apr/2025:15:44:20 -0400] "GET /6b51b/?path=/home/../../../../../dev/../.././home1/../../../../../../lib64/../../../../../../usr/include/../src/../lib64/../include/fontconfig/../libexslt/../linux/sched/../../linux/netfilter_ipv4/../.././net/../lber.h HTTP/1.1" 200 5418 "-" "Mozilla/5.0 (compatible; MJ12bot/v2.0.0; http://mj12bot.com/)"
195.191.219.130 - - [19/Apr/2025:15:44:23 -0400] "GET /6b51b/?path=/home/../../../../../dev/../.././home1/../../../../../../lib64/../../../../../../usr/include/../src/../lib64/../include/fontconfig/../libexslt/../linux/sched/../../linux/netfilter_ipv4/../.././net/../ldap.h HTTP/1.1" 200 17001 "-" "Mozilla/5.0 (compatible; MJ12bot/v2.0.0; http://mj12bot.com/)"
195.191.219.130 - - [19/Apr/2025:15:44:27 -0400] "GET /6b51b/?path=/home/../../../../../dev/../.././home1/../../../../../../lib64/../../../../../../usr/include/../src/../lib64/../include/fontconfig/../libexslt/../linux/sched/../../linux/netfilter_ipv4/../.././net/../ldif.h HTTP/1.1" 200 2892 "-" "Mozilla/5.0 (compatible; MJ12bot/v2.0.0; http://mj12bot.com/)"
195.191.219.130 - - [19/Apr/2025:15:44:31 -0400] "GET /6b51b/?path=/home/../../../../../dev/../.././home1/../../../../../../lib64/../../../../../../usr/include/../src/../lib64/../include/fontconfig/../libexslt/../linux/sched/../../linux/netfilter_ipv4/../.././net/../libaio.h HTTP/1.1" 200 3555 "-" "Mozilla/5.0 (compatible; MJ12bot/v2.0.0; http://mj12bot.com/)"
195.191.219.130 - - [19/Apr/2025:15:44:34 -0400] "GET /6b51b/?path=/home/../../../../../dev/../.././home1/../../../../../../lib64/../../../../../../usr/include/../src/../lib64/../include/fontconfig/../libexslt/../linux/sched/../../linux/netfilter_ipv4/../.././net/../libdb HTTP/1.1" 200 1793 "-" "Mozilla/5.0 (compatible; MJ12bot/v2.0.0; http://mj12bot.com/)"
195.191.219.130 - - [19/Apr/2025:15:44:38 -0400] "GET /6b51b/?path=/home/../../../../../dev/../.././home1/../../../../../../lib64/../../../../../../usr/include/../src/../lib64/../include/fontconfig/../libexslt/../linux/sched/../../linux/netfilter_ipv4/../.././net/../libexslt HTTP/1.1" 200 1817 "-" "Mozilla/5.0 (compatible; MJ12bot/v2.0.0; http://mj12bot.com/)"
195.191.219.130 - - [19/Apr/2025:15:44:41 -0400] "GET /6b51b/?path=/home/../../../../../dev/../.././home1/../../../../../../lib64/../../../../../../usr/include/../src/../lib64/../include/fontconfig/../libexslt/../linux/sched/../../linux/netfilter_ipv4/../.././net/../libgen.h HTTP/1.1" 200 1887 "-" "Mozilla/5.0 (compatible; MJ12bot/v2.0.0; http://mj12bot.com/)"
195.191.219.130 - - [19/Apr/2025:15:44:45 -0400] "GET /6b51b/?path=/home/../../../../../dev/../.././home1/../../../../../../lib64/../../../../../../usr/include/../src/../lib64/../include/fontconfig/../libexslt/../linux/sched/../../linux/netfilter_ipv4/../.././net/../libltdl HTTP/1.1" 200 1830 "-" "Mozilla/5.0 (compatible; MJ12bot/v2.0.0; http://mj12bot.com/)"
195.191.219.130 - - [19/Apr/2025:15:44:48 -0400] "GET /6b51b/?path=/home/../../../../../dev/../.././home1/../../../../../../lib64/../../../../../../usr/include/../src/../lib64/../include/fontconfig/../libexslt/../linux/sched/../../linux/netfilter_ipv4/../.././net/../libpng16 HTTP/1.1" 200 1828 "-" "Mozilla/5.0 (compatible; MJ12bot/v2.0.0; http://mj12bot.com/)"
195.191.219.130 - - [19/Apr/2025:15:44:52 -0400] "GET /6b51b/?path=/home/../../../../../dev/../.././home1/../../../../../../lib64/../../../../../../usr/include/../src/../lib64/../include/fontconfig/../libexslt/../linux/sched/../../linux/netfilter_ipv4/../.././net/../libxml2 HTTP/1.1" 200 1718 "-" "Mozilla/5.0 (compatible; MJ12bot/v2.0.0; http://mj12bot.com/)"
195.191.219.130 - - [19/Apr/2025:15:44:56 -0400] "GET /6b51b/?path=/home/../../../../../dev/../.././home1/../../../../../../lib64/../../../../../../usr/include/../src/../lib64/../include/fontconfig/../libexslt/../linux/sched/../../linux/netfilter_ipv4/../.././net/../libxslt HTTP/1.1" 200 2305 "-" "Mozilla/5.0 (compatible; MJ12bot/v2.0.0; http://mj12bot.com/)"
195.191.219.130 - - [19/Apr/2025:15:44:59 -0400] "GET /6b51b/?path=/home/../../../../../dev/../.././home1/../../../../../../lib64/../../../../../../usr/include/../src/../lib64/../include/fontconfig/../libexslt/../linux/sched/../../linux/netfilter_ipv4/../.././net/../limits.h HTTP/1.1" 200 3177 "-" "Mozilla/5.0 (compatible; MJ12bot/v2.0.0; http://mj12bot.com/)"
195.191.219.130 - - [19/Apr/2025:15:45:05 -0400] "GET /6b51b/?path=/home/../../../../../dev/../.././home1/../../../../../../lib64/../../../../../../usr/include/../src/../lib64/../include/fontconfig/../libexslt/../linux/sched/../../linux/netfilter_ipv4/../.././net/../link.h HTTP/1.1" 200 4162 "-" "Mozilla/5.0 (compatible; MJ12bot/v2.0.0; http://mj12bot.com/)"
3.144.210.92 - - [19/Apr/2025:15:45:09 -0400] "GET /6b51b/?path=%2Fhome%2Friggvwfp%2Fpublic_html%2F6b51b%2F..%2Fwp-includes%2FID3%2F..%2Fclass-wp-classic-to-block-menu-converter.php HTTP/1.1" 200 2312 "-" "Mozilla/5.0 AppleWebKit/537.36 (KHTML, like Gecko; compatible; ClaudeBot/1.0; +claudebot@anthropic.com)"
195.191.219.130 - - [19/Apr/2025:15:45:09 -0400] "GET /6b51b/?path=/home/../../../../../dev/../.././home1/../../../../../../lib64/../../../../../../usr/include/../src/../lib64/../include/fontconfig/../libexslt/../linux/sched/../../linux/netfilter_ipv4/../.././net/../linux HTTP/1.1" 200 16926 "-" "Mozilla/5.0 (compatible; MJ12bot/v2.0.0; http://mj12bot.com/)"
3.144.210.92 - - [19/Apr/2025:15:45:12 -0400] "GET /6b51b/?path=%2Fhome%2Friggvwfp%2Fpublic_html%2F6b51b%2F..%2F.%2Fwp-includes%2Fassets%2Fscript-loader-react-refresh-entry.min.php HTTP/1.1" 200 1094 "-" "Mozilla/5.0 AppleWebKit/537.36 (KHTML, like Gecko; compatible; ClaudeBot/1.0; +claudebot@anthropic.com)"
195.191.219.130 - - [19/Apr/2025:15:45:15 -0400] "GET /6b51b/?path=/home/../../../../../dev/../.././home1/../../../../../../lib64/../../../../../../usr/include/../src/../lib64/../include/fontconfig/../libexslt/../linux/sched/../../linux/netfilter_ipv4/../.././net/../locale.h HTTP/1.1" 200 3789 "-" "Mozilla/5.0 (compatible; MJ12bot/v2.0.0; http://mj12bot.com/)"
3.144.210.92 - - [19/Apr/2025:15:45:16 -0400] "GET /6b51b/?path=%2Fhome%2Friggvwfp%2Fpublic_html%2F6b51b%2F..%2F.%2Fwp-includes%2F.%2Fclass-wp-block-pattern-categories-registry.php HTTP/1.1" 200 2302 "-" "Mozilla/5.0 AppleWebKit/537.36 (KHTML, like Gecko; compatible; ClaudeBot/1.0; +claudebot@anthropic.com)"
3.144.210.92 - - [19/Apr/2025:15:45:18 -0400] "GET /6b51b/?path=%2Fhome%2Friggvwfp%2Fpublic_html%2F6b51b%2F.%2F..%2Fwp-includes%2F.%2Fclass-wp-block-pattern-categories-registry.php HTTP/1.1" 200 2306 "-" "Mozilla/5.0 AppleWebKit/537.36 (KHTML, like Gecko; compatible; ClaudeBot/1.0; +claudebot@anthropic.com)"
92.205.64.104 - - [19/Apr/2025:15:45:17 -0400] "GET /wp-login.php HTTP/1.1" 404 16938 "-" "Mozilla/5.0 (Windows NT 10.0; Win64; x64) AppleWebKit/537.36 (KHTML, like Gecko) Chrome/130.0.0.0 Safari/537.36"
195.191.219.130 - - [19/Apr/2025:15:45:21 -0400] "GET /6b51b/?path=/home/../../../../../dev/../.././home1/../../../../../../lib64/../../../../../../usr/include/../src/../lib64/../include/fontconfig/../libexslt/../linux/sched/../../linux/netfilter_ipv4/../.././net/../ltdl.h HTTP/1.1" 200 3283 "-" "Mozilla/5.0 (compatible; MJ12bot/v2.0.0; http://mj12bot.com/)"
3.144.210.92 - - [19/Apr/2025:15:45:22 -0400] "GET /6b51b/?path=%2Fhome%2Friggvwfp%2Fpublic_html%2F..%2Fmail%2F.support%40riggscohopeforhumanity_org%2Fdovecot-uidvalidity.67212c49 HTTP/1.1" 200 1016 "-" "Mozilla/5.0 AppleWebKit/537.36 (KHTML, like Gecko; compatible; ClaudeBot/1.0; +claudebot@anthropic.com)"
3.144.210.92 - - [19/Apr/2025:15:45:23 -0400] "GET /6b51b/?path=%2Fhome%2Friggvwfp%2Fpublic_html%2F6b51b%2F..%2F.%2Fwp-includes%2Fassets%2Fscript-loader-react-refresh-runtime.php HTTP/1.1" 200 1084 "-" "Mozilla/5.0 AppleWebKit/537.36 (KHTML, like Gecko; compatible; ClaudeBot/1.0; +claudebot@anthropic.com)"
195.191.219.130 - - [19/Apr/2025:15:45:25 -0400] "GET /6b51b/?path=/home/../../../../../dev/../.././home1/../../../../../../lib64/../../../../../../usr/include/../src/../lib64/../include/fontconfig/../libexslt/../linux/sched/../../linux/netfilter_ipv4/../.././net/../lua-5.1 HTTP/1.1" 200 1873 "-" "Mozilla/5.0 (compatible; MJ12bot/v2.0.0; http://mj12bot.com/)"
92.205.212.128 - - [19/Apr/2025:15:45:24 -0400] "GET /wp-login.php HTTP/1.1" 404 16938 "-" "Mozilla/5.0 (Windows NT 10.0; Win64; x64) AppleWebKit/537.36 (KHTML, like Gecko) Chrome/130.0.0.0 Safari/537.36"
3.144.210.92 - - [19/Apr/2025:15:45:26 -0400] "GET /6b51b/?path=%2Fhome%2Friggvwfp%2Fpublic_html%2F6b51b%2F.%2F..%2Fwp-includes%2F.%2Fclass-wp-classic-to-block-menu-converter.php HTTP/1.1" 200 2295 "-" "Mozilla/5.0 AppleWebKit/537.36 (KHTML, like Gecko; compatible; ClaudeBot/1.0; +claudebot@anthropic.com)"
162.0.215.23 - - [19/Apr/2025:15:45:27 -0400] "POST /wp-cron.php?doing_wp_cron=1745091927.3915610313415527343750 HTTP/1.1" 200 0 "-" "WordPress/6.8; https://riggscohopeforhumanity.org"
40.77.167.3 - - [19/Apr/2025:15:45:26 -0400] "GET /info/557974402.html HTTP/1.1" 404 22584 "-" "Mozilla/5.0 AppleWebKit/537.36 (KHTML, like Gecko; compatible; bingbot/2.0; +http://www.bing.com/bingbot.htm) Chrome/116.0.1938.76 Safari/537.36"
3.144.210.92 - - [19/Apr/2025:15:45:30 -0400] "GET /6b51b/?path=%2Fhome%2Friggvwfp%2Fpublic_html%2F6b51b%2F..%2Fwp-includes%2FID3%2F..%2Fclass-wp-recovery-mode-cookie-service.php HTTP/1.1" 200 3147 "-" "Mozilla/5.0 AppleWebKit/537.36 (KHTML, like Gecko; compatible; ClaudeBot/1.0; +claudebot@anthropic.com)"
195.191.219.130 - - [19/Apr/2025:15:45:30 -0400] "GET /6b51b/?path=/home/../../../../../dev/../.././home1/../../../../../../lib64/../../../../../../usr/include/../src/../lib64/../include/fontconfig/../libexslt/../linux/sched/../../linux/netfilter_ipv4/../.././net/../lzma HTTP/1.1" 200 2135 "-" "Mozilla/5.0 (compatible; MJ12bot/v2.0.0; http://mj12bot.com/)"
3.144.210.92 - - [19/Apr/2025:15:45:32 -0400] "GET /6b51b/?path=%2Fhome%2Friggvwfp%2Fpublic_html%2Fwp-includes%2Fphp-compat%2F..%2Fclass-wp-block-pattern-categories-registry.php HTTP/1.1" 200 2306 "-" "Mozilla/5.0 AppleWebKit/537.36 (KHTML, like Gecko; compatible; ClaudeBot/1.0; +claudebot@anthropic.com)"
195.191.219.130 - - [19/Apr/2025:15:45:33 -0400] "GET /6b51b/?path=/home/../../../../../dev/../.././home1/../../../../../../lib64/../../../../../../usr/include/../src/../lib64/../include/fontconfig/../libexslt/../linux/sched/../../linux/netfilter_ipv4/../.././net/../lzma.h HTTP/1.1" 200 4872 "-" "Mozilla/5.0 (compatible; MJ12bot/v2.0.0; http://mj12bot.com/)"
3.144.210.92 - - [19/Apr/2025:15:45:35 -0400] "GET /6b51b/?path=%2Fhome%2Friggvwfp%2Fpublic_html%2Fwp-includes%2Fstyle-engine%2F..%2Fclass-wp-classic-to-block-menu-converter.php HTTP/1.1" 200 2292 "-" "Mozilla/5.0 AppleWebKit/537.36 (KHTML, like Gecko; compatible; ClaudeBot/1.0; +claudebot@anthropic.com)"
195.191.219.130 - - [19/Apr/2025:15:45:37 -0400] "GET /6b51b/?path=/home/../../../../../dev/../.././home1/../../../../../../lib64/../../../../../../usr/include/../src/../lib64/../include/fontconfig/../libexslt/../linux/sched/../../linux/netfilter_ipv4/../.././net/../magic.h HTTP/1.1" 200 3355 "-" "Mozilla/5.0 (compatible; MJ12bot/v2.0.0; http://mj12bot.com/)"
3.144.210.92 - - [19/Apr/2025:15:45:38 -0400] "GET /6b51b/?path=%2Fhome%2Friggvwfp%2Fpublic_html%2F6b51b%2F..%2Fwp-includes%2FID3%2F..%2Fclass-wp-recovery-mode-email-service.php HTTP/1.1" 200 4623 "-" "Mozilla/5.0 AppleWebKit/537.36 (KHTML, like Gecko; compatible; ClaudeBot/1.0; +claudebot@anthropic.com)"
195.191.219.130 - - [19/Apr/2025:15:45:41 -0400] "GET /6b51b/?path=/home/../../../../../dev/../.././home1/../../../../../../lib64/../../../../../../usr/include/../src/../lib64/../include/fontconfig/../libexslt/../linux/sched/../../linux/netfilter_ipv4/../.././net/../malloc.h HTTP/1.1" 200 3273 "-" "Mozilla/5.0 (compatible; MJ12bot/v2.0.0; http://mj12bot.com/)"
3.144.210.92 - - [19/Apr/2025:15:45:41 -0400] "GET /6b51b/?path=%2Fhome%2Friggvwfp%2Fpublic_html%2F6b51b%2F..%2F.%2Fwp-includes%2Fassets%2Fscript-loader-react-refresh-entry.php HTTP/1.1" 200 1089 "-" "Mozilla/5.0 AppleWebKit/537.36 (KHTML, like Gecko; compatible; ClaudeBot/1.0; +claudebot@anthropic.com)"
13.237.241.8 - - [19/Apr/2025:15:45:41 -0400] "GET /wp-login.php HTTP/1.1" 404 16938 "-" "Mozilla/5.0 (Windows NT 10.0; Win64; x64) AppleWebKit/537.36 (KHTML, like Gecko) Chrome/130.0.0.0 Safari/537.36"
3.144.210.92 - - [19/Apr/2025:15:45:44 -0400] "GET /6b51b/?path=%2Fhome%2Friggvwfp%2Fpublic_html%2F6b51b%2F..%2Fwp-includes%2FID3%2F..%2Fclass-wp-recovery-mode-link-service.php HTTP/1.1" 200 2159 "-" "Mozilla/5.0 AppleWebKit/537.36 (KHTML, like Gecko; compatible; ClaudeBot/1.0; +claudebot@anthropic.com)"
195.191.219.130 - - [19/Apr/2025:15:45:46 -0400] "GET /6b51b/?path=/home/../../../../../dev/../.././home1/../../../../../../lib64/../../../../../../usr/include/../src/../lib64/../include/fontconfig/../libexslt/../linux/sched/../../linux/netfilter_ipv4/../.././net/../math.h HTTP/1.1" 200 11448 "-" "Mozilla/5.0 (compatible; MJ12bot/v2.0.0; http://mj12bot.com/)"
3.144.210.92 - - [19/Apr/2025:15:45:48 -0400] "GET /6b51b/?path=%2Fhome%2Friggvwfp%2Fpublic_html%2Fwp-includes%2Fphp-compat%2F..%2Fclass-wp-classic-to-block-menu-converter.php HTTP/1.1" 200 2291 "-" "Mozilla/5.0 AppleWebKit/537.36 (KHTML, like Gecko; compatible; ClaudeBot/1.0; +claudebot@anthropic.com)"
195.191.219.130 - - [19/Apr/2025:15:45:51 -0400] "GET /6b51b/?path=/home/../../../../../dev/../.././home1/../../../../../../lib64/../../../../../../usr/include/../src/../lib64/../include/fontconfig/../libexslt/../linux/sched/../../linux/netfilter_ipv4/../.././net/../mcheck.h HTTP/1.1" 200 2295 "-" "Mozilla/5.0 (compatible; MJ12bot/v2.0.0; http://mj12bot.com/)"
3.144.210.92 - - [19/Apr/2025:15:45:51 -0400] "GET /6b51b/?path=%2Fhome%2Friggvwfp%2Fpublic_html%2F6b51b%2F.%2F..%2Fwp-includes%2F.%2Fclass-wp-recovery-mode-cookie-service.php HTTP/1.1" 200 3143 "-" "Mozilla/5.0 AppleWebKit/537.36 (KHTML, like Gecko; compatible; ClaudeBot/1.0; +claudebot@anthropic.com)"
195.191.219.130 - - [19/Apr/2025:15:45:55 -0400] "GET /6b51b/?path=/home/../../../../../dev/../.././home1/../../../../../../lib64/../../../../../../usr/include/../src/../lib64/../include/fontconfig/../libexslt/../linux/sched/../../linux/netfilter_ipv4/../.././net/../memory.h HTTP/1.1" 200 1691 "-" "Mozilla/5.0 (compatible; MJ12bot/v2.0.0; http://mj12bot.com/)"
195.191.219.130 - - [19/Apr/2025:15:45:59 -0400] "GET /6b51b/?path=/home/../../../../../dev/../.././home1/../../../../../../lib64/../../../../../../usr/include/../src/../lib64/../include/fontconfig/../libexslt/../linux/sched/../../linux/netfilter_ipv4/../.././net/../menu.h HTTP/1.1" 200 4443 "-" "Mozilla/5.0 (compatible; MJ12bot/v2.0.0; http://mj12bot.com/)"
130.51.180.231 - - [19/Apr/2025:15:46:01 -0400] "GET /wp-login.php HTTP/1.1" 404 16938 "-" "Mozilla/5.0 (Windows NT 10.0; Win64; x64) AppleWebKit/537.36 (KHTML, like Gecko) Chrome/130.0.0.0 Safari/537.36"
195.191.219.130 - - [19/Apr/2025:15:46:04 -0400] "GET /6b51b/?path=/home/../../../../../dev/../.././home1/../../../../../../lib64/../../../../../../usr/include/../src/../lib64/../include/fontconfig/../libexslt/../linux/sched/../../linux/netfilter_ipv4/../.././net/../misc HTTP/1.1" 200 1832 "-" "Mozilla/5.0 (compatible; MJ12bot/v2.0.0; http://mj12bot.com/)"
195.191.219.130 - - [19/Apr/2025:15:46:08 -0400] "GET /6b51b/?path=/home/../../../../../dev/../.././home1/../../../../../../lib64/../../../../../../usr/include/../src/../lib64/../include/fontconfig/../libexslt/../linux/sched/../../linux/netfilter_ipv4/../.././net/../mntent.h HTTP/1.1" 200 2693 "-" "Mozilla/5.0 (compatible; MJ12bot/v2.0.0; http://mj12bot.com/)"
195.191.219.130 - - [19/Apr/2025:15:46:12 -0400] "GET /6b51b/?path=/home/../../../../../dev/../.././home1/../../../../../../lib64/../../../../../../usr/include/../src/../lib64/../include/fontconfig/../libexslt/../linux/sched/../../linux/netfilter_ipv4/../.././net/../mqueue.h HTTP/1.1" 200 2633 "-" "Mozilla/5.0 (compatible; MJ12bot/v2.0.0; http://mj12bot.com/)"
95.111.236.29 - - [19/Apr/2025:15:46:12 -0400] "GET /wp-login.php HTTP/1.1" 404 16938 "-" "Mozilla/5.0 (Windows NT 10.0; Win64; x64) AppleWebKit/537.36 (KHTML, like Gecko) Chrome/130.0.0.0 Safari/537.36"
195.191.219.130 - - [19/Apr/2025:15:46:15 -0400] "GET /6b51b/?path=/home/../../../../../dev/../.././home1/../../../../../../lib64/../../../../../../usr/include/../src/../lib64/../include/fontconfig/../libexslt/../linux/sched/../../linux/netfilter_ipv4/../.././net/../mtd HTTP/1.1" 200 1892 "-" "Mozilla/5.0 (compatible; MJ12bot/v2.0.0; http://mj12bot.com/)"
67.205.40.133 - - [19/Apr/2025:15:46:17 -0400] "GET /wp-login.php HTTP/1.1" 404 16938 "-" "Mozilla/5.0 (Windows NT 10.0; Win64; x64) AppleWebKit/537.36 (KHTML, like Gecko) Chrome/130.0.0.0 Safari/537.36"
195.191.219.130 - - [19/Apr/2025:15:46:20 -0400] "GET /6b51b/?path=/home/../../../../../dev/../.././home1/../../../../../../lib64/../../../../../../usr/include/../src/../lib64/../include/fontconfig/../libexslt/../linux/sched/../../linux/netfilter_ipv4/../.././net/../mysql HTTP/1.1" 200 2307 "-" "Mozilla/5.0 (compatible; MJ12bot/v2.0.0; http://mj12bot.com/)"
162.0.215.23 - - [19/Apr/2025:15:46:20 -0400] "POST /wp-cron.php?doing_wp_cron=1745091979.8199400901794433593750 HTTP/1.1" 200 0 "-" "WordPress/6.8; https://riggscohopeforhumanity.org"
162.0.232.89 - - [19/Apr/2025:15:46:17 -0400] "POST /xmlrpc.php HTTP/1.1" 200 186 "https://riggscohopeforhumanity.org" "Mozilla/5.0 (Windows NT 11.0; Win64; x64) AppleWebKit/537.36 (KHTML, like Gecko) Chrome/126.0.0.0 Safari/537.36 Edg/126.0.0.0"
195.191.219.130 - - [19/Apr/2025:15:46:24 -0400] "GET /6b51b/?path=/home/../../../../../dev/../.././home1/../../../../../../lib64/../../../../../../usr/include/../src/../lib64/../include/fontconfig/../libexslt/../linux/sched/../../linux/netfilter_ipv4/../.././net/../ncurses HTTP/1.1" 200 2225 "-" "Mozilla/5.0 (compatible; MJ12bot/v2.0.0; http://mj12bot.com/)"
40.77.167.3 - - [19/Apr/2025:15:46:25 -0400] "GET /info/469044931.html HTTP/1.1" 404 22584 "-" "Mozilla/5.0 AppleWebKit/537.36 (KHTML, like Gecko; compatible; bingbot/2.0; +http://www.bing.com/bingbot.htm) Chrome/116.0.1938.76 Safari/537.36"
195.191.219.130 - - [19/Apr/2025:15:46:29 -0400] "GET /6b51b/?path=/home/../../../../../dev/../.././home1/../../../../../../lib64/../../../../../../usr/include/../src/../lib64/../include/fontconfig/../libexslt/../linux/sched/../../linux/netfilter_ipv4/../.././net/../ncursesw HTTP/1.1" 200 2229 "-" "Mozilla/5.0 (compatible; MJ12bot/v2.0.0; http://mj12bot.com/)"
195.191.219.130 - - [19/Apr/2025:15:46:35 -0400] "GET /6b51b/?path=/home/../../../../../dev/../.././home1/../../../../../../lib64/../../../../../../usr/include/../src/../lib64/../include/fontconfig/../libexslt/../linux/sched/../../linux/netfilter_ipv4/../.././net/../ndbm.h HTTP/1.1" 200 2332 "-" "Mozilla/5.0 (compatible; MJ12bot/v2.0.0; http://mj12bot.com/)"
195.191.219.130 - - [19/Apr/2025:15:46:40 -0400] "GET /6b51b/?path=/home/../../../../../dev/../.././home1/../../../../../../lib64/../../../../../../usr/include/../src/../lib64/../include/fontconfig/../libexslt/../linux/sched/../../linux/netfilter_ipv4/../.././net/../net HTTP/1.1" 200 2014 "-" "Mozilla/5.0 (compatible; MJ12bot/v2.0.0; http://mj12bot.com/)"
195.191.219.130 - - [19/Apr/2025:15:46:44 -0400] "GET /6b51b/?path=/home/../../../../../dev/../.././home1/../../../../../../lib64/../../../../../../usr/include/../src/../lib64/../include/fontconfig/../libexslt/../linux/sched/../../linux/netfilter_ipv4/../.././net/../netash HTTP/1.1" 200 1772 "-" "Mozilla/5.0 (compatible; MJ12bot/v2.0.0; http://mj12bot.com/)"
195.191.219.130 - - [19/Apr/2025:15:46:50 -0400] "GET /6b51b/?path=/home/../../../../../dev/../.././home1/../../../../../../lib64/../../../../../../usr/include/../src/../lib64/../include/fontconfig/../libexslt/../linux/sched/../../linux/netfilter_ipv4/../.././net/../netatalk HTTP/1.1" 200 1770 "-" "Mozilla/5.0 (compatible; MJ12bot/v2.0.0; http://mj12bot.com/)"
125.212.192.170 - - [19/Apr/2025:15:46:49 -0400] "GET /wp-login.php HTTP/1.1" 404 16938 "-" "Mozilla/5.0 (Windows NT 10.0; Win64; x64) AppleWebKit/537.36 (KHTML, like Gecko) Chrome/130.0.0.0 Safari/537.36"
195.191.219.130 - - [19/Apr/2025:15:46:56 -0400] "GET /6b51b/?path=/home/../../../../../dev/../.././home1/../../../../../../lib64/../../../../../../usr/include/../src/../lib64/../include/fontconfig/../libexslt/../linux/sched/../../linux/netfilter_ipv4/../.././net/../netax25 HTTP/1.1" 200 1768 "-" "Mozilla/5.0 (compatible; MJ12bot/v2.0.0; http://mj12bot.com/)"
195.191.219.130 - - [19/Apr/2025:15:47:02 -0400] "GET /6b51b/?path=/home/../../../../../dev/../.././home1/../../../../../../lib64/../../../../../../usr/include/../src/../lib64/../include/fontconfig/../libexslt/../linux/sched/../../linux/netfilter_ipv4/../.././net/../netdb.h HTTP/1.1" 200 7236 "-" "Mozilla/5.0 (compatible; MJ12bot/v2.0.0; http://mj12bot.com/)"
195.191.219.130 - - [19/Apr/2025:15:47:06 -0400] "GET /6b51b/?path=/home/../../../../../dev/../.././home1/../../../../../../lib64/../../../../../../usr/include/../src/../lib64/../include/fontconfig/../libexslt/../linux/sched/../../linux/netfilter_ipv4/../.././net/../netinet HTTP/1.1" 200 2036 "-" "Mozilla/5.0 (compatible; MJ12bot/v2.0.0; http://mj12bot.com/)"
195.191.219.130 - - [19/Apr/2025:15:47:10 -0400] "GET /6b51b/?path=/home/../../../../../dev/../.././home1/../../../../../../lib64/../../../../../../usr/include/../src/../lib64/../include/fontconfig/../libexslt/../linux/sched/../../linux/netfilter_ipv4/../.././net/../netipx HTTP/1.1" 200 1774 "-" "Mozilla/5.0 (compatible; MJ12bot/v2.0.0; http://mj12bot.com/)"
195.191.219.130 - - [19/Apr/2025:15:47:15 -0400] "GET /6b51b/?path=/home/../../../../../dev/../.././home1/../../../../../../lib64/../../../../../../usr/include/../src/../lib64/../include/fontconfig/../libexslt/../linux/sched/../../linux/netfilter_ipv4/../.././net/../netiucv HTTP/1.1" 200 1770 "-" "Mozilla/5.0 (compatible; MJ12bot/v2.0.0; http://mj12bot.com/)"
195.191.219.130 - - [19/Apr/2025:15:47:21 -0400] "GET /6b51b/?path=/home/../../../../../dev/../.././home1/../../../../../../lib64/../../../../../../usr/include/../src/../lib64/../include/fontconfig/../libexslt/../linux/sched/../../linux/netfilter_ipv4/../.././net/../netrom HTTP/1.1" 200 1776 "-" "Mozilla/5.0 (compatible; MJ12bot/v2.0.0; http://mj12bot.com/)"
195.191.219.130 - - [19/Apr/2025:15:47:25 -0400] "GET /6b51b/?path=/home/../../../../../dev/../.././home1/../../../../../../lib64/../../../../../../usr/include/../src/../lib64/../include/fontconfig/../libexslt/../linux/sched/../../linux/netfilter_ipv4/../.././net/../netrose HTTP/1.1" 200 1767 "-" "Mozilla/5.0 (compatible; MJ12bot/v2.0.0; http://mj12bot.com/)"
91.121.45.51 - - [19/Apr/2025:15:47:24 -0400] "GET /wp-login.php HTTP/1.1" 404 16938 "-" "Mozilla/5.0 (Windows NT 10.0; Win64; x64) AppleWebKit/537.36 (KHTML, like Gecko) Chrome/130.0.0.0 Safari/537.36"
195.191.219.130 - - [19/Apr/2025:15:47:30 -0400] "GET /6b51b/?path=/home/../../../../../dev/../.././home1/../../../../../../lib64/../../../../../../usr/include/../src/../lib64/../include/fontconfig/../libexslt/../linux/sched/../../linux/netfilter_ipv4/../.././net/../nfs HTTP/1.1" 200 1781 "-" "Mozilla/5.0 (compatible; MJ12bot/v2.0.0; http://mj12bot.com/)"
162.0.215.23 - - [19/Apr/2025:15:47:32 -0400] "POST /wp-cron.php?doing_wp_cron=1745092052.0234909057617187500000 HTTP/1.1" 200 0 "-" "WordPress/6.8; https://riggscohopeforhumanity.org"
185.60.170.211 - - [19/Apr/2025:15:47:31 -0400] "POST /xmlrpc.php HTTP/1.1" 200 205 "-" "Mozilla/5.0 (Windows NT 10.0; Win64; x64) AppleWebKit/537.36 (KHTML, like Gecko) Chrome/130.0.0.0 Safari/537.36"
40.77.167.48 - - [19/Apr/2025:15:47:33 -0400] "GET /listing/122039197_2 HTTP/1.1" 301 0 "-" "Mozilla/5.0 AppleWebKit/537.36 (KHTML, like Gecko; compatible; bingbot/2.0; +http://www.bing.com/bingbot.htm) Chrome/116.0.1938.76 Safari/537.36"
195.191.219.130 - - [19/Apr/2025:15:47:34 -0400] "GET /6b51b/?path=/home/../../../../../dev/../.././home1/../../../../../../lib64/../../../../../../usr/include/../src/../lib64/../include/fontconfig/../libexslt/../linux/sched/../../linux/netfilter_ipv4/../.././net/../nss.h HTTP/1.1" 200 2162 "-" "Mozilla/5.0 (compatible; MJ12bot/v2.0.0; http://mj12bot.com/)"
40.77.167.78 - - [19/Apr/2025:15:47:37 -0400] "GET /listing/11120111_2 HTTP/1.1" 301 0 "-" "Mozilla/5.0 AppleWebKit/537.36 (KHTML, like Gecko; compatible; bingbot/2.0; +http://www.bing.com/bingbot.htm) Chrome/116.0.1938.76 Safari/537.36"
195.191.219.130 - - [19/Apr/2025:15:47:39 -0400] "GET /6b51b/?path=/home/../../../../../dev/../.././home1/../../../../../../lib64/../../../../../../usr/include/../src/../lib64/../include/fontconfig/../libexslt/../linux/sched/../../linux/netfilter_ipv4/../.././net/../openssl HTTP/1.1" 200 4233 "-" "Mozilla/5.0 (compatible; MJ12bot/v2.0.0; http://mj12bot.com/)"
31.220.93.206 - - [19/Apr/2025:15:47:41 -0400] "POST /xmlrpc.php HTTP/1.1" 200 205 "-" "Mozilla/5.0 (Windows NT 10.0; Win64; x64) AppleWebKit/537.36 (KHTML, like Gecko) Chrome/130.0.0.0 Safari/537.36"
195.191.219.130 - - [19/Apr/2025:15:47:44 -0400] "GET /6b51b/?path=/home/../../../../../dev/../.././home1/../../../../../../lib64/../../../../../../usr/include/../src/../lib64/../include/fontconfig/../libexslt/../linux/sched/../../linux/netfilter_ipv4/../.././net/../panel.h HTTP/1.1" 200 2674 "-" "Mozilla/5.0 (compatible; MJ12bot/v2.0.0; http://mj12bot.com/)"
195.191.219.130 - - [19/Apr/2025:15:47:49 -0400] "GET /6b51b/?path=/home/../../../../../dev/../.././home1/../../../../../../lib64/../../../../../../usr/include/../src/../lib64/../include/fontconfig/../libexslt/../linux/sched/../../linux/netfilter_ipv4/../.././net/../paths.h HTTP/1.1" 200 2598 "-" "Mozilla/5.0 (compatible; MJ12bot/v2.0.0; http://mj12bot.com/)"
195.191.219.130 - - [19/Apr/2025:15:47:53 -0400] "GET /6b51b/?path=/home/../../../../../dev/../.././home1/../../../../../../lib64/../../../../../../usr/include/../src/../lib64/../include/fontconfig/../libexslt/../linux/sched/../../linux/netfilter_ipv4/../.././net/../pcre.h HTTP/1.1" 200 7879 "-" "Mozilla/5.0 (compatible; MJ12bot/v2.0.0; http://mj12bot.com/)"
103.111.234.35 - - [19/Apr/2025:15:47:53 -0400] "GET /wp-login.php HTTP/1.1" 404 16938 "-" "Mozilla/5.0 (Windows NT 10.0; Win64; x64) AppleWebKit/537.36 (KHTML, like Gecko) Chrome/130.0.0.0 Safari/537.36"
195.191.219.130 - - [19/Apr/2025:15:47:58 -0400] "GET /6b51b/?path=/home/../../../../../dev/../.././home1/../../../../../../lib64/../../../../../../usr/include/../src/../lib64/../include/fontconfig/../libexslt/../linux/sched/../../linux/netfilter_ipv4/../.././net/../pcre2.h HTTP/1.1" 200 11197 "-" "Mozilla/5.0 (compatible; MJ12bot/v2.0.0; http://mj12bot.com/)"
195.191.219.130 - - [19/Apr/2025:15:48:02 -0400] "GET /6b51b/?path=/home/../../../../../dev/../.././home1/../../../../../../lib64/../../../../../../usr/include/../src/../lib64/../include/fontconfig/../libexslt/../linux/sched/../../linux/netfilter_ipv4/../.././net/../perf HTTP/1.1" 200 1783 "-" "Mozilla/5.0 (compatible; MJ12bot/v2.0.0; http://mj12bot.com/)"
195.191.219.130 - - [19/Apr/2025:15:48:06 -0400] "GET /6b51b/?path=/home/../../../../../dev/../.././home1/../../../../../../lib64/../../../../../../usr/include/../src/../lib64/../include/fontconfig/../libexslt/../linux/sched/../../linux/netfilter_ipv4/../.././net/../png.h HTTP/1.1" 200 42458 "-" "Mozilla/5.0 (compatible; MJ12bot/v2.0.0; http://mj12bot.com/)"
195.191.219.130 - - [19/Apr/2025:15:48:10 -0400] "GET /6b51b/?path=/home/../../../../../dev/../.././home1/../../../../../../lib64/../../../../../../usr/include/../src/../lib64/../include/fontconfig/../libexslt/../linux/sched/../../linux/netfilter_ipv4/../.././net/../poll.h HTTP/1.1" 200 1216 "-" "Mozilla/5.0 (compatible; MJ12bot/v2.0.0; http://mj12bot.com/)"
195.191.219.130 - - [19/Apr/2025:15:48:15 -0400] "GET /6b51b/?path=/home/../../../../../dev/../.././home1/../../../../../../lib64/../../../../../../usr/include/../src/../lib64/../include/fontconfig/../libexslt/../linux/sched/../../linux/netfilter_ipv4/../.././net/../pr29.h HTTP/1.1" 200 2143 "-" "Mozilla/5.0 (compatible; MJ12bot/v2.0.0; http://mj12bot.com/)"
66.102.135.126 - - [19/Apr/2025:15:48:16 -0400] "GET /wp-login.php HTTP/1.1" 404 16938 "-" "Mozilla/5.0 (Windows NT 10.0; Win64; x64) AppleWebKit/537.36 (KHTML, like Gecko) Chrome/130.0.0.0 Safari/537.36"
195.191.219.130 - - [19/Apr/2025:15:48:19 -0400] "GET /6b51b/?path=/home/../../../../../dev/../.././home1/../../../../../../lib64/../../../../../../usr/include/../src/../lib64/../include/fontconfig/../libexslt/../linux/sched/../../linux/netfilter_ipv4/../.././net/../printf.h HTTP/1.1" 200 3803 "-" "Mozilla/5.0 (compatible; MJ12bot/v2.0.0; http://mj12bot.com/)"
195.191.219.130 - - [19/Apr/2025:15:48:23 -0400] "GET /6b51b/?path=/home/../../../../../dev/../.././home1/../../../../../../lib64/../../../../../../usr/include/../src/../lib64/../include/fontconfig/../libexslt/../linux/sched/../../linux/netfilter_ipv4/../.././net/../pty.h HTTP/1.1" 200 1940 "-" "Mozilla/5.0 (compatible; MJ12bot/v2.0.0; http://mj12bot.com/)"
195.191.219.130 - - [19/Apr/2025:15:48:27 -0400] "GET /6b51b/?path=/home/../../../../../dev/../.././home1/../../../../../../lib64/../../../../../../usr/include/../src/../lib64/../include/fontconfig/../libexslt/../linux/sched/../../linux/netfilter_ipv4/../.././net/../pwd.h HTTP/1.1" 200 2951 "-" "Mozilla/5.0 (compatible; MJ12bot/v2.0.0; http://mj12bot.com/)"
188.166.177.219 - - [19/Apr/2025:15:48:29 -0400] "GET /wp-login.php HTTP/1.1" 404 16938 "-" "Mozilla/5.0 (Windows NT 10.0; Win64; x64) AppleWebKit/537.36 (KHTML, like Gecko) Chrome/130.0.0.0 Safari/537.36"
195.191.219.130 - - [19/Apr/2025:15:48:31 -0400] "GET /6b51b/?path=/home/../../../../../dev/../.././home1/../../../../../../lib64/../../../../../../usr/include/../src/../lib64/../include/fontconfig/../libexslt/../linux/sched/../../linux/netfilter_ipv4/../.././net/../rdma HTTP/1.1" 200 2449 "-" "Mozilla/5.0 (compatible; MJ12bot/v2.0.0; http://mj12bot.com/)"
195.191.219.130 - - [19/Apr/2025:15:48:35 -0400] "GET /6b51b/?path=/home/../../../../../dev/../.././home1/../../../../../../lib64/../../../../../../usr/include/../src/../lib64/../include/fontconfig/../libexslt/../linux/sched/../../linux/netfilter_ipv4/../.././net/../regex.h HTTP/1.1" 200 9424 "-" "Mozilla/5.0 (compatible; MJ12bot/v2.0.0; http://mj12bot.com/)"
195.191.219.130 - - [19/Apr/2025:15:48:40 -0400] "GET /6b51b/?path=/home/../../../../../dev/../.././home1/../../../../../../lib64/../../../../../../usr/include/../src/../lib64/../include/fontconfig/../libexslt/../linux/sched/../../linux/netfilter_ipv4/../.././net/../regexp.h HTTP/1.1" 200 1944 "-" "Mozilla/5.0 (compatible; MJ12bot/v2.0.0; http://mj12bot.com/)"
185.57.11.191 - - [19/Apr/2025:15:48:40 -0400] "GET /wp-login.php HTTP/1.1" 404 16938 "-" "Mozilla/5.0 (Windows NT 10.0; Win64; x64) AppleWebKit/537.36 (KHTML, like Gecko) Chrome/130.0.0.0 Safari/537.36"
195.191.219.130 - - [19/Apr/2025:15:48:44 -0400] "GET /6b51b/?path=/home/../../../../../dev/../.././home1/../../../../../../lib64/../../../../../../usr/include/../src/../lib64/../include/fontconfig/../libexslt/../linux/sched/../../linux/netfilter_ipv4/../.././net/../resolv.h HTTP/1.1" 200 5199 "-" "Mozilla/5.0 (compatible; MJ12bot/v2.0.0; http://mj12bot.com/)"
195.191.219.130 - - [19/Apr/2025:15:48:47 -0400] "GET /6b51b/?path=/home/../../../../../dev/../.././home1/../../../../../../lib64/../../../../../../usr/include/../src/../lib64/../include/fontconfig/../libexslt/../linux/sched/../../linux/netfilter_ipv4/../.././net/../rpc HTTP/1.1" 200 1774 "-" "Mozilla/5.0 (compatible; MJ12bot/v2.0.0; http://mj12bot.com/)"
195.191.219.130 - - [19/Apr/2025:15:48:53 -0400] "GET /6b51b/?path=/home/../../../../../dev/../.././home1/../../../../../../lib64/../../../../../../usr/include/../src/../lib64/../include/fontconfig/../libexslt/../linux/sched/../../linux/netfilter_ipv4/../.././net/../sasl HTTP/1.1" 200 1939 "-" "Mozilla/5.0 (compatible; MJ12bot/v2.0.0; http://mj12bot.com/)"
148.135.92.134 - - [19/Apr/2025:15:48:54 -0400] "GET /wp-login.php HTTP/1.1" 404 16938 "-" "Mozilla/5.0 (Windows NT 10.0; Win64; x64) AppleWebKit/537.36 (KHTML, like Gecko) Chrome/130.0.0.0 Safari/537.36"
162.0.215.23 - - [19/Apr/2025:15:48:57 -0400] "POST /wp-cron.php?doing_wp_cron=1745092137.3457939624786376953125 HTTP/1.1" 200 0 "-" "WordPress/6.8; https://riggscohopeforhumanity.org"
91.234.194.126 - - [19/Apr/2025:15:48:56 -0400] "POST /xmlrpc.php HTTP/1.1" 200 205 "-" "Mozilla/5.0 (Windows NT 10.0; Win64; x64) AppleWebKit/537.36 (KHTML, like Gecko) Chrome/130.0.0.0 Safari/537.36"
195.191.219.130 - - [19/Apr/2025:15:48:57 -0400] "GET /6b51b/?path=/home/../../../../../dev/../.././home1/../../../../../../lib64/../../../../../../usr/include/../src/../lib64/../include/fontconfig/../libexslt/../linux/sched/../../linux/netfilter_ipv4/../.././net/../sched.h HTTP/1.1" 200 2601 "-" "Mozilla/5.0 (compatible; MJ12bot/v2.0.0; http://mj12bot.com/)"
195.191.219.130 - - [19/Apr/2025:15:49:01 -0400] "GET /6b51b/?path=/home/../../../../../dev/../.././home1/../../../../../../lib64/../../../../../../usr/include/../src/../lib64/../include/fontconfig/../libexslt/../linux/sched/../../linux/netfilter_ipv4/../.././net/../scsi HTTP/1.1" 200 1994 "-" "Mozilla/5.0 (compatible; MJ12bot/v2.0.0; http://mj12bot.com/)"
129.159.50.91 - - [19/Apr/2025:15:49:02 -0400] "GET /wp-login.php HTTP/1.1" 404 16938 "-" "Mozilla/5.0 (Windows NT 10.0; Win64; x64) AppleWebKit/537.36 (KHTML, like Gecko) Chrome/130.0.0.0 Safari/537.36"
92.53.96.126 - - [19/Apr/2025:15:49:03 -0400] "POST /xmlrpc.php HTTP/1.1" 200 205 "-" "Mozilla/5.0 (Windows NT 10.0; Win64; x64) AppleWebKit/537.36 (KHTML, like Gecko) Chrome/130.0.0.0 Safari/537.36"
195.191.219.130 - - [19/Apr/2025:15:49:06 -0400] "GET /6b51b/?path=/home/../../../../../dev/../.././home1/../../../../../../lib64/../../../../../../usr/include/../src/../lib64/../include/fontconfig/../libexslt/../linux/sched/../../linux/netfilter_ipv4/../.././net/../search.h HTTP/1.1" 200 3272 "-" "Mozilla/5.0 (compatible; MJ12bot/v2.0.0; http://mj12bot.com/)"
195.191.219.130 - - [19/Apr/2025:15:49:10 -0400] "GET /6b51b/?path=/home/../../../../../dev/../.././home1/../../../../../../lib64/../../../../../../usr/include/../src/../lib64/../include/fontconfig/../libexslt/../linux/sched/../../linux/netfilter_ipv4/../.././net/../security HTTP/1.1" 200 2015 "-" "Mozilla/5.0 (compatible; MJ12bot/v2.0.0; http://mj12bot.com/)"
195.191.219.130 - - [19/Apr/2025:15:49:14 -0400] "GET /6b51b/?path=/home/../../../../../dev/../.././home1/../../../../../../lib64/../../../../../../usr/include/../src/../lib64/../include/fontconfig/../libexslt/../linux/sched/../../linux/netfilter_ipv4/../.././net/../selinux HTTP/1.1" 200 2007 "-" "Mozilla/5.0 (compatible; MJ12bot/v2.0.0; http://mj12bot.com/)"
78.107.255.174 - - [19/Apr/2025:15:49:16 -0400] "GET /wp-login.php HTTP/1.1" 404 16938 "-" "Mozilla/5.0 (Windows NT 10.0; Win64; x64) AppleWebKit/537.36 (KHTML, like Gecko) Chrome/130.0.0.0 Safari/537.36"
